CRAN Package Check Results for Package distrTEst

Last updated on 2015-03-02 19:52:12.

Flavor Version Tinstall Tcheck Ttotal Status Flags
r-devel-linux-x86_64-debian-clang 2.5 8.48 28.88 37.37 OK
r-devel-linux-x86_64-debian-gcc 2.5 7.96 27.89 35.85 OK
r-devel-linux-x86_64-fedora-clang 2.5 76.01 OK
r-devel-linux-x86_64-fedora-gcc 2.5 76.91 OK
r-devel-osx-x86_64-clang 2.5 64.04 OK
r-devel-windows-ix86+x86_64 2.5 23.00 58.00 81.00 OK
r-patched-linux-x86_64 2.5 11.84 37.66 49.50 OK
r-patched-solaris-sparc 2.5 591.60 OK
r-patched-solaris-x86 2.5 134.60 OK
r-release-linux-ix86 2.5 11.38 48.88 60.25 OK
r-release-linux-x86_64 2.5 10.48 36.80 47.28 OK
r-release-osx-x86_64-mavericks 2.5 OK
r-release-osx-x86_64-snowleopard 2.5 WARN
r-release-windows-ix86+x86_64 2.5 29.00 61.00 90.00 OK
r-oldrel-windows-ix86+x86_64 2.5 19.00 57.00 76.00 OK

Check Details

Version: 2.5
Check: examples
Result: WARN
    checking a package with encoding 'latin1' in an ASCII locale
    
     OK
Flavor: r-release-osx-x86_64-snowleopard