CRAN Package Check Results for Package distrTEst

Last updated on 2014-04-19 05:47:43.

Flavor Version Tinstall Tcheck Ttotal Status Flags
r-devel-linux-x86_64-debian-clang 2.5 11.39 38.41 49.80 OK
r-devel-linux-x86_64-debian-gcc 2.5 11.20 38.23 49.43 OK
r-devel-linux-x86_64-fedora-clang 2.5 110.63 OK
r-devel-linux-x86_64-fedora-gcc 2.5 107.27 OK
r-devel-macosx-x86_64-clang 2.5 79.76 OK
r-devel-macosx-x86_64-gcc 2.5 OK
r-devel-windows-ix86+x86_64 2.5 19.00 58.00 77.00 OK
r-patched-linux-x86_64 2.5 10.85 39.56 50.41 OK
r-patched-solaris-sparc 2.5 580.80 OK
r-patched-solaris-x86 2.5 144.30 OK
r-release-linux-ix86 2.5 20.00 64.00 84.00 OK
r-release-linux-x86_64 2.5 10.86 38.55 49.40 OK
r-release-macosx-x86_64 2.5 WARN
r-release-windows-ix86+x86_64 2.5 17.00 73.00 90.00 OK
r-oldrel-windows-ix86+x86_64 2.5 21.00 57.00 78.00 OK

Check Details

Version: 2.5
Check: examples
Result: WARNING
    checking a package with encoding 'latin1' in an ASCII locale
    
     OK
Flavor: r-release-macosx-x86_64