CRAN Package Check Results for Package distrTEst

Last updated on 2015-01-30 18:51:25.

Flavor Version Tinstall Tcheck Ttotal Status Flags
r-devel-linux-x86_64-debian-clang 2.5 8.38 27.54 35.92 OK
r-devel-linux-x86_64-debian-gcc 2.5 8.74 31.71 40.45 OK
r-devel-linux-x86_64-fedora-clang 2.5 95.44 OK
r-devel-linux-x86_64-fedora-gcc 2.5 87.93 OK
r-devel-osx-x86_64-clang 2.5 82.91 OK
r-devel-windows-ix86+x86_64 2.5 23.00 48.00 71.00 OK
r-patched-linux-x86_64 2.5 10.31 38.21 48.52 OK
r-patched-solaris-sparc 2.5 591.60 OK
r-patched-solaris-x86 2.5 134.50 OK
r-release-linux-ix86 2.5 11.20 44.05 55.25 OK
r-release-linux-x86_64 2.5 10.10 36.01 46.10 OK
r-release-osx-x86_64-mavericks 2.5 OK
r-release-osx-x86_64-snowleopard 2.5 WARN
r-release-windows-ix86+x86_64 2.5 19.00 57.00 76.00 OK
r-oldrel-windows-ix86+x86_64 2.5 17.00 54.00 71.00 OK

Check Details

Version: 2.5
Check: examples
Result: WARN
    checking a package with encoding 'latin1' in an ASCII locale
    
     OK
Flavor: r-release-osx-x86_64-snowleopard