CRAN Package Check Results for Package distrTEst

Last updated on 2015-07-04 21:46:27.

Flavor Version Tinstall Tcheck Ttotal Status Flags
r-devel-linux-x86_64-debian-clang 2.5 8.20 29.16 37.36 NOTE
r-devel-linux-x86_64-debian-gcc 2.5 8.05 27.38 35.43 OK
r-devel-linux-x86_64-fedora-clang 2.5 75.51 NOTE
r-devel-linux-x86_64-fedora-gcc 2.5 71.37 NOTE
r-devel-osx-x86_64-clang 2.5 59.17 NOTE
r-devel-windows-ix86+x86_64 2.5 20.00 71.00 91.00 NOTE
r-patched-linux-x86_64 2.5 8.23 28.01 36.24 OK
r-patched-solaris-sparc 2.5 466.90 OK
r-patched-solaris-x86 2.5 100.50 OK
r-release-linux-x86_64 2.5 8.04 28.07 36.11 OK
r-release-osx-x86_64-mavericks 2.5 OK
r-release-windows-ix86+x86_64 2.5 20.00 47.00 67.00 OK
r-oldrel-windows-ix86+x86_64 2.5 22.00 65.00 87.00 OK

Check Details

Version: 2.5
Check: R code for possible problems
Result: NOTE
    plot,Evaluation-missing: no visible global function definition for
     ‘boxplot’
    plot,EvaluationList-missing: no visible global function definition for
     ‘par’
    print,Evaluation: no visible global function definition for ‘str’
    summary,EvaluationList: no visible binding for global variable ‘levals’
    Undefined global functions or variables:
     boxplot levals par str
Flavors: r-devel-linux-x86_64-debian-clang, r-devel-linux-x86_64-fedora-clang, r-devel-linux-x86_64-fedora-gcc, r-devel-windows-ix86+x86_64

Version: 2.5
Check: R code for possible problems
Result: NOTE
    summary,EvaluationList: no visible binding for global variable ‘levals’
    Undefined global functions or variables:
     levals
Flavor: r-devel-osx-x86_64-clang