CRAN Package Check Results for Package distrTEst

Last updated on 2015-08-30 17:48:08.

Flavor Version Tinstall Tcheck Ttotal Status Flags
r-devel-linux-x86_64-debian-clang 2.5 8.04 27.65 35.69 NOTE
r-devel-linux-x86_64-debian-gcc 2.5 10.34 27.12 37.46 NOTE
r-devel-linux-x86_64-fedora-clang 2.5 75.39 NOTE
r-devel-linux-x86_64-fedora-gcc 2.5 72.64 NOTE
r-devel-osx-x86_64-clang 2.5 59.68 NOTE
r-devel-windows-ix86+x86_64 2.5 23.00 50.00 73.00 NOTE
r-patched-linux-x86_64 2.5 8.00 28.66 36.67 NOTE
r-patched-solaris-sparc 2.5 477.20 NOTE
r-patched-solaris-x86 2.5 105.20 NOTE
r-release-linux-x86_64 2.5 7.97 29.13 37.10 NOTE
r-release-osx-x86_64-mavericks 2.5 OK
r-release-windows-ix86+x86_64 2.5 21.00 53.00 74.00 NOTE
r-oldrel-windows-ix86+x86_64 2.5 30.00 66.00 96.00 NOTE

Check Details

Version: 2.5
Check: R code for possible problems
Result: NOTE
    plot,Evaluation-missing: no visible global function definition for
     ‘boxplot’
    plot,EvaluationList-missing: no visible global function definition for
     ‘par’
    print,Evaluation: no visible global function definition for ‘str’
    summary,EvaluationList: no visible binding for global variable ‘levals’
    Undefined global functions or variables:
     boxplot levals par str
    Consider adding
     importFrom("graphics", "boxplot", "par")
     importFrom("utils", "str")
    to your NAMESPACE.
Flavors: r-devel-linux-x86_64-debian-clang, r-devel-linux-x86_64-debian-gcc, r-devel-linux-x86_64-fedora-clang, r-devel-linux-x86_64-fedora-gcc, r-devel-windows-ix86+x86_64

Version: 2.5
Check: R code for possible problems
Result: NOTE
    summary,EvaluationList: no visible binding for global variable ‘levals’
    Undefined global functions or variables:
     levals
Flavor: r-devel-osx-x86_64-clang

Version: 2.5
Check: R code for possible problems
Result: NOTE
    summary,EvaluationList : .local: no visible binding for global variable
     ‘levals’
Flavors: r-patched-linux-x86_64, r-patched-solaris-sparc, r-patched-solaris-x86, r-release-linux-x86_64, r-release-windows-ix86+x86_64, r-oldrel-windows-ix86+x86_64