CRAN Package Check Results for Package distrTEst

Last updated on 2019-06-19 18:52:32 CEST.

Flavor Version Tinstall Tcheck Ttotal Status Flags
r-devel-linux-x86_64-debian-clang 2.8.0 18.54 49.25 67.79 NOTE
r-devel-linux-x86_64-debian-gcc 2.8.0 14.46 41.13 55.59 NOTE
r-devel-linux-x86_64-fedora-clang 2.8.0 81.26 NOTE
r-devel-linux-x86_64-fedora-gcc 2.8.0 78.40 NOTE
r-devel-windows-ix86+x86_64 2.8.0 34.00 77.00 111.00 OK
r-patched-linux-x86_64 2.8.0 15.62 49.45 65.07 OK
r-patched-solaris-x86 2.8.0 118.50 OK
r-release-linux-x86_64 2.8.0 18.46 50.04 68.50 OK
r-release-windows-ix86+x86_64 2.8.0 34.00 80.00 114.00 OK
r-release-osx-x86_64 2.8.0 OK
r-oldrel-windows-ix86+x86_64 2.8.0 18.00 83.00 101.00 OK
r-oldrel-osx-x86_64 2.8.0 OK

Check Details

Version: 2.8.0
Check: for non-standard things in the check directory
Result: NOTE
    Found the following files/directories:
     'csim.mean' 'csim.mean.comment'
Flavors: r-devel-linux-x86_64-debian-clang, r-devel-linux-x86_64-debian-gcc, r-devel-linux-x86_64-fedora-clang, r-devel-linux-x86_64-fedora-gcc