CRAN Package Check Results for Package distrTEst

Last updated on 2014-07-28 19:51:27.

Flavor Version Tinstall Tcheck Ttotal Status Flags
r-devel-linux-x86_64-debian-clang 2.5 10.12 37.45 47.57 OK
r-devel-linux-x86_64-debian-gcc 2.5 9.87 35.80 45.67 OK
r-devel-linux-x86_64-fedora-clang 2.5 110.80 OK
r-devel-linux-x86_64-fedora-gcc 2.5 106.38 OK
r-devel-osx-x86_64-clang 2.5 84.72 OK
r-devel-windows-ix86+x86_64 2.5 19.00 57.00 76.00 OK
r-patched-linux-x86_64 2.5 10.84 36.36 47.20 OK
r-patched-solaris-sparc 2.5 580.80 OK
r-patched-solaris-x86 2.5 143.00 OK
r-release-linux-ix86 2.5 11.52 45.78 57.30 OK
r-release-linux-x86_64 2.5 10.24 37.67 47.91 OK
r-release-osx-x86_64-mavericks 2.5 OK
r-release-osx-x86_64-snowleopard 2.5 WARN
r-release-windows-ix86+x86_64 2.5 17.00 55.00 72.00 OK
r-oldrel-windows-ix86+x86_64 2.5 22.00 54.00 76.00 OK

Check Details

Version: 2.5
Check: examples
Result: WARNING
    checking a package with encoding 'latin1' in an ASCII locale
    
     OK
Flavor: r-release-osx-x86_64-snowleopard