CRAN Package Check Results for Package distrTEst

Last updated on 2014-09-01 21:48:48.

Flavor Version Tinstall Tcheck Ttotal Status Flags
r-devel-linux-x86_64-debian-clang 2.5 9.40 35.98 45.38 OK
r-devel-linux-x86_64-debian-gcc 2.5 9.07 34.89 43.96 OK
r-devel-linux-x86_64-fedora-clang 2.5 107.98 OK
r-devel-linux-x86_64-fedora-gcc 2.5 102.63 OK
r-devel-osx-x86_64-clang 2.5 80.11 OK
r-devel-windows-ix86+x86_64 2.5 17.00 53.00 70.00 OK
r-patched-linux-x86_64 2.5 10.21 36.25 46.46 OK
r-patched-solaris-sparc 2.5 585.80 OK
r-patched-solaris-x86 2.5 143.00 OK
r-release-linux-ix86 2.5 11.65 46.24 57.89 OK
r-release-linux-x86_64 2.5 10.27 36.99 47.26 OK
r-release-osx-x86_64-mavericks 2.5 OK
r-release-osx-x86_64-snowleopard 2.5 WARN
r-release-windows-ix86+x86_64 2.5 19.00 84.00 103.00 OK
r-oldrel-windows-ix86+x86_64 2.5 19.00 58.00 77.00 OK

Check Details

Version: 2.5
Check: examples
Result: WARN
    checking a package with encoding 'latin1' in an ASCII locale
    
     OK
Flavor: r-release-osx-x86_64-snowleopard