CRAN Package Check Results for Package distrTEst

Last updated on 2014-11-01 13:49:47.

Flavor Version Tinstall Tcheck Ttotal Status Flags
r-devel-linux-x86_64-debian-clang 2.5 9.24 35.88 45.12 OK
r-devel-linux-x86_64-debian-gcc 2.5 9.38 35.11 44.49 OK
r-devel-linux-x86_64-fedora-clang 2.5 105.84 OK
r-devel-linux-x86_64-fedora-gcc 2.5 100.10 OK
r-devel-osx-x86_64-clang 2.5 84.86 OK
r-devel-windows-ix86+x86_64 2.5 16.00 51.00 67.00 OK
r-patched-linux-x86_64 2.5 10.24 36.50 46.74 OK
r-patched-solaris-sparc 2.5 585.80 OK
r-patched-solaris-x86 2.5 139.20 OK
r-release-linux-ix86 2.5 11.92 46.30 58.22 OK
r-release-linux-x86_64 2.5 10.22 37.04 47.26 OK
r-release-osx-x86_64-mavericks 2.5 OK
r-release-osx-x86_64-snowleopard 2.5 WARN
r-release-windows-ix86+x86_64 2.5 19.00 67.00 86.00 OK
r-oldrel-windows-ix86+x86_64 2.5 19.00 58.00 77.00 OK

Check Details

Version: 2.5
Check: examples
Result: WARN
    checking a package with encoding 'latin1' in an ASCII locale
    
     OK
Flavor: r-release-osx-x86_64-snowleopard