CRAN Package Check Results for Package distrTEst

Last updated on 2014-12-19 12:48:15.

Flavor Version Tinstall Tcheck Ttotal Status Flags
r-devel-linux-x86_64-debian-clang 2.5 9.16 36.60 45.76 OK
r-devel-linux-x86_64-debian-gcc 2.5 11.84 35.08 46.92 OK
r-devel-linux-x86_64-fedora-clang 2.5 106.11 OK
r-devel-linux-x86_64-fedora-gcc 2.5 97.64 OK
r-devel-osx-x86_64-clang 2.5 81.68 OK
r-devel-windows-ix86+x86_64 2.5 20.00 56.00 76.00 OK
r-patched-linux-x86_64 2.5 10.08 35.90 45.99 OK
r-patched-solaris-sparc 2.5 585.80 OK
r-patched-solaris-x86 2.5 132.70 OK
r-release-linux-ix86 2.5 11.28 44.33 55.62 OK
r-release-linux-x86_64 2.5 10.83 35.68 46.51 OK
r-release-osx-x86_64-mavericks 2.5 OK
r-release-osx-x86_64-snowleopard 2.5 WARN
r-release-windows-ix86+x86_64 2.5 24.00 61.00 85.00 OK
r-oldrel-windows-ix86+x86_64 2.5 23.00 55.00 78.00 OK

Check Details

Version: 2.5
Check: examples
Result: WARN
    checking a package with encoding 'latin1' in an ASCII locale
    
     OK
Flavor: r-release-osx-x86_64-snowleopard