CRAN Package Check Results for Package distrTeach

Last updated on 2014-12-23 03:49:40.

Flavor Version Tinstall Tcheck Ttotal Status Flags
r-devel-linux-x86_64-debian-clang 2.5 2.96 41.63 44.59 NOTE
r-devel-linux-x86_64-debian-gcc 2.5 2.94 39.94 42.88 NOTE
r-devel-linux-x86_64-fedora-clang 2.5 100.24 NOTE
r-devel-linux-x86_64-fedora-gcc 2.5 97.44 NOTE
r-devel-osx-x86_64-clang 2.5 79.34 NOTE
r-devel-windows-ix86+x86_64 2.5 9.00 61.00 70.00 NOTE
r-patched-linux-x86_64 2.5 3.23 41.61 44.84 NOTE
r-patched-solaris-sparc 2.5 555.70 NOTE
r-patched-solaris-x86 2.5 129.50 NOTE
r-release-linux-ix86 2.5 3.54 50.51 54.05 NOTE
r-release-linux-x86_64 2.5 3.31 41.85 45.16 NOTE
r-release-osx-x86_64-mavericks 2.5 NOTE
r-release-osx-x86_64-snowleopard 2.5 WARN
r-release-windows-ix86+x86_64 2.5 9.00 64.00 73.00 NOTE
r-oldrel-windows-ix86+x86_64 2.5 9.00 64.00 73.00 NOTE

Check Details

Version: 2.5
Check: dependencies in R code
Result: NOTE
    ':::' call which should be '::': ‘distr:::.presubs’
     See the note in ?`:::` about the use of this operator.
    See the information on DESCRIPTION files in the chapter ‘Creating R
    packages’ of the ‘Writing R Extensions’ manual.
Flavors: r-devel-linux-x86_64-debian-clang, r-devel-linux-x86_64-debian-gcc, r-devel-linux-x86_64-fedora-clang, r-devel-linux-x86_64-fedora-gcc, r-devel-osx-x86_64-clang, r-devel-windows-ix86+x86_64, r-patched-linux-x86_64, r-patched-solaris-sparc, r-patched-solaris-x86, r-release-linux-ix86, r-release-linux-x86_64, r-release-osx-x86_64-mavericks, r-release-windows-ix86+x86_64, r-oldrel-windows-ix86+x86_64

Version: 2.5
Check: R code for possible problems
Result: NOTE
    .onAttach: no visible global function definition for
     ‘buildStartupMessage’
Flavors: r-devel-linux-x86_64-debian-clang, r-devel-linux-x86_64-debian-gcc, r-devel-linux-x86_64-fedora-clang, r-devel-linux-x86_64-fedora-gcc, r-devel-osx-x86_64-clang, r-devel-windows-ix86+x86_64, r-patched-linux-x86_64, r-patched-solaris-sparc, r-patched-solaris-x86, r-release-linux-ix86, r-release-linux-x86_64, r-release-windows-ix86+x86_64

Version: 2.5
Check: examples
Result: WARN
    checking a package with encoding 'latin1' in an ASCII locale
    
     OK
Flavor: r-release-osx-x86_64-snowleopard