CRAN Package Check Results for Package distrTeach

Last updated on 2015-07-31 18:48:14.

Flavor Version Tinstall Tcheck Ttotal Status Flags
r-devel-linux-x86_64-debian-clang 2.5 2.33 32.96 35.29 NOTE
r-devel-linux-x86_64-debian-gcc 2.5 2.36 32.71 35.07 NOTE
r-devel-linux-x86_64-fedora-clang 2.5 73.30 NOTE
r-devel-linux-x86_64-fedora-gcc 2.5 73.68 NOTE
r-devel-osx-x86_64-clang 2.5 56.78 NOTE
r-devel-windows-ix86+x86_64 2.5 9.00 84.00 93.00 NOTE
r-patched-linux-x86_64 2.5 2.30 33.64 35.94 NOTE
r-patched-solaris-sparc 2.5 457.00 NOTE
r-patched-solaris-x86 2.5 101.00 NOTE
r-release-linux-x86_64 2.5 2.32 32.71 35.03 NOTE
r-release-osx-x86_64-mavericks 2.5 NOTE
r-release-windows-ix86+x86_64 2.5 8.00 82.00 90.00 NOTE
r-oldrel-windows-ix86+x86_64 2.5 9.00 76.00 85.00 NOTE

Check Details

Version: 2.5
Check: DESCRIPTION meta-information
Result: NOTE
    Malformed Description field: should contain one or more complete sentences.
Flavors: r-devel-linux-x86_64-debian-clang, r-devel-linux-x86_64-debian-gcc, r-devel-linux-x86_64-fedora-clang, r-devel-linux-x86_64-fedora-gcc, r-devel-osx-x86_64-clang, r-devel-windows-ix86+x86_64, r-patched-linux-x86_64, r-patched-solaris-sparc, r-patched-solaris-x86, r-release-linux-x86_64, r-release-osx-x86_64-mavericks, r-release-windows-ix86+x86_64

Version: 2.5
Check: dependencies in R code
Result: NOTE
    ':::' call which should be '::': ‘distr:::.presubs’
     See the note in ?`:::` about the use of this operator.
Flavors: r-devel-linux-x86_64-debian-clang, r-devel-linux-x86_64-debian-gcc, r-devel-linux-x86_64-fedora-clang, r-devel-linux-x86_64-fedora-gcc, r-devel-osx-x86_64-clang, r-devel-windows-ix86+x86_64, r-patched-linux-x86_64, r-patched-solaris-sparc, r-patched-solaris-x86, r-release-linux-x86_64, r-release-osx-x86_64-mavericks, r-release-windows-ix86+x86_64, r-oldrel-windows-ix86+x86_64

Version: 2.5
Check: R code for possible problems
Result: NOTE
    .onAttach: no visible global function definition for
     ‘buildStartupMessage’
    illustrateCLT: no visible global function definition for ‘graphics.off’
    illustrateLLN: no visible global function definition for ‘par’
    illustrateLLN: no visible global function definition for ‘qnorm’
    illustrateLLN: no visible binding for global variable ‘legend’
    illustrateLLN: no visible binding for global variable ‘matplot’
    illustrateLLN: no visible global function definition for ‘title’
    illustrateLLN: no visible global function definition for ‘axis’
    illustrateLLN: no visible binding for global variable ‘abline’
    illustrateLLN: no visible binding for global variable ‘matlines’
    illustrateLLN: no visible binding for global variable ‘mtext’
    plotCLT,AbscontDistribution: no visible global function definition for
     ‘par’
    plotCLT,AbscontDistribution: no visible global function definition for
     ‘title’
    plotCLT,AbscontDistribution: no visible global function definition for
     ‘lines’
    plotCLT,AbscontDistribution: no visible global function definition for
     ‘mtext’
    plotCLT,AbscontDistribution: no visible global function definition for
     ‘text’
    plotCLT,AbscontDistribution: no visible global function definition for
     ‘legend’
    plotCLT,DiscreteDistribution: no visible global function definition for
     ‘par’
    plotCLT,DiscreteDistribution: no visible global function definition for
     ‘points’
    plotCLT,DiscreteDistribution: no visible global function definition for
     ‘title’
    plotCLT,DiscreteDistribution: no visible global function definition for
     ‘text’
    plotCLT,DiscreteDistribution: no visible global function definition for
     ‘lines’
    plotCLT,DiscreteDistribution: no visible global function definition for
     ‘mtext’
    plotCLT,DiscreteDistribution: no visible global function definition for
     ‘stepfun’
    plotCLT,DiscreteDistribution: no visible global function definition for
     ‘legend’
    Undefined global functions or variables:
     abline axis buildStartupMessage graphics.off legend lines matlines
     matplot mtext par points qnorm stepfun text title
    Consider adding
     importFrom("grDevices", "graphics.off")
     importFrom("graphics", "abline", "axis", "legend", "lines", "matlines",
     "matplot", "mtext", "par", "points", "text", "title")
     importFrom("stats", "qnorm", "stepfun")
    to your NAMESPACE.
Flavors: r-devel-linux-x86_64-debian-clang, r-devel-linux-x86_64-debian-gcc, r-devel-linux-x86_64-fedora-clang, r-devel-linux-x86_64-fedora-gcc, r-devel-windows-ix86+x86_64

Version: 2.5
Check: R code for possible problems
Result: NOTE
    .onAttach: no visible global function definition for
     ‘buildStartupMessage’
    Undefined global functions or variables:
     buildStartupMessage
Flavor: r-devel-osx-x86_64-clang

Version: 2.5
Check: R code for possible problems
Result: NOTE
    .onAttach: no visible global function definition for
     ‘buildStartupMessage’
Flavors: r-patched-linux-x86_64, r-patched-solaris-sparc, r-patched-solaris-x86, r-release-linux-x86_64, r-release-osx-x86_64-mavericks, r-release-windows-ix86+x86_64, r-oldrel-windows-ix86+x86_64