CRAN Package Check Results for Package distrTeach

Last updated on 2014-10-26 01:48:04.

Flavor Version Tinstall Tcheck Ttotal Status Flags
r-devel-linux-x86_64-debian-clang 2.5 3.10 41.16 44.26 NOTE
r-devel-linux-x86_64-debian-gcc 2.5 2.98 40.22 43.21 NOTE
r-devel-linux-x86_64-fedora-clang 2.5 102.32 NOTE
r-devel-linux-x86_64-fedora-gcc 2.5 96.17 NOTE
r-devel-osx-x86_64-clang 2.5 80.41 NOTE
r-devel-windows-ix86+x86_64 2.5 8.00 57.00 65.00 NOTE
r-patched-linux-x86_64 2.5 3.18 42.07 45.25 NOTE
r-patched-solaris-sparc 2.5 557.20 NOTE
r-patched-solaris-x86 2.5 133.90 NOTE
r-release-linux-ix86 2.5 3.79 53.30 57.09 NOTE
r-release-linux-x86_64 2.5 3.21 42.95 46.16 NOTE
r-release-osx-x86_64-mavericks 2.5 NOTE
r-release-osx-x86_64-snowleopard 2.5 WARN
r-release-windows-ix86+x86_64 2.5 10.00 62.00 72.00 NOTE
r-oldrel-windows-ix86+x86_64 2.5 8.00 61.00 69.00 NOTE

Check Details

Version: 2.5
Check: dependencies in R code
Result: NOTE
    ':::' call which should be '::': ‘distr:::.presubs’
     See the note in ?`:::` about the use of this operator.
    See the information on DESCRIPTION files in the chapter ‘Creating R
    packages’ of the ‘Writing R Extensions’ manual.
Flavors: r-devel-linux-x86_64-debian-clang, r-devel-linux-x86_64-debian-gcc, r-devel-linux-x86_64-fedora-clang, r-devel-linux-x86_64-fedora-gcc, r-devel-osx-x86_64-clang, r-devel-windows-ix86+x86_64, r-patched-linux-x86_64, r-patched-solaris-sparc, r-patched-solaris-x86, r-release-linux-ix86, r-release-linux-x86_64, r-release-osx-x86_64-mavericks, r-release-windows-ix86+x86_64, r-oldrel-windows-ix86+x86_64

Version: 2.5
Check: R code for possible problems
Result: NOTE
    .onAttach: no visible global function definition for
     ‘buildStartupMessage’
Flavors: r-devel-linux-x86_64-debian-clang, r-devel-linux-x86_64-debian-gcc, r-devel-linux-x86_64-fedora-clang, r-devel-linux-x86_64-fedora-gcc, r-devel-osx-x86_64-clang, r-devel-windows-ix86+x86_64, r-patched-linux-x86_64, r-patched-solaris-sparc, r-patched-solaris-x86

Version: 2.5
Check: examples
Result: WARN
    checking a package with encoding 'latin1' in an ASCII locale
    
     OK
Flavor: r-release-osx-x86_64-snowleopard