CRAN Package Check Results for Package distrTeach

Last updated on 2014-08-22 22:46:35.

Flavor Version Tinstall Tcheck Ttotal Status Flags
r-devel-linux-x86_64-debian-clang 2.5 3.14 41.94 45.08 NOTE
r-devel-linux-x86_64-debian-gcc 2.5 3.24 40.81 44.05 NOTE
r-devel-linux-x86_64-fedora-clang 2.5 103.22 NOTE
r-devel-linux-x86_64-fedora-gcc 2.5 96.68 NOTE
r-devel-osx-x86_64-clang 2.5 78.28 NOTE
r-devel-windows-ix86+x86_64 2.5 8.00 58.00 66.00 NOTE
r-patched-linux-x86_64 2.5 3.17 42.86 46.03 NOTE
r-patched-solaris-sparc 2.5 553.90 NOTE
r-patched-solaris-x86 2.5 137.80 NOTE
r-release-linux-ix86 2.5 3.74 53.25 56.99 NOTE
r-release-linux-x86_64 2.5 3.19 42.59 45.78 NOTE
r-release-osx-x86_64-mavericks 2.5 NOTE
r-release-osx-x86_64-snowleopard 2.5 WARN
r-release-windows-ix86+x86_64 2.5 9.00 65.00 74.00 NOTE
r-oldrel-windows-ix86+x86_64 2.5 9.00 61.00 70.00 NOTE

Check Details

Version: 2.5
Check: dependencies in R code
Result: NOTE
    ':::' call which should be '::': ‘distr:::.presubs’
     See the note in ?`:::` about the use of this operator.
    See the information on DESCRIPTION files in the chapter ‘Creating R
    packages’ of the ‘Writing R Extensions’ manual.
Flavors: r-devel-linux-x86_64-debian-clang, r-devel-linux-x86_64-debian-gcc, r-devel-linux-x86_64-fedora-clang, r-devel-linux-x86_64-fedora-gcc, r-devel-osx-x86_64-clang, r-devel-windows-ix86+x86_64, r-patched-linux-x86_64, r-patched-solaris-sparc, r-patched-solaris-x86, r-release-linux-ix86, r-release-linux-x86_64, r-release-osx-x86_64-mavericks, r-release-windows-ix86+x86_64, r-oldrel-windows-ix86+x86_64

Version: 2.5
Check: R code for possible problems
Result: NOTE
    .onAttach: no visible global function definition for
     ‘buildStartupMessage’
Flavors: r-devel-linux-x86_64-debian-clang, r-devel-linux-x86_64-fedora-clang, r-devel-linux-x86_64-fedora-gcc, r-devel-osx-x86_64-clang

Version: 2.5
Check: examples
Result: WARN
    checking a package with encoding 'latin1' in an ASCII locale
    
     OK
Flavor: r-release-osx-x86_64-snowleopard