CRAN Package Check Results for Package distrTeach

Last updated on 2015-01-30 14:48:46.

Flavor Version Tinstall Tcheck Ttotal Status Flags
r-devel-linux-x86_64-debian-clang 2.5 2.77 36.60 39.38 NOTE
r-devel-linux-x86_64-debian-gcc 2.5 2.75 36.85 39.60 NOTE
r-devel-linux-x86_64-fedora-clang 2.5 90.39 NOTE
r-devel-linux-x86_64-fedora-gcc 2.5 85.96 NOTE
r-devel-osx-x86_64-clang 2.5 80.77 NOTE
r-devel-windows-ix86+x86_64 2.5 10.00 59.00 69.00 NOTE
r-patched-linux-x86_64 2.5 3.14 42.18 45.32 NOTE
r-patched-solaris-sparc 2.5 555.90 NOTE
r-patched-solaris-x86 2.5 128.90 NOTE
r-release-linux-ix86 2.5 3.54 50.54 54.08 NOTE
r-release-linux-x86_64 2.5 3.15 43.76 46.91 NOTE
r-release-osx-x86_64-mavericks 2.5 NOTE
r-release-osx-x86_64-snowleopard 2.5 WARN
r-release-windows-ix86+x86_64 2.5 10.00 65.00 75.00 NOTE
r-oldrel-windows-ix86+x86_64 2.5 10.00 65.00 75.00 NOTE

Check Details

Version: 2.5
Check: dependencies in R code
Result: NOTE
    ':::' call which should be '::': ‘distr:::.presubs’
     See the note in ?`:::` about the use of this operator.
Flavors: r-devel-linux-x86_64-debian-clang, r-devel-linux-x86_64-debian-gcc, r-devel-linux-x86_64-fedora-clang, r-devel-linux-x86_64-fedora-gcc, r-devel-osx-x86_64-clang, r-devel-windows-ix86+x86_64

Version: 2.5
Check: R code for possible problems
Result: NOTE
    .onAttach: no visible global function definition for
     ‘buildStartupMessage’
Flavors: r-devel-linux-x86_64-debian-clang, r-devel-linux-x86_64-debian-gcc, r-devel-linux-x86_64-fedora-clang, r-devel-linux-x86_64-fedora-gcc, r-devel-osx-x86_64-clang, r-devel-windows-ix86+x86_64, r-patched-linux-x86_64, r-patched-solaris-sparc, r-patched-solaris-x86, r-release-linux-ix86, r-release-linux-x86_64, r-release-osx-x86_64-mavericks, r-release-windows-ix86+x86_64

Version: 2.5
Check: dependencies in R code
Result: NOTE
    ':::' call which should be '::': ‘distr:::.presubs’
     See the note in ?`:::` about the use of this operator.
    See the information on DESCRIPTION files in the chapter ‘Creating R
    packages’ of the ‘Writing R Extensions’ manual.
Flavors: r-patched-linux-x86_64, r-patched-solaris-sparc, r-patched-solaris-x86, r-release-linux-ix86, r-release-linux-x86_64, r-release-osx-x86_64-mavericks, r-release-windows-ix86+x86_64, r-oldrel-windows-ix86+x86_64

Version: 2.5
Check: examples
Result: WARN
    checking a package with encoding 'latin1' in an ASCII locale
    
     OK
Flavor: r-release-osx-x86_64-snowleopard