CRAN Package Check Results for Package distrTeach

Last updated on 2014-07-24 07:49:18.

Flavor Version Tinstall Tcheck Ttotal Status Flags
r-devel-linux-x86_64-debian-clang 2.5 3.16 41.98 45.14 NOTE
r-devel-linux-x86_64-debian-gcc 2.5 3.08 41.30 44.38 NOTE
r-devel-linux-x86_64-fedora-clang 2.5 106.62 NOTE
r-devel-linux-x86_64-fedora-gcc 2.5 105.89 NOTE
r-devel-osx-x86_64-clang 2.5 79.33 NOTE
r-devel-windows-ix86+x86_64 2.5 8.00 61.00 69.00 NOTE
r-patched-linux-x86_64 2.5 3.09 42.92 46.01 NOTE
r-patched-solaris-sparc 2.5 553.90 NOTE
r-patched-solaris-x86 2.5 138.10 NOTE
r-release-linux-ix86 2.5 3.74 53.88 57.62 NOTE
r-release-linux-x86_64 2.5 3.22 42.16 45.38 NOTE
r-release-osx-x86_64-mavericks 2.5 NOTE
r-release-osx-x86_64-snowleopard 2.5 WARN
r-release-windows-ix86+x86_64 2.5 8.00 61.00 69.00 NOTE
r-oldrel-windows-ix86+x86_64 2.5 9.00 57.00 66.00 NOTE

Check Details

Version: 2.5
Check: dependencies in R code
Result: NOTE
    ':::' call which should be '::': ‘distr:::.presubs’
     See the note in ?`:::` about the use of this operator.
    See the information on DESCRIPTION files in the chapter ‘Creating R
    packages’ of the ‘Writing R Extensions’ manual.
Flavors: r-devel-linux-x86_64-debian-clang, r-devel-linux-x86_64-debian-gcc, r-devel-linux-x86_64-fedora-clang, r-devel-linux-x86_64-fedora-gcc, r-devel-osx-x86_64-clang, r-devel-windows-ix86+x86_64, r-patched-linux-x86_64, r-patched-solaris-sparc, r-patched-solaris-x86, r-release-linux-ix86, r-release-linux-x86_64, r-release-osx-x86_64-mavericks, r-release-windows-ix86+x86_64, r-oldrel-windows-ix86+x86_64

Version: 2.5
Check: examples
Result: WARNING
    checking a package with encoding 'latin1' in an ASCII locale
    
     OK
Flavor: r-release-osx-x86_64-snowleopard