CRAN Package Check Results for Package distrTeach

Last updated on 2014-04-23 07:54:57.

Flavor Version Tinstall Tcheck Ttotal Status Flags
r-devel-linux-x86_64-debian-clang 2.5 4.05 43.81 47.86 NOTE
r-devel-linux-x86_64-debian-gcc 2.5 3.32 43.23 46.56 NOTE
r-devel-linux-x86_64-fedora-clang 2.5 105.03 NOTE
r-devel-linux-x86_64-fedora-gcc 2.5 101.98 NOTE
r-devel-osx-x86_64-clang 2.5 75.79 NOTE
r-devel-osx-x86_64-gcc 2.5 NOTE
r-devel-windows-ix86+x86_64 2.5 7.00 59.00 66.00 NOTE
r-patched-linux-x86_64 2.5 3.79 43.18 46.97 NOTE
r-patched-solaris-sparc 2.5 553.90 NOTE
r-patched-solaris-x86 2.5 136.50 NOTE
r-release-linux-ix86 2.5 5.00 70.00 75.00 NOTE
r-release-linux-x86_64 2.5 3.64 43.93 47.57 NOTE
r-release-osx-x86_64-mavericks 2.5 WARN
r-release-osx-x86_64-snowleopard 2.5 WARN
r-release-windows-ix86+x86_64 2.5 9.00 63.00 72.00 NOTE
r-oldrel-windows-ix86+x86_64 2.5 7.00 60.00 67.00 NOTE

Check Details

Version: 2.5
Check: dependencies in R code
Result: NOTE
    ':::' call which should be '::': ‘distr:::.presubs’
     See the note in ?`:::` about the use of this operator.
    See the information on DESCRIPTION files in the chapter ‘Creating R
    packages’ of the ‘Writing R Extensions’ manual.
Flavors: r-devel-linux-x86_64-debian-clang, r-devel-linux-x86_64-debian-gcc, r-devel-linux-x86_64-fedora-clang, r-devel-linux-x86_64-fedora-gcc, r-devel-osx-x86_64-clang, r-devel-osx-x86_64-gcc, r-devel-windows-ix86+x86_64, r-patched-linux-x86_64, r-patched-solaris-sparc, r-patched-solaris-x86, r-release-linux-ix86, r-release-linux-x86_64, r-release-osx-x86_64-mavericks, r-release-windows-ix86+x86_64, r-oldrel-windows-ix86+x86_64

Version: 2.5
Check: PDF version of manual
Result: WARNING
    LaTeX errors when creating PDF version.
    This typically indicates Rd problems.
    LaTeX errors found:
    ! LaTeX Error: File `upquote.sty' not found.
    
    Type X to quit or <RETURN> to proceed,
    or enter new name. (Default extension: sty)
    
    be3e7af/Rd2.tex:8: ==> Fatal error occurred, no output PDF file produced!
Flavor: r-release-osx-x86_64-mavericks

Version: 2.5
Check: examples
Result: WARNING
    checking a package with encoding 'latin1' in an ASCII locale
    
     OK
Flavor: r-release-osx-x86_64-snowleopard