CRAN Package Check Results for Package distro

Last updated on 2022-07-02 16:49:30 CEST.

Flavor Version Tinstall Tcheck Ttotal Status Flags
r-devel-linux-x86_64-debian-clang 0.1.0 1.93 24.08 26.01 NOTE
r-devel-linux-x86_64-debian-gcc 0.1.0 1.49 18.20 19.69 NOTE
r-devel-linux-x86_64-fedora-clang 0.1.0 39.96 NOTE
r-devel-linux-x86_64-fedora-gcc 0.1.0 53.65 NOTE
r-devel-windows-x86_64 0.1.0 13.00 46.00 59.00 NOTE
r-patched-linux-x86_64 0.1.0 1.67 23.44 25.11 NOTE
r-release-linux-x86_64 0.1.0 1.86 23.22 25.08 NOTE
r-release-macos-arm64 0.1.0 19.00 NOTE
r-release-macos-x86_64 0.1.0 27.00 NOTE
r-release-windows-x86_64 0.1.0 11.00 47.00 58.00 NOTE
r-oldrel-macos-arm64 0.1.0 22.00 NOTE
r-oldrel-macos-x86_64 0.1.0 57.00 NOTE
r-oldrel-windows-ix86+x86_64 0.1.0 5.00 40.00 45.00 NOTE

Check Details

Version: 0.1.0
Check: LazyData
Result: NOTE
     'LazyData' is specified without a 'data' directory
Flavors: r-devel-linux-x86_64-debian-clang, r-devel-linux-x86_64-debian-gcc, r-devel-linux-x86_64-fedora-clang, r-devel-linux-x86_64-fedora-gcc, r-devel-windows-x86_64, r-patched-linux-x86_64, r-release-linux-x86_64, r-release-macos-arm64, r-release-macos-x86_64, r-release-windows-x86_64, r-oldrel-macos-arm64, r-oldrel-macos-x86_64, r-oldrel-windows-ix86+x86_64