CRAN Package Check Results for Package disttools

Last updated on 2022-01-26 08:51:14 CET.

Flavor Version Tinstall Tcheck Ttotal Status Flags
r-devel-linux-x86_64-debian-clang 0.1.7 1.30 32.47 33.77 NOTE
r-devel-linux-x86_64-debian-gcc 0.1.7 1.53 25.27 26.80 NOTE
r-devel-linux-x86_64-fedora-clang 0.1.7 42.44 NOTE
r-devel-linux-x86_64-fedora-gcc 0.1.7 31.50 NOTE
r-devel-windows-x86_64-new-UL 0.1.7 20.00 54.00 74.00 NOTE
r-devel-windows-x86_64-new-TK 0.1.7 NOTE
r-patched-linux-x86_64 0.1.7 1.64 30.08 31.72 NOTE
r-release-linux-x86_64 0.1.7 1.49 30.56 32.05 NOTE
r-release-macos-arm64 0.1.7 NOTE
r-release-macos-x86_64 0.1.7 NOTE
r-release-windows-ix86+x86_64 0.1.7 6.00 41.00 47.00 NOTE
r-oldrel-macos-x86_64 0.1.7 OK
r-oldrel-windows-ix86+x86_64 0.1.7 5.00 41.00 46.00 OK

Check Details

Version: 0.1.7
Check: LazyData
Result: NOTE
     'LazyData' is specified without a 'data' directory
Flavors: r-devel-linux-x86_64-debian-clang, r-devel-linux-x86_64-debian-gcc, r-devel-linux-x86_64-fedora-clang, r-devel-linux-x86_64-fedora-gcc, r-devel-windows-x86_64-new-UL, r-devel-windows-x86_64-new-TK, r-patched-linux-x86_64, r-release-linux-x86_64, r-release-macos-arm64, r-release-macos-x86_64, r-release-windows-ix86+x86_64