CRAN Package Check Results for Package divagis

Last updated on 2017-04-30 11:47:32.

Flavor Version Tinstall Tcheck Ttotal Status Flags
r-devel-linux-x86_64-debian-clang 1.0.0 1.27 18.55 19.83 NOTE
r-devel-linux-x86_64-debian-gcc 1.0.0 3.27 18.61 21.88 NOTE
r-devel-linux-x86_64-fedora-clang 1.0.0 34.52 NOTE --no-stop-on-test-error
r-devel-linux-x86_64-fedora-gcc 1.0.0 35.16 NOTE --no-stop-on-test-error
r-devel-windows-ix86+x86_64 1.0.0 5.00 42.00 47.00 NOTE
r-patched-linux-x86_64 1.0.0 1.34 18.99 20.33 NOTE
r-patched-solaris-sparc 1.0.0 210.10 NOTE
r-patched-solaris-x86 1.0.0 51.70 NOTE
r-release-linux-x86_64 1.0.0 1.23 18.38 19.61 NOTE
r-release-windows-ix86+x86_64 1.0.0 9.00 54.00 63.00 NOTE
r-release-osx-x86_64 1.0.0 NOTE
r-oldrel-windows-ix86+x86_64 1.0.0 4.00 49.00 53.00 NOTE
r-oldrel-osx-x86_64 1.0.0 NOTE

Check Details

Version: 1.0.0
Check: DESCRIPTION meta-information
Result: NOTE
    Malformed Title field: should not end in a period.
Flavors: r-devel-linux-x86_64-debian-clang, r-devel-linux-x86_64-debian-gcc, r-devel-windows-ix86+x86_64, r-patched-linux-x86_64, r-patched-solaris-sparc, r-patched-solaris-x86, r-release-linux-x86_64, r-release-windows-ix86+x86_64, r-release-osx-x86_64, r-oldrel-windows-ix86+x86_64, r-oldrel-osx-x86_64

Version: 1.0.0
Check: Rd files
Result: NOTE
    prepare_Rd: extract.val.Rd:25-26: Dropping empty section \note
    prepare_Rd: extract.val.Rd:27: Dropping empty section \seealso
Flavors: r-devel-linux-x86_64-debian-clang, r-devel-linux-x86_64-debian-gcc, r-devel-windows-ix86+x86_64, r-patched-linux-x86_64, r-patched-solaris-sparc, r-patched-solaris-x86, r-release-linux-x86_64, r-release-windows-ix86+x86_64, r-release-osx-x86_64, r-oldrel-windows-ix86+x86_64, r-oldrel-osx-x86_64

Version: 1.0.0
Flags: --no-stop-on-test-error
Check: DESCRIPTION meta-information
Result: NOTE
    Malformed Title field: should not end in a period.
Flavors: r-devel-linux-x86_64-fedora-clang, r-devel-linux-x86_64-fedora-gcc

Version: 1.0.0
Flags: --no-stop-on-test-error
Check: Rd files
Result: NOTE
    prepare_Rd: extract.val.Rd:25-26: Dropping empty section \note
    prepare_Rd: extract.val.Rd:27: Dropping empty section \seealso
Flavors: r-devel-linux-x86_64-fedora-clang, r-devel-linux-x86_64-fedora-gcc