CRAN Package Check Results for Package divagis

Last updated on 2017-06-28 18:46:43.

Flavor Version Tinstall Tcheck Ttotal Status Flags
r-devel-linux-x86_64-debian-clang 1.0.0 1.44 18.54 19.99 NOTE
r-devel-linux-x86_64-debian-gcc 1.0.0 1.23 18.41 19.64 NOTE
r-devel-linux-x86_64-fedora-clang 1.0.0 34.60 NOTE
r-devel-linux-x86_64-fedora-gcc 1.0.0 33.16 NOTE
r-devel-windows-ix86+x86_64 1.0.0 4.00 50.00 54.00 NOTE
r-patched-linux-x86_64 1.0.0 1.24 18.70 19.94 NOTE
r-patched-solaris-sparc 1.0.0 215.30 NOTE
r-patched-solaris-x86 1.0.0 52.80 NOTE
r-release-linux-x86_64 1.0.0 1.38 18.91 20.29 NOTE
r-release-windows-ix86+x86_64 1.0.0 4.00 51.00 55.00 NOTE
r-release-osx-x86_64 1.0.0 NOTE
r-oldrel-windows-ix86+x86_64 1.0.0 5.00 47.00 52.00 NOTE
r-oldrel-osx-x86_64 1.0.0 NOTE

Check Details

Version: 1.0.0
Check: DESCRIPTION meta-information
Result: NOTE
    Malformed Title field: should not end in a period.
Flavors: r-devel-linux-x86_64-debian-clang, r-devel-linux-x86_64-debian-gcc, r-devel-linux-x86_64-fedora-clang, r-devel-linux-x86_64-fedora-gcc, r-devel-windows-ix86+x86_64, r-patched-linux-x86_64, r-patched-solaris-sparc, r-patched-solaris-x86, r-release-linux-x86_64, r-release-windows-ix86+x86_64, r-release-osx-x86_64, r-oldrel-windows-ix86+x86_64, r-oldrel-osx-x86_64

Version: 1.0.0
Check: Rd files
Result: NOTE
    prepare_Rd: extract.val.Rd:25-26: Dropping empty section \note
    prepare_Rd: extract.val.Rd:27: Dropping empty section \seealso
Flavors: r-devel-linux-x86_64-debian-clang, r-devel-linux-x86_64-debian-gcc, r-devel-linux-x86_64-fedora-clang, r-devel-linux-x86_64-fedora-gcc, r-devel-windows-ix86+x86_64, r-patched-linux-x86_64, r-patched-solaris-sparc, r-patched-solaris-x86, r-release-linux-x86_64, r-release-windows-ix86+x86_64, r-release-osx-x86_64, r-oldrel-windows-ix86+x86_64, r-oldrel-osx-x86_64