CRAN Package Check Results for Package divagis

Last updated on 2014-10-31 11:47:20.

Flavor Version Tinstall Tcheck Ttotal Status Flags
r-devel-linux-x86_64-debian-clang 1.0.0 1.22 18.18 19.40 NOTE
r-devel-linux-x86_64-debian-gcc 1.0.0 1.13 17.76 18.89 NOTE
r-devel-linux-x86_64-fedora-clang 1.0.0 41.41 NOTE
r-devel-linux-x86_64-fedora-gcc 1.0.0 39.33 NOTE
r-devel-osx-x86_64-clang 1.0.0 37.06 NOTE
r-devel-windows-ix86+x86_64 1.0.0 4.00 26.00 30.00 NOTE
r-patched-linux-x86_64 1.0.0 1.21 17.85 19.06 NOTE
r-patched-solaris-sparc 1.0.0 221.80 NOTE
r-patched-solaris-x86 1.0.0 76.10 NOTE
r-release-linux-ix86 1.0.0 1.56 24.25 25.81 NOTE
r-release-linux-x86_64 1.0.0 1.22 17.86 19.08 NOTE
r-release-osx-x86_64-mavericks 1.0.0 ERROR
r-release-osx-x86_64-snowleopard 1.0.0 NOTE
r-release-windows-ix86+x86_64 1.0.0 5.00 29.00 34.00 NOTE
r-oldrel-windows-ix86+x86_64 1.0.0 4.00 28.00 32.00 NOTE

Check Details

Version: 1.0.0
Check: Rd files
Result: NOTE
    prepare_Rd: extract.val.Rd:25-26: Dropping empty section \note
    prepare_Rd: extract.val.Rd:27: Dropping empty section \seealso
Flavors: r-devel-linux-x86_64-debian-clang, r-devel-linux-x86_64-debian-gcc, r-devel-linux-x86_64-fedora-clang, r-devel-linux-x86_64-fedora-gcc, r-devel-osx-x86_64-clang, r-devel-windows-ix86+x86_64, r-patched-linux-x86_64, r-patched-solaris-sparc, r-patched-solaris-x86, r-release-linux-ix86, r-release-linux-x86_64, r-release-osx-x86_64-snowleopard, r-release-windows-ix86+x86_64, r-oldrel-windows-ix86+x86_64

Version: 1.0.0
Check: package dependencies
Result: ERROR
    Package required but not available: ‘rgdal’
    
    See the information on DESCRIPTION files in the chapter ‘Creating R
    packages’ of the ‘Writing R Extensions’ manual.
Flavor: r-release-osx-x86_64-mavericks