CRAN Package Check Results for Package divagis

Last updated on 2017-02-24 19:48:04.

Flavor Version Tinstall Tcheck Ttotal Status Flags
r-devel-linux-x86_64-debian-clang 1.0.0 1.39 18.99 20.38 NOTE
r-devel-linux-x86_64-debian-gcc 1.0.0 1.49 18.72 20.21 NOTE
r-devel-linux-x86_64-fedora-clang 1.0.0 38.83 NOTE --no-stop-on-test-error
r-devel-linux-x86_64-fedora-gcc 1.0.0 33.30 NOTE --no-stop-on-test-error
r-devel-macos-x86_64-clang 1.0.0 26.69 NOTE --no-stop-on-test-error
r-devel-windows-ix86+x86_64 1.0.0 9.00 52.00 61.00 NOTE
r-patched-linux-x86_64 1.0.0 1.08 15.83 16.91 NOTE
r-patched-solaris-sparc 1.0.0 182.70 NOTE
r-patched-solaris-x86 1.0.0 47.30 NOTE
r-release-linux-x86_64 1.0.0 1.09 15.90 16.99 NOTE
r-release-osx-x86_64-mavericks 1.0.0 NOTE
r-release-windows-ix86+x86_64 1.0.0 9.00 43.00 52.00 NOTE
r-oldrel-windows-ix86+x86_64 1.0.0 8.00 75.00 83.00 NOTE

Check Details

Version: 1.0.0
Check: DESCRIPTION meta-information
Result: NOTE
    Malformed Title field: should not end in a period.
Flavors: r-devel-linux-x86_64-debian-clang, r-devel-linux-x86_64-debian-gcc, r-devel-windows-ix86+x86_64, r-patched-linux-x86_64, r-patched-solaris-sparc, r-patched-solaris-x86, r-release-linux-x86_64, r-release-osx-x86_64-mavericks, r-release-windows-ix86+x86_64, r-oldrel-windows-ix86+x86_64

Version: 1.0.0
Check: Rd files
Result: NOTE
    prepare_Rd: extract.val.Rd:25-26: Dropping empty section \note
    prepare_Rd: extract.val.Rd:27: Dropping empty section \seealso
Flavors: r-devel-linux-x86_64-debian-clang, r-devel-linux-x86_64-debian-gcc, r-devel-windows-ix86+x86_64, r-patched-linux-x86_64, r-patched-solaris-sparc, r-patched-solaris-x86, r-release-linux-x86_64, r-release-osx-x86_64-mavericks, r-release-windows-ix86+x86_64, r-oldrel-windows-ix86+x86_64

Version: 1.0.0
Flags: --no-stop-on-test-error
Check: DESCRIPTION meta-information
Result: NOTE
    Malformed Title field: should not end in a period.
Flavors: r-devel-linux-x86_64-fedora-clang, r-devel-linux-x86_64-fedora-gcc, r-devel-macos-x86_64-clang

Version: 1.0.0
Flags: --no-stop-on-test-error
Check: Rd files
Result: NOTE
    prepare_Rd: extract.val.Rd:25-26: Dropping empty section \note
    prepare_Rd: extract.val.Rd:27: Dropping empty section \seealso
Flavors: r-devel-linux-x86_64-fedora-clang, r-devel-linux-x86_64-fedora-gcc, r-devel-macos-x86_64-clang