CRAN Package Check Results for Package divagis

Last updated on 2017-08-18 00:49:53.

Flavor Version Tinstall Tcheck Ttotal Status Flags
r-devel-linux-x86_64-debian-clang 1.0.0 1.35 19.41 20.77 NOTE
r-devel-linux-x86_64-debian-gcc 1.0.0 1.29 18.61 19.90 NOTE
r-devel-linux-x86_64-fedora-clang 1.0.0 36.15 NOTE
r-devel-linux-x86_64-fedora-gcc 1.0.0 35.92 NOTE
r-devel-windows-ix86+x86_64 1.0.0 5.00 61.00 66.00 NOTE
r-patched-linux-x86_64 1.0.0 1.21 18.90 20.11 NOTE
r-patched-solaris-x86 1.0.0 53.60 NOTE
r-release-linux-x86_64 1.0.0 1.32 18.82 20.15 NOTE
r-release-windows-ix86+x86_64 1.0.0 4.00 40.00 44.00 NOTE
r-release-osx-x86_64 1.0.0 NOTE
r-oldrel-windows-ix86+x86_64 1.0.0 3.00 45.00 48.00 NOTE
r-oldrel-osx-x86_64 1.0.0 NOTE

Check Details

Version: 1.0.0
Check: DESCRIPTION meta-information
Result: NOTE
    Malformed Title field: should not end in a period.
Flavors: r-devel-linux-x86_64-debian-clang, r-devel-linux-x86_64-debian-gcc, r-devel-linux-x86_64-fedora-clang, r-devel-linux-x86_64-fedora-gcc, r-devel-windows-ix86+x86_64, r-patched-linux-x86_64, r-patched-solaris-x86, r-release-linux-x86_64, r-release-windows-ix86+x86_64, r-release-osx-x86_64, r-oldrel-windows-ix86+x86_64, r-oldrel-osx-x86_64

Version: 1.0.0
Check: Rd files
Result: NOTE
    prepare_Rd: extract.val.Rd:25-26: Dropping empty section \note
    prepare_Rd: extract.val.Rd:27: Dropping empty section \seealso
Flavors: r-devel-linux-x86_64-debian-clang, r-devel-linux-x86_64-debian-gcc, r-devel-linux-x86_64-fedora-clang, r-devel-linux-x86_64-fedora-gcc, r-devel-windows-ix86+x86_64, r-patched-linux-x86_64, r-patched-solaris-x86, r-release-linux-x86_64, r-release-windows-ix86+x86_64, r-release-osx-x86_64, r-oldrel-windows-ix86+x86_64, r-oldrel-osx-x86_64