CRAN Package Check Results for Package divagis

Last updated on 2014-04-19 01:48:17.

Flavor Version Tinstall Tcheck Ttotal Status Flags
r-devel-linux-x86_64-debian-clang 1.0.0 1.37 17.99 19.36 NOTE
r-devel-linux-x86_64-debian-gcc NOTE
r-devel-linux-x86_64-fedora-clang 1.0.0 41.65 NOTE
r-devel-linux-x86_64-fedora-gcc 1.0.0 39.62 NOTE
r-devel-macosx-x86_64-clang 1.0.0 37.01 NOTE
r-devel-macosx-x86_64-gcc 1.0.0 NOTE
r-devel-windows-ix86+x86_64 1.0.0 4.00 26.00 30.00 NOTE
r-patched-linux-x86_64 1.0.0 1.33 17.96 19.28 NOTE
r-patched-solaris-sparc 1.0.0 221.10 NOTE
r-patched-solaris-x86 1.0.0 76.80 NOTE
r-release-linux-ix86 1.0.0 2.00 34.00 36.00 NOTE
r-release-linux-x86_64 1.0.0 1.41 18.63 20.04 NOTE
r-release-macosx-x86_64 1.0.0 NOTE
r-release-windows-ix86+x86_64 1.0.0 4.00 28.00 32.00 NOTE
r-oldrel-windows-ix86+x86_64 1.0.0 5.00 28.00 33.00 NOTE

Check Details

Version: 1.0.0
Check: Rd files
Result: NOTE
    prepare_Rd: extract.val.Rd:25-26: Dropping empty section \note
    prepare_Rd: extract.val.Rd:27: Dropping empty section \seealso
Flavors: r-devel-linux-x86_64-debian-clang, r-devel-linux-x86_64-debian-gcc, r-devel-linux-x86_64-fedora-clang, r-devel-linux-x86_64-fedora-gcc, r-devel-macosx-x86_64-clang, r-devel-macosx-x86_64-gcc, r-devel-windows-ix86+x86_64, r-patched-linux-x86_64, r-patched-solaris-sparc, r-patched-solaris-x86, r-release-linux-ix86, r-release-linux-x86_64, r-release-macosx-x86_64, r-release-windows-ix86+x86_64, r-oldrel-windows-ix86+x86_64