CRAN Package Check Results for Package divagis

Last updated on 2016-06-01 00:47:16.

Flavor Version Tinstall Tcheck Ttotal Status Flags
r-devel-linux-x86_64-debian-gcc 1.0.0 1.24 17.30 18.55 NOTE
r-devel-linux-x86_64-fedora-clang 1.0.0 36.66 NOTE
r-devel-linux-x86_64-fedora-gcc 1.0.0 29.07 NOTE
r-devel-osx-x86_64-clang 1.0.0 29.95 NOTE
r-devel-windows-ix86+x86_64 1.0.0 6.00 41.00 47.00 NOTE
r-patched-linux-x86_64 1.0.0 1.44 19.09 20.53 NOTE
r-patched-solaris-sparc 1.0.0 168.90 NOTE
r-patched-solaris-x86 1.0.0 42.20 NOTE
r-release-linux-x86_64 1.0.0 1.06 15.33 16.40 NOTE
r-release-osx-x86_64-mavericks 1.0.0 NOTE
r-release-windows-ix86+x86_64 1.0.0 6.00 43.00 49.00 NOTE
r-oldrel-windows-ix86+x86_64 1.0.0 3.00 49.00 52.00 NOTE

Check Details

Version: 1.0.0
Check: DESCRIPTION meta-information
Result: NOTE
    Malformed Title field: should not end in a period.
Flavors: r-devel-linux-x86_64-debian-gcc, r-devel-linux-x86_64-fedora-clang, r-devel-linux-x86_64-fedora-gcc, r-devel-osx-x86_64-clang, r-devel-windows-ix86+x86_64, r-patched-linux-x86_64, r-patched-solaris-sparc, r-patched-solaris-x86, r-release-linux-x86_64, r-release-osx-x86_64-mavericks, r-release-windows-ix86+x86_64, r-oldrel-windows-ix86+x86_64

Version: 1.0.0
Check: Rd files
Result: NOTE
    prepare_Rd: extract.val.Rd:25-26: Dropping empty section \note
    prepare_Rd: extract.val.Rd:27: Dropping empty section \seealso
Flavors: r-devel-linux-x86_64-debian-gcc, r-devel-linux-x86_64-fedora-clang, r-devel-linux-x86_64-fedora-gcc, r-devel-osx-x86_64-clang, r-devel-windows-ix86+x86_64, r-patched-linux-x86_64, r-patched-solaris-sparc, r-patched-solaris-x86, r-release-linux-x86_64, r-release-osx-x86_64-mavericks, r-release-windows-ix86+x86_64, r-oldrel-windows-ix86+x86_64