CRAN Package Check Results for Package divagis

Last updated on 2015-04-19 23:49:11.

Flavor Version Tinstall Tcheck Ttotal Status Flags
r-devel-linux-x86_64-debian-clang 1.0.0 1.18 16.04 17.22 NOTE
r-devel-linux-x86_64-debian-gcc 1.0.0 1.10 16.14 17.24 NOTE
r-devel-linux-x86_64-fedora-clang 1.0.0 35.13 NOTE
r-devel-linux-x86_64-fedora-gcc 1.0.0 32.87 NOTE
r-devel-osx-x86_64-clang 1.0.0 31.76 NOTE
r-devel-windows-ix86+x86_64 1.0.0 6.00 28.00 34.00 NOTE
r-patched-linux-x86_64 1.0.0 1.24 15.56 16.80 NOTE
r-patched-solaris-sparc 1.0.0 266.80 NOTE
r-patched-solaris-x86 1.0.0 57.80 NOTE
r-release-linux-x86_64 1.0.0 1.05 15.57 16.62 NOTE
r-release-osx-x86_64-mavericks 1.0.0 ERROR
r-release-osx-x86_64-snowleopard 1.0.0 NOTE
r-release-windows-ix86+x86_64 1.0.0 2.00 23.00 25.00 NOTE
r-oldrel-windows-ix86+x86_64 1.0.0 4.00 29.00 33.00 NOTE

Check Details

Version: 1.0.0
Check: DESCRIPTION meta-information
Result: NOTE
    Malformed Title field: should not end in a period.
Flavors: r-devel-linux-x86_64-debian-clang, r-devel-linux-x86_64-debian-gcc, r-devel-linux-x86_64-fedora-clang, r-devel-linux-x86_64-fedora-gcc, r-devel-osx-x86_64-clang, r-devel-windows-ix86+x86_64, r-patched-linux-x86_64, r-patched-solaris-sparc, r-patched-solaris-x86, r-release-linux-x86_64, r-release-osx-x86_64-snowleopard, r-release-windows-ix86+x86_64

Version: 1.0.0
Check: Rd files
Result: NOTE
    prepare_Rd: extract.val.Rd:25-26: Dropping empty section \note
    prepare_Rd: extract.val.Rd:27: Dropping empty section \seealso
Flavors: r-devel-linux-x86_64-debian-clang, r-devel-linux-x86_64-debian-gcc, r-devel-linux-x86_64-fedora-clang, r-devel-linux-x86_64-fedora-gcc, r-devel-osx-x86_64-clang, r-devel-windows-ix86+x86_64, r-patched-linux-x86_64, r-patched-solaris-sparc, r-patched-solaris-x86, r-release-linux-x86_64, r-release-osx-x86_64-snowleopard, r-release-windows-ix86+x86_64, r-oldrel-windows-ix86+x86_64

Version: 1.0.0
Check: package dependencies
Result: ERROR
    Package required but not available: ‘rgdal’
    
    See section ‘The DESCRIPTION file’ in the ‘Writing R Extensions’
    manual.
Flavor: r-release-osx-x86_64-mavericks