CRAN Package Check Results for Package divagis

Last updated on 2016-05-01 21:46:44.

Flavor Version Tinstall Tcheck Ttotal Status Flags
r-devel-linux-x86_64-debian-gcc 1.0.0 1.04 15.53 16.57 NOTE
r-devel-linux-x86_64-fedora-clang 1.0.0 30.43 NOTE
r-devel-linux-x86_64-fedora-gcc 1.0.0 29.67 NOTE
r-devel-osx-x86_64-clang 1.0.0 30.25 NOTE
r-devel-windows-ix86+x86_64 1.0.0 3.00 32.00 35.00 NOTE
r-patched-linux-x86_64 1.0.0 1.04 15.45 16.49 NOTE
r-patched-solaris-sparc 1.0.0 166.60 NOTE
r-patched-solaris-x86 1.0.0 41.80 NOTE
r-release-linux-x86_64 1.0.0 1.24 16.75 18.00 NOTE
r-release-osx-x86_64-mavericks 1.0.0 NOTE
r-release-windows-ix86+x86_64 1.0.0 5.00 40.00 45.00 NOTE
r-oldrel-windows-ix86+x86_64 1.0.0 7.00 47.00 54.00 NOTE

Check Details

Version: 1.0.0
Check: DESCRIPTION meta-information
Result: NOTE
    Malformed Title field: should not end in a period.
Flavors: r-devel-linux-x86_64-debian-gcc, r-devel-linux-x86_64-fedora-clang, r-devel-linux-x86_64-fedora-gcc, r-devel-osx-x86_64-clang, r-devel-windows-ix86+x86_64, r-patched-linux-x86_64, r-patched-solaris-sparc, r-patched-solaris-x86, r-release-linux-x86_64, r-release-osx-x86_64-mavericks, r-release-windows-ix86+x86_64

Version: 1.0.0
Check: Rd files
Result: NOTE
    prepare_Rd: extract.val.Rd:25-26: Dropping empty section \note
    prepare_Rd: extract.val.Rd:27: Dropping empty section \seealso
Flavors: r-devel-linux-x86_64-debian-gcc, r-devel-linux-x86_64-fedora-clang, r-devel-linux-x86_64-fedora-gcc, r-devel-osx-x86_64-clang, r-devel-windows-ix86+x86_64, r-patched-linux-x86_64, r-patched-solaris-sparc, r-patched-solaris-x86, r-release-linux-x86_64, r-release-osx-x86_64-mavericks, r-release-windows-ix86+x86_64, r-oldrel-windows-ix86+x86_64