CRAN Package Check Results for Package divagis

Last updated on 2016-09-29 14:47:23.

Flavor Version Tinstall Tcheck Ttotal Status Flags
r-devel-linux-x86_64-debian-clang 1.0.0 1.13 16.11 17.24 NOTE
r-devel-linux-x86_64-debian-gcc 1.0.0 1.14 16.01 17.14 NOTE
r-devel-linux-x86_64-fedora-clang 1.0.0 31.64 NOTE
r-devel-linux-x86_64-fedora-gcc 1.0.0 29.42 NOTE
r-devel-macos-x86_64-clang 1.0.0 22.92 NOTE
r-devel-windows-ix86+x86_64 1.0.0 4.00 44.00 48.00 NOTE
r-patched-linux-x86_64 1.0.0 1.10 16.13 17.22 NOTE
r-patched-solaris-sparc 1.0.0 172.10 NOTE
r-patched-solaris-x86 1.0.0 40.60 NOTE
r-release-linux-x86_64 1.0.0 3.16 16.75 19.92 NOTE
r-release-osx-x86_64-mavericks 1.0.0 NOTE
r-release-windows-ix86+x86_64 1.0.0 6.00 36.00 42.00 NOTE
r-oldrel-windows-ix86+x86_64 1.0.0 7.00 49.00 56.00 NOTE

Check Details

Version: 1.0.0
Check: DESCRIPTION meta-information
Result: NOTE
    Malformed Title field: should not end in a period.
Flavors: r-devel-linux-x86_64-debian-clang, r-devel-linux-x86_64-debian-gcc, r-devel-linux-x86_64-fedora-clang, r-devel-linux-x86_64-fedora-gcc, r-devel-macos-x86_64-clang, r-devel-windows-ix86+x86_64, r-patched-linux-x86_64, r-patched-solaris-sparc, r-patched-solaris-x86, r-release-linux-x86_64, r-release-osx-x86_64-mavericks, r-release-windows-ix86+x86_64, r-oldrel-windows-ix86+x86_64

Version: 1.0.0
Check: Rd files
Result: NOTE
    prepare_Rd: extract.val.Rd:25-26: Dropping empty section \note
    prepare_Rd: extract.val.Rd:27: Dropping empty section \seealso
Flavors: r-devel-linux-x86_64-debian-clang, r-devel-linux-x86_64-debian-gcc, r-devel-linux-x86_64-fedora-clang, r-devel-linux-x86_64-fedora-gcc, r-devel-macos-x86_64-clang, r-devel-windows-ix86+x86_64, r-patched-linux-x86_64, r-patched-solaris-sparc, r-patched-solaris-x86, r-release-linux-x86_64, r-release-osx-x86_64-mavericks, r-release-windows-ix86+x86_64, r-oldrel-windows-ix86+x86_64