CRAN Package Check Results for Package divagis

Last updated on 2015-05-24 10:46:54.

Flavor Version Tinstall Tcheck Ttotal Status Flags
r-devel-linux-x86_64-debian-clang 1.0.0 1.10 15.91 17.00 NOTE
r-devel-linux-x86_64-debian-gcc 1.0.0 1.06 15.31 16.36 NOTE
r-devel-linux-x86_64-fedora-clang 1.0.0 35.34 NOTE
r-devel-linux-x86_64-fedora-gcc 1.0.0 36.67 NOTE
r-devel-osx-x86_64-clang 1.0.0 31.77 NOTE
r-devel-windows-ix86+x86_64 1.0.0 4.00 22.00 26.00 NOTE
r-patched-linux-x86_64 1.0.0 1.22 15.98 17.19 NOTE
r-patched-solaris-sparc 1.0.0 221.50 NOTE
r-patched-solaris-x86 1.0.0 56.40 NOTE
r-release-linux-x86_64 1.0.0 1.12 15.41 16.53 NOTE
r-release-osx-x86_64-mavericks 1.0.0 NOTE
r-release-osx-x86_64-snowleopard 1.0.0 NOTE
r-release-windows-ix86+x86_64 1.0.0 4.00 23.00 27.00 NOTE
r-oldrel-windows-ix86+x86_64 1.0.0 5.00 30.00 35.00 NOTE

Check Details

Version: 1.0.0
Check: DESCRIPTION meta-information
Result: NOTE
    Malformed Title field: should not end in a period.
Flavors: r-devel-linux-x86_64-debian-clang, r-devel-linux-x86_64-debian-gcc, r-devel-linux-x86_64-fedora-clang, r-devel-linux-x86_64-fedora-gcc, r-devel-osx-x86_64-clang, r-devel-windows-ix86+x86_64, r-patched-linux-x86_64, r-patched-solaris-sparc, r-patched-solaris-x86, r-release-linux-x86_64, r-release-osx-x86_64-mavericks, r-release-osx-x86_64-snowleopard, r-release-windows-ix86+x86_64

Version: 1.0.0
Check: Rd files
Result: NOTE
    prepare_Rd: extract.val.Rd:25-26: Dropping empty section \note
    prepare_Rd: extract.val.Rd:27: Dropping empty section \seealso
Flavors: r-devel-linux-x86_64-debian-clang, r-devel-linux-x86_64-debian-gcc, r-devel-linux-x86_64-fedora-clang, r-devel-linux-x86_64-fedora-gcc, r-devel-osx-x86_64-clang, r-devel-windows-ix86+x86_64, r-patched-linux-x86_64, r-patched-solaris-sparc, r-patched-solaris-x86, r-release-linux-x86_64, r-release-osx-x86_64-mavericks, r-release-osx-x86_64-snowleopard, r-release-windows-ix86+x86_64, r-oldrel-windows-ix86+x86_64