CRAN Package Check Results for Package divagis

Last updated on 2018-05-22 05:49:21 CEST.

Flavor Version Tinstall Tcheck Ttotal Status Flags
r-devel-linux-x86_64-debian-clang 1.0.0 1.74 26.65 28.39 NOTE
r-devel-linux-x86_64-debian-gcc 1.0.0 2.12 26.99 29.11 NOTE
r-devel-linux-x86_64-fedora-clang 1.0.0 39.62 NOTE
r-devel-linux-x86_64-fedora-gcc 1.0.0 38.11 NOTE
r-devel-windows-ix86+x86_64 1.0.0 6.00 39.00 45.00 NOTE
r-patched-linux-x86_64 1.0.0 1.31 28.56 29.87 NOTE
r-patched-solaris-x86 1.0.0 67.90 NOTE
r-release-linux-x86_64 1.0.0 1.59 27.52 29.11 NOTE
r-release-windows-ix86+x86_64 1.0.0 5.00 62.00 67.00 NOTE
r-release-osx-x86_64 1.0.0 NOTE
r-oldrel-windows-ix86+x86_64 1.0.0 6.00 44.00 50.00 NOTE
r-oldrel-osx-x86_64 1.0.0 NOTE

Check Details

Version: 1.0.0
Check: DESCRIPTION meta-information
Result: NOTE
    Malformed Title field: should not end in a period.
Flavors: r-devel-linux-x86_64-debian-clang, r-devel-linux-x86_64-debian-gcc, r-devel-linux-x86_64-fedora-clang, r-devel-linux-x86_64-fedora-gcc, r-devel-windows-ix86+x86_64, r-patched-linux-x86_64, r-patched-solaris-x86, r-release-linux-x86_64, r-release-windows-ix86+x86_64, r-release-osx-x86_64, r-oldrel-windows-ix86+x86_64, r-oldrel-osx-x86_64

Version: 1.0.0
Check: Rd files
Result: NOTE
    prepare_Rd: extract.val.Rd:25-26: Dropping empty section \note
    prepare_Rd: extract.val.Rd:27: Dropping empty section \seealso
Flavors: r-devel-linux-x86_64-debian-clang, r-devel-linux-x86_64-debian-gcc, r-devel-linux-x86_64-fedora-clang, r-devel-linux-x86_64-fedora-gcc, r-devel-windows-ix86+x86_64, r-patched-linux-x86_64, r-patched-solaris-x86, r-release-linux-x86_64, r-release-windows-ix86+x86_64, r-release-osx-x86_64, r-oldrel-windows-ix86+x86_64, r-oldrel-osx-x86_64