CRAN Package Check Results for Package divagis

Last updated on 2017-12-17 04:46:56 CET.

Flavor Version Tinstall Tcheck Ttotal Status Flags
r-devel-linux-x86_64-debian-clang 1.0.0 1.47 27.53 29.00 NOTE
r-devel-linux-x86_64-debian-gcc 1.0.0 1.77 25.82 27.59 NOTE
r-devel-linux-x86_64-fedora-clang 1.0.0 35.35 NOTE
r-devel-linux-x86_64-fedora-gcc 1.0.0 33.59 NOTE
r-devel-windows-ix86+x86_64 1.0.0 4.00 34.00 38.00 NOTE
r-patched-linux-x86_64 1.0.0 1.53 27.62 29.15 NOTE
r-patched-solaris-x86 1.0.0 55.20 NOTE
r-release-linux-x86_64 1.0.0 1.78 27.09 28.87 NOTE
r-release-windows-ix86+x86_64 1.0.0 5.00 51.00 56.00 NOTE
r-release-osx-x86_64 1.0.0 NOTE
r-oldrel-windows-ix86+x86_64 1.0.0 4.00 51.00 55.00 NOTE
r-oldrel-osx-x86_64 1.0.0 NOTE

Check Details

Version: 1.0.0
Check: DESCRIPTION meta-information
Result: NOTE
    Malformed Title field: should not end in a period.
Flavors: r-devel-linux-x86_64-debian-clang, r-devel-linux-x86_64-debian-gcc, r-devel-linux-x86_64-fedora-clang, r-devel-linux-x86_64-fedora-gcc, r-devel-windows-ix86+x86_64, r-patched-linux-x86_64, r-patched-solaris-x86, r-release-linux-x86_64, r-release-windows-ix86+x86_64, r-release-osx-x86_64, r-oldrel-windows-ix86+x86_64, r-oldrel-osx-x86_64

Version: 1.0.0
Check: Rd files
Result: NOTE
    prepare_Rd: extract.val.Rd:25-26: Dropping empty section \note
    prepare_Rd: extract.val.Rd:27: Dropping empty section \seealso
Flavors: r-devel-linux-x86_64-debian-clang, r-devel-linux-x86_64-debian-gcc, r-devel-linux-x86_64-fedora-clang, r-devel-linux-x86_64-fedora-gcc, r-devel-windows-ix86+x86_64, r-patched-linux-x86_64, r-patched-solaris-x86, r-release-linux-x86_64, r-release-windows-ix86+x86_64, r-release-osx-x86_64, r-oldrel-windows-ix86+x86_64, r-oldrel-osx-x86_64