CRAN Package Check Results for Package divagis

Last updated on 2015-09-02 00:47:35.

Flavor Version Tinstall Tcheck Ttotal Status Flags
r-devel-linux-x86_64-debian-clang 1.0.0 1.19 15.21 16.40 NOTE
r-devel-linux-x86_64-debian-gcc 1.0.0 0.99 14.70 15.69 NOTE
r-devel-linux-x86_64-fedora-clang 1.0.0 33.03 NOTE
r-devel-linux-x86_64-fedora-gcc 1.0.0 31.73 NOTE
r-devel-osx-x86_64-clang 1.0.0 25.94 NOTE
r-devel-windows-ix86+x86_64 1.0.0 7.00 37.00 44.00 NOTE
r-patched-linux-x86_64 1.0.0 1.12 15.84 16.96 NOTE
r-patched-solaris-sparc 1.0.0 211.00 NOTE
r-patched-solaris-x86 1.0.0 57.90 NOTE
r-release-linux-x86_64 1.0.0 1.13 16.60 17.73 NOTE
r-release-osx-x86_64-mavericks 1.0.0 NOTE
r-release-windows-ix86+x86_64 1.0.0 5.00 42.00 47.00 NOTE
r-oldrel-windows-ix86+x86_64 1.0.0 7.00 35.00 42.00 NOTE

Check Details

Version: 1.0.0
Check: DESCRIPTION meta-information
Result: NOTE
    Malformed Title field: should not end in a period.
Flavors: r-devel-linux-x86_64-debian-clang, r-devel-linux-x86_64-debian-gcc, r-devel-linux-x86_64-fedora-clang, r-devel-linux-x86_64-fedora-gcc, r-devel-osx-x86_64-clang, r-devel-windows-ix86+x86_64, r-patched-linux-x86_64, r-patched-solaris-sparc, r-patched-solaris-x86, r-release-linux-x86_64, r-release-osx-x86_64-mavericks, r-release-windows-ix86+x86_64

Version: 1.0.0
Check: Rd files
Result: NOTE
    prepare_Rd: extract.val.Rd:25-26: Dropping empty section \note
    prepare_Rd: extract.val.Rd:27: Dropping empty section \seealso
Flavors: r-devel-linux-x86_64-debian-clang, r-devel-linux-x86_64-debian-gcc, r-devel-linux-x86_64-fedora-clang, r-devel-linux-x86_64-fedora-gcc, r-devel-osx-x86_64-clang, r-devel-windows-ix86+x86_64, r-patched-linux-x86_64, r-patched-solaris-sparc, r-patched-solaris-x86, r-release-linux-x86_64, r-release-osx-x86_64-mavericks, r-release-windows-ix86+x86_64, r-oldrel-windows-ix86+x86_64