CRAN Package Check Results for Package divagis

Last updated on 2015-03-05 10:49:56.

Flavor Version Tinstall Tcheck Ttotal Status Flags
r-devel-linux-x86_64-debian-clang 1.0.0 1.12 15.57 16.69 NOTE
r-devel-linux-x86_64-debian-gcc 1.0.0 1.10 15.92 17.01 NOTE
r-devel-linux-x86_64-fedora-clang 1.0.0 33.68 NOTE
r-devel-linux-x86_64-fedora-gcc 1.0.0 32.82 NOTE
r-devel-osx-x86_64-clang 1.0.0 31.59 NOTE
r-devel-windows-ix86+x86_64 1.0.0 3.00 25.00 28.00 NOTE
r-patched-linux-x86_64 1.0.0 1.52 19.31 20.82 NOTE
r-patched-solaris-sparc 1.0.0 226.40 NOTE
r-patched-solaris-x86 1.0.0 70.90 NOTE
r-release-linux-ix86 1.0.0 1.51 24.90 26.41 NOTE
r-release-linux-x86_64 1.0.0 1.19 18.41 19.60 NOTE
r-release-osx-x86_64-mavericks 1.0.0 ERROR
r-release-osx-x86_64-snowleopard 1.0.0 NOTE
r-release-windows-ix86+x86_64 1.0.0 4.00 33.00 37.00 NOTE
r-oldrel-windows-ix86+x86_64 1.0.0 5.00 31.00 36.00 NOTE

Check Details

Version: 1.0.0
Check: DESCRIPTION meta-information
Result: NOTE
    Malformed Title field: should not end in a period.
Flavors: r-devel-linux-x86_64-debian-clang, r-devel-linux-x86_64-debian-gcc, r-devel-linux-x86_64-fedora-clang, r-devel-linux-x86_64-fedora-gcc, r-devel-osx-x86_64-clang, r-devel-windows-ix86+x86_64

Version: 1.0.0
Check: Rd files
Result: NOTE
    prepare_Rd: extract.val.Rd:25-26: Dropping empty section \note
    prepare_Rd: extract.val.Rd:27: Dropping empty section \seealso
Flavors: r-devel-linux-x86_64-debian-clang, r-devel-linux-x86_64-debian-gcc, r-devel-linux-x86_64-fedora-clang, r-devel-linux-x86_64-fedora-gcc, r-devel-osx-x86_64-clang, r-devel-windows-ix86+x86_64, r-patched-linux-x86_64, r-patched-solaris-sparc, r-patched-solaris-x86, r-release-linux-ix86, r-release-linux-x86_64, r-release-osx-x86_64-snowleopard, r-release-windows-ix86+x86_64, r-oldrel-windows-ix86+x86_64

Version: 1.0.0
Check: package dependencies
Result: ERROR
    Package required but not available: ‘rgdal’
    
    See section ‘The DESCRIPTION file’ in the ‘Writing R Extensions’
    manual.
Flavor: r-release-osx-x86_64-mavericks