CRAN Package Check Results for Package divagis

Last updated on 2014-12-19 15:48:24.

Flavor Version Tinstall Tcheck Ttotal Status Flags
r-devel-linux-x86_64-debian-clang 1.0.0 1.16 18.56 19.73 NOTE
r-devel-linux-x86_64-debian-gcc 1.0.0 1.12 17.41 18.53 NOTE
r-devel-linux-x86_64-fedora-clang 1.0.0 43.54 NOTE
r-devel-linux-x86_64-fedora-gcc 1.0.0 39.97 NOTE
r-devel-osx-x86_64-clang 1.0.0 37.29 NOTE
r-devel-windows-ix86+x86_64 1.0.0 5.00 26.00 31.00 NOTE
r-patched-linux-x86_64 1.0.0 1.18 17.83 19.01 NOTE
r-patched-solaris-sparc 1.0.0 221.80 NOTE
r-patched-solaris-x86 1.0.0 67.20 NOTE
r-release-linux-ix86 1.0.0 1.54 24.09 25.62 NOTE
r-release-linux-x86_64 1.0.0 1.27 17.70 18.97 NOTE
r-release-osx-x86_64-mavericks 1.0.0 ERROR
r-release-osx-x86_64-snowleopard 1.0.0 NOTE
r-release-windows-ix86+x86_64 1.0.0 5.00 31.00 36.00 NOTE
r-oldrel-windows-ix86+x86_64 1.0.0 5.00 30.00 35.00 NOTE

Check Details

Version: 1.0.0
Check: Rd files
Result: NOTE
    prepare_Rd: extract.val.Rd:25-26: Dropping empty section \note
    prepare_Rd: extract.val.Rd:27: Dropping empty section \seealso
Flavors: r-devel-linux-x86_64-debian-clang, r-devel-linux-x86_64-debian-gcc, r-devel-linux-x86_64-fedora-clang, r-devel-linux-x86_64-fedora-gcc, r-devel-osx-x86_64-clang, r-devel-windows-ix86+x86_64, r-patched-linux-x86_64, r-patched-solaris-sparc, r-patched-solaris-x86, r-release-linux-ix86, r-release-linux-x86_64, r-release-osx-x86_64-snowleopard, r-release-windows-ix86+x86_64, r-oldrel-windows-ix86+x86_64

Version: 1.0.0
Check: package dependencies
Result: ERROR
    Package required but not available: ‘rgdal’
    
    See the information on DESCRIPTION files in the chapter ‘Creating R
    packages’ of the ‘Writing R Extensions’ manual.
Flavor: r-release-osx-x86_64-mavericks