CRAN Package Check Results for Package divagis

Last updated on 2015-07-07 21:46:30.

Flavor Version Tinstall Tcheck Ttotal Status Flags
r-devel-linux-x86_64-debian-clang 1.0.0 1.04 16.24 17.29 NOTE
r-devel-linux-x86_64-debian-gcc 1.0.0 1.13 15.05 16.18 NOTE
r-devel-linux-x86_64-fedora-clang 1.0.0 32.46 NOTE
r-devel-linux-x86_64-fedora-gcc 1.0.0 31.64 NOTE
r-devel-osx-x86_64-clang 1.0.0 27.00 NOTE
r-devel-windows-ix86+x86_64 1.0.0 7.00 23.00 30.00 NOTE
r-patched-linux-x86_64 1.0.0 1.06 15.40 16.46 NOTE
r-patched-solaris-sparc 1.0.0 221.50 NOTE
r-patched-solaris-x86 1.0.0 50.90 NOTE
r-release-linux-x86_64 1.0.0 1.32 15.29 16.62 NOTE
r-release-osx-x86_64-mavericks 1.0.0 NOTE
r-release-windows-ix86+x86_64 1.0.0 6.00 25.00 31.00 NOTE
r-oldrel-windows-ix86+x86_64 1.0.0 6.00 32.00 38.00 NOTE

Check Details

Version: 1.0.0
Check: DESCRIPTION meta-information
Result: NOTE
    Malformed Title field: should not end in a period.
Flavors: r-devel-linux-x86_64-debian-clang, r-devel-linux-x86_64-debian-gcc, r-devel-linux-x86_64-fedora-clang, r-devel-linux-x86_64-fedora-gcc, r-devel-osx-x86_64-clang, r-devel-windows-ix86+x86_64, r-patched-linux-x86_64, r-patched-solaris-sparc, r-patched-solaris-x86, r-release-linux-x86_64, r-release-osx-x86_64-mavericks, r-release-windows-ix86+x86_64

Version: 1.0.0
Check: Rd files
Result: NOTE
    prepare_Rd: extract.val.Rd:25-26: Dropping empty section \note
    prepare_Rd: extract.val.Rd:27: Dropping empty section \seealso
Flavors: r-devel-linux-x86_64-debian-clang, r-devel-linux-x86_64-debian-gcc, r-devel-linux-x86_64-fedora-clang, r-devel-linux-x86_64-fedora-gcc, r-devel-osx-x86_64-clang, r-devel-windows-ix86+x86_64, r-patched-linux-x86_64, r-patched-solaris-sparc, r-patched-solaris-x86, r-release-linux-x86_64, r-release-osx-x86_64-mavericks, r-release-windows-ix86+x86_64, r-oldrel-windows-ix86+x86_64