CRAN Package Check Results for Package divagis

Last updated on 2014-11-23 19:47:43.

Flavor Version Tinstall Tcheck Ttotal Status Flags
r-devel-linux-x86_64-debian-clang 1.0.0 1.17 17.58 18.76 NOTE
r-devel-linux-x86_64-debian-gcc 1.0.0 1.13 17.30 18.44 NOTE
r-devel-linux-x86_64-fedora-clang 1.0.0 41.63 NOTE
r-devel-linux-x86_64-fedora-gcc 1.0.0 39.82 NOTE
r-devel-osx-x86_64-clang 1.0.0 41.16 NOTE
r-devel-windows-ix86+x86_64 1.0.0 4.00 26.00 30.00 NOTE
r-patched-linux-x86_64 1.0.0 1.18 17.98 19.17 NOTE
r-patched-solaris-sparc 1.0.0 221.80 NOTE
r-patched-solaris-x86 1.0.0 73.80 NOTE
r-release-linux-ix86 1.0.0 1.53 23.98 25.51 NOTE
r-release-linux-x86_64 1.0.0 1.18 18.57 19.75 NOTE
r-release-osx-x86_64-mavericks 1.0.0 ERROR
r-release-osx-x86_64-snowleopard 1.0.0 NOTE
r-release-windows-ix86+x86_64 1.0.0 5.00 31.00 36.00 NOTE
r-oldrel-windows-ix86+x86_64 1.0.0 5.00 29.00 34.00 NOTE

Check Details

Version: 1.0.0
Check: Rd files
Result: NOTE
    prepare_Rd: extract.val.Rd:25-26: Dropping empty section \note
    prepare_Rd: extract.val.Rd:27: Dropping empty section \seealso
Flavors: r-devel-linux-x86_64-debian-clang, r-devel-linux-x86_64-debian-gcc, r-devel-linux-x86_64-fedora-clang, r-devel-linux-x86_64-fedora-gcc, r-devel-osx-x86_64-clang, r-devel-windows-ix86+x86_64, r-patched-linux-x86_64, r-patched-solaris-sparc, r-patched-solaris-x86, r-release-linux-ix86, r-release-linux-x86_64, r-release-osx-x86_64-snowleopard, r-release-windows-ix86+x86_64, r-oldrel-windows-ix86+x86_64

Version: 1.0.0
Check: package dependencies
Result: ERROR
    Package required but not available: ‘rgdal’
    
    See the information on DESCRIPTION files in the chapter ‘Creating R
    packages’ of the ‘Writing R Extensions’ manual.
Flavor: r-release-osx-x86_64-mavericks