CRAN Package Check Results for Package divagis

Last updated on 2017-01-21 16:48:30.

Flavor Version Tinstall Tcheck Ttotal Status Flags
r-devel-linux-x86_64-debian-clang 1.0.0 1.36 18.52 19.89 NOTE
r-devel-linux-x86_64-debian-gcc 1.0.0 1.35 18.40 19.75 NOTE
r-devel-linux-x86_64-fedora-clang 1.0.0 34.05 NOTE --no-stop-on-test-error
r-devel-linux-x86_64-fedora-gcc 1.0.0 32.96 NOTE --no-stop-on-test-error
r-devel-macos-x86_64-clang 1.0.0 25.70 NOTE --no-stop-on-test-error
r-devel-windows-ix86+x86_64 1.0.0 6.00 90.00 96.00 NOTE
r-patched-linux-x86_64 1.0.0 1.06 16.01 17.07 NOTE
r-patched-solaris-sparc 1.0.0 182.70 NOTE
r-patched-solaris-x86 1.0.0 47.20 NOTE
r-release-linux-x86_64 1.0.0 1.12 15.71 16.83 NOTE
r-release-osx-x86_64-mavericks 1.0.0 NOTE
r-release-windows-ix86+x86_64 1.0.0 4.00 74.00 78.00 NOTE
r-oldrel-windows-ix86+x86_64 1.0.0 6.00 72.00 78.00 NOTE

Check Details

Version: 1.0.0
Check: DESCRIPTION meta-information
Result: NOTE
    Malformed Title field: should not end in a period.
Flavors: r-devel-linux-x86_64-debian-clang, r-devel-linux-x86_64-debian-gcc, r-devel-windows-ix86+x86_64, r-patched-linux-x86_64, r-patched-solaris-sparc, r-patched-solaris-x86, r-release-linux-x86_64, r-release-osx-x86_64-mavericks, r-release-windows-ix86+x86_64, r-oldrel-windows-ix86+x86_64

Version: 1.0.0
Check: Rd files
Result: NOTE
    prepare_Rd: extract.val.Rd:25-26: Dropping empty section \note
    prepare_Rd: extract.val.Rd:27: Dropping empty section \seealso
Flavors: r-devel-linux-x86_64-debian-clang, r-devel-linux-x86_64-debian-gcc, r-devel-windows-ix86+x86_64, r-patched-linux-x86_64, r-patched-solaris-sparc, r-patched-solaris-x86, r-release-linux-x86_64, r-release-osx-x86_64-mavericks, r-release-windows-ix86+x86_64, r-oldrel-windows-ix86+x86_64

Version: 1.0.0
Flags: --no-stop-on-test-error
Check: DESCRIPTION meta-information
Result: NOTE
    Malformed Title field: should not end in a period.
Flavors: r-devel-linux-x86_64-fedora-clang, r-devel-linux-x86_64-fedora-gcc, r-devel-macos-x86_64-clang

Version: 1.0.0
Flags: --no-stop-on-test-error
Check: Rd files
Result: NOTE
    prepare_Rd: extract.val.Rd:25-26: Dropping empty section \note
    prepare_Rd: extract.val.Rd:27: Dropping empty section \seealso
Flavors: r-devel-linux-x86_64-fedora-clang, r-devel-linux-x86_64-fedora-gcc, r-devel-macos-x86_64-clang