CRAN Package Check Results for Package divagis

Last updated on 2017-03-25 03:47:42.

Flavor Version Tinstall Tcheck Ttotal Status Flags
r-devel-linux-x86_64-debian-clang 1.0.0 1.50 18.67 20.16 NOTE
r-devel-linux-x86_64-debian-gcc 1.0.0 1.40 19.07 20.47 NOTE
r-devel-linux-x86_64-fedora-clang 1.0.0 37.57 NOTE --no-stop-on-test-error
r-devel-linux-x86_64-fedora-gcc 1.0.0 33.71 NOTE --no-stop-on-test-error
r-devel-macos-x86_64-clang 1.0.0 25.94 NOTE --no-stop-on-test-error
r-devel-windows-ix86+x86_64 1.0.0 4.00 35.00 39.00 NOTE
r-patched-linux-x86_64 1.0.0 1.13 16.39 17.53 NOTE
r-patched-solaris-sparc 1.0.0 210.10 NOTE
r-patched-solaris-x86 1.0.0 52.60 NOTE
r-release-linux-x86_64 1.0.0 1.09 15.93 17.02 NOTE
r-release-osx-x86_64-mavericks 1.0.0 NOTE
r-release-windows-ix86+x86_64 1.0.0 6.00 45.00 51.00 NOTE
r-oldrel-windows-ix86+x86_64 1.0.0 4.00 52.00 56.00 NOTE

Check Details

Version: 1.0.0
Check: DESCRIPTION meta-information
Result: NOTE
    Malformed Title field: should not end in a period.
Flavors: r-devel-linux-x86_64-debian-clang, r-devel-linux-x86_64-debian-gcc, r-devel-windows-ix86+x86_64, r-patched-linux-x86_64, r-patched-solaris-sparc, r-patched-solaris-x86, r-release-linux-x86_64, r-release-osx-x86_64-mavericks, r-release-windows-ix86+x86_64, r-oldrel-windows-ix86+x86_64

Version: 1.0.0
Check: Rd files
Result: NOTE
    prepare_Rd: extract.val.Rd:25-26: Dropping empty section \note
    prepare_Rd: extract.val.Rd:27: Dropping empty section \seealso
Flavors: r-devel-linux-x86_64-debian-clang, r-devel-linux-x86_64-debian-gcc, r-devel-windows-ix86+x86_64, r-patched-linux-x86_64, r-patched-solaris-sparc, r-patched-solaris-x86, r-release-linux-x86_64, r-release-osx-x86_64-mavericks, r-release-windows-ix86+x86_64, r-oldrel-windows-ix86+x86_64

Version: 1.0.0
Flags: --no-stop-on-test-error
Check: DESCRIPTION meta-information
Result: NOTE
    Malformed Title field: should not end in a period.
Flavors: r-devel-linux-x86_64-fedora-clang, r-devel-linux-x86_64-fedora-gcc, r-devel-macos-x86_64-clang

Version: 1.0.0
Flags: --no-stop-on-test-error
Check: Rd files
Result: NOTE
    prepare_Rd: extract.val.Rd:25-26: Dropping empty section \note
    prepare_Rd: extract.val.Rd:27: Dropping empty section \seealso
Flavors: r-devel-linux-x86_64-fedora-clang, r-devel-linux-x86_64-fedora-gcc, r-devel-macos-x86_64-clang