CRAN Package Check Results for Package divagis

Last updated on 2017-10-17 01:47:52.

Flavor Version Tinstall Tcheck Ttotal Status Flags
r-devel-linux-x86_64-debian-clang 1.0.0 1.30 19.74 21.04 NOTE
r-devel-linux-x86_64-debian-gcc 1.0.0 1.70 20.99 22.69 NOTE
r-devel-linux-x86_64-fedora-clang 1.0.0 36.75 NOTE
r-devel-linux-x86_64-fedora-gcc 1.0.0 35.80 NOTE
r-devel-windows-ix86+x86_64 1.0.0 6.00 37.00 43.00 NOTE
r-patched-linux-x86_64 1.0.0 1.30 18.95 20.25 NOTE
r-patched-solaris-x86 1.0.0 55.80 NOTE
r-release-linux-x86_64 1.0.0 1.24 18.89 20.13 NOTE
r-release-windows-ix86+x86_64 1.0.0 6.00 36.00 42.00 NOTE
r-release-osx-x86_64 1.0.0 NOTE
r-oldrel-windows-ix86+x86_64 1.0.0 6.00 46.00 52.00 NOTE
r-oldrel-osx-x86_64 1.0.0 NOTE

Check Details

Version: 1.0.0
Check: DESCRIPTION meta-information
Result: NOTE
    Malformed Title field: should not end in a period.
Flavors: r-devel-linux-x86_64-debian-clang, r-devel-linux-x86_64-debian-gcc, r-devel-linux-x86_64-fedora-clang, r-devel-linux-x86_64-fedora-gcc, r-devel-windows-ix86+x86_64, r-patched-linux-x86_64, r-patched-solaris-x86, r-release-linux-x86_64, r-release-windows-ix86+x86_64, r-release-osx-x86_64, r-oldrel-windows-ix86+x86_64, r-oldrel-osx-x86_64

Version: 1.0.0
Check: Rd files
Result: NOTE
    prepare_Rd: extract.val.Rd:25-26: Dropping empty section \note
    prepare_Rd: extract.val.Rd:27: Dropping empty section \seealso
Flavors: r-devel-linux-x86_64-debian-clang, r-devel-linux-x86_64-debian-gcc, r-devel-linux-x86_64-fedora-clang, r-devel-linux-x86_64-fedora-gcc, r-devel-windows-ix86+x86_64, r-patched-linux-x86_64, r-patched-solaris-x86, r-release-linux-x86_64, r-release-windows-ix86+x86_64, r-release-osx-x86_64, r-oldrel-windows-ix86+x86_64, r-oldrel-osx-x86_64