CRAN Package Check Results for Package diveMove

Last updated on 2015-05-30 11:50:13.

Flavor Version Tinstall Tcheck Ttotal Status Flags
r-devel-linux-x86_64-debian-clang 1.3.9 2.23 97.10 99.33 NOTE
r-devel-linux-x86_64-debian-gcc 1.3.9 2.72 91.68 94.40 NOTE
r-devel-linux-x86_64-fedora-clang 1.3.9 201.67 NOTE
r-devel-linux-x86_64-fedora-gcc 1.3.9 189.44 NOTE
r-devel-osx-x86_64-clang 1.3.9 184.99 NOTE
r-devel-windows-ix86+x86_64 1.3.9 8.00 167.00 175.00 NOTE
r-patched-linux-x86_64 1.3.9 2.21 93.29 95.50 NOTE
r-patched-solaris-sparc 1.3.9 1213.10 NOTE
r-patched-solaris-x86 1.3.9 253.30 NOTE
r-release-linux-x86_64 1.3.9 2.38 95.87 98.24 NOTE
r-release-osx-x86_64-mavericks 1.3.9 NOTE
r-release-osx-x86_64-snowleopard 1.3.9 ERROR
r-release-windows-ix86+x86_64 1.3.9 6.00 170.00 176.00 NOTE
r-oldrel-windows-ix86+x86_64 1.3.9 9.00 177.00 186.00 NOTE

Check Details

Version: 1.3.9
Check: dependencies in R code
Result: NOTE
    'library' or 'require' calls in package code:
     ‘lattice’ ‘tcltk’
     Please use :: or requireNamespace() instead.
     See section 'Suggested packages' in the 'Writing R Extensions' manual.
Flavors: r-devel-linux-x86_64-debian-clang, r-devel-linux-x86_64-debian-gcc, r-devel-linux-x86_64-fedora-clang, r-devel-linux-x86_64-fedora-gcc, r-devel-osx-x86_64-clang, r-devel-windows-ix86+x86_64, r-patched-linux-x86_64, r-patched-solaris-sparc, r-patched-solaris-x86, r-release-linux-x86_64, r-release-osx-x86_64-mavericks, r-release-windows-ix86+x86_64, r-oldrel-windows-ix86+x86_64

Version: 1.3.9
Check: R code for possible problems
Result: NOTE
    boutinit : <anonymous>: no visible global function definition for
     ‘panel.xyplot’
    boutinit : <anonymous>: no visible global function definition for
     ‘panel.curve’
    boutinit : <anonymous>: no visible global function definition for
     ‘panel.abline’
Flavors: r-devel-linux-x86_64-debian-clang, r-devel-linux-x86_64-debian-gcc, r-devel-linux-x86_64-fedora-clang, r-devel-linux-x86_64-fedora-gcc, r-devel-osx-x86_64-clang, r-devel-windows-ix86+x86_64, r-patched-linux-x86_64, r-patched-solaris-sparc, r-patched-solaris-x86, r-release-linux-x86_64, r-release-osx-x86_64-mavericks, r-release-windows-ix86+x86_64, r-oldrel-windows-ix86+x86_64

Version: 1.3.9
Check: package dependencies
Result: ERROR
    Packages required but not available: ‘quantreg’ ‘geosphere’
    
    See section ‘The DESCRIPTION file’ in the ‘Writing R Extensions’
    manual.
Flavor: r-release-osx-x86_64-snowleopard