CRAN Package Check Results for Package diveMove

Last updated on 2015-03-02 19:52:12.

Flavor Version Tinstall Tcheck Ttotal Status Flags
r-devel-linux-x86_64-debian-clang 1.3.9 2.27 96.72 98.99 NOTE
r-devel-linux-x86_64-debian-gcc 1.3.9 2.52 90.79 93.32 NOTE
r-devel-linux-x86_64-fedora-clang 1.3.9 197.68 NOTE
r-devel-linux-x86_64-fedora-gcc 1.3.9 190.62 NOTE
r-devel-osx-x86_64-clang 1.3.9 188.66 NOTE
r-devel-windows-ix86+x86_64 1.3.9 14.00 214.00 228.00 NOTE
r-patched-linux-x86_64 1.3.9 4.09 112.37 116.46 NOTE
r-patched-solaris-sparc 1.3.9 1365.50 NOTE
r-patched-solaris-x86 1.3.9 284.60 NOTE
r-release-linux-ix86 1.3.9 3.64 134.17 137.81 NOTE
r-release-linux-x86_64 1.3.9 2.81 108.93 111.74 NOTE
r-release-osx-x86_64-mavericks 1.3.9 NOTE
r-release-osx-x86_64-snowleopard 1.3.9 OK
r-release-windows-ix86+x86_64 1.3.9 14.00 260.00 274.00 NOTE
r-oldrel-windows-ix86+x86_64 1.3.9 10.00 174.00 184.00 OK

Check Details

Version: 1.3.9
Check: dependencies in R code
Result: NOTE
    'library' or 'require' calls in package code:
     ‘lattice’ ‘tcltk’
     Please use :: or requireNamespace() instead.
     See section 'Suggested packages' in the 'Writing R Extensions' manual.
Flavors: r-devel-linux-x86_64-debian-clang, r-devel-linux-x86_64-debian-gcc, r-devel-linux-x86_64-fedora-clang, r-devel-linux-x86_64-fedora-gcc, r-devel-osx-x86_64-clang, r-devel-windows-ix86+x86_64, r-patched-linux-x86_64, r-patched-solaris-sparc, r-patched-solaris-x86

Version: 1.3.9
Check: R code for possible problems
Result: NOTE
    boutinit : <anonymous>: no visible global function definition for
     ‘panel.xyplot’
    boutinit : <anonymous>: no visible global function definition for
     ‘panel.curve’
    boutinit : <anonymous>: no visible global function definition for
     ‘panel.abline’
Flavors: r-devel-linux-x86_64-debian-clang, r-devel-linux-x86_64-debian-gcc, r-devel-linux-x86_64-fedora-clang, r-devel-linux-x86_64-fedora-gcc, r-devel-osx-x86_64-clang, r-devel-windows-ix86+x86_64, r-patched-linux-x86_64, r-patched-solaris-sparc, r-patched-solaris-x86, r-release-linux-ix86, r-release-linux-x86_64, r-release-osx-x86_64-mavericks, r-release-windows-ix86+x86_64