CRAN Package Check Results for Package diveMove

Last updated on 2014-04-23 20:47:10.

Flavor Version Tinstall Tcheck Ttotal Status Flags
r-devel-linux-x86_64-debian-clang 1.3.9 2.83 116.74 119.57 OK
r-devel-linux-x86_64-debian-gcc 1.3.9 2.78 112.11 114.89 OK
r-devel-linux-x86_64-fedora-clang 1.3.9 245.62 OK
r-devel-linux-x86_64-fedora-gcc 1.3.9 235.79 OK
r-devel-osx-x86_64-clang 1.3.9 195.72 OK
r-devel-osx-x86_64-gcc 1.3.9 ERROR
r-devel-windows-ix86+x86_64 1.3.9 8.00 188.00 196.00 OK
r-patched-linux-x86_64 1.3.9 2.80 114.52 117.32 OK
r-patched-solaris-sparc 1.3.9 1296.90 OK
r-patched-solaris-x86 1.3.9 300.10 OK
r-release-linux-ix86 1.3.9 5.00 168.00 173.00 OK
r-release-linux-x86_64 1.3.9 2.84 111.20 114.04 OK
r-release-osx-x86_64-mavericks 1.3.9 WARN
r-release-osx-x86_64-snowleopard 1.3.9 OK
r-release-windows-ix86+x86_64 1.3.9 8.00 187.00 195.00 OK
r-oldrel-windows-ix86+x86_64 1.3.9 9.00 163.00 172.00 OK

Check Details

Version: 1.3.9
Check: package dependencies
Result: ERROR
    Packages required but not available: ‘quantreg’ ‘geosphere’
    
    See the information on DESCRIPTION files in the chapter ‘Creating R
    packages’ of the ‘Writing R Extensions’ manual.
Flavor: r-devel-osx-x86_64-gcc

Version: 1.3.9
Check: re-building of vignette outputs
Result: NOTE
    Error in re-building vignettes:
     ...
    No file Rd2.aux.
    (/usr/local/texlive/2013basic/texmf-dist/tex/latex/base/ts1cmr.fd)
    (/usr/local/texlive/2013basic/texmf-dist/tex/latex/psnfss/t1ptm.fd)
    
    ! LaTeX Error: File `upquote.sty' not found.
    
    Type X to quit or <RETURN> to proceed,
    or enter new name. (Default extension: sty)
    
    Enter file name:
    /Builds/CRAN-QA-Simon/packages/mavericks-x86_64/results/3.1/diveMove.Rcheck/vig
    n_test/diveMove/vignettes/.Rd2pdf4965/Rd2.tex:7: Emergency stop.
    <read *>
    
    l.7 \begin{document}
     ^^M
    /Builds/CRAN-QA-Simon/packages/mavericks-x86_64/results/3.1/diveMove.Rcheck/vig
    n_test/diveMove/vignettes/.Rd2pdf4965/Rd2.tex:7: ==> Fatal error occurred, no
    output PDF file produced!
    Transcript written on Rd2.log.
    Error in running tools::texi2pdf()
    make: *** [diveMove.pdf] Error 1
    Error in buildVignettes(dir = "/Builds/CRAN-QA-Simon/packages/mavericks-x86_64/results/3.1/diveMove.Rcheck/vign_test/diveMove") :
     running 'make' failed
    Execution halted
Flavor: r-release-osx-x86_64-mavericks

Version: 1.3.9
Check: PDF version of manual
Result: WARNING
    LaTeX errors when creating PDF version.
    This typically indicates Rd problems.
    LaTeX errors found:
    ! LaTeX Error: File `upquote.sty' not found.
    
    Type X to quit or <RETURN> to proceed,
    or enter new name. (Default extension: sty)
    
    622a878/Rd2.tex:8: ==> Fatal error occurred, no output PDF file produced!
Flavor: r-release-osx-x86_64-mavericks