CRAN Package Check Results for Package diveMove

Last updated on 2015-04-01 21:47:35.

Flavor Version Tinstall Tcheck Ttotal Status Flags
r-devel-linux-x86_64-debian-clang 1.3.9 2.23 92.23 94.46 NOTE
r-devel-linux-x86_64-debian-gcc 1.3.9 2.34 93.08 95.42 NOTE
r-devel-linux-x86_64-fedora-clang 1.3.9 196.15 NOTE
r-devel-linux-x86_64-fedora-gcc 1.3.9 197.23 NOTE
r-devel-osx-x86_64-clang 1.3.9 198.60 NOTE
r-prerel-windows-ix86+x86_64 1.3.9 7.00 154.00 161.00 NOTE
r-prerel-linux-x86_64 1.3.9 2.50 91.29 93.79 NOTE
r-prerel-solaris-sparc 1.3.9 1205.30 NOTE
r-prerel-solaris-x86 1.3.9 246.30 NOTE
r-release-linux-x86_64 1.3.9 3.95 109.80 113.75 NOTE
r-release-osx-x86_64-mavericks 1.3.9 NOTE
r-release-osx-x86_64-snowleopard 1.3.9 OK
r-release-windows-ix86+x86_64 1.3.9 9.00 184.00 193.00 NOTE
r-oldrel-windows-ix86+x86_64 1.3.9 9.00 177.00 186.00 OK

Check Details

Version: 1.3.9
Check: dependencies in R code
Result: NOTE
    'library' or 'require' calls in package code:
     ‘lattice’ ‘tcltk’
     Please use :: or requireNamespace() instead.
     See section 'Suggested packages' in the 'Writing R Extensions' manual.
Flavors: r-devel-linux-x86_64-debian-clang, r-devel-linux-x86_64-debian-gcc, r-devel-linux-x86_64-fedora-clang, r-devel-linux-x86_64-fedora-gcc, r-devel-osx-x86_64-clang, r-prerel-windows-ix86+x86_64, r-prerel-linux-x86_64, r-prerel-solaris-sparc, r-prerel-solaris-x86, r-release-linux-x86_64, r-release-windows-ix86+x86_64

Version: 1.3.9
Check: R code for possible problems
Result: NOTE
    boutinit : <anonymous>: no visible global function definition for
     ‘panel.xyplot’
    boutinit : <anonymous>: no visible global function definition for
     ‘panel.curve’
    boutinit : <anonymous>: no visible global function definition for
     ‘panel.abline’
Flavors: r-devel-linux-x86_64-debian-clang, r-devel-linux-x86_64-debian-gcc, r-devel-linux-x86_64-fedora-clang, r-devel-linux-x86_64-fedora-gcc, r-devel-osx-x86_64-clang, r-prerel-windows-ix86+x86_64, r-prerel-linux-x86_64, r-prerel-solaris-sparc, r-prerel-solaris-x86, r-release-linux-x86_64, r-release-osx-x86_64-mavericks, r-release-windows-ix86+x86_64