CRAN Package Check Results for Package diveMove

Last updated on 2017-01-22 03:46:58.

Flavor Version Tinstall Tcheck Ttotal Status Flags
r-devel-linux-x86_64-debian-clang 1.4.1 3.74 115.38 119.12 OK
r-devel-linux-x86_64-debian-gcc 1.4.1 4.38 116.74 121.11 OK
r-devel-linux-x86_64-fedora-clang 1.4.1 254.68 OK --no-stop-on-test-error
r-devel-linux-x86_64-fedora-gcc 1.4.1 240.20 OK --no-stop-on-test-error
r-devel-macos-x86_64-clang 1.4.1 198.20 OK --no-stop-on-test-error
r-devel-windows-ix86+x86_64 1.4.1 16.00 284.00 300.00 OK
r-patched-linux-x86_64 1.4.1 3.84 111.44 115.27 OK
r-patched-solaris-sparc 1.4.1 1427.90 OK
r-patched-solaris-x86 1.4.1 288.70 OK
r-release-linux-x86_64 1.4.1 3.64 110.50 114.14 OK
r-release-osx-x86_64-mavericks 1.4.1 NOTE
r-release-windows-ix86+x86_64 1.4.1 20.00 278.00 298.00 OK
r-oldrel-windows-ix86+x86_64 1.4.1 21.00 381.00 402.00 OK

Check Details

Version: 1.4.1
Check: dependencies in R code
Result: NOTE
    Invalid MIT-MAGIC-COOKIE-1 key
Flavor: r-release-osx-x86_64-mavericks