CRAN Package Check Results for Package diveMove

Last updated on 2017-09-22 02:47:28.

Flavor Version Tinstall Tcheck Ttotal Status Flags
r-devel-linux-x86_64-debian-clang 1.4.3 4.44 326.83 331.26 OK
r-devel-linux-x86_64-debian-gcc 1.4.3 3.99 314.96 318.95 OK
r-devel-linux-x86_64-fedora-clang 1.4.3 640.89 OK
r-devel-linux-x86_64-fedora-gcc 1.4.3 623.49 OK
r-devel-windows-ix86+x86_64 1.4.3 11.00 547.00 558.00 OK
r-patched-linux-x86_64 1.4.3 4.34 314.60 318.94 OK
r-patched-solaris-x86 1.4.3 777.60 OK
r-release-linux-x86_64 1.4.3 4.04 331.26 335.30 OK
r-release-windows-ix86+x86_64 1.4.3 12.00 577.00 589.00 OK
r-release-osx-x86_64 1.4.3 WARN
r-oldrel-windows-ix86+x86_64 1.4.3 10.00 580.00 590.00 OK
r-oldrel-osx-x86_64 1.4.3 OK

Check Details

Version: 1.4.3
Check: re-building of vignette outputs
Result: WARN
    Error in re-building vignettes:
     ...
    (/usr/local/texlive/2016basic/texmf-dist/tex/latex/base/inputenc.sty
    (/usr/local/texlive/2016basic/texmf-dist/tex/latex/base/utf8.def
    (/usr/local/texlive/2016basic/texmf-dist/tex/latex/base/t1enc.dfu)
    (/usr/local/texlive/2016basic/texmf-dist/tex/latex/base/ot1enc.dfu)
    (/usr/local/texlive/2016basic/texmf-dist/tex/latex/base/omsenc.dfu)))
    (/usr/local/texlive/2016basic/texmf-dist/tex/latex/base/fontenc.sty
    (/usr/local/texlive/2016basic/texmf-dist/tex/latex/base/t1enc.def))
    
    ! LaTeX Error: File `paralist.sty' not found.
    
    Type X to quit or <RETURN> to proceed,
    or enter new name. (Default extension: sty)
    
    Enter file name:
    ! Emergency stop.
    <read *>
    
    l.66 \usepackage
     {relsize}^^M
    ! ==> Fatal error occurred, no output PDF file produced!
    Transcript written on diveMove.log.
    make: *** [diveMove.pdf] Error 1
    Error in buildVignettes(dir = "/Volumes/XT3/Builds/R-dev-web/QA/Simon/packages/el-capitan-x86_64/results/3.4/diveMove.Rcheck/vign_test/diveMove") :
     running 'make' failed
    Execution halted
Flavor: r-release-osx-x86_64