CRAN Package Check Results for Package diveMove

Last updated on 2016-08-24 14:47:56.

Flavor Version Tinstall Tcheck Ttotal Status Flags
r-devel-linux-x86_64-debian-clang 1.4.1 4.42 116.10 120.53 OK
r-devel-linux-x86_64-debian-gcc 1.4.1 4.29 115.89 120.18 OK
r-devel-linux-x86_64-fedora-clang 1.4.1 242.97 OK
r-devel-linux-x86_64-fedora-gcc 1.4.1 229.12 OK
r-devel-osx-x86_64-clang 1.4.1 197.05 OK
r-devel-windows-ix86+x86_64 1.4.1 15.00 289.00 304.00 OK
r-patched-linux-x86_64 1.4.1 4.36 111.62 115.98 OK
r-patched-solaris-sparc 1.4.1 1395.00 OK
r-patched-solaris-x86 1.4.1 291.30 OK
r-release-linux-x86_64 1.4.1 4.46 110.74 115.20 OK
r-release-osx-x86_64-mavericks 1.4.1 NOTE
r-release-windows-ix86+x86_64 1.4.1 15.00 294.00 309.00 OK
r-oldrel-windows-ix86+x86_64 1.4.1 17.00 231.00 248.00 OK

Check Details

Version: 1.4.1
Check: dependencies in R code
Result: NOTE
    Invalid MIT-MAGIC-COOKIE-1 key
Flavor: r-release-osx-x86_64-mavericks