CRAN Package Check Results for Package diveMove

Last updated on 2015-01-25 21:48:15.

Flavor Version Tinstall Tcheck Ttotal Status Flags
r-devel-linux-x86_64-debian-clang 1.3.9 2.58 109.19 111.76 NOTE
r-devel-linux-x86_64-debian-gcc 1.3.9 2.52 100.70 103.22 NOTE
r-devel-linux-x86_64-fedora-clang 1.3.9 222.92 NOTE
r-devel-linux-x86_64-fedora-gcc 1.3.9 213.84 NOTE
r-devel-osx-x86_64-clang 1.3.9 206.12 NOTE
r-devel-windows-ix86+x86_64 1.3.9 8.00 164.00 172.00 NOTE
r-patched-linux-x86_64 1.3.9 2.67 108.45 111.12 NOTE
r-patched-solaris-sparc 1.3.9 1348.10 NOTE
r-patched-solaris-x86 1.3.9 284.90 NOTE
r-release-linux-ix86 1.3.9 3.39 129.08 132.47 NOTE
r-release-linux-x86_64 1.3.9 2.63 111.66 114.29 NOTE
r-release-osx-x86_64-mavericks 1.3.9 NOTE
r-release-osx-x86_64-snowleopard 1.3.9 OK
r-release-windows-ix86+x86_64 1.3.9 9.00 177.00 186.00 NOTE
r-oldrel-windows-ix86+x86_64 1.3.9 9.00 169.00 178.00 OK

Check Details

Version: 1.3.9
Check: dependencies in R code
Result: NOTE
    'library' or 'require' calls in package code:
     ‘lattice’ ‘tcltk’
     Please use :: or requireNamespace() instead.
     See section 'Suggested packages' in the 'Writing R Extensions' manual.
Flavors: r-devel-linux-x86_64-debian-clang, r-devel-linux-x86_64-debian-gcc, r-devel-linux-x86_64-fedora-clang, r-devel-linux-x86_64-fedora-gcc, r-devel-osx-x86_64-clang, r-devel-windows-ix86+x86_64

Version: 1.3.9
Check: R code for possible problems
Result: NOTE
    boutinit : <anonymous>: no visible global function definition for
     ‘panel.xyplot’
    boutinit : <anonymous>: no visible global function definition for
     ‘panel.curve’
    boutinit : <anonymous>: no visible global function definition for
     ‘panel.abline’
Flavors: r-devel-linux-x86_64-debian-clang, r-devel-linux-x86_64-debian-gcc, r-devel-linux-x86_64-fedora-clang, r-devel-linux-x86_64-fedora-gcc, r-devel-osx-x86_64-clang, r-devel-windows-ix86+x86_64, r-patched-linux-x86_64, r-patched-solaris-sparc, r-patched-solaris-x86, r-release-linux-ix86, r-release-linux-x86_64, r-release-osx-x86_64-mavericks, r-release-windows-ix86+x86_64