CRAN Package Check Results for Package diveMove

Last updated on 2017-05-26 06:46:37.

Flavor Version Tinstall Tcheck Ttotal Status Flags
r-devel-linux-x86_64-debian-clang 1.4.3 4.26 320.61 324.87 OK
r-devel-linux-x86_64-debian-gcc 1.4.3 4.10 315.83 319.93 OK
r-devel-linux-x86_64-fedora-clang 1.4.3 636.07 OK --no-stop-on-test-error
r-devel-linux-x86_64-fedora-gcc 1.4.3 624.27 OK --no-stop-on-test-error
r-devel-windows-ix86+x86_64 1.4.3 12.00 558.00 570.00 OK
r-patched-linux-x86_64 1.4.3 4.29 313.16 317.44 OK
r-patched-solaris-sparc 1.4.3 3973.30 OK
r-patched-solaris-x86 1.4.3 763.10 OK
r-release-linux-x86_64 1.4.3 4.31 324.37 328.68 OK
r-release-windows-ix86+x86_64 1.4.3 14.00 548.00 562.00 OK
r-release-osx-x86_64 1.4.3 WARN
r-oldrel-windows-ix86+x86_64 1.4.3 18.00 586.00 604.00 OK
r-oldrel-osx-x86_64 1.4.3 OK

Check Details

Version: 1.4.3
Check: re-building of vignette outputs
Result: WARN
    Error in re-building vignettes:
     ...
    (/usr/local/texlive/2016basic/texmf-dist/tex/latex/base/inputenc.sty
    (/usr/local/texlive/2016basic/texmf-dist/tex/latex/base/utf8.def
    (/usr/local/texlive/2016basic/texmf-dist/tex/latex/base/t1enc.dfu)
    (/usr/local/texlive/2016basic/texmf-dist/tex/latex/base/ot1enc.dfu)
    (/usr/local/texlive/2016basic/texmf-dist/tex/latex/base/omsenc.dfu)))
    (/usr/local/texlive/2016basic/texmf-dist/tex/latex/base/fontenc.sty
    (/usr/local/texlive/2016basic/texmf-dist/tex/latex/base/t1enc.def))
    
    ! LaTeX Error: File `paralist.sty' not found.
    
    Type X to quit or <RETURN> to proceed,
    or enter new name. (Default extension: sty)
    
    Enter file name:
    ! Emergency stop.
    <read *>
    
    l.66 \usepackage
     {relsize}^^M
    ! ==> Fatal error occurred, no output PDF file produced!
    Transcript written on diveMove.log.
    make: *** [diveMove.pdf] Error 1
    Error in buildVignettes(dir = "/Volumes/XT3/Builds/R-dev-web/QA/Simon/packages/el-capitan-x86_64/results/3.4/diveMove.Rcheck/vign_test/diveMove") :
     running 'make' failed
    Execution halted
Flavor: r-release-osx-x86_64