CRAN Package Check Results for Package diveMove

Last updated on 2016-06-26 06:46:56.

Flavor Version Tinstall Tcheck Ttotal Status Flags
r-devel-linux-x86_64-debian-gcc 1.4.1 4.01 113.74 117.74 OK
r-devel-linux-x86_64-fedora-clang 1.4.1 231.41 OK
r-devel-linux-x86_64-fedora-gcc 1.4.1 223.27 OK
r-devel-osx-x86_64-clang 1.4.1 192.45 OK
r-devel-windows-ix86+x86_64 1.4.1 14.00 292.00 306.00 OK
r-patched-linux-x86_64 1.4.1 4.71 113.01 117.72 OK
r-patched-solaris-sparc 1.4.1 1395.00 OK
r-patched-solaris-x86 1.4.1 293.90 OK
r-release-linux-x86_64 1.4.1 4.22 113.43 117.66 OK
r-release-osx-x86_64-mavericks 1.4.1 NOTE
r-release-windows-ix86+x86_64 1.4.1 15.00 222.00 237.00 OK
r-oldrel-windows-ix86+x86_64 1.4.1 15.00 319.00 334.00 OK

Check Details

Version: 1.4.1
Check: dependencies in R code
Result: NOTE
    Invalid MIT-MAGIC-COOKIE-1 key
Flavor: r-release-osx-x86_64-mavericks