CRAN Package Check Results for Package diveMove

Last updated on 2016-07-30 04:49:00.

Flavor Version Tinstall Tcheck Ttotal Status Flags
r-devel-linux-x86_64-debian-clang 1.4.1 4.37 116.61 120.98 OK
r-devel-linux-x86_64-debian-gcc 1.4.1 4.28 116.84 121.12 OK
r-devel-linux-x86_64-fedora-clang 1.4.1 237.02 OK
r-devel-linux-x86_64-fedora-gcc 1.4.1 224.88 OK
r-devel-osx-x86_64-clang 1.4.1 195.84 OK
r-devel-windows-ix86+x86_64 1.4.1 12.00 226.00 238.00 OK
r-patched-linux-x86_64 1.4.1 5.17 124.23 129.41 OK
r-patched-solaris-sparc 1.4.1 1395.00 OK
r-patched-solaris-x86 1.4.1 289.00 OK
r-release-linux-x86_64 1.4.1 4.95 126.07 131.02 OK
r-release-osx-x86_64-mavericks 1.4.1 NOTE
r-release-windows-ix86+x86_64 1.4.1 16.00 271.00 287.00 OK
r-oldrel-windows-ix86+x86_64 1.4.1 16.00 295.00 311.00 OK

Check Details

Version: 1.4.1
Check: dependencies in R code
Result: NOTE
    Invalid MIT-MAGIC-COOKIE-1 key
Flavor: r-release-osx-x86_64-mavericks