CRAN Package Check Results for Package diveMove

Last updated on 2014-12-22 03:48:52.

Flavor Version Tinstall Tcheck Ttotal Status Flags
r-devel-linux-x86_64-debian-clang 1.3.9 2.75 103.22 105.97 NOTE
r-devel-linux-x86_64-debian-gcc 1.3.9 2.64 102.15 104.79 NOTE
r-devel-linux-x86_64-fedora-clang 1.3.9 225.29 NOTE
r-devel-linux-x86_64-fedora-gcc 1.3.9 217.03 NOTE
r-devel-osx-x86_64-clang 1.3.9 205.70 NOTE
r-devel-windows-ix86+x86_64 1.3.9 10.00 170.00 180.00 NOTE
r-patched-linux-x86_64 1.3.9 2.64 106.54 109.18 NOTE
r-patched-solaris-sparc 1.3.9 1328.50 NOTE
r-patched-solaris-x86 1.3.9 286.40 NOTE
r-release-linux-ix86 1.3.9 3.34 128.47 131.81 NOTE
r-release-linux-x86_64 1.3.9 2.66 123.56 126.22 NOTE
r-release-osx-x86_64-mavericks 1.3.9 NOTE
r-release-osx-x86_64-snowleopard 1.3.9 OK
r-release-windows-ix86+x86_64 1.3.9 9.00 175.00 184.00 NOTE
r-oldrel-windows-ix86+x86_64 1.3.9 10.00 175.00 185.00 OK

Check Details

Version: 1.3.9
Check: R code for possible problems
Result: NOTE
    boutinit : <anonymous>: no visible global function definition for
     ‘panel.xyplot’
    boutinit : <anonymous>: no visible global function definition for
     ‘panel.curve’
    boutinit : <anonymous>: no visible global function definition for
     ‘panel.abline’
Flavors: r-devel-linux-x86_64-debian-clang, r-devel-linux-x86_64-debian-gcc, r-devel-linux-x86_64-fedora-clang, r-devel-linux-x86_64-fedora-gcc, r-devel-osx-x86_64-clang, r-devel-windows-ix86+x86_64, r-patched-linux-x86_64, r-patched-solaris-sparc, r-patched-solaris-x86, r-release-linux-ix86, r-release-linux-x86_64, r-release-windows-ix86+x86_64

Version: 1.3.9
Check: re-building of vignette outputs
Result: NOTE
    Error in re-building vignettes:
     ...
    (/usr/local/texlive/2013basic/texmf-dist/tex/latex/graphics/graphicx.sty
    (/usr/local/texlive/2013basic/texmf-dist/tex/latex/graphics/graphics.sty
    (/usr/local/texlive/2013basic/texmf-dist/tex/latex/graphics/trig.sty)
    (/usr/local/texlive/2013basic/texmf-dist/tex/latex/latexconfig/graphics.cfg)
    (/usr/local/texlive/2013basic/texmf-dist/tex/latex/pdftex-def/pdftex.def
    (/usr/local/texlive/2013basic/texmf-dist/tex/generic/oberdiek/infwarerr.sty)
    (/usr/local/texlive/2013basic/texmf-dist/tex/generic/oberdiek/ltxcmds.sty))))
    
    ! LaTeX Error: File `paralist.sty' not found.
    
    Type X to quit or <RETURN> to proceed,
    or enter new name. (Default extension: sty)
    
    Enter file name:
    ! Emergency stop.
    <read *>
    
    l.16 \usepackage
     {relsize}^^M
    ! ==> Fatal error occurred, no output PDF file produced!
    Transcript written on diveMove.log.
    make: *** [diveMove.pdf] Error 1
    Error in buildVignettes(dir = "/Builds/CRAN-QA-Simon/packages/mavericks-x86_64/results/3.1/diveMove.Rcheck/vign_test/diveMove") :
     running 'make' failed
    Execution halted
Flavor: r-release-osx-x86_64-mavericks