CRAN Package Check Results for Package diveMove

Last updated on 2016-09-26 17:48:11.

Flavor Version Tinstall Tcheck Ttotal Status Flags
r-devel-linux-x86_64-debian-clang 1.4.1 3.76 113.91 117.68 OK
r-devel-linux-x86_64-debian-gcc 1.4.1 3.84 108.80 112.64 OK
r-devel-linux-x86_64-fedora-clang 1.4.1 236.52 OK
r-devel-linux-x86_64-fedora-gcc 1.4.1 225.39 OK
r-devel-macos-x86_64-clang 1.4.1 186.12 OK
r-devel-windows-ix86+x86_64 1.4.1 12.00 273.00 285.00 OK
r-patched-linux-x86_64 1.4.1 4.08 109.98 114.06 OK
r-patched-solaris-sparc 1.4.1 1395.00 OK
r-patched-solaris-x86 1.4.1 284.70 OK
r-release-linux-x86_64 1.4.1 3.82 107.02 110.84 OK
r-release-osx-x86_64-mavericks 1.4.1 NOTE
r-release-windows-ix86+x86_64 1.4.1 14.00 269.00 283.00 OK
r-oldrel-windows-ix86+x86_64 1.4.1 17.00 308.00 325.00 OK

Check Details

Version: 1.4.1
Check: dependencies in R code
Result: NOTE
    Invalid MIT-MAGIC-COOKIE-1 key
Flavor: r-release-osx-x86_64-mavericks