CRAN Package Check Results for Package diveMove

Last updated on 2015-07-29 12:47:19.

Flavor Version Tinstall Tcheck Ttotal Status Flags
r-devel-linux-x86_64-debian-clang 1.3.9 2.14 97.80 99.94 NOTE
r-devel-linux-x86_64-debian-gcc 1.3.9 2.49 91.38 93.87 NOTE
r-devel-linux-x86_64-fedora-clang 1.3.9 194.73 NOTE
r-devel-linux-x86_64-fedora-gcc 1.3.9 188.93 NOTE
r-devel-osx-x86_64-clang 1.3.9 176.63 NOTE
r-devel-windows-ix86+x86_64 1.3.9 6.00 155.00 161.00 NOTE
r-patched-linux-x86_64 1.3.9 3.24 96.47 99.71 NOTE
r-patched-solaris-sparc 1.3.9 1216.70 NOTE
r-patched-solaris-x86 1.3.9 250.20 NOTE
r-release-linux-x86_64 1.3.9 2.17 95.42 97.58 NOTE
r-release-osx-x86_64-mavericks 1.3.9 NOTE
r-release-windows-ix86+x86_64 1.3.9 9.00 168.00 177.00 NOTE
r-oldrel-windows-ix86+x86_64 1.3.9 13.00 188.00 201.00 NOTE

Check Details

Version: 1.3.9
Check: dependencies in R code
Result: NOTE
    'library' or 'require' calls in package code:
     ‘lattice’ ‘tcltk’
     Please use :: or requireNamespace() instead.
     See section 'Suggested packages' in the 'Writing R Extensions' manual.
Flavors: r-devel-linux-x86_64-debian-clang, r-devel-linux-x86_64-debian-gcc, r-devel-linux-x86_64-fedora-clang, r-devel-linux-x86_64-fedora-gcc, r-devel-osx-x86_64-clang, r-devel-windows-ix86+x86_64, r-patched-linux-x86_64, r-patched-solaris-sparc, r-patched-solaris-x86, r-release-linux-x86_64, r-release-osx-x86_64-mavericks, r-release-windows-ix86+x86_64, r-oldrel-windows-ix86+x86_64

Version: 1.3.9
Check: R code for possible problems
Result: NOTE
    .cutDive: no visible global function definition for ‘median’
    .cutDive: no visible global function definition for ‘approxfun’
    .cutDive: no visible global function definition for ‘approx’
    .cutDive: no visible global function definition for ‘predict’
    .cutDive: no visible global function definition for ‘quantile’
    .depthFilter: no visible global function definition for ‘approxfun’
    .derivStats : summarize.phase: no visible global function definition
     for ‘sd’
    .plotTDR : plot.fun: no visible global function definition for ‘par’
    .plotTDR : plot.fun: no visible global function definition for ‘layout’
    .plotTDR : plot.fun: no visible global function definition for ‘rect’
    .plotTDR : plot.fun: no visible global function definition for
     ‘segments’
    .plotTDR : plot.fun: no visible global function definition for
     ‘axis.POSIXct’
    .plotTDR : plot.fun: no visible global function definition for ‘axis’
    .plotTDR : plot.fun: no visible global function definition for ‘lines’
    .plotTDR : plot.fun: no visible global function definition for ‘hsv’
    .plotTDR : plot.fun: no visible global function definition for ‘points’
    .plotTDR : plot.fun: no visible global function definition for ‘legend’
    .plotTDR : zocrange: no visible global function definition for
     ‘locator’
    .plotZOCfilters: no visible global function definition for ‘par’
    .plotZOCfilters: no visible global function definition for ‘layout’
    .plotZOCfilters: no visible global function definition for ‘axis’
    .plotZOCfilters: no visible global function definition for ‘box’
    .plotZOCfilters: no visible global function definition for ‘abline’
    .plotZOCfilters: no visible global function definition for ‘legend’
    .plotZOCfilters: no visible global function definition for ‘lines’
    .plotZOCtdrs: no visible global function definition for ‘axis’
    .plotZOCtdrs: no visible global function definition for ‘box’
    .plotZOCtdrs: no visible global function definition for ‘abline’
    .plotZOCtdrs: no visible global function definition for ‘lines’
    .plotZOCtdrs: no visible global function definition for ‘rgb’
    .plotZOCtdrs: no visible global function definition for ‘legend’
    .zoc: no visible global function definition for ‘dev.off’
    boutfreqs: no visible global function definition for ‘hist’
    boutinit : <anonymous>: no visible global function definition for
     ‘coef’
    boutinit : <anonymous>: no visible global function definition for ‘lm’
    boutinit : <anonymous>: no visible global function definition for
     ‘panel.xyplot’
    boutinit : <anonymous>: no visible global function definition for
     ‘panel.curve’
    boutinit : <anonymous>: no visible global function definition for
     ‘panel.abline’
    bouts2.mleBEC: no visible global function definition for ‘coef’
    bouts2.nls: no visible global function definition for ‘nls’
    bouts2.nls: no visible global function definition for ‘nls.control’
    bouts2.nlsBEC: no visible global function definition for ‘coef’
    bouts3.nls: no visible global function definition for ‘nls’
    bouts3.nls: no visible global function definition for ‘nls.control’
    bouts3.nlsBEC: no visible global function definition for ‘coef’
    calibrateDepth: no visible global function definition for ‘splinefun’
    calibrateSpeed: no visible global function definition for ‘bw.nrd’
    calibrateSpeed: no visible global function definition for
     ‘contourLines’
    calibrateSpeed: no visible global function definition for ‘coef’
    calibrateSpeed: no visible global function definition for ‘dev.off’
    oneDiveStats: no visible global function definition for ‘median’
    oneDiveStats: no visible global function definition for ‘sd’
    plotBouts2.cdf: no visible global function definition for ‘coef’
    plotBouts2.cdf: no visible global function definition for ‘ecdf’
    plotBouts2.cdf: no visible global function definition for ‘axTicks’
    plotBouts2.cdf: no visible global function definition for ‘axis’
    plotBouts2.cdf: no visible global function definition for ‘arrows’
    plotBouts2.cdf: no visible global function definition for ‘legend’
    plotBouts2.mle: no visible global function definition for ‘coef’
    plotBouts2.mle: no visible global function definition for ‘curve’
    plotBouts2.mle: no visible global function definition for ‘rug’
    plotBouts2.mle: no visible global function definition for ‘par’
    plotBouts2.mle: no visible global function definition for ‘arrows’
    plotBouts2.mle: no visible global function definition for ‘legend’
    plotBouts2.nls: no visible global function definition for ‘coef’
    plotBouts2.nls: no visible global function definition for ‘curve’
    plotBouts2.nls: no visible global function definition for ‘points’
    plotBouts2.nls: no visible global function definition for ‘predict’
    plotBouts2.nls: no visible global function definition for ‘par’
    plotBouts2.nls: no visible global function definition for ‘arrows’
    plotBouts2.nls: no visible global function definition for ‘legend’
    plotBouts3.nls: no visible global function definition for ‘coef’
    plotBouts3.nls: no visible global function definition for ‘curve’
    plotBouts3.nls: no visible global function definition for ‘points’
    plotBouts3.nls: no visible global function definition for ‘predict’
    plotBouts3.nls: no visible global function definition for ‘par’
    plotBouts3.nls: no visible global function definition for ‘arrows’
    plotBouts3.nls: no visible global function definition for ‘legend’
    readLocs: no visible global function definition for ‘read.csv’
    readTDR: no visible global function definition for ‘read.csv’
    rqPlot: no visible global function definition for ‘colorRampPalette’
    rqPlot: no visible global function definition for ‘par’
    rqPlot: no visible global function definition for ‘abline’
    rqPlot: no visible global function definition for ‘contour’
    rqPlot: no visible global function definition for ‘box’
    rqPlot: no visible global function definition for ‘points’
    rqPlot: no visible global function definition for ‘curve’
    rqPlot: no visible global function definition for ‘coef’
    rqPlot: no visible global function definition for ‘mtext’
    bec2,mle: no visible global function definition for ‘coef’
    bec2,nls: no visible global function definition for ‘coef’
    bec3,nls: no visible global function definition for ‘coef’
    plotBouts,mle: no visible global function definition for ‘coef’
    plotBouts,nls: no visible global function definition for ‘coef’
    plotDiveModel,numeric-numeric: no visible global function definition
     for ‘layout’
    plotDiveModel,numeric-numeric: no visible global function definition
     for ‘par’
    plotDiveModel,numeric-numeric: no visible global function definition
     for ‘axis’
    plotDiveModel,numeric-numeric: no visible global function definition
     for ‘lines’
    plotDiveModel,numeric-numeric: no visible global function definition
     for ‘legend’
    plotDiveModel,numeric-numeric: no visible global function definition
     for ‘points’
    plotDiveModel,numeric-numeric: no visible global function definition
     for ‘abline’
    plotDiveModel,numeric-numeric: no visible global function definition
     for ‘text’
    Undefined global functions or variables:
     abline approx approxfun arrows axTicks axis axis.POSIXct box bw.nrd
     coef colorRampPalette contour contourLines curve dev.off ecdf hist
     hsv layout legend lines lm locator median mtext nls nls.control
     panel.abline panel.curve panel.xyplot par points predict quantile
     read.csv rect rgb rug sd segments splinefun text
    Consider adding
     importFrom("grDevices", "colorRampPalette", "contourLines", "dev.off",
     "hsv", "rgb")
     importFrom("graphics", "abline", "arrows", "axTicks", "axis",
     "axis.POSIXct", "box", "contour", "curve", "hist", "layout",
     "legend", "lines", "locator", "mtext", "par", "points",
     "rect", "rug", "segments", "text")
     importFrom("stats", "approx", "approxfun", "bw.nrd", "coef", "ecdf",
     "lm", "median", "nls", "nls.control", "predict", "quantile",
     "sd", "splinefun")
     importFrom("utils", "read.csv")
    to your NAMESPACE.
Flavors: r-devel-linux-x86_64-debian-clang, r-devel-linux-x86_64-debian-gcc, r-devel-linux-x86_64-fedora-clang, r-devel-linux-x86_64-fedora-gcc, r-devel-windows-ix86+x86_64

Version: 1.3.9
Check: R code for possible problems
Result: NOTE
    boutinit : <anonymous>: no visible global function definition for
     ‘panel.xyplot’
    boutinit : <anonymous>: no visible global function definition for
     ‘panel.curve’
    boutinit : <anonymous>: no visible global function definition for
     ‘panel.abline’
    Undefined global functions or variables:
     panel.abline panel.curve panel.xyplot
Flavor: r-devel-osx-x86_64-clang

Version: 1.3.9
Check: R code for possible problems
Result: NOTE
    boutinit : <anonymous>: no visible global function definition for
     ‘panel.xyplot’
    boutinit : <anonymous>: no visible global function definition for
     ‘panel.curve’
    boutinit : <anonymous>: no visible global function definition for
     ‘panel.abline’
Flavors: r-patched-linux-x86_64, r-patched-solaris-sparc, r-patched-solaris-x86, r-release-linux-x86_64, r-release-osx-x86_64-mavericks, r-release-windows-ix86+x86_64, r-oldrel-windows-ix86+x86_64