CRAN Package Check Results for Package diveMove

Last updated on 2016-05-31 11:50:14.

Flavor Version Tinstall Tcheck Ttotal Status Flags
r-devel-linux-x86_64-debian-gcc 1.4.1 4.50 112.81 117.32 OK
r-devel-linux-x86_64-fedora-clang 1.4.1 253.11 OK
r-devel-linux-x86_64-fedora-gcc 1.4.1 223.05 OK
r-devel-osx-x86_64-clang 1.4.1 253.38 OK
r-devel-windows-ix86+x86_64 1.4.1 10.00 204.00 214.00 OK
r-patched-linux-x86_64 1.4.1 4.60 113.96 118.56 OK
r-patched-solaris-sparc 1.4.1 1395.10 OK
r-patched-solaris-x86 1.4.1 297.30 OK
r-release-linux-x86_64 1.4.1 4.25 111.50 115.75 OK
r-release-osx-x86_64-mavericks 1.4.1 NOTE
r-release-windows-ix86+x86_64 1.4.1 17.00 224.00 241.00 OK
r-oldrel-windows-ix86+x86_64 1.4.1 11.00 332.00 343.00 OK

Check Details

Version: 1.4.1
Check: dependencies in R code
Result: NOTE
    Invalid MIT-MAGIC-COOKIE-1 key
Flavor: r-release-osx-x86_64-mavericks