CRAN Package Check Results for Package diveRsity

Last updated on 2017-05-24 09:47:51.

Flavor Version Tinstall Tcheck Ttotal Status Flags
r-devel-linux-x86_64-debian-clang 1.9.90 71.31 91.02 162.33 OK
r-devel-linux-x86_64-debian-gcc 1.9.90 66.05 89.09 155.14 OK
r-devel-linux-x86_64-fedora-clang 1.9.90 253.74 NOTE --no-stop-on-test-error
r-devel-linux-x86_64-fedora-gcc 1.9.90 252.43 NOTE --no-stop-on-test-error
r-devel-windows-ix86+x86_64 1.9.90 231.00 197.00 428.00 OK
r-patched-linux-x86_64 1.9.90 54.49 90.40 144.90 OK
r-patched-solaris-sparc 1.9.90 1591.30 OK
r-patched-solaris-x86 1.9.90 357.70 OK --no-stop-on-test-error
r-release-linux-x86_64 1.9.90 61.09 89.33 150.42 OK
r-release-windows-ix86+x86_64 1.9.90 202.00 316.00 518.00 OK
r-release-osx-x86_64 1.9.90 NOTE
r-oldrel-windows-ix86+x86_64 1.9.90 260.00 263.00 523.00 OK
r-oldrel-osx-x86_64 1.9.90 OK

Check Details

Version: 1.9.90
Flags: --no-stop-on-test-error
Check: installed package size
Result: NOTE
     installed size is 5.2Mb
     sub-directories of 1Mb or more:
     libs 4.0Mb
Flavors: r-devel-linux-x86_64-fedora-clang, r-devel-linux-x86_64-fedora-gcc

Version: 1.9.90
Check: re-building of vignette outputs
Result: NOTE
    Error in re-building vignettes:
     ...
    Error in texi2dvi(file = file, pdf = TRUE, clean = clean, quiet = quiet, :
     Running 'texi2dvi' on 'diveRsity.tex' failed.
    LaTeX errors:
    ! LaTeX Error: File `enumitem.sty' not found.
    
    Type X to quit or <RETURN> to proceed,
    or enter new name. (Default extension: sty)
    
    ! Emergency stop.
    <read *>
    
    l.7 \usepackage
     {hyperref}^^M
    ! ==> Fatal error occurred, no output PDF file produced!
    Calls: buildVignettes -> texi2pdf -> texi2dvi
    Execution halted
Flavor: r-release-osx-x86_64