CRAN Package Check Results for Package diveRsity

Last updated on 2017-01-19 19:49:57.

Flavor Version Tinstall Tcheck Ttotal Status Flags
r-devel-linux-x86_64-debian-clang 1.9.89 59.49 90.67 150.16 WARN
r-devel-linux-x86_64-debian-gcc 1.9.89 58.36 89.26 147.62 WARN
r-devel-linux-x86_64-fedora-clang 1.9.89 334.96 WARN --no-stop-on-test-error
r-devel-linux-x86_64-fedora-gcc 1.9.89 312.90 WARN --no-stop-on-test-error
r-devel-macos-x86_64-clang 1.9.89 221.26 OK --no-stop-on-test-error
r-devel-windows-ix86+x86_64 1.9.89 281.00 167.00 448.00 OK
r-patched-linux-x86_64 1.9.89 49.68 89.76 139.45 WARN
r-patched-solaris-sparc 1.9.89 1697.60 OK
r-patched-solaris-x86 1.9.89 337.10 OK
r-release-linux-x86_64 1.9.89 49.76 89.34 139.10 WARN
r-release-osx-x86_64-mavericks 1.9.89 OK
r-release-windows-ix86+x86_64 1.9.89 202.00 199.00 401.00 OK
r-oldrel-windows-ix86+x86_64 1.9.89 156.00 223.00 379.00 OK

Check Details

Version: 1.9.89
Check: sizes of PDF files under ‘inst/doc’
Result: WARN
     ‘gs+qpdf’ made some significant size reductions:
     compacted ‘diveRsity.pdf’ from 1052Kb to 655Kb
     consider running tools::compactPDF(gs_quality = "ebook") on these files
Flavors: r-devel-linux-x86_64-debian-clang, r-devel-linux-x86_64-debian-gcc, r-patched-linux-x86_64, r-release-linux-x86_64

Version: 1.9.89
Flags: --no-stop-on-test-error
Check: sizes of PDF files under ‘inst/doc’
Result: WARN
     ‘gs+qpdf’ made some significant size reductions:
     compacted ‘diveRsity.pdf’ from 1052Kb to 655Kb
     consider running tools::compactPDF(gs_quality = "ebook") on these files
Flavors: r-devel-linux-x86_64-fedora-clang, r-devel-linux-x86_64-fedora-gcc

Version: 1.9.89
Flags: --no-stop-on-test-error
Check: installed package size
Result: NOTE
     installed size is 5.8Mb
     sub-directories of 1Mb or more:
     doc 1.1Mb
     libs 4.2Mb
Flavor: r-devel-linux-x86_64-fedora-gcc