CRAN Package Check Results for Package diveRsity

Last updated on 2017-03-24 23:55:39.

Flavor Version Tinstall Tcheck Ttotal Status Flags
r-devel-linux-x86_64-debian-clang 1.9.89 62.67 91.67 154.34 WARN
r-devel-linux-x86_64-debian-gcc 1.9.89 64.57 92.01 156.59 WARN
r-devel-linux-x86_64-fedora-clang 1.9.89 354.37 WARN --no-stop-on-test-error
r-devel-linux-x86_64-fedora-gcc 1.9.89 329.69 WARN --no-stop-on-test-error
r-devel-macos-x86_64-clang 1.9.89 221.08 NOTE --no-stop-on-test-error
r-patched-linux-x86_64 1.9.89 50.34 91.20 141.54 WARN
r-patched-solaris-sparc 1.9.89 1717.80 OK
r-patched-solaris-x86 1.9.89 361.80 OK
r-release-linux-x86_64 1.9.89 50.53 90.60 141.13 WARN
r-release-osx-x86_64-mavericks 1.9.89 OK
r-release-windows-ix86+x86_64 1.9.89 267.00 256.00 523.00 OK
r-oldrel-windows-ix86+x86_64 1.9.89 179.00 196.00 375.00 OK

Check Details

Version: 1.9.89
Check: compiled code
Result: NOTE
    File ‘diveRsity/libs/diveRsity.so’:
     Found no calls to: ‘R_registerRoutines’, ‘R_useDynamicSymbols’
    
    It is good practice to register native routines and to disable symbol
    search.
    
    See ‘Writing portable packages’ in the ‘Writing R Extensions’ manual.
Flavors: r-devel-linux-x86_64-debian-clang, r-devel-linux-x86_64-debian-gcc

Version: 1.9.89
Check: sizes of PDF files under ‘inst/doc’
Result: WARN
     ‘gs+qpdf’ made some significant size reductions:
     compacted ‘diveRsity.pdf’ from 1052Kb to 655Kb
     consider running tools::compactPDF(gs_quality = "ebook") on these files
Flavors: r-devel-linux-x86_64-debian-clang, r-devel-linux-x86_64-debian-gcc, r-patched-linux-x86_64, r-release-linux-x86_64

Version: 1.9.89
Flags: --no-stop-on-test-error
Check: compiled code
Result: NOTE
    File ‘diveRsity/libs/diveRsity.so’:
     Found no calls to: ‘R_registerRoutines’, ‘R_useDynamicSymbols’
    
    It is good practice to register native routines and to disable symbol
    search.
    
    See ‘Writing portable packages’ in the ‘Writing R Extensions’ manual.
Flavors: r-devel-linux-x86_64-fedora-clang, r-devel-linux-x86_64-fedora-gcc, r-devel-macos-x86_64-clang

Version: 1.9.89
Flags: --no-stop-on-test-error
Check: sizes of PDF files under ‘inst/doc’
Result: WARN
     ‘gs+qpdf’ made some significant size reductions:
     compacted ‘diveRsity.pdf’ from 1052Kb to 655Kb
     consider running tools::compactPDF(gs_quality = "ebook") on these files
Flavors: r-devel-linux-x86_64-fedora-clang, r-devel-linux-x86_64-fedora-gcc

Version: 1.9.89
Flags: --no-stop-on-test-error
Check: installed package size
Result: NOTE
     installed size is 5.8Mb
     sub-directories of 1Mb or more:
     doc 1.1Mb
     libs 4.3Mb
Flavor: r-devel-linux-x86_64-fedora-gcc