CRAN Package Check Results for Package diveRsity

Last updated on 2016-07-30 14:49:37.

Flavor Version Tinstall Tcheck Ttotal Status Flags
r-devel-linux-x86_64-debian-clang 1.9.89 65.28 90.29 155.57 OK
r-devel-linux-x86_64-debian-gcc 1.9.89 64.68 88.56 153.24 NOTE
r-devel-linux-x86_64-fedora-clang 1.9.89 309.09 OK
r-devel-linux-x86_64-fedora-gcc 1.9.89 270.64 OK
r-devel-osx-x86_64-clang 1.9.89 211.28 OK
r-devel-windows-ix86+x86_64 1.9.89 155.00 188.00 343.00 OK
r-patched-linux-x86_64 1.9.89 47.20 87.78 134.98 OK
r-patched-solaris-sparc 1.9.89 1640.10 OK
r-patched-solaris-x86 1.9.89 318.90 OK
r-release-linux-x86_64 1.9.89 59.48 102.85 162.34 OK
r-release-osx-x86_64-mavericks 1.9.89 OK
r-release-windows-ix86+x86_64 1.9.89 221.00 233.00 454.00 OK
r-oldrel-windows-ix86+x86_64 1.9.89 193.00 202.00 395.00 OK

Check Details

Version: 1.9.89
Check: installed package size
Result: NOTE
     installed size is 5.2Mb
     sub-directories of 1Mb or more:
     libs 4.3Mb
Flavor: r-devel-linux-x86_64-debian-gcc