CRAN Package Check Results for Package diveRsity

Last updated on 2015-04-26 12:46:27.

Flavor Version Tinstall Tcheck Ttotal Status Flags
r-devel-linux-x86_64-debian-clang 1.9.73 40.93 77.96 118.88 NOTE
r-devel-linux-x86_64-debian-gcc 1.9.73 41.84 76.89 118.73 NOTE
r-devel-linux-x86_64-fedora-clang 1.9.73 249.25 NOTE
r-devel-linux-x86_64-fedora-gcc 1.9.73 235.44 NOTE
r-devel-osx-x86_64-clang 1.9.73 187.91 NOTE
r-devel-windows-ix86+x86_64 1.9.73 133.00 146.00 279.00 NOTE
r-patched-linux-x86_64 1.9.73 41.58 76.09 117.66 NOTE
r-patched-solaris-sparc 1.9.73 1507.20 NOTE
r-patched-solaris-x86 1.9.73 302.70 NOTE
r-release-linux-x86_64 1.9.73 41.52 76.86 118.37 NOTE
r-release-osx-x86_64-mavericks 1.9.73 NOTE
r-release-osx-x86_64-snowleopard 1.9.73 ERROR
r-release-windows-ix86+x86_64 1.9.73 136.00 148.00 284.00 NOTE
r-oldrel-windows-ix86+x86_64 1.9.73 121.00 234.00 355.00 NOTE

Check Details

Version: 1.9.73
Check: DESCRIPTION meta-information
Result: NOTE
    Malformed Description field: should contain one or more complete sentences.
Flavors: r-devel-linux-x86_64-fedora-clang, r-devel-linux-x86_64-fedora-gcc, r-devel-osx-x86_64-clang, r-devel-windows-ix86+x86_64, r-patched-solaris-sparc, r-patched-solaris-x86, r-release-osx-x86_64-mavericks, r-release-windows-ix86+x86_64

Version: 1.9.73
Check: dependencies in R code
Result: NOTE
    'library' or 'require' calls in package code:
     ‘parallel’ ‘plotrix’ ‘sendplot’ ‘xlsx’
     Please use :: or requireNamespace() instead.
     See section 'Suggested packages' in the 'Writing R Extensions' manual.
Flavors: r-devel-linux-x86_64-fedora-clang, r-devel-linux-x86_64-fedora-gcc, r-devel-osx-x86_64-clang, r-devel-windows-ix86+x86_64, r-patched-solaris-sparc, r-patched-solaris-x86, r-release-osx-x86_64-mavericks, r-release-windows-ix86+x86_64, r-oldrel-windows-ix86+x86_64

Version: 1.9.73
Check: installed package size
Result: NOTE
     installed size is 5.1Mb
     sub-directories of 1Mb or more:
     libs 4.0Mb
Flavor: r-patched-solaris-sparc