CRAN Package Check Results for Package diveRsity

Last updated on 2018-01-18 06:46:51 CET.

Flavor Version Tinstall Tcheck Ttotal Status Flags
r-devel-linux-x86_64-debian-clang 1.9.90 97.35 128.74 226.09 OK
r-devel-linux-x86_64-debian-gcc 1.9.90 78.09 109.89 187.98 OK
r-devel-linux-x86_64-fedora-clang 1.9.90 319.74 NOTE
r-devel-linux-x86_64-fedora-gcc 1.9.90 314.81 NOTE
r-devel-windows-ix86+x86_64 1.9.90 216.00 169.00 385.00 OK
r-patched-linux-x86_64 1.9.90 96.22 148.83 245.05 OK
r-patched-solaris-x86 1.9.90 396.30 OK
r-release-linux-x86_64 1.9.90 103.94 148.62 252.56 OK
r-release-windows-ix86+x86_64 1.9.90 212.00 188.00 400.00 OK
r-release-osx-x86_64 1.9.90 NOTE
r-oldrel-windows-ix86+x86_64 1.9.90 285.00 202.00 487.00 OK
r-oldrel-osx-x86_64 1.9.90 OK

Check Details

Version: 1.9.90
Check: installed package size
Result: NOTE
     installed size is 5.3Mb
     sub-directories of 1Mb or more:
     libs 4.1Mb
Flavors: r-devel-linux-x86_64-fedora-clang, r-devel-linux-x86_64-fedora-gcc

Version: 1.9.90
Check: re-building of vignette outputs
Result: NOTE
    Error in re-building vignettes:
     ...
    Error in texi2dvi(file = file, pdf = TRUE, clean = clean, quiet = quiet, :
     Running 'texi2dvi' on 'diveRsity.tex' failed.
    LaTeX errors:
    ! LaTeX Error: File `enumitem.sty' not found.
    
    Type X to quit or <RETURN> to proceed,
    or enter new name. (Default extension: sty)
    
    ! Emergency stop.
    <read *>
    
    l.7 \usepackage
     {hyperref}^^M
    ! ==> Fatal error occurred, no output PDF file produced!
    Calls: buildVignettes -> texi2pdf -> texi2dvi
    Execution halted
Flavor: r-release-osx-x86_64