CRAN Package Check Results for Package diveRsity

Last updated on 2017-04-26 03:48:06.

Flavor Version Tinstall Tcheck Ttotal Status Flags
r-devel-linux-x86_64-debian-clang 1.9.90 68.54 91.38 159.93 OK
r-devel-linux-x86_64-debian-gcc 1.9.90 64.49 89.30 153.80 OK
r-devel-linux-x86_64-fedora-clang 1.9.90 340.39 OK --no-stop-on-test-error
r-devel-linux-x86_64-fedora-gcc 1.9.90 319.37 NOTE --no-stop-on-test-error
r-devel-windows-ix86+x86_64 1.9.90 276.00 195.00 471.00 OK
r-patched-linux-x86_64 1.9.90 54.46 89.09 143.56 OK
r-patched-solaris-sparc 1.9.90 1591.30 OK
r-patched-solaris-x86 1.9.90 355.10 OK
r-release-linux-x86_64 1.9.90 54.33 89.81 144.14 OK
r-release-windows-ix86+x86_64 1.9.90 200.00 197.00 397.00 OK
r-release-osx-x86_64 1.9.90 NOTE
r-oldrel-windows-ix86+x86_64 1.9.90 159.00 294.00 453.00 OK
r-oldrel-osx-x86_64 1.9.90 OK

Check Details

Version: 1.9.90
Flags: --no-stop-on-test-error
Check: installed package size
Result: NOTE
     installed size is 5.4Mb
     sub-directories of 1Mb or more:
     libs 4.3Mb
Flavor: r-devel-linux-x86_64-fedora-gcc

Version: 1.9.90
Check: re-building of vignette outputs
Result: NOTE
    Error in re-building vignettes:
     ...
    Error in texi2dvi(file = file, pdf = TRUE, clean = clean, quiet = quiet, :
     Running 'texi2dvi' on 'diveRsity.tex' failed.
    LaTeX errors:
    ! LaTeX Error: File `enumitem.sty' not found.
    
    Type X to quit or <RETURN> to proceed,
    or enter new name. (Default extension: sty)
    
    ! Emergency stop.
    <read *>
    
    l.7 \usepackage
     {hyperref}^^M
    ! ==> Fatal error occurred, no output PDF file produced!
    Calls: buildVignettes -> texi2pdf -> texi2dvi
    Execution halted
Flavor: r-release-osx-x86_64