CRAN Package Check Results for Package diveRsity

Last updated on 2015-05-30 11:50:13.

Flavor Version Tinstall Tcheck Ttotal Status Flags
r-devel-linux-x86_64-debian-clang 1.9.73 39.31 79.41 118.72 NOTE
r-devel-linux-x86_64-debian-gcc 1.9.73 42.54 75.93 118.46 NOTE
r-devel-linux-x86_64-fedora-clang 1.9.73 252.14 NOTE
r-devel-linux-x86_64-fedora-gcc 1.9.73 229.14 NOTE
r-devel-osx-x86_64-clang 1.9.73 182.34 NOTE
r-devel-windows-ix86+x86_64 1.9.73 115.00 144.00 259.00 NOTE
r-patched-linux-x86_64 1.9.73 42.34 77.97 120.31 NOTE
r-patched-solaris-sparc 1.9.73 1433.70 NOTE
r-patched-solaris-x86 1.9.73 305.10 NOTE
r-release-linux-x86_64 1.9.73 45.14 81.76 126.90 NOTE
r-release-osx-x86_64-mavericks 1.9.73 NOTE
r-release-osx-x86_64-snowleopard 1.9.73 ERROR
r-release-windows-ix86+x86_64 1.9.73 128.00 150.00 278.00 NOTE
r-oldrel-windows-ix86+x86_64 1.9.73 140.00 264.00 404.00 NOTE

Check Details

Version: 1.9.73
Check: DESCRIPTION meta-information
Result: NOTE
    Malformed Description field: should contain one or more complete sentences.
Flavors: r-devel-linux-x86_64-debian-clang, r-devel-linux-x86_64-debian-gcc, r-devel-linux-x86_64-fedora-clang, r-devel-linux-x86_64-fedora-gcc, r-devel-osx-x86_64-clang, r-devel-windows-ix86+x86_64, r-patched-linux-x86_64, r-patched-solaris-sparc, r-patched-solaris-x86, r-release-linux-x86_64, r-release-osx-x86_64-mavericks, r-release-windows-ix86+x86_64

Version: 1.9.73
Check: dependencies in R code
Result: NOTE
    'library' or 'require' calls in package code:
     ‘parallel’ ‘plotrix’ ‘sendplot’ ‘xlsx’
     Please use :: or requireNamespace() instead.
     See section 'Suggested packages' in the 'Writing R Extensions' manual.
Flavors: r-devel-linux-x86_64-debian-clang, r-devel-linux-x86_64-debian-gcc, r-devel-linux-x86_64-fedora-clang, r-devel-linux-x86_64-fedora-gcc, r-devel-osx-x86_64-clang, r-devel-windows-ix86+x86_64, r-patched-linux-x86_64, r-patched-solaris-sparc, r-patched-solaris-x86, r-release-linux-x86_64, r-release-osx-x86_64-mavericks, r-release-windows-ix86+x86_64, r-oldrel-windows-ix86+x86_64

Version: 1.9.73
Check: installed package size
Result: NOTE
     installed size is 5.1Mb
     sub-directories of 1Mb or more:
     libs 4.0Mb
Flavor: r-patched-solaris-sparc

Version: 1.9.73
Check: package dependencies
Result: ERROR
    Packages required but not available: ‘ggplot2’ ‘qgraph’
    
    See section ‘The DESCRIPTION file’ in the ‘Writing R Extensions’
    manual.
Flavor: r-release-osx-x86_64-snowleopard