CRAN Package Check Results for Package diveRsity

Last updated on 2016-05-25 19:49:26.

Flavor Version Tinstall Tcheck Ttotal Status Flags
r-devel-linux-x86_64-debian-gcc 1.9.89 71.31 88.00 159.31 NOTE
r-devel-linux-x86_64-fedora-clang 1.9.89 323.50 OK
r-devel-linux-x86_64-fedora-gcc 1.9.89 275.93 OK
r-devel-osx-x86_64-clang 1.9.89 265.09 OK
r-devel-windows-ix86+x86_64 1.9.89 151.00 194.00 345.00 OK
r-patched-linux-x86_64 1.9.89 48.97 87.33 136.30 OK
r-patched-solaris-sparc 1.9.89 1630.40 OK
r-patched-solaris-x86 1.9.89 334.00 OK
r-release-linux-x86_64 1.9.89 48.45 87.11 135.56 OK
r-release-osx-x86_64-mavericks 1.9.89 OK
r-release-windows-ix86+x86_64 1.9.89 258.00 177.00 435.00 OK
r-oldrel-windows-ix86+x86_64 1.9.89 144.00 207.00 351.00 OK

Check Details

Version: 1.9.89
Check: installed package size
Result: NOTE
     installed size is 5.2Mb
     sub-directories of 1Mb or more:
     libs 4.2Mb
Flavor: r-devel-linux-x86_64-debian-gcc