CRAN Package Check Results for Package diveRsity

Last updated on 2018-05-25 00:46:32 CEST.

Flavor Version Tinstall Tcheck Ttotal Status Flags
r-devel-linux-x86_64-debian-clang 1.9.90 122.80 132.14 254.94 OK
r-devel-linux-x86_64-debian-gcc 1.9.90 98.41 127.00 225.41 OK
r-devel-linux-x86_64-fedora-clang 1.9.90 381.33 NOTE
r-devel-linux-x86_64-fedora-gcc 1.9.90 349.67 NOTE
r-devel-windows-ix86+x86_64 1.9.90 222.00 217.00 439.00 OK
r-patched-linux-x86_64 1.9.90 125.52 146.18 271.70 OK
r-patched-solaris-x86 1.9.90 388.90 OK
r-release-linux-x86_64 1.9.90 127.46 144.04 271.50 OK
r-release-windows-ix86+x86_64 1.9.90 295.00 298.00 593.00 OK
r-release-osx-x86_64 1.9.90 OK
r-oldrel-windows-ix86+x86_64 1.9.90 295.00 195.00 490.00 OK
r-oldrel-osx-x86_64 1.9.90 NOTE

Check Details

Version: 1.9.90
Check: installed package size
Result: NOTE
     installed size is 5.7Mb
     sub-directories of 1Mb or more:
     libs 4.2Mb
Flavors: r-devel-linux-x86_64-fedora-clang, r-devel-linux-x86_64-fedora-gcc

Version: 1.9.90
Check: re-building of vignette outputs
Result: NOTE
    Error in re-building vignettes:
     ...
    Error in texi2dvi(file = file, pdf = TRUE, clean = clean, quiet = quiet, :
     Running 'texi2dvi' on 'diveRsity.tex' failed.
    LaTeX errors:
    ! LaTeX Error: File `enumitem.sty' not found.
    
    Type X to quit or <RETURN> to proceed,
    or enter new name. (Default extension: sty)
    
    ! Emergency stop.
    <read *>
    
    l.7 \usepackage
     {hyperref}^^M
    ! ==> Fatal error occurred, no output PDF file produced!
    Calls: buildVignettes -> texi2pdf -> texi2dvi
    Execution halted
Flavor: r-oldrel-osx-x86_64