CRAN Package Check Results for Package diveRsity

Last updated on 2015-01-31 04:47:51.

Flavor Version Tinstall Tcheck Ttotal Status Flags
r-devel-linux-x86_64-debian-clang 1.9.73 35.46 75.78 111.24 NOTE
r-devel-linux-x86_64-debian-gcc 1.9.73 38.88 73.21 112.08 NOTE
r-devel-linux-x86_64-fedora-clang 1.9.73 278.82 NOTE
r-devel-linux-x86_64-fedora-gcc 1.9.73 259.43 NOTE
r-devel-osx-x86_64-clang 1.9.73 252.25 NOTE
r-devel-windows-ix86+x86_64 1.9.73 106.00 142.00 248.00 NOTE
r-patched-linux-x86_64 1.9.73 42.88 114.34 157.22 OK
r-patched-solaris-sparc 1.9.73 1687.40 OK
r-patched-solaris-x86 1.9.73 395.30 OK
r-release-linux-ix86 1.9.73 48.46 128.89 177.34 OK
r-release-linux-x86_64 1.9.73 42.19 112.17 154.36 OK
r-release-osx-x86_64-mavericks 1.9.73 NOTE
r-release-osx-x86_64-snowleopard 1.9.73 OK
r-release-windows-ix86+x86_64 1.9.73 122.00 251.00 373.00 OK
r-oldrel-windows-ix86+x86_64 1.9.73 135.00 238.00 373.00 OK

Check Details

Version: 1.9.73
Check: dependencies in R code
Result: NOTE
    'library' or 'require' calls in package code:
     ‘parallel’ ‘plotrix’ ‘sendplot’ ‘xlsx’
     Please use :: or requireNamespace() instead.
     See section 'Suggested packages' in the 'Writing R Extensions' manual.
Flavors: r-devel-linux-x86_64-debian-clang, r-devel-linux-x86_64-debian-gcc, r-devel-linux-x86_64-fedora-clang, r-devel-linux-x86_64-fedora-gcc, r-devel-osx-x86_64-clang, r-devel-windows-ix86+x86_64

Version: 1.9.73
Check: package dependencies
Result: NOTE
    Package suggested but not available for checking: ‘sendplot’
Flavor: r-release-osx-x86_64-mavericks