CRAN Package Check Results for Package diveRsity

Last updated on 2017-02-24 17:48:22.

Flavor Version Tinstall Tcheck Ttotal Status Flags
r-devel-linux-x86_64-debian-clang 1.9.89 58.60 92.46 151.06 WARN
r-devel-linux-x86_64-debian-gcc 1.9.89 64.44 92.08 156.52 WARN
r-devel-linux-x86_64-fedora-clang 1.9.89 352.65 WARN --no-stop-on-test-error
r-devel-linux-x86_64-fedora-gcc 1.9.89 313.81 WARN --no-stop-on-test-error
r-devel-macos-x86_64-clang 1.9.89 223.54 NOTE --no-stop-on-test-error
r-devel-windows-ix86+x86_64 1.9.89 265.00 261.00 526.00 OK
r-patched-linux-x86_64 1.9.89 50.19 91.31 141.50 WARN
r-patched-solaris-sparc 1.9.89 1697.60 OK
r-patched-solaris-x86 1.9.89 341.60 OK
r-release-linux-x86_64 1.9.89 50.17 90.86 141.03 WARN
r-release-osx-x86_64-mavericks 1.9.89 OK
r-release-windows-ix86+x86_64 1.9.89 277.00 450.00 727.00 OK
r-oldrel-windows-ix86+x86_64 1.9.89 214.00 291.00 505.00 OK

Check Details

Version: 1.9.89
Check: compiled code
Result: NOTE
    File ‘diveRsity/libs/diveRsity.so’:
     Found no calls to: ‘R_registerRoutines’, ‘R_useDynamicSymbols’
    
    It is good practice to register native routines and to disable symbol
    search.
    
    See ‘Writing portable packages’ in the ‘Writing R Extensions’ manual.
Flavors: r-devel-linux-x86_64-debian-clang, r-devel-linux-x86_64-debian-gcc

Version: 1.9.89
Check: sizes of PDF files under ‘inst/doc’
Result: WARN
     ‘gs+qpdf’ made some significant size reductions:
     compacted ‘diveRsity.pdf’ from 1052Kb to 655Kb
     consider running tools::compactPDF(gs_quality = "ebook") on these files
Flavors: r-devel-linux-x86_64-debian-clang, r-devel-linux-x86_64-debian-gcc, r-patched-linux-x86_64, r-release-linux-x86_64

Version: 1.9.89
Flags: --no-stop-on-test-error
Check: compiled code
Result: NOTE
    File ‘diveRsity/libs/diveRsity.so’:
     Found no calls to: ‘R_registerRoutines’, ‘R_useDynamicSymbols’
    
    It is good practice to register native routines and to disable symbol
    search.
    
    See ‘Writing portable packages’ in the ‘Writing R Extensions’ manual.
Flavors: r-devel-linux-x86_64-fedora-clang, r-devel-linux-x86_64-fedora-gcc, r-devel-macos-x86_64-clang

Version: 1.9.89
Flags: --no-stop-on-test-error
Check: sizes of PDF files under ‘inst/doc’
Result: WARN
     ‘gs+qpdf’ made some significant size reductions:
     compacted ‘diveRsity.pdf’ from 1052Kb to 655Kb
     consider running tools::compactPDF(gs_quality = "ebook") on these files
Flavors: r-devel-linux-x86_64-fedora-clang, r-devel-linux-x86_64-fedora-gcc

Version: 1.9.89
Flags: --no-stop-on-test-error
Check: installed package size
Result: NOTE
     installed size is 5.8Mb
     sub-directories of 1Mb or more:
     doc 1.1Mb
     libs 4.2Mb
Flavor: r-devel-linux-x86_64-fedora-gcc