CRAN Package Check Results for Package diveRsity

Last updated on 2014-04-24 17:49:42.

Flavor Version Tinstall Tcheck Ttotal Status Flags
r-devel-linux-x86_64-debian-clang 1.7.6 7.26 107.90 115.16 OK
r-devel-linux-x86_64-debian-gcc 1.7.6 7.36 106.32 113.68 OK
r-devel-linux-x86_64-fedora-clang 1.7.6 246.45 OK
r-devel-linux-x86_64-fedora-gcc 1.7.6 234.52 OK
r-devel-osx-x86_64-clang 1.7.6 195.70 OK
r-devel-osx-x86_64-gcc 1.7.6 ERROR
r-devel-windows-ix86+x86_64 1.7.6 19.00 144.00 163.00 OK
r-patched-linux-x86_64 1.7.6 6.93 107.22 114.15 OK
r-patched-solaris-sparc 1.7.6 1300.40 OK
r-patched-solaris-x86 1.7.6 307.20 OK
r-release-linux-ix86 1.7.6 11.00 167.00 178.00 OK
r-release-linux-x86_64 1.7.6 7.21 104.42 111.63 OK
r-release-osx-x86_64-mavericks 1.7.6 WARN
r-release-osx-x86_64-snowleopard 1.7.6 OK
r-release-windows-ix86+x86_64 1.7.6 19.00 149.00 168.00 OK
r-oldrel-windows-ix86+x86_64 1.7.6 21.00 151.00 172.00 OK

Check Details

Version: 1.7.6
Check: package dependencies
Result: ERROR
    Packages required but not available: ‘ggplot2’ ‘qgraph’
    
    See the information on DESCRIPTION files in the chapter ‘Creating R
    packages’ of the ‘Writing R Extensions’ manual.
Flavor: r-devel-osx-x86_64-gcc

Version: 1.7.6
Check: package dependencies
Result: NOTE
    Packages suggested but not available for checking:
     ‘sendplot’ ‘foreach’ ‘doParallel’
Flavor: r-release-osx-x86_64-mavericks

Version: 1.7.6
Check: R code for possible problems
Result: NOTE
    difPlot: no visible global function definition for ‘imagesend’
    divPart: no visible global function definition for ‘registerDoParallel’
    divRatio: no visible global function definition for
     ‘registerDoParallel’
    fastDivPart: no visible global function definition for
     ‘registerDoParallel’
    fstOnly: no visible global function definition for ‘registerDoParallel’
    inCalc: no visible global function definition for ‘registerDoParallel’
    plotter: no visible global function definition for ‘imagesend’
Flavor: r-release-osx-x86_64-mavericks

Version: 1.7.6
Check: re-building of vignette outputs
Result: NOTE
    Error in re-building vignettes:
     ...
    Error in texi2dvi(file = file, pdf = TRUE, clean = clean, quiet = quiet, :
     Running 'texi2dvi' on 'diveRsity.tex' failed.
    LaTeX errors:
    ! LaTeX Error: File `enumitem.sty' not found.
    
    Type X to quit or <RETURN> to proceed,
    or enter new name. (Default extension: sty)
    
    gn_test/diveRsity/vignettes/diveRsity.tex:7: ==> Fatal error occurred, no outp
    ut PDF file produced!
    Calls: buildVignettes -> texi2pdf -> texi2dvi
    Execution halted
Flavor: r-release-osx-x86_64-mavericks

Version: 1.7.6
Check: PDF version of manual
Result: WARNING
    LaTeX errors when creating PDF version.
    This typically indicates Rd problems.
    LaTeX errors found:
    ! LaTeX Error: File `upquote.sty' not found.
    
    Type X to quit or <RETURN> to proceed,
    or enter new name. (Default extension: sty)
    
    a1f7b82/Rd2.tex:8: ==> Fatal error occurred, no output PDF file produced!
Flavor: r-release-osx-x86_64-mavericks