CRAN Package Check Results for Package diveRsity

Last updated on 2014-07-25 01:48:44.

Flavor Version Tinstall Tcheck Ttotal Status Flags
r-devel-linux-x86_64-debian-clang 1.9.5 24.08 109.57 133.65 OK
r-devel-linux-x86_64-debian-gcc 1.9.5 27.62 104.82 132.44 OK
r-devel-linux-x86_64-fedora-clang 1.9.5 302.29 OK
r-devel-linux-x86_64-fedora-gcc 1.9.5 290.92 OK
r-devel-osx-x86_64-clang 1.9.5 217.64 OK
r-devel-windows-ix86+x86_64 1.9.5 81.00 202.00 283.00 OK
r-patched-linux-x86_64 1.9.5 28.40 106.04 134.44 OK
r-patched-solaris-sparc 1.9.5 1435.20 OK
r-patched-solaris-x86 1.9.5 363.80 OK
r-release-linux-ix86 1.9.5 33.67 136.31 169.98 OK
r-release-linux-x86_64 1.9.5 27.84 108.86 136.70 OK
r-release-osx-x86_64-mavericks 1.9.5 NOTE
r-release-osx-x86_64-snowleopard 1.9.5 OK
r-release-windows-ix86+x86_64 1.9.5 74.00 208.00 282.00 OK
r-oldrel-windows-ix86+x86_64 1.9.5 81.00 221.00 302.00 OK

Check Details

Version: 1.9.5
Check: package dependencies
Result: NOTE
    Package suggested but not available for checking: ‘sendplot’
Flavor: r-release-osx-x86_64-mavericks

Version: 1.9.5
Check: R code for possible problems
Result: NOTE
    difPlot: no visible global function definition for ‘imagesend’
    plotter: no visible global function definition for ‘imagesend’
Flavor: r-release-osx-x86_64-mavericks

Version: 1.9.5
Check: re-building of vignette outputs
Result: NOTE
    Error in re-building vignettes:
     ...
    Error in texi2dvi(file = file, pdf = TRUE, clean = clean, quiet = quiet, :
     Running 'texi2dvi' on 'diveRsity.tex' failed.
    LaTeX errors:
    ! LaTeX Error: File `enumitem.sty' not found.
    
    Type X to quit or <RETURN> to proceed,
    or enter new name. (Default extension: sty)
    
    gn_test/diveRsity/vignettes/diveRsity.tex:7: ==> Fatal error occurred, no outp
    ut PDF file produced!
    Calls: buildVignettes -> texi2pdf -> texi2dvi
    Execution halted
Flavor: r-release-osx-x86_64-mavericks