CRAN Package Check Results for Package diveRsity

Last updated on 2017-10-23 14:48:37.

Flavor Version Tinstall Tcheck Ttotal Status Flags
r-devel-linux-x86_64-debian-clang 1.9.90 72.45 90.91 163.36 OK
r-devel-linux-x86_64-debian-gcc 1.9.90 60.41 95.72 156.13 OK
r-devel-linux-x86_64-fedora-clang 1.9.90 363.75 NOTE
r-devel-linux-x86_64-fedora-gcc 1.9.90 343.34 NOTE
r-devel-windows-ix86+x86_64 1.9.90 290.00 180.00 470.00 OK
r-patched-linux-x86_64 1.9.90 71.82 91.82 163.64 OK
r-patched-solaris-x86 1.9.90 364.00 OK
r-release-linux-x86_64 1.9.90 73.08 91.70 164.78 OK
r-release-windows-ix86+x86_64 1.9.90 294.00 190.00 484.00 OK
r-release-osx-x86_64 1.9.90 NOTE
r-oldrel-windows-ix86+x86_64 1.9.90 223.00 187.00 410.00 OK
r-oldrel-osx-x86_64 1.9.90 OK

Check Details

Version: 1.9.90
Check: installed package size
Result: NOTE
     installed size is 5.3Mb
     sub-directories of 1Mb or more:
     libs 4.1Mb
Flavors: r-devel-linux-x86_64-fedora-clang, r-devel-linux-x86_64-fedora-gcc

Version: 1.9.90
Check: re-building of vignette outputs
Result: NOTE
    Error in re-building vignettes:
     ...
    Error in texi2dvi(file = file, pdf = TRUE, clean = clean, quiet = quiet, :
     Running 'texi2dvi' on 'diveRsity.tex' failed.
    LaTeX errors:
    ! LaTeX Error: File `enumitem.sty' not found.
    
    Type X to quit or <RETURN> to proceed,
    or enter new name. (Default extension: sty)
    
    ! Emergency stop.
    <read *>
    
    l.7 \usepackage
     {hyperref}^^M
    ! ==> Fatal error occurred, no output PDF file produced!
    Calls: buildVignettes -> texi2pdf -> texi2dvi
    Execution halted
Flavor: r-release-osx-x86_64