CRAN Package Check Results for Package diveRsity

Last updated on 2016-08-26 23:48:49.

Flavor Version Tinstall Tcheck Ttotal Status Flags
r-devel-linux-x86_64-debian-clang 1.9.89 58.77 92.36 151.13 OK
r-devel-linux-x86_64-debian-gcc 1.9.89 60.82 117.96 178.78 NOTE
r-devel-linux-x86_64-fedora-clang 1.9.89 320.37 OK
r-devel-linux-x86_64-fedora-gcc 1.9.89 279.22 NOTE
r-devel-osx-x86_64-clang 1.9.89 212.79 OK
r-devel-windows-ix86+x86_64 1.9.89 187.00 243.00 430.00 OK
r-patched-linux-x86_64 1.9.89 48.88 86.27 135.16 OK
r-patched-solaris-sparc 1.9.89 1640.10 OK
r-patched-solaris-x86 1.9.89 319.00 OK
r-release-linux-x86_64 1.9.89 48.52 89.75 138.26 OK
r-release-osx-x86_64-mavericks 1.9.89 OK
r-release-windows-ix86+x86_64 1.9.89 252.00 184.00 436.00 OK
r-oldrel-windows-ix86+x86_64 1.9.89 171.00 243.00 414.00 OK

Check Details

Version: 1.9.89
Check: installed package size
Result: NOTE
     installed size is 5.0Mb
     sub-directories of 1Mb or more:
     libs 4.1Mb
Flavors: r-devel-linux-x86_64-debian-gcc, r-devel-linux-x86_64-fedora-gcc