CRAN Package Check Results for Package diveRsity

Last updated on 2015-08-05 06:47:38.

Flavor Version Tinstall Tcheck Ttotal Status Flags
r-devel-linux-x86_64-debian-clang 1.9.73 36.64 97.20 133.84 NOTE
r-devel-linux-x86_64-debian-gcc 1.9.73 40.66 92.80 133.46 NOTE
r-devel-linux-x86_64-fedora-clang 1.9.73 281.08 NOTE
r-devel-linux-x86_64-fedora-gcc 1.9.73 255.90 NOTE
r-devel-osx-x86_64-clang 1.9.73 210.51 NOTE
r-devel-windows-ix86+x86_64 1.9.73 149.00 220.00 369.00 NOTE
r-patched-linux-x86_64 1.9.73 39.65 87.59 127.24 NOTE
r-patched-solaris-sparc 1.9.73 1591.50 NOTE
r-patched-solaris-x86 1.9.73 348.60 NOTE
r-release-linux-x86_64 1.9.73 40.14 93.15 133.29 NOTE
r-release-osx-x86_64-mavericks 1.9.73 NOTE
r-release-windows-ix86+x86_64 1.9.73 155.00 199.00 354.00 NOTE
r-oldrel-windows-ix86+x86_64 1.9.73 136.00 358.00 494.00 NOTE

Check Details

Version: 1.9.73
Check: DESCRIPTION meta-information
Result: NOTE
    Malformed Description field: should contain one or more complete sentences.
Flavors: r-devel-linux-x86_64-debian-clang, r-devel-linux-x86_64-debian-gcc, r-devel-linux-x86_64-fedora-clang, r-devel-linux-x86_64-fedora-gcc, r-devel-osx-x86_64-clang, r-devel-windows-ix86+x86_64, r-patched-linux-x86_64, r-patched-solaris-sparc, r-patched-solaris-x86, r-release-linux-x86_64, r-release-osx-x86_64-mavericks, r-release-windows-ix86+x86_64

Version: 1.9.73
Check: dependencies in R code
Result: NOTE
    'library' or 'require' calls in package code:
     ‘parallel’ ‘plotrix’ ‘sendplot’ ‘xlsx’
     Please use :: or requireNamespace() instead.
     See section 'Suggested packages' in the 'Writing R Extensions' manual.
Flavors: r-devel-linux-x86_64-debian-clang, r-devel-linux-x86_64-debian-gcc, r-devel-linux-x86_64-fedora-clang, r-devel-linux-x86_64-fedora-gcc, r-devel-osx-x86_64-clang, r-devel-windows-ix86+x86_64, r-patched-linux-x86_64, r-patched-solaris-sparc, r-patched-solaris-x86, r-release-linux-x86_64, r-release-osx-x86_64-mavericks, r-release-windows-ix86+x86_64, r-oldrel-windows-ix86+x86_64

Version: 1.9.73
Check: R code for possible problems
Result: NOTE
    Hex : indtyppop1 : <anonymous>: no visible global function definition
     for ‘na.omit’
    arHex : indtyppop1 : <anonymous>: no visible global function definition
     for ‘na.omit’
    bigPreDiv : <anonymous> : <anonymous>: no visible global function
     definition for ‘na.omit’
    bigPreDiv: no visible global function definition for ‘var’
    bsFun : <anonymous> : <anonymous>: no visible global function
     definition for ‘na.omit’
    bsFun : <anonymous>: no visible global function definition for ‘var’
    chiCalc : <anonymous> : <anonymous>: no visible global function
     definition for ‘na.omit’
    chiCalc: no visible global function definition for ‘combn’
    chiCalc : chiDif: no visible global function definition for
     ‘fisher.test’
    chiCalc : chiAll: no visible global function definition for ‘pchisq’
    corPlot: no visible global function definition for ‘par’
    corPlotter: no visible binding for global variable ‘cairo_ps’
    diffCalc: no visible global function definition for ‘combn’
    diffCalc: no visible global function definition for ‘var’
    diffCalc: no visible binding for global variable ‘quantile’
    diffCalc : <anonymous>: no visible global function definition for ‘var’
    diffPlot: no visible global function definition for ‘colorRampPalette’
    diffPlot: no visible global function definition for ‘combn’
    diffPlot: no visible global function definition for ‘na.omit’
    diffPlot: no visible global function definition for ‘par’
    diffPlot: no visible global function definition for ‘image’
    divBasic: no visible binding for global variable ‘quantile’
    divBasic : <anonymous> : <anonymous>: no visible global function
     definition for ‘na.omit’
    divBasic : <anonymous>: no visible global function definition for
     ‘pchisq’
    divBasic: no visible global function definition for ‘pchisq’
    divBasic : bootPA : <anonymous>: no visible global function definition
     for ‘na.omit’
    divBasic : bootPA : <anonymous> : <anonymous>: no visible global
     function definition for ‘na.omit’
    divBasic : <anonymous>: no visible binding for global variable
     ‘quantile’
    divMigrate: no visible global function definition for ‘combn’
    divMigrate : <anonymous>: no visible global function definition for
     ‘var’
    divMigrate: no visible global function definition for ‘title’
    divMigrate: no visible global function definition for ‘pdf’
    divMigrate: no visible global function definition for ‘dev.off’
    divMigrate: no visible global function definition for ‘quantile’
    divMigrateOnline: no visible global function definition for ‘combn’
    divMigrateOnline : <anonymous>: no visible global function definition
     for ‘var’
    divMigrateOnline: no visible global function definition for ‘quantile’
    divRatio: no visible global function definition for
     ‘installed.packages’
    divRatio: no visible global function definition for ‘read.table’
    divRatio: no visible global function definition for ‘is’
    divRatio: no visible global function definition for ‘sd’
    divRatio: no visible global function definition for ‘na.omit’
    divRatio : <anonymous>: no visible global function definition for ‘sd’
    divRatio : <anonymous>: no visible global function definition for
     ‘na.omit’
    divRatio: no visible global function definition for ‘write.table’
    divSimCo : <anonymous>: no visible global function definition for
     ‘na.omit’
    divSimCo : <anonymous>: no visible global function definition for
     ‘dist’
    fastDivPart: no visible global function definition for
     ‘installed.packages’
    fastDivPart : <anonymous> : <anonymous> : <anonymous>: no visible
     global function definition for ‘quantile’
    fastDivPart : <anonymous>: no visible global function definition for
     ‘quantile’
    fastDivPart : pwCalc: no visible global function definition for ‘combn’
    fastDivPart : pwCalc: no visible binding for global variable ‘var’
    fastDivPart : pwFstWC: no visible global function definition for
     ‘combn’
    fastDivPart: no visible global function definition for ‘combn’
    fastDivPart : <anonymous> : <anonymous>: no visible binding for global
     variable ‘quantile’
    fastDivPart : <anonymous>: no visible binding for global variable
     ‘quantile’
    fstWC: no visible global function definition for ‘na.omit’
    hweFun : <anonymous> : <anonymous>: no visible global function
     definition for ‘na.omit’
    hweFun : <anonymous> : <anonymous>: no visible global function
     definition for ‘chisq.test’
    hweFun : <anonymous>: no visible global function definition for
     ‘pchisq’
    inCalc : paraFunc : <anonymous> : <anonymous>: no visible global
     function definition for ‘na.omit’
    inCalc: no visible binding for global variable ‘quantile’
    inCalc: no visible global function definition for ‘combn’
    inFunc: no visible global function definition for ‘combn’
    polyIn : polyReader: no visible global function definition for
     ‘na.omit’
    polyIn : inFunc: no visible global function definition for ‘combn’
    pre.divLowMemory : readGenepopX : afs : afsint: no visible global
     function definition for ‘na.omit’
    pre.divLowMemory : fstWC: no visible global function definition for
     ‘na.omit’
    pre.divLowMemory: no visible global function definition for ‘na.omit’
    pre.divLowMemory: no visible global function definition for ‘var’
    readGenepop : afs : afsint: no visible global function definition for
     ‘na.omit’
    readGenepopX : afs : afsint: no visible global function definition for
     ‘na.omit’
    rgp: no visible global function definition for ‘na.omit’
    rgp : statFun : <anonymous>: no visible global function definition for
     ‘na.omit’
    statCalc : <anonymous> : <anonymous>: no visible global function
     definition for ‘na.omit’
    writeBoot: no visible global function definition for
     ‘installed.packages’
    writeBoot : pwCalc: no visible global function definition for ‘combn’
    writeBoot : pwCalc: no visible binding for global variable ‘var’
    writeBoot : pwFstWC: no visible global function definition for ‘combn’
    writeBoot: no visible global function definition for ‘combn’
    Undefined global functions or variables:
     cairo_ps chisq.test colorRampPalette combn dev.off dist fisher.test
     image installed.packages is na.omit par pchisq pdf quantile
     read.table sd title var write.table
    Consider adding
     importFrom("grDevices", "cairo_ps", "colorRampPalette", "dev.off",
     "pdf")
     importFrom("graphics", "image", "par", "title")
     importFrom("methods", "is")
     importFrom("stats", "chisq.test", "dist", "fisher.test", "na.omit",
     "pchisq", "quantile", "sd", "var")
     importFrom("utils", "combn", "installed.packages", "read.table",
     "write.table")
    to your NAMESPACE.
Flavors: r-devel-linux-x86_64-debian-clang, r-devel-linux-x86_64-debian-gcc, r-devel-linux-x86_64-fedora-clang, r-devel-linux-x86_64-fedora-gcc, r-devel-windows-ix86+x86_64