CRAN Package Check Results for Package diveRsity

Last updated on 2016-02-10 02:49:03.

Flavor Version Tinstall Tcheck Ttotal Status Flags
r-devel-linux-x86_64-debian-gcc 1.9.89 47.24 95.62 142.86 OK
r-devel-linux-x86_64-fedora-clang 1.9.89 308.15 OK
r-devel-linux-x86_64-fedora-gcc 1.9.89 291.71 OK
r-devel-osx-x86_64-clang 1.9.89 270.34 OK
r-devel-windows-ix86+x86_64 1.9.89 196.00 183.00 379.00 OK
r-patched-linux-x86_64 1.9.89 52.09 104.40 156.49 OK
r-patched-solaris-sparc 1.9.89 1744.00 NOTE
r-patched-solaris-x86 1.9.89 363.00 OK
r-release-linux-x86_64 1.9.89 47.86 106.78 154.64 OK
r-release-osx-x86_64-mavericks 1.9.89 OK
r-release-windows-ix86+x86_64 1.9.89 198.00 183.00 381.00 OK
r-oldrel-windows-ix86+x86_64 1.9.89 227.00 413.00 640.00 OK

Check Details

Version: 1.9.89
Check: package dependencies
Result: NOTE
    Package suggested but not available for checking: ‘HWxtest’
Flavor: r-patched-solaris-sparc