CRAN Package Check Results for Package diveRsity

Last updated on 2016-09-30 20:47:29.

Flavor Version Tinstall Tcheck Ttotal Status Flags
r-devel-linux-x86_64-debian-clang 1.9.89 60.53 88.62 149.15 WARN
r-devel-linux-x86_64-debian-gcc 1.9.89 61.48 87.06 148.54 WARN
r-devel-linux-x86_64-fedora-clang 1.9.89 316.66 WARN
r-devel-linux-x86_64-fedora-gcc 1.9.89 298.12 WARN
r-devel-macos-x86_64-clang 1.9.89 208.33 WARN
r-devel-windows-ix86+x86_64 1.9.89 268.00 223.00 491.00 WARN
r-patched-linux-x86_64 1.9.89 51.94 86.32 138.26 OK
r-patched-solaris-sparc 1.9.89 1640.10 OK
r-patched-solaris-x86 1.9.89 324.70 OK
r-release-linux-x86_64 1.9.89 53.10 86.43 139.53 OK
r-release-osx-x86_64-mavericks 1.9.89 OK
r-release-windows-ix86+x86_64 1.9.89 151.00 164.00 315.00 OK
r-oldrel-windows-ix86+x86_64 1.9.89 218.00 280.00 498.00 OK

Check Details

Version: 1.9.89
Check: files in ‘vignettes’
Result: WARN
    Files in the 'vignettes' directory newer than all files in 'inst/doc':
     ‘IN_plot.png’, ‘IN_res.png’, ‘MEE.bst’, ‘Rlogo_3.png’, ‘corPlot.png’,
     ‘dirTree.png’, ‘divMS.bib’, ‘div_res.RData’, ‘diveRsity.Rnw’,
     ‘diversity_partition_out.png’, ‘gst_vs_nalleles.png’,
     ‘in_res.RData’, ‘locus_plots.png’, ‘microPlexer-1.png’,
     ‘microplexer.png’, ‘pairwise_comp.png’, ‘pairwise_plots.png’,
     ‘pw_interplot.png’, ‘pw_plot.png’, ‘titlepage.tex’
Flavors: r-devel-linux-x86_64-debian-clang, r-devel-linux-x86_64-debian-gcc, r-devel-linux-x86_64-fedora-clang, r-devel-linux-x86_64-fedora-gcc, r-devel-macos-x86_64-clang, r-devel-windows-ix86+x86_64

Version: 1.9.89
Check: installed package size
Result: NOTE
     installed size is 5.2Mb
     sub-directories of 1Mb or more:
     libs 4.2Mb
Flavors: r-devel-linux-x86_64-debian-gcc, r-devel-linux-x86_64-fedora-gcc