CRAN Package Check Results for Package diveRsity

Last updated on 2015-03-30 07:48:25.

Flavor Version Tinstall Tcheck Ttotal Status Flags
r-devel-linux-x86_64-debian-clang 1.9.73 39.98 77.46 117.44 NOTE
r-devel-linux-x86_64-debian-gcc 1.9.73 40.80 76.08 116.88 NOTE
r-devel-linux-x86_64-fedora-clang 1.9.73 247.31 NOTE
r-devel-linux-x86_64-fedora-gcc 1.9.73 232.50 NOTE
r-devel-osx-x86_64-clang 1.9.73 193.29 NOTE
r-prerel-windows-ix86+x86_64 1.9.73 105.00 143.00 248.00 NOTE
r-prerel-linux-x86_64 1.9.73 41.15 76.31 117.46 NOTE
r-prerel-solaris-sparc 1.9.73 1507.20 NOTE
r-prerel-solaris-x86 1.9.73 294.00 NOTE
r-release-linux-x86_64 1.9.73 45.84 116.91 162.74 NOTE
r-release-osx-x86_64-mavericks 1.9.73 NOTE
r-release-osx-x86_64-snowleopard 1.9.73 OK
r-release-windows-ix86+x86_64 1.9.73 117.00 237.00 354.00 NOTE
r-oldrel-windows-ix86+x86_64 1.9.73 126.00 246.00 372.00 OK

Check Details

Version: 1.9.73
Check: DESCRIPTION meta-information
Result: NOTE
    Malformed Description field: should contain one or more complete sentences.
Flavors: r-devel-linux-x86_64-debian-clang, r-devel-linux-x86_64-debian-gcc, r-devel-linux-x86_64-fedora-clang, r-devel-linux-x86_64-fedora-gcc, r-devel-osx-x86_64-clang, r-prerel-windows-ix86+x86_64, r-prerel-linux-x86_64, r-prerel-solaris-sparc, r-prerel-solaris-x86

Version: 1.9.73
Check: dependencies in R code
Result: NOTE
    'library' or 'require' calls in package code:
     ‘parallel’ ‘plotrix’ ‘sendplot’ ‘xlsx’
     Please use :: or requireNamespace() instead.
     See section 'Suggested packages' in the 'Writing R Extensions' manual.
Flavors: r-devel-linux-x86_64-debian-clang, r-devel-linux-x86_64-debian-gcc, r-devel-linux-x86_64-fedora-clang, r-devel-linux-x86_64-fedora-gcc, r-devel-osx-x86_64-clang, r-prerel-windows-ix86+x86_64, r-prerel-linux-x86_64, r-prerel-solaris-sparc, r-prerel-solaris-x86, r-release-linux-x86_64, r-release-windows-ix86+x86_64

Version: 1.9.73
Check: installed package size
Result: NOTE
     installed size is 5.1Mb
     sub-directories of 1Mb or more:
     libs 4.0Mb
Flavor: r-prerel-solaris-sparc

Version: 1.9.73
Check: package dependencies
Result: NOTE
    Package suggested but not available for checking: ‘sendplot’
Flavor: r-release-osx-x86_64-mavericks