CRAN Package Check Results for Package diveRsity

Last updated on 2014-11-22 03:49:27.

Flavor Version Tinstall Tcheck Ttotal Status Flags
r-devel-linux-x86_64-debian-clang 1.9.5 26.02 105.10 131.12 NOTE
r-devel-linux-x86_64-debian-gcc 1.9.5 28.74 105.64 134.39 NOTE
r-devel-linux-x86_64-fedora-clang 1.9.5 284.10 NOTE
r-devel-linux-x86_64-fedora-gcc 1.9.5 264.93 NOTE
r-devel-osx-x86_64-clang 1.9.5 227.84 NOTE
r-devel-windows-ix86+x86_64 1.9.5 86.00 271.00 357.00 NOTE
r-patched-linux-x86_64 1.9.5 28.23 109.59 137.82 NOTE
r-patched-solaris-sparc 1.9.5 1590.00 NOTE
r-patched-solaris-x86 1.9.5 350.30 NOTE
r-release-linux-ix86 1.9.5 32.26 122.85 155.12 NOTE
r-release-linux-x86_64 1.9.5 28.48 110.84 139.32 NOTE
r-release-osx-x86_64-mavericks 1.9.5 NOTE
r-release-osx-x86_64-snowleopard 1.9.5 OK
r-release-windows-ix86+x86_64 1.9.5 85.00 219.00 304.00 NOTE
r-oldrel-windows-ix86+x86_64 1.9.5 125.00 301.00 426.00 OK

Check Details

Version: 1.9.5
Check: R code for possible problems
Result: NOTE
    bigDivPart: no visible global function definition for ‘write.xlsx’
    difPlot: no visible global function definition for ‘imagesend’
    difPlot: no visible global function definition for ‘color.legend’
    diffCalc: no visible global function definition for ‘detectCores’
    diffCalc: no visible global function definition for ‘makeCluster’
    diffCalc: no visible global function definition for ‘clusterExport’
    diffCalc: no visible global function definition for ‘parLapply’
    diffCalc: no visible global function definition for ‘stopCluster’
    diffCalc: no visible global function definition for ‘parApply’
    divBasic: no visible global function definition for ‘write.xlsx’
    divMigrate: no visible global function definition for ‘makeCluster’
    divMigrate: no visible global function definition for ‘detectCores’
    divMigrate: no visible global function definition for ‘clusterExport’
    divMigrate: no visible global function definition for ‘parSapply’
    divMigrate: no visible global function definition for ‘stopCluster’
    divRatio: no visible global function definition for ‘detectCores’
    divRatio: no visible global function definition for ‘makeCluster’
    divRatio: no visible global function definition for
     ‘registerDoParallel’
    divRatio: no visible global function definition for ‘clusterExport’
    divRatio: no visible global function definition for ‘parLapply’
    divRatio: no visible global function definition for ‘stopCluster’
    divRatio: no visible global function definition for ‘write.xlsx’
    fastDivPart: no visible global function definition for ‘write.xlsx’
    fastDivPart: no visible global function definition for ‘detectCores’
    fastDivPart: no visible global function definition for ‘makeCluster’
    fastDivPart: no visible global function definition for
     ‘registerDoParallel’
    fastDivPart: no visible global function definition for ‘clusterExport’
    fastDivPart: no visible global function definition for ‘parLapply’
    fastDivPart: no visible global function definition for ‘stopCluster’
    fstOnly: no visible global function definition for ‘detectCores’
    fstOnly: no visible global function definition for ‘makeCluster’
    fstOnly: no visible global function definition for ‘registerDoParallel’
    fstOnly: no visible global function definition for ‘clusterExport’
    fstOnly: no visible global function definition for ‘parLapply’
    fstOnly: no visible global function definition for ‘write.xlsx’
    fstOnly : tparSapply: no visible global function definition for
     ‘parSapply’
    fstOnly: no visible global function definition for ‘stopCluster’
    inCalc: no visible global function definition for ‘makeCluster’
    inCalc: no visible global function definition for ‘detectCores’
    inCalc: no visible global function definition for ‘clusterExport’
    inCalc: no visible global function definition for ‘parLapply’
    inCalc: no visible global function definition for ‘stopCluster’
    inCalc: no visible global function definition for ‘write.xlsx’
    plotter: no visible global function definition for ‘imagesend’
    polyIn : polyReader: no visible global function definition for
     ‘makeCluster’
    polyIn : polyReader: no visible global function definition for
     ‘detectCores’
    polyIn : polyReader: no visible global function definition for
     ‘clusterExport’
    polyIn : polyReader: no visible global function definition for
     ‘parLapply’
    polyIn : polyReader: no visible global function definition for
     ‘stopCluster’
    polyIn: no visible global function definition for ‘makeCluster’
    polyIn: no visible global function definition for ‘detectCores’
    polyIn: no visible global function definition for ‘clusterExport’
    polyIn: no visible global function definition for ‘parLapply’
    polyIn: no visible global function definition for ‘stopCluster’
    writeBoot: no visible global function definition for ‘makeCluster’
    writeBoot: no visible global function definition for ‘detectCores’
    writeBoot: no visible global function definition for ‘clusterExport’
    writeBoot: no visible global function definition for ‘parLapply’
    writeBoot: no visible global function definition for ‘stopCluster’
Flavors: r-devel-linux-x86_64-debian-clang, r-devel-linux-x86_64-debian-gcc, r-devel-linux-x86_64-fedora-clang, r-devel-linux-x86_64-fedora-gcc, r-devel-osx-x86_64-clang, r-devel-windows-ix86+x86_64, r-patched-linux-x86_64, r-patched-solaris-sparc, r-patched-solaris-x86, r-release-linux-ix86, r-release-linux-x86_64, r-release-windows-ix86+x86_64

Version: 1.9.5
Check: package dependencies
Result: NOTE
    Package suggested but not available for checking: ‘sendplot’
Flavor: r-release-osx-x86_64-mavericks

Version: 1.9.5
Check: R code for possible problems
Result: NOTE
    difPlot: no visible global function definition for ‘imagesend’
    plotter: no visible global function definition for ‘imagesend’
Flavor: r-release-osx-x86_64-mavericks

Version: 1.9.5
Check: re-building of vignette outputs
Result: NOTE
    Error in re-building vignettes:
     ...
    Error in texi2dvi(file = file, pdf = TRUE, clean = clean, quiet = quiet, :
     Running 'texi2dvi' on 'diveRsity.tex' failed.
    LaTeX errors:
    ! LaTeX Error: File `enumitem.sty' not found.
    
    Type X to quit or <RETURN> to proceed,
    or enter new name. (Default extension: sty)
    
    gn_test/diveRsity/vignettes/diveRsity.tex:7: ==> Fatal error occurred, no outp
    ut PDF file produced!
    Calls: buildVignettes -> texi2pdf -> texi2dvi
    Execution halted
Flavor: r-release-osx-x86_64-mavericks