CRAN Package Check Results for Package diversitree

Last updated on 2014-10-31 17:49:09.

Flavor Version Tinstall Tcheck Ttotal Status Flags
r-devel-linux-x86_64-debian-clang 0.9-7 25.46 68.27 93.74 NOTE
r-devel-linux-x86_64-debian-gcc 0.9-7 29.80 64.87 94.67 NOTE
r-devel-linux-x86_64-fedora-clang 0.9-7 197.17 NOTE
r-devel-linux-x86_64-fedora-gcc 0.9-7 184.17 NOTE
r-devel-osx-x86_64-clang 0.9-7 147.81 NOTE
r-devel-windows-ix86+x86_64 0.9-7 109.00 125.00 234.00 NOTE
r-patched-linux-x86_64 0.9-7 29.90 76.26 106.16 NOTE
r-patched-solaris-sparc 0.9-7 1133.80 NOTE
r-patched-solaris-x86 0.9-7 225.80 NOTE
r-release-linux-ix86 0.9-7 40.12 90.53 130.65 OK
r-release-linux-x86_64 0.9-7 31.09 71.21 102.30 OK
r-release-osx-x86_64-mavericks 0.9-7 ERROR
r-release-osx-x86_64-snowleopard 0.9-7 NOTE
r-release-windows-ix86+x86_64 0.9-7 110.00 138.00 248.00 OK
r-oldrel-windows-ix86+x86_64 0.9-7 117.00 147.00 264.00 OK

Check Details

Version: 0.9-7
Check: R code for possible problems
Result: NOTE
    make.every.so.often: no visible global function definition for ‘now’
    make.every.so.often : check: no visible global function definition for
     ‘now’
Flavors: r-devel-linux-x86_64-debian-clang, r-devel-linux-x86_64-debian-gcc, r-devel-linux-x86_64-fedora-clang, r-devel-linux-x86_64-fedora-gcc, r-devel-osx-x86_64-clang, r-devel-windows-ix86+x86_64, r-patched-linux-x86_64, r-patched-solaris-sparc, r-patched-solaris-x86

Version: 0.9-7
Check: installed package size
Result: NOTE
     installed size is 7.1Mb
     sub-directories of 1Mb or more:
     libs 6.3Mb
Flavors: r-devel-linux-x86_64-fedora-clang, r-patched-solaris-sparc, r-release-osx-x86_64-snowleopard

Version: 0.9-7
Check: whether package can be installed
Result: ERROR
    Installation failed.
Flavor: r-release-osx-x86_64-mavericks