CRAN Package Check Results for Package diversitree

Last updated on 2016-02-05 21:47:37.

Flavor Version Tinstall Tcheck Ttotal Status Flags
r-devel-linux-x86_64-debian-gcc 0.9-8 29.14 59.95 89.10 NOTE
r-devel-linux-x86_64-fedora-clang 0.9-8 173.17 NOTE
r-devel-linux-x86_64-fedora-gcc 0.9-8 171.77 NOTE
r-devel-osx-x86_64-clang 0.9-8 195.47 OK
r-devel-windows-ix86+x86_64 0.9-8 149.00 158.00 307.00 OK
r-patched-linux-x86_64 0.9-8 31.54 63.69 95.24 NOTE
r-patched-solaris-sparc 0.9-8 978.70 OK
r-patched-solaris-x86 0.9-8 177.30 OK
r-release-linux-x86_64 0.9-8 29.74 60.62 90.36 NOTE
r-release-osx-x86_64-mavericks 0.9-8 NOTE
r-release-windows-ix86+x86_64 0.9-8 149.00 142.00 291.00 OK
r-oldrel-windows-ix86+x86_64 0.9-8 154.00 211.00 365.00 WARN

Check Details

Version: 0.9-8
Check: installed package size
Result: NOTE
     installed size is 5.6Mb
     sub-directories of 1Mb or more:
     libs 4.8Mb
Flavors: r-devel-linux-x86_64-debian-gcc, r-devel-linux-x86_64-fedora-clang, r-devel-linux-x86_64-fedora-gcc, r-patched-linux-x86_64, r-release-linux-x86_64, r-release-osx-x86_64-mavericks

Version: 0.9-8
Check: Rd files
Result: WARN
    prepare_Rd: diversitree-package.Rd:6: unknown macro '\packageTitle'
    prepare_Rd: diversitree-package.Rd:9: unknown macro '\packageDescription'
    prepare_Rd: diversitree-package.Rd:12: unknown macro '\packageAuthor'
    prepare_Rd: diversitree-package.Rd:14: unknown macro '\packageMaintainer'
Flavor: r-oldrel-windows-ix86+x86_64