CRAN Package Check Results for Package diversitree

Last updated on 2016-07-27 03:49:42.

Flavor Version Tinstall Tcheck Ttotal Status Flags
r-devel-linux-x86_64-debian-clang 0.9-8 41.77 71.09 112.86 NOTE
r-devel-linux-x86_64-debian-gcc 0.9-8 42.53 69.79 112.32 NOTE
r-devel-linux-x86_64-fedora-clang 0.9-8 177.00 NOTE
r-devel-linux-x86_64-fedora-gcc 0.9-8 161.53 NOTE
r-devel-osx-x86_64-clang 0.9-8 132.58 OK
r-devel-windows-ix86+x86_64 0.9-8 133.00 125.00 258.00 OK
r-patched-linux-x86_64 0.9-8 33.80 71.91 105.72 NOTE
r-patched-solaris-sparc 0.9-8 985.10 OK
r-patched-solaris-x86 0.9-8 172.80 OK
r-release-linux-x86_64 0.9-8 36.62 72.34 108.96 NOTE
r-release-osx-x86_64-mavericks 0.9-8 NOTE
r-release-windows-ix86+x86_64 0.9-8 128.00 135.00 263.00 OK
r-oldrel-windows-ix86+x86_64 0.9-8 159.00 179.00 338.00 OK

Check Details

Version: 0.9-8
Check: installed package size
Result: NOTE
     installed size is 5.1Mb
     sub-directories of 1Mb or more:
     libs 4.3Mb
Flavors: r-devel-linux-x86_64-debian-clang, r-devel-linux-x86_64-debian-gcc, r-devel-linux-x86_64-fedora-clang, r-devel-linux-x86_64-fedora-gcc, r-patched-linux-x86_64, r-release-linux-x86_64, r-release-osx-x86_64-mavericks