CRAN Package Check Results for Package diversitree

Last updated on 2023-02-09 13:50:41 CET.

Flavor Version Tinstall Tcheck Ttotal Status Flags
r-devel-linux-x86_64-debian-clang 0.9-16 89.17 132.60 221.77 WARN
r-devel-linux-x86_64-debian-gcc 0.9-16 72.41 95.54 167.95 WARN
r-devel-linux-x86_64-fedora-clang 0.9-16 288.26 WARN
r-devel-linux-x86_64-fedora-gcc 0.9-16 272.92 WARN
r-devel-windows-x86_64 0.9-16 134.00 204.00 338.00 OK
r-patched-linux-x86_64 0.9-16 78.05 120.07 198.12 OK
r-release-linux-x86_64 0.9-16 68.76 121.65 190.41 OK
r-release-macos-arm64 0.9-16 70.00 NOTE
r-release-macos-x86_64 0.9-16 92.00 NOTE
r-release-windows-x86_64 0.9-16 333.00 185.00 518.00 OK
r-oldrel-macos-arm64 0.9-16 77.00 NOTE
r-oldrel-macos-x86_64 0.9-16 95.00 NOTE
r-oldrel-windows-ix86+x86_64 0.9-16 197.00 179.00 376.00 NOTE

Check Details

Version: 0.9-16
Check: whether package can be installed
Result: WARN
    Found the following significant warnings:
     ./rfftw.h:34:18: warning: a function declaration without a prototype is deprecated in all versions of C [-Wstrict-prototypes]
     rfftw.c:149:18: warning: a function declaration without a prototype is deprecated in all versions of C [-Wstrict-prototypes]
     util.c:231:33: warning: a function declaration without a prototype is deprecated in all versions of C [-Wstrict-prototypes]
     ./zzz.h:10:33: warning: a function declaration without a prototype is deprecated in all versions of C [-Wstrict-prototypes]
     ./zzz.h:44:18: warning: a function declaration without a prototype is deprecated in all versions of C [-Wstrict-prototypes]
    See ‘/home/hornik/tmp/R.check/r-devel-clang/Work/PKGS/diversitree.Rcheck/00install.out’ for details.
    * used C compiler: ‘Debian clang version 15.0.6’
    * used Fortran compiler: ‘GNU Fortran (Debian 12.2.0-14) 12.2.0’
    * used C++ compiler: ‘Debian clang version 15.0.6’
Flavor: r-devel-linux-x86_64-debian-clang

Version: 0.9-16
Check: whether package can be installed
Result: WARN
    Found the following significant warnings:
     rfftw.h:34:1: warning: function declaration isn’t a prototype [-Wstrict-prototypes]
     rfftw.c:149:6: warning: function declaration isn’t a prototype [-Wstrict-prototypes]
     util.c:231:6: warning: function declaration isn’t a prototype [-Wstrict-prototypes]
     zzz.h:10:1: warning: function declaration isn’t a prototype [-Wstrict-prototypes]
     zzz.h:44:1: warning: function declaration isn’t a prototype [-Wstrict-prototypes]
    See ‘/home/hornik/tmp/R.check/r-devel-gcc/Work/PKGS/diversitree.Rcheck/00install.out’ for details.
    * used C compiler: ‘gcc-12 (Debian 12.2.0-14) 12.2.0’
    * used Fortran compiler: ‘GNU Fortran (Debian 12.2.0-14) 12.2.0’
    * used C++ compiler: ‘g++-12 (Debian 12.2.0-14) 12.2.0’
Flavor: r-devel-linux-x86_64-debian-gcc

Version: 0.9-16
Check: whether package can be installed
Result: WARN
    Found the following significant warnings:
     ./rfftw.h:34:18: warning: a function declaration without a prototype is deprecated in all versions of C [-Wstrict-prototypes]
     rfftw.c:149:18: warning: a function declaration without a prototype is deprecated in all versions of C [-Wstrict-prototypes]
     util.c:231:33: warning: a function declaration without a prototype is deprecated in all versions of C [-Wstrict-prototypes]
     ./zzz.h:10:33: warning: a function declaration without a prototype is deprecated in all versions of C [-Wstrict-prototypes]
     ./zzz.h:44:18: warning: a function declaration without a prototype is deprecated in all versions of C [-Wstrict-prototypes]
    See ‘/data/gannet/ripley/R/packages/tests-clang/diversitree.Rcheck/00install.out’ for details.
    * used C compiler: ‘clang version 15.0.7’
    * used Fortran compiler: ‘GNU Fortran (GCC) 12.2.1 20221121 (Red Hat 12.2.1-4)’
    * used C++ compiler: ‘clang version 15.0.7’
Flavor: r-devel-linux-x86_64-fedora-clang

Version: 0.9-16
Check: whether package can be installed
Result: WARN
    Found the following significant warnings:
     rfftw.h:34:1: warning: function declaration isn’t a prototype [-Wstrict-prototypes]
     rfftw.c:149:6: warning: function declaration isn’t a prototype [-Wstrict-prototypes]
     util.c:231:6: warning: function declaration isn’t a prototype [-Wstrict-prototypes]
     zzz.h:10:1: warning: function declaration isn’t a prototype [-Wstrict-prototypes]
     zzz.h:44:1: warning: function declaration isn’t a prototype [-Wstrict-prototypes]
    See ‘/data/gannet/ripley/R/packages/tests-devel/diversitree.Rcheck/00install.out’ for details.
    * used C compiler: ‘gcc (GCC) 12.2.1 20221121 (Red Hat 12.2.1-4)’
    * used Fortran compiler: ‘GNU Fortran (GCC) 12.2.1 20221121 (Red Hat 12.2.1-4)’
    * used C++ compiler: ‘g++ (GCC) 12.2.1 20221121 (Red Hat 12.2.1-4)’
Flavor: r-devel-linux-x86_64-fedora-gcc

Version: 0.9-16
Check: installed package size
Result: NOTE
     installed size is 7.8Mb
     sub-directories of 1Mb or more:
     libs 6.5Mb
Flavors: r-release-macos-arm64, r-release-macos-x86_64, r-oldrel-macos-arm64, r-oldrel-macos-x86_64, r-oldrel-windows-ix86+x86_64