CRAN Package Check Results for Package diversitree

Last updated on 2018-05-25 10:48:18 CEST.

Flavor Version Tinstall Tcheck Ttotal Status Flags
r-devel-linux-x86_64-debian-clang 0.9-10 66.72 80.34 147.06 OK
r-devel-linux-x86_64-debian-gcc 0.9-10 54.02 75.17 129.19 OK
r-devel-linux-x86_64-fedora-clang 0.9-10 209.68 NOTE
r-devel-linux-x86_64-fedora-gcc 0.9-10 194.95 NOTE
r-devel-windows-ix86+x86_64 0.9-10 137.00 150.00 287.00 NOTE
r-patched-linux-x86_64 0.9-10 64.08 92.99 157.07 OK
r-patched-solaris-x86 0.9-10 203.70 OK
r-release-linux-x86_64 0.9-10 62.78 94.07 156.85 OK
r-release-windows-ix86+x86_64 0.9-10 176.00 171.00 347.00 NOTE
r-release-osx-x86_64 0.9-10 NOTE
r-oldrel-windows-ix86+x86_64 0.9-10 168.00 118.00 286.00 OK
r-oldrel-osx-x86_64 0.9-10 NOTE

Check Details

Version: 0.9-10
Check: installed package size
Result: NOTE
     installed size is 6.6Mb
     sub-directories of 1Mb or more:
     libs 5.3Mb
Flavors: r-devel-linux-x86_64-fedora-clang, r-devel-linux-x86_64-fedora-gcc, r-devel-windows-ix86+x86_64, r-release-windows-ix86+x86_64, r-release-osx-x86_64, r-oldrel-osx-x86_64