CRAN Package Check Results for Package diversitree

Last updated on 2015-05-28 09:47:22.

Flavor Version Tinstall Tcheck Ttotal Status Flags
r-devel-linux-x86_64-debian-clang 0.9-7 27.74 61.30 89.04 NOTE
r-devel-linux-x86_64-debian-gcc 0.9-7 31.30 59.44 90.75 NOTE
r-devel-linux-x86_64-fedora-clang 0.9-7 177.83 NOTE
r-devel-linux-x86_64-fedora-gcc 0.9-7 171.25 NOTE
r-devel-osx-x86_64-clang 0.9-7 140.11 NOTE
r-devel-windows-ix86+x86_64 0.9-7 117.00 125.00 242.00 NOTE
r-patched-linux-x86_64 0.9-7 31.20 59.26 90.46 NOTE
r-patched-solaris-sparc 0.9-7 1110.60 NOTE
r-patched-solaris-x86 0.9-7 203.50 NOTE
r-release-linux-x86_64 0.9-7 32.96 59.52 92.48 NOTE
r-release-osx-x86_64-mavericks 0.9-7 NOTE
r-release-osx-x86_64-snowleopard 0.9-7 NOTE
r-release-windows-ix86+x86_64 0.9-7 116.00 123.00 239.00 NOTE
r-oldrel-windows-ix86+x86_64 0.9-7 116.00 143.00 259.00 NOTE

Check Details

Version: 0.9-7
Check: dependencies in R code
Result: NOTE
    'library' or 'require' calls in package code:
     ‘lubridate’ ‘minqa’ ‘numDeriv’
     Please use :: or requireNamespace() instead.
     See section 'Suggested packages' in the 'Writing R Extensions' manual.
Flavors: r-devel-linux-x86_64-debian-clang, r-devel-linux-x86_64-debian-gcc, r-devel-linux-x86_64-fedora-clang, r-devel-linux-x86_64-fedora-gcc, r-devel-osx-x86_64-clang, r-devel-windows-ix86+x86_64, r-patched-linux-x86_64, r-patched-solaris-sparc, r-patched-solaris-x86, r-release-linux-x86_64, r-release-osx-x86_64-mavericks, r-release-osx-x86_64-snowleopard, r-release-windows-ix86+x86_64, r-oldrel-windows-ix86+x86_64

Version: 0.9-7
Check: R code for possible problems
Result: NOTE
    make.every.so.often: no visible global function definition for ‘now’
    make.every.so.often : check: no visible global function definition for
     ‘now’
Flavors: r-devel-linux-x86_64-debian-clang, r-devel-linux-x86_64-debian-gcc, r-devel-linux-x86_64-fedora-clang, r-devel-linux-x86_64-fedora-gcc, r-devel-osx-x86_64-clang, r-devel-windows-ix86+x86_64, r-patched-linux-x86_64, r-patched-solaris-sparc, r-patched-solaris-x86, r-release-linux-x86_64, r-release-osx-x86_64-mavericks, r-release-osx-x86_64-snowleopard, r-release-windows-ix86+x86_64, r-oldrel-windows-ix86+x86_64

Version: 0.9-7
Check: installed package size
Result: NOTE
     installed size is 5.1Mb
     sub-directories of 1Mb or more:
     libs 4.3Mb
Flavors: r-devel-linux-x86_64-debian-gcc, r-devel-linux-x86_64-fedora-clang, r-devel-linux-x86_64-fedora-gcc, r-patched-linux-x86_64, r-patched-solaris-sparc, r-release-linux-x86_64, r-release-osx-x86_64-mavericks, r-release-osx-x86_64-snowleopard