CRAN Package Check Results for Package diversitree

Last updated on 2016-08-27 10:47:49.

Flavor Version Tinstall Tcheck Ttotal Status Flags
r-devel-linux-x86_64-debian-clang 0.9-8 34.04 63.14 97.19 WARN
r-devel-linux-x86_64-debian-gcc 0.9-8 45.71 82.62 128.33 WARN
r-devel-linux-x86_64-fedora-clang 0.9-8 180.43 WARN
r-devel-linux-x86_64-fedora-gcc 0.9-8 166.15 WARN
r-devel-osx-x86_64-clang 0.9-8 133.20 WARN
r-devel-windows-ix86+x86_64 0.9-8 144.00 129.00 273.00 OK
r-patched-linux-x86_64 0.9-8 29.45 61.20 90.66 NOTE
r-patched-solaris-sparc 0.9-8 985.10 OK
r-patched-solaris-x86 0.9-8 174.60 OK
r-release-linux-x86_64 0.9-8 31.02 61.72 92.74 NOTE
r-release-osx-x86_64-mavericks 0.9-8 NOTE
r-release-windows-ix86+x86_64 0.9-8 160.00 124.00 284.00 OK
r-oldrel-windows-ix86+x86_64 0.9-8 116.00 192.00 308.00 OK

Check Details

Version: 0.9-8
Check: whether package can be installed
Result: WARN
    Found the following significant warnings:
     Warning: GNU Extension: Nonstandard type declaration COMPLEX*16 at (1)
     Warning: GNU Extension: Symbol ‘nz’ is used before it is typed at (1)
     Warning: GNU Extension: Nonstandard type declaration REAL*8 at (1)
Flavors: r-devel-linux-x86_64-debian-clang, r-devel-linux-x86_64-debian-gcc, r-devel-linux-x86_64-fedora-clang, r-devel-linux-x86_64-fedora-gcc, r-devel-osx-x86_64-clang

Version: 0.9-8
Check: installed package size
Result: NOTE
     installed size is 5.1Mb
     sub-directories of 1Mb or more:
     libs 4.3Mb
Flavors: r-devel-linux-x86_64-debian-clang, r-devel-linux-x86_64-debian-gcc, r-devel-linux-x86_64-fedora-clang, r-devel-linux-x86_64-fedora-gcc, r-patched-linux-x86_64, r-release-linux-x86_64, r-release-osx-x86_64-mavericks