CRAN Package Check Results for Package diversitree

Last updated on 2014-09-21 03:48:59.

Flavor Version Tinstall Tcheck Ttotal Status Flags
r-devel-linux-x86_64-debian-clang 0.9-7 25.79 64.87 90.66 NOTE
r-devel-linux-x86_64-debian-gcc 0.9-7 30.16 67.16 97.32 NOTE
r-devel-linux-x86_64-fedora-clang 0.9-7 195.63 NOTE
r-devel-linux-x86_64-fedora-gcc 0.9-7 184.35 NOTE
r-devel-osx-x86_64-clang 0.9-7 147.75 NOTE
r-devel-windows-ix86+x86_64 0.9-7 113.00 126.00 239.00 NOTE
r-patched-linux-x86_64 0.9-7 30.25 71.76 102.01 NOTE
r-patched-solaris-sparc 0.9-7 1187.80 NOTE
r-patched-solaris-x86 0.9-7 229.70 OK
r-release-linux-ix86 0.9-7 40.18 89.98 130.16 OK
r-release-linux-x86_64 0.9-7 30.34 71.77 102.11 NOTE
r-release-osx-x86_64-mavericks 0.9-7 ERROR
r-release-osx-x86_64-snowleopard 0.9-7 NOTE
r-release-windows-ix86+x86_64 0.9-7 106.00 145.00 251.00 OK
r-oldrel-windows-ix86+x86_64 0.9-7 107.00 153.00 260.00 OK

Check Details

Version: 0.9-7
Check: R code for possible problems
Result: NOTE
    make.every.so.often: no visible global function definition for ‘now’
    make.every.so.often : check: no visible global function definition for
     ‘now’
Flavors: r-devel-linux-x86_64-debian-clang, r-devel-linux-x86_64-debian-gcc, r-devel-linux-x86_64-fedora-clang, r-devel-linux-x86_64-fedora-gcc, r-devel-osx-x86_64-clang, r-devel-windows-ix86+x86_64

Version: 0.9-7
Check: installed package size
Result: NOTE
     installed size is 5.1Mb
     sub-directories of 1Mb or more:
     libs 4.3Mb
Flavors: r-devel-linux-x86_64-debian-gcc, r-devel-linux-x86_64-fedora-clang, r-patched-linux-x86_64, r-patched-solaris-sparc, r-release-linux-x86_64, r-release-osx-x86_64-snowleopard

Version: 0.9-7
Check: whether package can be installed
Result: ERROR
    Installation failed.
Flavor: r-release-osx-x86_64-mavericks