CRAN Package Check Results for Package diversitree

Last updated on 2017-07-27 14:46:57.

Flavor Version Tinstall Tcheck Ttotal Status Flags
r-devel-linux-x86_64-debian-clang 0.9-10 36.63 71.84 108.47 OK
r-devel-linux-x86_64-debian-gcc 0.9-10 36.11 71.96 108.07 OK
r-devel-linux-x86_64-fedora-clang 0.9-10 187.52 NOTE
r-devel-linux-x86_64-fedora-gcc 0.9-10 176.96 NOTE
r-devel-windows-ix86+x86_64 0.9-10 184.00 187.00 371.00 NOTE
r-patched-linux-x86_64 0.9-10 35.42 74.10 109.52 OK
r-patched-solaris-x86 0.9-10 188.90 OK
r-release-linux-x86_64 0.9-10 35.85 73.76 109.61 OK
r-release-windows-ix86+x86_64 0.9-10 173.00 175.00 348.00 OK
r-release-osx-x86_64 0.9-10 NOTE
r-oldrel-windows-ix86+x86_64 0.9-10 123.00 127.00 250.00 OK
r-oldrel-osx-x86_64 0.9-10 NOTE

Check Details

Version: 0.9-10
Check: installed package size
Result: NOTE
     installed size is 5.9Mb
     sub-directories of 1Mb or more:
     libs 5.1Mb
Flavors: r-devel-linux-x86_64-fedora-clang, r-devel-linux-x86_64-fedora-gcc, r-devel-windows-ix86+x86_64, r-release-osx-x86_64, r-oldrel-osx-x86_64