CRAN Package Check Results for Package diversitree

Last updated on 2016-12-06 06:47:41.

Flavor Version Tinstall Tcheck Ttotal Status Flags
r-devel-linux-x86_64-debian-clang 0.9-9 34.14 65.69 99.83 OK
r-devel-linux-x86_64-debian-gcc 0.9-9 34.84 65.32 100.15 OK
r-devel-linux-x86_64-fedora-clang 0.9-9 186.30 NOTE --no-stop-on-test-error
r-devel-linux-x86_64-fedora-gcc 0.9-9 180.57 NOTE --no-stop-on-test-error
r-devel-macos-x86_64-clang 0.9-9 134.37 OK
r-devel-windows-ix86+x86_64 0.9-9 114.00 128.00 242.00 NOTE
r-patched-linux-x86_64 0.9-9 30.04 57.54 87.58 OK
r-patched-solaris-sparc 0.9-9 853.30 OK
r-patched-solaris-x86 0.9-9 173.00 OK
r-release-linux-x86_64 0.9-9 29.88 56.89 86.77 OK
r-release-osx-x86_64-mavericks 0.9-9 NOTE
r-release-windows-ix86+x86_64 0.9-9 162.00 146.00 308.00 OK
r-oldrel-windows-ix86+x86_64 0.9-9 149.00 130.00 279.00 OK

Check Details

Version: 0.9-9
Flags: --no-stop-on-test-error
Check: installed package size
Result: NOTE
     installed size is 5.4Mb
     sub-directories of 1Mb or more:
     libs 4.6Mb
Flavors: r-devel-linux-x86_64-fedora-clang, r-devel-linux-x86_64-fedora-gcc

Version: 0.9-9
Check: installed package size
Result: NOTE
     installed size is 5.0Mb
     sub-directories of 1Mb or more:
     libs 4.2Mb
Flavors: r-devel-windows-ix86+x86_64, r-release-osx-x86_64-mavericks