CRAN Package Check Results for Package diversitree

Last updated on 2014-11-23 03:47:57.

Flavor Version Tinstall Tcheck Ttotal Status Flags
r-devel-linux-x86_64-debian-clang 0.9-7 25.79 64.85 90.64 NOTE
r-devel-linux-x86_64-debian-gcc 0.9-7 30.66 63.15 93.81 NOTE
r-devel-linux-x86_64-fedora-clang 0.9-7 192.42 NOTE
r-devel-linux-x86_64-fedora-gcc 0.9-7 177.85 NOTE
r-devel-osx-x86_64-clang 0.9-7 151.24 NOTE
r-devel-windows-ix86+x86_64 0.9-7 116.00 122.00 238.00 NOTE
r-patched-linux-x86_64 0.9-7 30.04 68.00 98.05 NOTE
r-patched-solaris-sparc 0.9-7 1133.80 NOTE
r-patched-solaris-x86 0.9-7 221.30 NOTE
r-release-linux-ix86 0.9-7 37.89 82.39 120.28 NOTE
r-release-linux-x86_64 0.9-7 30.18 70.92 101.10 NOTE
r-release-osx-x86_64-mavericks 0.9-7 ERROR
r-release-osx-x86_64-snowleopard 0.9-7 NOTE
r-release-windows-ix86+x86_64 0.9-7 103.00 139.00 242.00 NOTE
r-oldrel-windows-ix86+x86_64 0.9-7 111.00 147.00 258.00 OK

Check Details

Version: 0.9-7
Check: R code for possible problems
Result: NOTE
    make.every.so.often: no visible global function definition for ‘now’
    make.every.so.often : check: no visible global function definition for
     ‘now’
Flavors: r-devel-linux-x86_64-debian-clang, r-devel-linux-x86_64-debian-gcc, r-devel-linux-x86_64-fedora-clang, r-devel-linux-x86_64-fedora-gcc, r-devel-osx-x86_64-clang, r-devel-windows-ix86+x86_64, r-patched-linux-x86_64, r-patched-solaris-sparc, r-patched-solaris-x86, r-release-linux-ix86, r-release-linux-x86_64, r-release-windows-ix86+x86_64

Version: 0.9-7
Check: installed package size
Result: NOTE
     installed size is 7.1Mb
     sub-directories of 1Mb or more:
     libs 6.3Mb
Flavors: r-devel-linux-x86_64-fedora-clang, r-patched-solaris-sparc, r-release-osx-x86_64-snowleopard

Version: 0.9-7
Check: whether package can be installed
Result: ERROR
    Installation failed.
Flavor: r-release-osx-x86_64-mavericks