CRAN Package Check Results for Package diversitree

Last updated on 2016-06-28 00:46:55.

Flavor Version Tinstall Tcheck Ttotal Status Flags
r-devel-linux-x86_64-debian-gcc 0.9-8 36.39 61.72 98.12 NOTE
r-devel-linux-x86_64-fedora-clang 0.9-8 177.98 NOTE
r-devel-linux-x86_64-fedora-gcc 0.9-8 161.89 NOTE
r-devel-osx-x86_64-clang 0.9-8 132.46 OK
r-devel-windows-ix86+x86_64 0.9-8 148.00 164.00 312.00 OK
r-patched-linux-x86_64 0.9-8 31.36 64.21 95.57 NOTE
r-patched-solaris-sparc 0.9-8 988.90 NOTE
r-patched-solaris-x86 0.9-8 176.10 NOTE
r-release-linux-x86_64 0.9-8 29.22 60.83 90.05 NOTE
r-release-osx-x86_64-mavericks 0.9-8 NOTE
r-release-windows-ix86+x86_64 0.9-8 146.00 165.00 311.00 OK
r-oldrel-windows-ix86+x86_64 0.9-8 147.00 186.00 333.00 OK

Check Details

Version: 0.9-8
Check: installed package size
Result: NOTE
     installed size is 5.9Mb
     sub-directories of 1Mb or more:
     libs 5.1Mb
Flavors: r-devel-linux-x86_64-debian-gcc, r-devel-linux-x86_64-fedora-clang, r-devel-linux-x86_64-fedora-gcc, r-patched-linux-x86_64, r-patched-solaris-sparc, r-patched-solaris-x86, r-release-linux-x86_64, r-release-osx-x86_64-mavericks