CRAN Package Check Results for Package diversitree

Last updated on 2017-02-26 23:48:10.

Flavor Version Tinstall Tcheck Ttotal Status Flags
r-devel-linux-x86_64-debian-clang 0.9-9 34.94 65.23 100.17 NOTE
r-devel-linux-x86_64-debian-gcc 0.9-9 34.36 62.66 97.02 NOTE
r-devel-linux-x86_64-fedora-clang 0.9-9 192.63 NOTE --no-stop-on-test-error
r-devel-linux-x86_64-fedora-gcc 0.9-9 175.71 NOTE --no-stop-on-test-error
r-devel-macos-x86_64-clang 0.9-9 134.02 NOTE --no-stop-on-test-error
r-devel-windows-ix86+x86_64 0.9-9 145.00 260.00 405.00 NOTE
r-patched-linux-x86_64 0.9-9 29.40 57.19 86.60 OK
r-patched-solaris-sparc 0.9-9 926.30 OK
r-patched-solaris-x86 0.9-9 167.40 OK
r-release-linux-x86_64 0.9-9 29.90 58.80 88.70 OK
r-release-osx-x86_64-mavericks 0.9-9 NOTE
r-release-windows-ix86+x86_64 0.9-9 166.00 171.00 337.00 OK
r-oldrel-windows-ix86+x86_64 0.9-9 148.00 212.00 360.00 OK

Check Details

Version: 0.9-9
Check: compiled code
Result: NOTE
    File ‘diversitree/libs/diversitree.so’:
     Found no calls to: ‘R_registerRoutines’, ‘R_useDynamicSymbols’
    
    It is good practice to register native routines and to disable symbol
    search.
    
    See ‘Writing portable packages’ in the ‘Writing R Extensions’ manual.
Flavors: r-devel-linux-x86_64-debian-clang, r-devel-linux-x86_64-debian-gcc

Version: 0.9-9
Flags: --no-stop-on-test-error
Check: installed package size
Result: NOTE
     installed size is 5.4Mb
     sub-directories of 1Mb or more:
     libs 4.6Mb
Flavors: r-devel-linux-x86_64-fedora-clang, r-devel-linux-x86_64-fedora-gcc

Version: 0.9-9
Flags: --no-stop-on-test-error
Check: compiled code
Result: NOTE
    File ‘diversitree/libs/diversitree.so’:
     Found no calls to: ‘R_registerRoutines’, ‘R_useDynamicSymbols’
    
    It is good practice to register native routines and to disable symbol
    search.
    
    See ‘Writing portable packages’ in the ‘Writing R Extensions’ manual.
Flavors: r-devel-linux-x86_64-fedora-clang, r-devel-linux-x86_64-fedora-gcc, r-devel-macos-x86_64-clang

Version: 0.9-9
Check: installed package size
Result: NOTE
     installed size is 5.0Mb
     sub-directories of 1Mb or more:
     libs 4.2Mb
Flavors: r-devel-windows-ix86+x86_64, r-release-osx-x86_64-mavericks