CRAN Package Check Results for Package diversitree

Last updated on 2017-09-24 00:50:59.

Flavor Version Tinstall Tcheck Ttotal Status Flags
r-devel-linux-x86_64-debian-clang 0.9-10 44.89 63.75 108.64 OK
r-devel-linux-x86_64-debian-gcc 0.9-10 36.13 62.57 98.70 OK
r-devel-linux-x86_64-fedora-clang 0.9-10 187.98 NOTE
r-devel-linux-x86_64-fedora-gcc 0.9-10 179.01 NOTE
r-devel-windows-ix86+x86_64 0.9-10 126.00 142.00 268.00 NOTE
r-patched-linux-x86_64 0.9-10 35.68 63.58 99.26 OK
r-patched-solaris-x86 0.9-10 187.70 OK
r-release-linux-x86_64 0.9-10 35.74 64.44 100.18 OK
r-release-windows-ix86+x86_64 0.9-10 114.00 144.00 258.00 OK
r-release-osx-x86_64 0.9-10 NOTE
r-oldrel-windows-ix86+x86_64 0.9-10 128.00 119.00 247.00 OK
r-oldrel-osx-x86_64 0.9-10 NOTE

Check Details

Version: 0.9-10
Check: installed package size
Result: NOTE
     installed size is 5.9Mb
     sub-directories of 1Mb or more:
     libs 5.1Mb
Flavors: r-devel-linux-x86_64-fedora-clang, r-devel-linux-x86_64-fedora-gcc, r-devel-windows-ix86+x86_64, r-release-osx-x86_64, r-oldrel-osx-x86_64