CRAN Package Check Results for Package diversitree

Last updated on 2014-12-23 01:49:00.

Flavor Version Tinstall Tcheck Ttotal Status Flags
r-devel-linux-x86_64-debian-clang 0.9-7 25.50 64.84 90.34 NOTE
r-devel-linux-x86_64-debian-gcc 0.9-7 31.30 64.19 95.49 NOTE
r-devel-linux-x86_64-fedora-clang 0.9-7 191.50 NOTE
r-devel-linux-x86_64-fedora-gcc 0.9-7 180.60 NOTE
r-devel-osx-x86_64-clang 0.9-7 148.88 NOTE
r-devel-windows-ix86+x86_64 0.9-7 117.00 125.00 242.00 NOTE
r-patched-linux-x86_64 0.9-7 30.96 69.23 100.19 NOTE
r-patched-solaris-sparc 0.9-7 1165.30 NOTE
r-patched-solaris-x86 0.9-7 222.60 NOTE
r-release-linux-ix86 0.9-7 38.05 82.21 120.26 NOTE
r-release-linux-x86_64 0.9-7 30.24 69.20 99.43 NOTE
r-release-osx-x86_64-mavericks 0.9-7 ERROR
r-release-osx-x86_64-snowleopard 0.9-7 NOTE
r-release-windows-ix86+x86_64 0.9-7 110.00 139.00 249.00 NOTE
r-oldrel-windows-ix86+x86_64 0.9-7 109.00 152.00 261.00 OK

Check Details

Version: 0.9-7
Check: R code for possible problems
Result: NOTE
    make.every.so.often: no visible global function definition for ‘now’
    make.every.so.often : check: no visible global function definition for
     ‘now’
Flavors: r-devel-linux-x86_64-debian-clang, r-devel-linux-x86_64-debian-gcc, r-devel-linux-x86_64-fedora-clang, r-devel-linux-x86_64-fedora-gcc, r-devel-osx-x86_64-clang, r-devel-windows-ix86+x86_64, r-patched-linux-x86_64, r-patched-solaris-sparc, r-patched-solaris-x86, r-release-linux-ix86, r-release-linux-x86_64, r-release-windows-ix86+x86_64

Version: 0.9-7
Check: installed package size
Result: NOTE
     installed size is 7.1Mb
     sub-directories of 1Mb or more:
     libs 6.3Mb
Flavors: r-devel-linux-x86_64-fedora-clang, r-patched-solaris-sparc, r-release-osx-x86_64-snowleopard

Version: 0.9-7
Check: whether package can be installed
Result: ERROR
    Installation failed.
Flavor: r-release-osx-x86_64-mavericks