CRAN Package Check Results for Package dixon

Last updated on 2016-02-13 06:47:46.

Flavor Version Tinstall Tcheck Ttotal Status Flags
r-devel-linux-x86_64-debian-gcc 0.0-5 3.59 37.12 40.71 NOTE
r-devel-linux-x86_64-fedora-clang 0.0-5 83.50 NOTE
r-devel-linux-x86_64-fedora-gcc 0.0-5 80.76 NOTE
r-devel-osx-x86_64-clang 0.0-5 82.54 NOTE
r-devel-windows-ix86+x86_64 0.0-5 15.00 110.00 125.00 NOTE
r-patched-linux-x86_64 0.0-5 4.14 39.45 43.59 OK
r-patched-solaris-sparc 0.0-5 520.50 OK
r-patched-solaris-x86 0.0-5 117.00 OK
r-release-linux-x86_64 0.0-5 4.22 40.09 44.31 OK
r-release-osx-x86_64-mavericks 0.0-5 NOTE
r-release-windows-ix86+x86_64 0.0-5 15.00 83.00 98.00 OK
r-oldrel-windows-ix86+x86_64 0.0-5 24.00 157.00 181.00 OK

Check Details

Version: 0.0-5
Check: R code for possible problems
Result: NOTE
    dixon: no visible global function definition for ‘pnorm’
    mNNtest: no visible global function definition for ‘pchisq’
    Undefined global functions or variables:
     pchisq pnorm
    Consider adding
     importFrom("stats", "pchisq", "pnorm")
    to your NAMESPACE file.
Flavors: r-devel-linux-x86_64-debian-gcc, r-devel-linux-x86_64-fedora-clang, r-devel-linux-x86_64-fedora-gcc, r-devel-osx-x86_64-clang, r-devel-windows-ix86+x86_64

Version: 0.0-5
Check: Rd cross-references
Result: NOTE
    Package unavailable to check Rd xrefs: ‘ecespa’
Flavor: r-release-osx-x86_64-mavericks