CRAN Package Check Results for Package dixon

Last updated on 2015-01-28 23:49:30.

Flavor Version Tinstall Tcheck Ttotal Status Flags
r-devel-linux-x86_64-debian-clang 0.0-5 4.43 42.12 46.56 OK
r-devel-linux-x86_64-debian-gcc 0.0-5 4.42 40.92 45.35 OK
r-devel-linux-x86_64-fedora-clang 0.0-5 127.48 OK
r-devel-linux-x86_64-fedora-gcc 0.0-5 112.98 OK
r-devel-osx-x86_64-clang 0.0-5 101.71 OK
r-devel-windows-ix86+x86_64 0.0-5 16.00 82.00 98.00 OK
r-patched-linux-x86_64 0.0-5 4.74 48.40 53.14 OK
r-patched-solaris-sparc 0.0-5 688.30 OK
r-patched-solaris-x86 0.0-5 168.00 OK
r-release-linux-ix86 0.0-5 5.56 58.22 63.78 OK
r-release-linux-x86_64 0.0-5 4.80 48.97 53.77 OK
r-release-osx-x86_64-mavericks 0.0-5 OK
r-release-osx-x86_64-snowleopard 0.0-5 NOTE
r-release-windows-ix86+x86_64 0.0-5 15.00 105.00 120.00 OK
r-oldrel-windows-ix86+x86_64 0.0-5 16.00 102.00 118.00 OK

Check Details

Version: 0.0-5
Check: Rd cross-references
Result: NOTE
    Package unavailable to check Rd xrefs: 'ecespa'
Flavor: r-release-osx-x86_64-snowleopard