CRAN Package Check Results for Package dixon

Last updated on 2016-06-28 14:48:21.

Flavor Version Tinstall Tcheck Ttotal Status Flags
r-devel-linux-x86_64-debian-gcc 0.0-5 3.44 38.33 41.77 NOTE
r-devel-linux-x86_64-fedora-clang 0.0-5 81.41 NOTE
r-devel-linux-x86_64-fedora-gcc 0.0-5 78.95 NOTE
r-devel-osx-x86_64-clang 0.0-5 63.19 NOTE
r-devel-windows-ix86+x86_64 0.0-5 14.00 132.00 146.00 NOTE
r-patched-linux-x86_64 0.0-5 4.03 40.52 44.55 NOTE
r-patched-solaris-sparc 0.0-5 481.10 NOTE
r-patched-solaris-x86 0.0-5 108.00 NOTE
r-release-linux-x86_64 0.0-5 3.62 39.29 42.91 NOTE
r-release-osx-x86_64-mavericks 0.0-5 NOTE
r-release-windows-ix86+x86_64 0.0-5 15.00 135.00 150.00 NOTE
r-oldrel-windows-ix86+x86_64 0.0-5 15.00 89.00 104.00 OK

Check Details

Version: 0.0-5
Check: R code for possible problems
Result: NOTE
    dixon: no visible global function definition for ‘pnorm’
    mNNtest: no visible global function definition for ‘pchisq’
    Undefined global functions or variables:
     pchisq pnorm
    Consider adding
     importFrom("stats", "pchisq", "pnorm")
    to your NAMESPACE file.
Flavors: r-devel-linux-x86_64-debian-gcc, r-devel-linux-x86_64-fedora-clang, r-devel-linux-x86_64-fedora-gcc, r-devel-osx-x86_64-clang, r-devel-windows-ix86+x86_64, r-patched-linux-x86_64, r-patched-solaris-sparc, r-patched-solaris-x86, r-release-linux-x86_64, r-release-osx-x86_64-mavericks, r-release-windows-ix86+x86_64