CRAN Package Check Results for Package dixon

Last updated on 2015-05-07 03:47:17.

Flavor Version Tinstall Tcheck Ttotal Status Flags
r-devel-linux-x86_64-debian-clang 0.0-5 3.76 40.87 44.63 OK
r-devel-linux-x86_64-debian-gcc 0.0-5 3.64 38.08 41.73 OK
r-devel-linux-x86_64-fedora-clang 0.0-5 91.49 OK
r-devel-linux-x86_64-fedora-gcc 0.0-5 85.31 OK
r-devel-osx-x86_64-clang 0.0-5 73.55 OK
r-devel-windows-ix86+x86_64 0.0-5 12.00 82.00 94.00 OK
r-patched-linux-x86_64 0.0-5 3.78 38.57 42.36 OK
r-patched-solaris-sparc 0.0-5 513.50 OK
r-patched-solaris-x86 0.0-5 124.00 OK
r-release-linux-x86_64 0.0-5 3.56 41.56 45.12 OK
r-release-osx-x86_64-mavericks 0.0-5 NOTE
r-release-osx-x86_64-snowleopard 0.0-5 NOTE
r-release-windows-ix86+x86_64 0.0-5 12.00 78.00 90.00 OK
r-oldrel-windows-ix86+x86_64 0.0-5 14.00 117.00 131.00 OK

Check Details

Version: 0.0-5
Check: Rd cross-references
Result: NOTE
    Package unavailable to check Rd xrefs: ‘ecespa’
Flavors: r-release-osx-x86_64-mavericks, r-release-osx-x86_64-snowleopard