CRAN Package Check Results for Package dixon

Last updated on 2014-09-17 21:46:32.

Flavor Version Tinstall Tcheck Ttotal Status Flags
r-devel-linux-x86_64-debian-clang 0.0-5 4.60 47.72 52.32 OK
r-devel-linux-x86_64-debian-gcc 0.0-5 4.48 46.37 50.85 OK
r-devel-linux-x86_64-fedora-clang 0.0-5 124.95 OK
r-devel-linux-x86_64-fedora-gcc 0.0-5 123.59 OK
r-devel-osx-x86_64-clang 0.0-5 94.54 OK
r-devel-windows-ix86+x86_64 0.0-5 13.00 89.00 102.00 OK
r-patched-linux-x86_64 0.0-5 4.72 49.98 54.70 OK
r-patched-solaris-sparc 0.0-5 687.50 OK
r-patched-solaris-x86 0.0-5 167.50 OK
r-release-linux-ix86 0.0-5 5.74 59.66 65.40 OK
r-release-linux-x86_64 0.0-5 4.78 50.91 55.69 OK
r-release-osx-x86_64-mavericks 0.0-5 OK
r-release-osx-x86_64-snowleopard 0.0-5 NOTE
r-release-windows-ix86+x86_64 0.0-5 14.00 102.00 116.00 OK
r-oldrel-windows-ix86+x86_64 0.0-5 13.00 99.00 112.00 OK

Check Details

Version: 0.0-5
Check: Rd cross-references
Result: NOTE
    Package unavailable to check Rd xrefs: 'ecespa'
Flavor: r-release-osx-x86_64-snowleopard