CRAN Package Check Results for Package dixon

Last updated on 2015-02-28 02:48:42.

Flavor Version Tinstall Tcheck Ttotal Status Flags
r-devel-linux-x86_64-debian-clang 0.0-5 3.69 38.42 42.11 OK
r-devel-linux-x86_64-debian-gcc 0.0-5 3.62 37.12 40.75 OK
r-devel-linux-x86_64-fedora-clang 0.0-5 89.38 OK
r-devel-linux-x86_64-fedora-gcc 0.0-5 85.38 OK
r-devel-osx-x86_64-clang 0.0-5 73.90 OK
r-devel-windows-ix86+x86_64 0.0-5 13.00 79.00 92.00 OK
r-patched-linux-x86_64 0.0-5 6.70 50.23 56.92 OK
r-patched-solaris-sparc 0.0-5 688.30 OK
r-release-linux-ix86 0.0-5 5.50 59.15 64.66 OK
r-release-linux-x86_64 0.0-5 5.15 49.57 54.72 OK
r-release-osx-x86_64-mavericks 0.0-5 OK
r-release-osx-x86_64-snowleopard 0.0-5 NOTE
r-release-windows-ix86+x86_64 0.0-5 15.00 97.00 112.00 OK
r-oldrel-windows-ix86+x86_64 0.0-5 16.00 112.00 128.00 OK

Check Details

Version: 0.0-5
Check: Rd cross-references
Result: NOTE
    Package unavailable to check Rd xrefs: 'ecespa'
Flavor: r-release-osx-x86_64-snowleopard