CRAN Package Check Results for Package dixon

Last updated on 2014-04-23 20:47:10.

Flavor Version Tinstall Tcheck Ttotal Status Flags
r-devel-linux-x86_64-debian-clang 0.0-5 4.90 51.18 56.08 OK
r-devel-linux-x86_64-debian-gcc 0.0-5 4.86 50.12 54.98 OK
r-devel-linux-x86_64-fedora-clang 0.0-5 132.27 OK
r-devel-linux-x86_64-fedora-gcc 0.0-5 128.03 OK
r-devel-osx-x86_64-clang 0.0-5 94.65 OK
r-devel-osx-x86_64-gcc 0.0-5 NOTE
r-devel-windows-ix86+x86_64 0.0-5 16.00 87.00 103.00 OK
r-patched-linux-x86_64 0.0-5 5.80 49.70 55.50 OK
r-patched-solaris-sparc 0.0-5 647.80 OK
r-patched-solaris-x86 0.0-5 165.30 OK
r-release-linux-ix86 0.0-5 7.00 80.00 87.00 OK
r-release-linux-x86_64 0.0-5 5.20 49.20 54.40 OK
r-release-osx-x86_64-mavericks 0.0-5 WARN
r-release-osx-x86_64-snowleopard 0.0-5 NOTE
r-release-windows-ix86+x86_64 0.0-5 12.00 90.00 102.00 OK
r-oldrel-windows-ix86+x86_64 0.0-5 15.00 86.00 101.00 OK

Check Details

Version: 0.0-5
Check: Rd cross-references
Result: NOTE
    Package unavailable to check Rd xrefs: ‘ecespa’
Flavors: r-devel-osx-x86_64-gcc, r-release-osx-x86_64-mavericks, r-release-osx-x86_64-snowleopard

Version: 0.0-5
Check: PDF version of manual
Result: WARNING
    LaTeX errors when creating PDF version.
    This typically indicates Rd problems.
    LaTeX errors found:
    ! LaTeX Error: File `upquote.sty' not found.
    
    Type X to quit or <RETURN> to proceed,
    or enter new name. (Default extension: sty)
    
    e5acb13/Rd2.tex:8: ==> Fatal error occurred, no output PDF file produced!
Flavor: r-release-osx-x86_64-mavericks