CRAN Package Check Results for Package dixon

Last updated on 2016-12-09 17:53:53.

Flavor Version Tinstall Tcheck Ttotal Status Flags
r-devel-linux-x86_64-debian-clang 0.0-5 3.49 38.85 42.33 NOTE
r-devel-linux-x86_64-debian-gcc 0.0-5 3.50 38.77 42.26 NOTE
r-devel-linux-x86_64-fedora-clang 0.0-5 103.65 NOTE --no-stop-on-test-error
r-devel-linux-x86_64-fedora-gcc 0.0-5 91.95 NOTE --no-stop-on-test-error
r-devel-macos-x86_64-clang 0.0-5 66.94 NOTE --no-stop-on-test-error
r-devel-windows-ix86+x86_64 0.0-5 13.00 115.00 128.00 NOTE
r-patched-linux-x86_64 0.0-5 3.54 35.83 39.37 NOTE
r-patched-solaris-sparc 0.0-5 481.10 NOTE
r-patched-solaris-x86 0.0-5 116.30 NOTE
r-release-linux-x86_64 0.0-5 3.34 36.10 39.44 NOTE
r-release-osx-x86_64-mavericks 0.0-5 NOTE
r-release-windows-ix86+x86_64 0.0-5 10.00 86.00 96.00 NOTE
r-oldrel-windows-ix86+x86_64 0.0-5 14.00 84.00 98.00 OK

Check Details

Version: 0.0-5
Check: R code for possible problems
Result: NOTE
    dixon: no visible global function definition for ‘pnorm’
    mNNtest: no visible global function definition for ‘pchisq’
    Undefined global functions or variables:
     pchisq pnorm
    Consider adding
     importFrom("stats", "pchisq", "pnorm")
    to your NAMESPACE file.
Flavors: r-devel-linux-x86_64-debian-clang, r-devel-linux-x86_64-debian-gcc, r-devel-windows-ix86+x86_64, r-patched-linux-x86_64, r-patched-solaris-sparc, r-patched-solaris-x86, r-release-linux-x86_64, r-release-osx-x86_64-mavericks, r-release-windows-ix86+x86_64

Version: 0.0-5
Flags: --no-stop-on-test-error
Check: R code for possible problems
Result: NOTE
    dixon: no visible global function definition for ‘pnorm’
    mNNtest: no visible global function definition for ‘pchisq’
    Undefined global functions or variables:
     pchisq pnorm
    Consider adding
     importFrom("stats", "pchisq", "pnorm")
    to your NAMESPACE file.
Flavors: r-devel-linux-x86_64-fedora-clang, r-devel-linux-x86_64-fedora-gcc, r-devel-macos-x86_64-clang