CRAN Package Check Results for Package dixon

Last updated on 2016-07-28 00:47:51.

Flavor Version Tinstall Tcheck Ttotal Status Flags
r-devel-linux-x86_64-debian-clang 0.0-5 3.80 45.26 49.07 NOTE
r-devel-linux-x86_64-debian-gcc 0.0-5 4.48 44.47 48.96 NOTE
r-devel-linux-x86_64-fedora-clang 0.0-5 84.47 NOTE
r-devel-linux-x86_64-fedora-gcc 0.0-5 80.22 NOTE
r-devel-osx-x86_64-clang 0.0-5 64.84 NOTE
r-devel-windows-ix86+x86_64 0.0-5 17.00 116.00 133.00 NOTE
r-patched-linux-x86_64 0.0-5 4.90 46.47 51.36 NOTE
r-patched-solaris-sparc 0.0-5 481.10 NOTE
r-patched-solaris-x86 0.0-5 107.20 NOTE
r-release-linux-x86_64 0.0-5 4.60 45.80 50.40 NOTE
r-release-osx-x86_64-mavericks 0.0-5 NOTE
r-release-windows-ix86+x86_64 0.0-5 17.00 115.00 132.00 NOTE
r-oldrel-windows-ix86+x86_64 0.0-5 16.00 121.00 137.00 OK

Check Details

Version: 0.0-5
Check: R code for possible problems
Result: NOTE
    dixon: no visible global function definition for ‘pnorm’
    mNNtest: no visible global function definition for ‘pchisq’
    Undefined global functions or variables:
     pchisq pnorm
    Consider adding
     importFrom("stats", "pchisq", "pnorm")
    to your NAMESPACE file.
Flavors: r-devel-linux-x86_64-debian-clang, r-devel-linux-x86_64-debian-gcc, r-devel-linux-x86_64-fedora-clang, r-devel-linux-x86_64-fedora-gcc, r-devel-osx-x86_64-clang, r-devel-windows-ix86+x86_64, r-patched-linux-x86_64, r-patched-solaris-sparc, r-patched-solaris-x86, r-release-linux-x86_64, r-release-osx-x86_64-mavericks, r-release-windows-ix86+x86_64