CRAN Package Check Results for Package dixon

Last updated on 2017-02-22 13:50:39.

Flavor Version Tinstall Tcheck Ttotal Status Flags
r-devel-linux-x86_64-debian-clang 0.0-5 3.64 39.40 43.04 NOTE
r-devel-linux-x86_64-debian-gcc 0.0-5 3.48 38.99 42.47 NOTE
r-devel-linux-x86_64-fedora-clang 0.0-5 93.26 NOTE --no-stop-on-test-error
r-devel-linux-x86_64-fedora-gcc 0.0-5 92.27 NOTE --no-stop-on-test-error
r-devel-macos-x86_64-clang 0.0-5 69.38 NOTE --no-stop-on-test-error
r-devel-windows-ix86+x86_64 0.0-5 20.00 206.00 226.00 NOTE
r-patched-linux-x86_64 0.0-5 3.44 37.44 40.88 NOTE
r-patched-solaris-sparc 0.0-5 493.00 NOTE
r-patched-solaris-x86 0.0-5 114.10 NOTE
r-release-linux-x86_64 0.0-5 3.41 36.86 40.27 NOTE
r-release-osx-x86_64-mavericks 0.0-5 NOTE
r-release-windows-ix86+x86_64 0.0-5 26.00 86.00 112.00 NOTE
r-oldrel-windows-ix86+x86_64 0.0-5 19.00 125.00 144.00 OK

Check Details

Version: 0.0-5
Check: R code for possible problems
Result: NOTE
    dixon: no visible global function definition for ‘pnorm’
    mNNtest: no visible global function definition for ‘pchisq’
    Undefined global functions or variables:
     pchisq pnorm
    Consider adding
     importFrom("stats", "pchisq", "pnorm")
    to your NAMESPACE file.
Flavors: r-devel-linux-x86_64-debian-clang, r-devel-linux-x86_64-debian-gcc, r-devel-windows-ix86+x86_64, r-patched-linux-x86_64, r-patched-solaris-sparc, r-patched-solaris-x86, r-release-linux-x86_64, r-release-osx-x86_64-mavericks, r-release-windows-ix86+x86_64

Version: 0.0-5
Check: compiled code
Result: NOTE
    File ‘dixon/libs/dixon.so’:
     Found no calls to: ‘R_registerRoutines’, ‘R_useDynamicSymbols’
    
    It is good practice to register native routines and to disable symbol
    search.
    
    See ‘Writing portable packages’ in the ‘Writing R Extensions’ manual.
Flavors: r-devel-linux-x86_64-debian-clang, r-devel-linux-x86_64-debian-gcc

Version: 0.0-5
Flags: --no-stop-on-test-error
Check: R code for possible problems
Result: NOTE
    dixon: no visible global function definition for ‘pnorm’
    mNNtest: no visible global function definition for ‘pchisq’
    Undefined global functions or variables:
     pchisq pnorm
    Consider adding
     importFrom("stats", "pchisq", "pnorm")
    to your NAMESPACE file.
Flavors: r-devel-linux-x86_64-fedora-clang, r-devel-linux-x86_64-fedora-gcc, r-devel-macos-x86_64-clang

Version: 0.0-5
Flags: --no-stop-on-test-error
Check: compiled code
Result: NOTE
    File ‘dixon/libs/dixon.so’:
     Found no calls to: ‘R_registerRoutines’, ‘R_useDynamicSymbols’
    
    It is good practice to register native routines and to disable symbol
    search.
    
    See ‘Writing portable packages’ in the ‘Writing R Extensions’ manual.
Flavors: r-devel-linux-x86_64-fedora-clang, r-devel-linux-x86_64-fedora-gcc, r-devel-macos-x86_64-clang