CRAN Package Check Results for Package dixon

Last updated on 2015-06-30 15:47:02.

Flavor Version Tinstall Tcheck Ttotal Status Flags
r-devel-linux-x86_64-debian-clang 0.0-5 4.21 40.35 44.56 NOTE
r-devel-linux-x86_64-debian-gcc 0.0-5 3.70 39.14 42.84 NOTE
r-devel-linux-x86_64-fedora-clang 0.0-5 90.01 NOTE
r-devel-linux-x86_64-fedora-gcc 0.0-5 83.81 OK
r-devel-osx-x86_64-clang 0.0-5 76.55 OK
r-devel-windows-ix86+x86_64 0.0-5 17.00 82.00 99.00 NOTE
r-patched-linux-x86_64 0.0-5 3.76 38.72 42.48 OK
r-patched-solaris-sparc 0.0-5 531.30 OK
r-patched-solaris-x86 0.0-5 122.80 OK
r-release-linux-x86_64 0.0-5 3.62 39.19 42.81 OK
r-release-osx-x86_64-mavericks 0.0-5 NOTE
r-release-windows-ix86+x86_64 0.0-5 15.00 82.00 97.00 OK
r-oldrel-windows-ix86+x86_64 0.0-5 17.00 97.00 114.00 OK

Check Details

Version: 0.0-5
Check: R code for possible problems
Result: NOTE
    dixon: no visible global function definition for ‘pnorm’
    mNNtest: no visible global function definition for ‘pchisq’
Flavors: r-devel-linux-x86_64-debian-clang, r-devel-linux-x86_64-debian-gcc, r-devel-linux-x86_64-fedora-clang, r-devel-windows-ix86+x86_64

Version: 0.0-5
Check: Rd cross-references
Result: NOTE
    Package unavailable to check Rd xrefs: ‘ecespa’
Flavor: r-release-osx-x86_64-mavericks