CRAN Package Check Results for Package dixon

Last updated on 2017-09-22 11:51:05.

Flavor Version Tinstall Tcheck Ttotal Status Flags
r-devel-linux-x86_64-debian-clang 0.0-5 3.30 40.20 43.50 NOTE
r-devel-linux-x86_64-debian-gcc 0.0-5 3.35 42.15 45.50 NOTE
r-devel-linux-x86_64-fedora-clang 0.0-5 96.20 NOTE
r-devel-linux-x86_64-fedora-gcc 0.0-5 95.71 NOTE
r-devel-windows-ix86+x86_64 0.0-5 13.00 92.00 105.00 NOTE
r-patched-linux-x86_64 0.0-5 3.70 40.39 44.08 NOTE
r-patched-solaris-x86 0.0-5 133.10 NOTE
r-release-linux-x86_64 0.0-5 3.29 39.55 42.84 NOTE
r-release-windows-ix86+x86_64 0.0-5 13.00 87.00 100.00 NOTE
r-release-osx-x86_64 0.0-5 NOTE
r-oldrel-windows-ix86+x86_64 0.0-5 10.00 82.00 92.00 NOTE
r-oldrel-osx-x86_64 0.0-5 NOTE

Check Details

Version: 0.0-5
Check: R code for possible problems
Result: NOTE
    dixon: no visible global function definition for ‘pnorm’
    mNNtest: no visible global function definition for ‘pchisq’
    Undefined global functions or variables:
     pchisq pnorm
    Consider adding
     importFrom("stats", "pchisq", "pnorm")
    to your NAMESPACE file.
Flavors: r-devel-linux-x86_64-debian-clang, r-devel-linux-x86_64-debian-gcc, r-devel-linux-x86_64-fedora-clang, r-devel-linux-x86_64-fedora-gcc, r-devel-windows-ix86+x86_64, r-patched-linux-x86_64, r-patched-solaris-x86, r-release-linux-x86_64, r-release-windows-ix86+x86_64, r-release-osx-x86_64, r-oldrel-windows-ix86+x86_64, r-oldrel-osx-x86_64

Version: 0.0-5
Check: compiled code
Result: NOTE
    File ‘dixon/libs/dixon.so’:
     Found no calls to: ‘R_registerRoutines’, ‘R_useDynamicSymbols’
    
    It is good practice to register native routines and to disable symbol
    search.
    
    See ‘Writing portable packages’ in the ‘Writing R Extensions’ manual.
Flavors: r-devel-linux-x86_64-debian-clang, r-devel-linux-x86_64-debian-gcc, r-devel-linux-x86_64-fedora-clang, r-devel-linux-x86_64-fedora-gcc, r-patched-linux-x86_64, r-release-linux-x86_64