CRAN Package Check Results for Package dixon

Last updated on 2014-11-26 17:51:29.

Flavor Version Tinstall Tcheck Ttotal Status Flags
r-devel-linux-x86_64-debian-clang 0.0-5 4.74 47.36 52.10 OK
r-devel-linux-x86_64-debian-gcc 0.0-5 4.44 45.59 50.03 OK
r-devel-linux-x86_64-fedora-clang 0.0-5 128.84 OK
r-devel-linux-x86_64-fedora-gcc 0.0-5 122.68 OK
r-devel-osx-x86_64-clang 0.0-5 100.67 OK
r-devel-windows-ix86+x86_64 0.0-5 14.00 92.00 106.00 OK
r-patched-linux-x86_64 0.0-5 4.76 48.69 53.45 OK
r-patched-solaris-sparc 0.0-5 687.50 OK
r-patched-solaris-x86 0.0-5 159.50 OK
r-release-linux-ix86 0.0-5 5.48 57.90 63.37 OK
r-release-linux-x86_64 0.0-5 4.82 49.04 53.86 OK
r-release-osx-x86_64-mavericks 0.0-5 OK
r-release-osx-x86_64-snowleopard 0.0-5 NOTE
r-release-windows-ix86+x86_64 0.0-5 16.00 100.00 116.00 OK
r-oldrel-windows-ix86+x86_64 0.0-5 15.00 94.00 109.00 OK

Check Details

Version: 0.0-5
Check: Rd cross-references
Result: NOTE
    Package unavailable to check Rd xrefs: 'ecespa'
Flavor: r-release-osx-x86_64-snowleopard