CRAN Package Check Results for Package dixon

Last updated on 2014-12-20 14:47:52.

Flavor Version Tinstall Tcheck Ttotal Status Flags
r-devel-linux-x86_64-debian-clang 0.0-5 4.61 46.96 51.56 OK
r-devel-linux-x86_64-debian-gcc 0.0-5 4.47 46.76 51.23 OK
r-devel-linux-x86_64-fedora-clang 0.0-5 128.16 OK
r-devel-linux-x86_64-fedora-gcc 0.0-5 119.59 OK
r-devel-osx-x86_64-clang 0.0-5 101.69 OK
r-devel-windows-ix86+x86_64 0.0-5 16.00 98.00 114.00 OK
r-patched-linux-x86_64 0.0-5 4.94 48.81 53.74 OK
r-patched-solaris-sparc 0.0-5 687.50 OK
r-patched-solaris-x86 0.0-5 162.30 OK
r-release-linux-ix86 0.0-5 5.50 57.56 63.06 OK
r-release-linux-x86_64 0.0-5 5.11 48.83 53.94 OK
r-release-osx-x86_64-mavericks 0.0-5 OK
r-release-osx-x86_64-snowleopard 0.0-5 NOTE
r-release-windows-ix86+x86_64 0.0-5 18.00 102.00 120.00 OK
r-oldrel-windows-ix86+x86_64 0.0-5 15.00 105.00 120.00 OK

Check Details

Version: 0.0-5
Check: Rd cross-references
Result: NOTE
    Package unavailable to check Rd xrefs: 'ecespa'
Flavor: r-release-osx-x86_64-snowleopard