CRAN Package Check Results for Package dixon

Last updated on 2017-04-24 20:47:09.

Flavor Version Tinstall Tcheck Ttotal Status Flags
r-devel-linux-x86_64-debian-clang 0.0-5 3.64 40.15 43.79 NOTE
r-devel-linux-x86_64-debian-gcc 0.0-5 3.59 39.31 42.90 NOTE
r-devel-linux-x86_64-fedora-clang 0.0-5 95.90 NOTE --no-stop-on-test-error
r-devel-linux-x86_64-fedora-gcc 0.0-5 103.36 NOTE --no-stop-on-test-error
r-devel-windows-ix86+x86_64 0.0-5 NOTE
r-patched-linux-x86_64 0.0-5 3.98 39.34 43.31 NOTE
r-patched-solaris-sparc 0.0-5 535.50 NOTE
r-patched-solaris-x86 0.0-5 127.70 NOTE
r-release-linux-x86_64 0.0-5 3.57 39.13 42.70 NOTE
r-release-windows-ix86+x86_64 0.0-5 12.00 94.00 106.00 NOTE
r-release-osx-x86_64 0.0-5 NOTE
r-oldrel-windows-ix86+x86_64 0.0-5 10.00 88.00 98.00 NOTE
r-oldrel-osx-x86_64 0.0-5 NOTE

Check Details

Version: 0.0-5
Check: R code for possible problems
Result: NOTE
    dixon: no visible global function definition for ‘pnorm’
    mNNtest: no visible global function definition for ‘pchisq’
    Undefined global functions or variables:
     pchisq pnorm
    Consider adding
     importFrom("stats", "pchisq", "pnorm")
    to your NAMESPACE file.
Flavors: r-devel-linux-x86_64-debian-clang, r-devel-linux-x86_64-debian-gcc, r-devel-windows-ix86+x86_64, r-patched-linux-x86_64, r-patched-solaris-sparc, r-patched-solaris-x86, r-release-linux-x86_64, r-release-windows-ix86+x86_64, r-release-osx-x86_64, r-oldrel-windows-ix86+x86_64, r-oldrel-osx-x86_64

Version: 0.0-5
Check: compiled code
Result: NOTE
    File ‘dixon/libs/dixon.so’:
     Found no calls to: ‘R_registerRoutines’, ‘R_useDynamicSymbols’
    
    It is good practice to register native routines and to disable symbol
    search.
    
    See ‘Writing portable packages’ in the ‘Writing R Extensions’ manual.
Flavors: r-devel-linux-x86_64-debian-clang, r-devel-linux-x86_64-debian-gcc, r-patched-linux-x86_64, r-release-linux-x86_64

Version: 0.0-5
Flags: --no-stop-on-test-error
Check: R code for possible problems
Result: NOTE
    dixon: no visible global function definition for ‘pnorm’
    mNNtest: no visible global function definition for ‘pchisq’
    Undefined global functions or variables:
     pchisq pnorm
    Consider adding
     importFrom("stats", "pchisq", "pnorm")
    to your NAMESPACE file.
Flavors: r-devel-linux-x86_64-fedora-clang, r-devel-linux-x86_64-fedora-gcc

Version: 0.0-5
Flags: --no-stop-on-test-error
Check: compiled code
Result: NOTE
    File ‘dixon/libs/dixon.so’:
     Found no calls to: ‘R_registerRoutines’, ‘R_useDynamicSymbols’
    
    It is good practice to register native routines and to disable symbol
    search.
    
    See ‘Writing portable packages’ in the ‘Writing R Extensions’ manual.
Flavors: r-devel-linux-x86_64-fedora-clang, r-devel-linux-x86_64-fedora-gcc