CRAN Package Check Results for Package dixon

Last updated on 2014-10-31 11:47:20.

Flavor Version Tinstall Tcheck Ttotal Status Flags
r-devel-linux-x86_64-debian-clang 0.0-5 4.80 49.01 53.81 OK
r-devel-linux-x86_64-debian-gcc 0.0-5 5.63 46.89 52.52 OK
r-devel-linux-x86_64-fedora-clang 0.0-5 127.86 OK
r-devel-linux-x86_64-fedora-gcc 0.0-5 121.55 OK
r-devel-osx-x86_64-clang 0.0-5 100.09 OK
r-devel-windows-ix86+x86_64 0.0-5 13.00 91.00 104.00 OK
r-patched-linux-x86_64 0.0-5 4.78 49.07 53.85 OK
r-patched-solaris-sparc 0.0-5 687.50 OK
r-patched-solaris-x86 0.0-5 165.90 OK
r-release-linux-ix86 0.0-5 5.75 60.27 66.02 OK
r-release-linux-x86_64 0.0-5 4.84 50.31 55.15 OK
r-release-osx-x86_64-mavericks 0.0-5 OK
r-release-osx-x86_64-snowleopard 0.0-5 NOTE
r-release-windows-ix86+x86_64 0.0-5 15.00 97.00 112.00 OK
r-oldrel-windows-ix86+x86_64 0.0-5 14.00 98.00 112.00 OK

Check Details

Version: 0.0-5
Check: Rd cross-references
Result: NOTE
    Package unavailable to check Rd xrefs: 'ecespa'
Flavor: r-release-osx-x86_64-snowleopard