CRAN Package Check Results for Package dixon

Last updated on 2016-05-30 03:47:32.

Flavor Version Tinstall Tcheck Ttotal Status Flags
r-devel-linux-x86_64-debian-gcc 0.0-5 3.80 38.88 42.68 NOTE
r-devel-linux-x86_64-fedora-clang 0.0-5 95.22 NOTE
r-devel-linux-x86_64-fedora-gcc 0.0-5 83.96 NOTE
r-devel-osx-x86_64-clang 0.0-5 84.98 NOTE
r-devel-windows-ix86+x86_64 0.0-5 10.00 84.00 94.00 NOTE
r-patched-linux-x86_64 0.0-5 3.57 39.39 42.96 NOTE
r-patched-solaris-sparc 0.0-5 478.50 NOTE
r-patched-solaris-x86 0.0-5 108.20 NOTE
r-release-linux-x86_64 0.0-5 3.62 38.68 42.30 NOTE
r-release-osx-x86_64-mavericks 0.0-5 NOTE
r-release-windows-ix86+x86_64 0.0-5 15.00 84.00 99.00 NOTE
r-oldrel-windows-ix86+x86_64 0.0-5 11.00 131.00 142.00 OK

Check Details

Version: 0.0-5
Check: R code for possible problems
Result: NOTE
    dixon: no visible global function definition for ‘pnorm’
    mNNtest: no visible global function definition for ‘pchisq’
    Undefined global functions or variables:
     pchisq pnorm
    Consider adding
     importFrom("stats", "pchisq", "pnorm")
    to your NAMESPACE file.
Flavors: r-devel-linux-x86_64-debian-gcc, r-devel-linux-x86_64-fedora-clang, r-devel-linux-x86_64-fedora-gcc, r-devel-osx-x86_64-clang, r-devel-windows-ix86+x86_64, r-patched-linux-x86_64, r-patched-solaris-sparc, r-patched-solaris-x86, r-release-linux-x86_64, r-release-osx-x86_64-mavericks, r-release-windows-ix86+x86_64