CRAN Package Check Results for Package dixon

Last updated on 2016-08-25 18:47:13.

Flavor Version Tinstall Tcheck Ttotal Status Flags
r-devel-linux-x86_64-debian-clang 0.0-5 3.66 40.73 44.40 NOTE
r-devel-linux-x86_64-debian-gcc 0.0-5 4.02 39.80 43.83 NOTE
r-devel-linux-x86_64-fedora-clang 0.0-5 86.90 NOTE
r-devel-linux-x86_64-fedora-gcc 0.0-5 80.55 NOTE
r-devel-osx-x86_64-clang 0.0-5 64.57 NOTE
r-devel-windows-ix86+x86_64 0.0-5 20.00 116.00 136.00 NOTE
r-patched-linux-x86_64 0.0-5 3.64 39.14 42.78 NOTE
r-patched-solaris-sparc 0.0-5 481.10 NOTE
r-patched-solaris-x86 0.0-5 107.90 NOTE
r-release-linux-x86_64 0.0-5 3.64 39.29 42.94 NOTE
r-release-osx-x86_64-mavericks 0.0-5 NOTE
r-release-windows-ix86+x86_64 0.0-5 17.00 118.00 135.00 NOTE
r-oldrel-windows-ix86+x86_64 0.0-5 6.00 1.00 7.00 OK

Check Details

Version: 0.0-5
Check: R code for possible problems
Result: NOTE
    dixon: no visible global function definition for ‘pnorm’
    mNNtest: no visible global function definition for ‘pchisq’
    Undefined global functions or variables:
     pchisq pnorm
    Consider adding
     importFrom("stats", "pchisq", "pnorm")
    to your NAMESPACE file.
Flavors: r-devel-linux-x86_64-debian-clang, r-devel-linux-x86_64-debian-gcc, r-devel-linux-x86_64-fedora-clang, r-devel-linux-x86_64-fedora-gcc, r-devel-osx-x86_64-clang, r-devel-windows-ix86+x86_64, r-patched-linux-x86_64, r-patched-solaris-sparc, r-patched-solaris-x86, r-release-linux-x86_64, r-release-osx-x86_64-mavericks, r-release-windows-ix86+x86_64