CRAN Package Check Results for Package dixon

Last updated on 2016-09-30 20:47:29.

Flavor Version Tinstall Tcheck Ttotal Status Flags
r-devel-linux-x86_64-debian-clang 0.0-5 3.47 37.27 40.74 NOTE
r-devel-linux-x86_64-debian-gcc 0.0-5 3.24 37.33 40.57 NOTE
r-devel-linux-x86_64-fedora-clang 0.0-5 90.14 NOTE
r-devel-linux-x86_64-fedora-gcc 0.0-5 76.39 NOTE
r-devel-macos-x86_64-clang 0.0-5 59.51 NOTE
r-devel-windows-ix86+x86_64 0.0-5 22.00 109.00 131.00 NOTE
r-patched-linux-x86_64 0.0-5 3.61 36.42 40.03 NOTE
r-patched-solaris-sparc 0.0-5 481.10 NOTE
r-patched-solaris-x86 0.0-5 107.20 NOTE
r-release-linux-x86_64 0.0-5 3.62 36.69 40.31 NOTE
r-release-osx-x86_64-mavericks 0.0-5 NOTE
r-release-windows-ix86+x86_64 0.0-5 11.00 135.00 146.00 NOTE
r-oldrel-windows-ix86+x86_64 0.0-5 19.00 110.00 129.00 OK

Check Details

Version: 0.0-5
Check: R code for possible problems
Result: NOTE
    dixon: no visible global function definition for ‘pnorm’
    mNNtest: no visible global function definition for ‘pchisq’
    Undefined global functions or variables:
     pchisq pnorm
    Consider adding
     importFrom("stats", "pchisq", "pnorm")
    to your NAMESPACE file.
Flavors: r-devel-linux-x86_64-debian-clang, r-devel-linux-x86_64-debian-gcc, r-devel-linux-x86_64-fedora-clang, r-devel-linux-x86_64-fedora-gcc, r-devel-macos-x86_64-clang, r-devel-windows-ix86+x86_64, r-patched-linux-x86_64, r-patched-solaris-sparc, r-patched-solaris-x86, r-release-linux-x86_64, r-release-osx-x86_64-mavericks, r-release-windows-ix86+x86_64