CRAN Package Check Results for Package dixon

Last updated on 2017-05-27 05:54:21.

Flavor Version Tinstall Tcheck Ttotal Status Flags
r-devel-linux-x86_64-debian-clang 0.0-5 3.94 41.49 45.43 NOTE
r-devel-linux-x86_64-debian-gcc 0.0-5 3.73 41.15 44.88 NOTE
r-devel-linux-x86_64-fedora-clang 0.0-5 92.02 NOTE
r-devel-linux-x86_64-fedora-gcc 0.0-5 93.45 NOTE
r-devel-windows-ix86+x86_64 0.0-5 11.00 103.00 114.00 NOTE
r-patched-linux-x86_64 0.0-5 4.06 42.54 46.61 NOTE
r-patched-solaris-sparc 0.0-5 535.50 NOTE
r-patched-solaris-x86 0.0-5 128.50 NOTE
r-release-linux-x86_64 0.0-5 3.54 40.65 44.19 NOTE
r-release-windows-ix86+x86_64 0.0-5 11.00 91.00 102.00 NOTE
r-release-osx-x86_64 0.0-5 NOTE
r-oldrel-windows-ix86+x86_64 0.0-5 16.00 85.00 101.00 NOTE
r-oldrel-osx-x86_64 0.0-5 NOTE

Check Details

Version: 0.0-5
Check: R code for possible problems
Result: NOTE
    dixon: no visible global function definition for ‘pnorm’
    mNNtest: no visible global function definition for ‘pchisq’
    Undefined global functions or variables:
     pchisq pnorm
    Consider adding
     importFrom("stats", "pchisq", "pnorm")
    to your NAMESPACE file.
Flavors: r-devel-linux-x86_64-debian-clang, r-devel-linux-x86_64-debian-gcc, r-devel-linux-x86_64-fedora-clang, r-devel-linux-x86_64-fedora-gcc, r-devel-windows-ix86+x86_64, r-patched-linux-x86_64, r-patched-solaris-sparc, r-patched-solaris-x86, r-release-linux-x86_64, r-release-windows-ix86+x86_64, r-release-osx-x86_64, r-oldrel-windows-ix86+x86_64, r-oldrel-osx-x86_64

Version: 0.0-5
Check: compiled code
Result: NOTE
    File ‘dixon/libs/dixon.so’:
     Found no calls to: ‘R_registerRoutines’, ‘R_useDynamicSymbols’
    
    It is good practice to register native routines and to disable symbol
    search.
    
    See ‘Writing portable packages’ in the ‘Writing R Extensions’ manual.
Flavors: r-devel-linux-x86_64-debian-clang, r-devel-linux-x86_64-debian-gcc, r-devel-linux-x86_64-fedora-clang, r-devel-linux-x86_64-fedora-gcc, r-patched-linux-x86_64, r-release-linux-x86_64