CRAN Package Check Results for Package dixon

Last updated on 2016-04-29 19:49:44.

Flavor Version Tinstall Tcheck Ttotal Status Flags
r-devel-linux-x86_64-debian-gcc 0.0-5 3.67 38.17 41.85 NOTE
r-devel-linux-x86_64-fedora-clang 0.0-5 83.97 NOTE
r-devel-linux-x86_64-fedora-gcc 0.0-5 79.58 NOTE
r-devel-osx-x86_64-clang 0.0-5 83.26 NOTE
r-devel-windows-ix86+x86_64 0.0-5 11.00 97.00 108.00 NOTE
r-patched-linux-x86_64 0.0-5 3.64 38.45 42.09 NOTE
r-patched-solaris-sparc 0.0-5 475.40 NOTE
r-patched-solaris-x86 0.0-5 107.10 NOTE
r-release-linux-x86_64 0.0-5 3.96 40.77 44.73 OK
r-release-osx-x86_64-mavericks 0.0-5 NOTE
r-release-windows-ix86+x86_64 0.0-5 10.00 99.00 109.00 OK
r-oldrel-windows-ix86+x86_64 0.0-5 21.00 158.00 179.00 OK

Check Details

Version: 0.0-5
Check: R code for possible problems
Result: NOTE
    dixon: no visible global function definition for ‘pnorm’
    mNNtest: no visible global function definition for ‘pchisq’
    Undefined global functions or variables:
     pchisq pnorm
    Consider adding
     importFrom("stats", "pchisq", "pnorm")
    to your NAMESPACE file.
Flavors: r-devel-linux-x86_64-debian-gcc, r-devel-linux-x86_64-fedora-clang, r-devel-linux-x86_64-fedora-gcc, r-devel-osx-x86_64-clang, r-devel-windows-ix86+x86_64, r-patched-linux-x86_64, r-patched-solaris-sparc, r-patched-solaris-x86

Version: 0.0-5
Check: Rd cross-references
Result: NOTE
    Package unavailable to check Rd xrefs: ‘ecespa’
Flavor: r-release-osx-x86_64-mavericks