CRAN Package Check Results for Package dixon

Last updated on 2017-01-24 15:48:00.

Flavor Version Tinstall Tcheck Ttotal Status Flags
r-devel-linux-x86_64-debian-clang 0.0-5 3.56 39.31 42.88 NOTE
r-devel-linux-x86_64-debian-gcc 0.0-5 3.61 39.11 42.72 NOTE
r-devel-linux-x86_64-fedora-clang 0.0-5 84.34 NOTE --no-stop-on-test-error
r-devel-linux-x86_64-fedora-gcc 0.0-5 83.02 NOTE --no-stop-on-test-error
r-devel-macos-x86_64-clang 0.0-5 60.74 NOTE --no-stop-on-test-error
r-devel-windows-ix86+x86_64 0.0-5 22.00 114.00 136.00 NOTE
r-patched-linux-x86_64 0.0-5 3.47 36.73 40.20 NOTE
r-patched-solaris-sparc 0.0-5 493.00 NOTE
r-patched-solaris-x86 0.0-5 111.10 NOTE
r-release-linux-x86_64 0.0-5 3.68 37.21 40.89 NOTE
r-release-osx-x86_64-mavericks 0.0-5 NOTE
r-release-windows-ix86+x86_64 0.0-5 18.00 111.00 129.00 NOTE
r-oldrel-windows-ix86+x86_64 0.0-5 26.00 184.00 210.00 OK

Check Details

Version: 0.0-5
Check: R code for possible problems
Result: NOTE
    dixon: no visible global function definition for ‘pnorm’
    mNNtest: no visible global function definition for ‘pchisq’
    Undefined global functions or variables:
     pchisq pnorm
    Consider adding
     importFrom("stats", "pchisq", "pnorm")
    to your NAMESPACE file.
Flavors: r-devel-linux-x86_64-debian-clang, r-devel-linux-x86_64-debian-gcc, r-devel-windows-ix86+x86_64, r-patched-linux-x86_64, r-patched-solaris-sparc, r-patched-solaris-x86, r-release-linux-x86_64, r-release-osx-x86_64-mavericks, r-release-windows-ix86+x86_64

Version: 0.0-5
Flags: --no-stop-on-test-error
Check: R code for possible problems
Result: NOTE
    dixon: no visible global function definition for ‘pnorm’
    mNNtest: no visible global function definition for ‘pchisq’
    Undefined global functions or variables:
     pchisq pnorm
    Consider adding
     importFrom("stats", "pchisq", "pnorm")
    to your NAMESPACE file.
Flavors: r-devel-linux-x86_64-fedora-clang, r-devel-linux-x86_64-fedora-gcc, r-devel-macos-x86_64-clang