CRAN Package Check Results for Package dixon

Last updated on 2017-03-23 06:47:56.

Flavor Version Tinstall Tcheck Ttotal Status Flags
r-devel-linux-x86_64-debian-clang 0.0-5 3.61 40.12 43.73 NOTE
r-devel-linux-x86_64-debian-gcc 0.0-5 0.31 2.04 2.34 ERROR
r-devel-linux-x86_64-fedora-clang 0.0-5 106.39 NOTE --no-stop-on-test-error
r-devel-linux-x86_64-fedora-gcc 0.0-5 101.57 NOTE --no-stop-on-test-error
r-devel-macos-x86_64-clang 0.0-5 69.11 NOTE --no-stop-on-test-error
r-devel-windows-ix86+x86_64 0.0-5 10.00 89.00 99.00 NOTE
r-patched-linux-x86_64 0.0-5 3.64 37.35 40.99 NOTE
r-patched-solaris-sparc 0.0-5 535.50 NOTE
r-patched-solaris-x86 0.0-5 131.10 NOTE
r-release-linux-x86_64 0.0-5 3.45 37.07 40.53 NOTE
r-release-osx-x86_64-mavericks 0.0-5 NOTE
r-release-windows-ix86+x86_64 0.0-5 17.00 81.00 98.00 NOTE
r-oldrel-windows-ix86+x86_64 0.0-5 23.00 130.00 153.00 OK

Check Details

Version: 0.0-5
Check: R code for possible problems
Result: NOTE
    dixon: no visible global function definition for ‘pnorm’
    mNNtest: no visible global function definition for ‘pchisq’
    Undefined global functions or variables:
     pchisq pnorm
    Consider adding
     importFrom("stats", "pchisq", "pnorm")
    to your NAMESPACE file.
Flavors: r-devel-linux-x86_64-debian-clang, r-devel-windows-ix86+x86_64, r-patched-linux-x86_64, r-patched-solaris-sparc, r-patched-solaris-x86, r-release-linux-x86_64, r-release-osx-x86_64-mavericks, r-release-windows-ix86+x86_64

Version: 0.0-5
Check: compiled code
Result: NOTE
    File ‘dixon/libs/dixon.so’:
     Found no calls to: ‘R_registerRoutines’, ‘R_useDynamicSymbols’
    
    It is good practice to register native routines and to disable symbol
    search.
    
    See ‘Writing portable packages’ in the ‘Writing R Extensions’ manual.
Flavor: r-devel-linux-x86_64-debian-clang

Version: 0.0-5
Check: package dependencies
Result: ERROR
    Package required but not available: ‘spatstat’
    
    See section ‘The DESCRIPTION file’ in the ‘Writing R Extensions’
    manual.
Flavor: r-devel-linux-x86_64-debian-gcc

Version: 0.0-5
Flags: --no-stop-on-test-error
Check: R code for possible problems
Result: NOTE
    dixon: no visible global function definition for ‘pnorm’
    mNNtest: no visible global function definition for ‘pchisq’
    Undefined global functions or variables:
     pchisq pnorm
    Consider adding
     importFrom("stats", "pchisq", "pnorm")
    to your NAMESPACE file.
Flavors: r-devel-linux-x86_64-fedora-clang, r-devel-linux-x86_64-fedora-gcc, r-devel-macos-x86_64-clang

Version: 0.0-5
Flags: --no-stop-on-test-error
Check: compiled code
Result: NOTE
    File ‘dixon/libs/dixon.so’:
     Found no calls to: ‘R_registerRoutines’, ‘R_useDynamicSymbols’
    
    It is good practice to register native routines and to disable symbol
    search.
    
    See ‘Writing portable packages’ in the ‘Writing R Extensions’ manual.
Flavors: r-devel-linux-x86_64-fedora-clang, r-devel-linux-x86_64-fedora-gcc, r-devel-macos-x86_64-clang