CRAN Package Check Results for Package dixon

Last updated on 2014-07-29 05:47:01.

Flavor Version Tinstall Tcheck Ttotal Status Flags
r-devel-linux-x86_64-debian-clang 0.0-5 4.77 48.52 53.28 OK
r-devel-linux-x86_64-debian-gcc 0.0-5 4.60 50.50 55.09 OK
r-devel-linux-x86_64-fedora-clang 0.0-5 130.36 OK
r-devel-linux-x86_64-fedora-gcc 0.0-5 123.00 OK
r-devel-osx-x86_64-clang 0.0-5 98.62 OK
r-devel-windows-ix86+x86_64 0.0-5 14.00 86.00 100.00 OK
r-patched-linux-x86_64 0.0-5 4.72 47.86 52.58 OK
r-patched-solaris-sparc 0.0-5 647.80 OK
r-patched-solaris-x86 0.0-5 164.40 OK
r-release-linux-ix86 0.0-5 5.66 58.12 63.78 OK
r-release-linux-x86_64 0.0-5 4.76 49.32 54.08 OK
r-release-osx-x86_64-mavericks 0.0-5 OK
r-release-osx-x86_64-snowleopard 0.0-5 NOTE
r-release-windows-ix86+x86_64 0.0-5 15.00 92.00 107.00 OK
r-oldrel-windows-ix86+x86_64 0.0-5 14.00 89.00 103.00 OK

Check Details

Version: 0.0-5
Check: Rd cross-references
Result: NOTE
    Package unavailable to check Rd xrefs: 'ecespa'
Flavor: r-release-osx-x86_64-snowleopard