CRAN Package Check Results for Package dixon

Last updated on 2014-08-29 14:46:57.

Flavor Version Tinstall Tcheck Ttotal Status Flags
r-devel-linux-x86_64-debian-clang 0.0-5 4.68 48.82 53.50 OK
r-devel-linux-x86_64-debian-gcc 0.0-5 4.41 46.17 50.58 OK
r-devel-linux-x86_64-fedora-clang 0.0-5 130.36 OK
r-devel-linux-x86_64-fedora-gcc 0.0-5 120.52 OK
r-devel-osx-x86_64-clang 0.0-5 95.81 OK
r-devel-windows-ix86+x86_64 0.0-5 13.00 89.00 102.00 OK
r-patched-linux-x86_64 0.0-5 4.70 48.88 53.57 OK
r-patched-solaris-sparc 0.0-5 687.50 OK
r-patched-solaris-x86 0.0-5 168.10 OK
r-release-linux-ix86 0.0-5 5.75 62.17 67.92 OK
r-release-linux-x86_64 0.0-5 4.75 50.11 54.86 OK
r-release-osx-x86_64-mavericks 0.0-5 OK
r-release-osx-x86_64-snowleopard 0.0-5 NOTE
r-release-windows-ix86+x86_64 0.0-5 13.00 95.00 108.00 ERROR
r-oldrel-windows-ix86+x86_64 0.0-5 13.00 93.00 106.00 OK

Check Details

Version: 0.0-5
Check: Rd cross-references
Result: NOTE
    Package unavailable to check Rd xrefs: 'ecespa'
Flavor: r-release-osx-x86_64-snowleopard

Version: 0.0-5
Check: whether package can be installed
Result: ERROR
    Installation failed.
Flavor: r-release-windows-ix86+x86_64