CRAN Package Check Results for Package dixon

Last updated on 2015-08-29 10:46:43.

Flavor Version Tinstall Tcheck Ttotal Status Flags
r-devel-linux-x86_64-debian-clang 0.0-5 3.84 38.52 42.37 NOTE
r-devel-linux-x86_64-debian-gcc 0.0-5 4.02 37.30 41.33 NOTE
r-devel-linux-x86_64-fedora-clang 0.0-5 88.71 NOTE
r-devel-linux-x86_64-fedora-gcc 0.0-5 86.51 NOTE
r-devel-osx-x86_64-clang 0.0-5 69.72 OK
r-devel-windows-ix86+x86_64 0.0-5 17.00 87.00 104.00 NOTE
r-patched-linux-x86_64 0.0-5 3.70 39.31 43.01 OK
r-patched-solaris-sparc 0.0-5 549.70 OK
r-patched-solaris-x86 0.0-5 127.20 OK
r-release-linux-x86_64 0.0-5 3.67 39.49 43.16 OK
r-release-osx-x86_64-mavericks 0.0-5 NOTE
r-release-windows-ix86+x86_64 0.0-5 15.00 90.00 105.00 OK
r-oldrel-windows-ix86+x86_64 0.0-5 24.00 111.00 135.00 OK

Check Details

Version: 0.0-5
Check: R code for possible problems
Result: NOTE
    dixon: no visible global function definition for ‘pnorm’
    mNNtest: no visible global function definition for ‘pchisq’
    Undefined global functions or variables:
     pchisq pnorm
    Consider adding
     importFrom("stats", "pchisq", "pnorm")
    to your NAMESPACE.
Flavors: r-devel-linux-x86_64-debian-clang, r-devel-linux-x86_64-debian-gcc, r-devel-linux-x86_64-fedora-clang, r-devel-linux-x86_64-fedora-gcc, r-devel-windows-ix86+x86_64

Version: 0.0-5
Check: Rd cross-references
Result: NOTE
    Package unavailable to check Rd xrefs: ‘ecespa’
Flavor: r-release-osx-x86_64-mavericks