CRAN Package Check Results for Package dixon

Last updated on 2017-11-24 09:47:38 CET.

Flavor Version Tinstall Tcheck Ttotal Status Flags
r-devel-linux-x86_64-debian-clang 0.0-5 3.40 57.81 61.22 NOTE
r-devel-linux-x86_64-debian-gcc 0.0-5 3.76 82.49 86.25 NOTE
r-devel-linux-x86_64-fedora-clang 0.0-5 79.57 NOTE
r-devel-linux-x86_64-fedora-gcc 0.0-5 78.25 NOTE
r-devel-windows-ix86+x86_64 0.0-5 6.00 3.00 9.00 ERROR
r-patched-linux-x86_64 0.0-5 5.09 101.33 106.42 NOTE
r-patched-solaris-x86 0.0-5 132.70 NOTE
r-release-linux-x86_64 0.0-5 4.77 97.55 102.31 NOTE
r-release-windows-ix86+x86_64 0.0-5 11.00 89.00 100.00 NOTE
r-release-osx-x86_64 0.0-5 NOTE
r-oldrel-windows-ix86+x86_64 0.0-5 11.00 90.00 101.00 NOTE
r-oldrel-osx-x86_64 0.0-5 NOTE

Check Details

Version: 0.0-5
Check: R code for possible problems
Result: NOTE
    dixon: no visible global function definition for ‘pnorm’
    mNNtest: no visible global function definition for ‘pchisq’
    Undefined global functions or variables:
     pchisq pnorm
    Consider adding
     importFrom("stats", "pchisq", "pnorm")
    to your NAMESPACE file.
Flavors: r-devel-linux-x86_64-debian-clang, r-devel-linux-x86_64-debian-gcc, r-devel-linux-x86_64-fedora-clang, r-devel-linux-x86_64-fedora-gcc, r-patched-linux-x86_64, r-patched-solaris-x86, r-release-linux-x86_64, r-release-windows-ix86+x86_64, r-release-osx-x86_64, r-oldrel-windows-ix86+x86_64, r-oldrel-osx-x86_64

Version: 0.0-5
Check: compiled code
Result: NOTE
    File ‘dixon/libs/dixon.so’:
     Found no calls to: ‘R_registerRoutines’, ‘R_useDynamicSymbols’
    
    It is good practice to register native routines and to disable symbol
    search.
    
    See ‘Writing portable packages’ in the ‘Writing R Extensions’ manual.
Flavors: r-devel-linux-x86_64-debian-clang, r-devel-linux-x86_64-debian-gcc, r-devel-linux-x86_64-fedora-clang, r-devel-linux-x86_64-fedora-gcc, r-patched-linux-x86_64, r-release-linux-x86_64

Version: 0.0-5
Check: whether package can be installed
Result: ERROR
    Installation failed.
Flavor: r-devel-windows-ix86+x86_64