CRAN Package Check Results for Package dlib

Last updated on 2018-11-19 22:55:58 CET.

Flavor Version Tinstall Tcheck Ttotal Status Flags
r-devel-linux-x86_64-debian-clang OK
r-devel-linux-x86_64-debian-gcc 1.0.3 7.12 20.43 27.55 OK
r-devel-linux-x86_64-fedora-clang 1.0.3 40.41 NOTE
r-devel-linux-x86_64-fedora-gcc 1.0.3 37.00 OK
r-devel-windows-ix86+x86_64 1.0.3 39.00 47.00 86.00 NOTE
r-patched-linux-x86_64 1.0.3 9.50 23.94 33.44 OK
r-patched-solaris-x86 1.0.3 68.10 NOTE
r-release-linux-x86_64 1.0.3 8.71 24.04 32.75 OK
r-release-windows-ix86+x86_64 1.0.3 50.00 51.00 101.00 NOTE
r-release-osx-x86_64 1.0.3 NOTE
r-oldrel-windows-ix86+x86_64 1.0.3 49.00 58.00 107.00 NOTE
r-oldrel-osx-x86_64 1.0.3 NOTE

Check Details

Version: 1.0.3
Check: installed package size
Result: NOTE
     installed size is 17.0Mb
     sub-directories of 1Mb or more:
     include 16.7Mb
Flavors: r-devel-linux-x86_64-fedora-clang, r-devel-windows-ix86+x86_64, r-patched-solaris-x86, r-release-windows-ix86+x86_64, r-release-osx-x86_64, r-oldrel-windows-ix86+x86_64, r-oldrel-osx-x86_64