CRAN Package Check Results for Package dlib

Last updated on 2018-09-23 18:46:48 CEST.

Flavor Version Tinstall Tcheck Ttotal Status Flags
r-devel-linux-x86_64-debian-clang 1.0.3 9.89 26.41 36.30 OK
r-devel-linux-x86_64-debian-gcc 1.0.3 6.77 21.41 28.18 OK
r-devel-linux-x86_64-fedora-clang 1.0.3 42.44 NOTE
r-devel-linux-x86_64-fedora-gcc 1.0.3 38.87 OK
r-devel-windows-ix86+x86_64 1.0.3 50.00 76.00 126.00 NOTE
r-patched-linux-x86_64 1.0.3 9.16 23.75 32.91 OK
r-patched-solaris-x86 1.0.3 65.10 NOTE
r-release-linux-x86_64 1.0.3 9.86 23.80 33.66 OK
r-release-windows-ix86+x86_64 1.0.3 29.00 72.00 101.00 NOTE
r-release-osx-x86_64 1.0.3 NOTE
r-oldrel-windows-ix86+x86_64 1.0.3 26.00 60.00 86.00 NOTE
r-oldrel-osx-x86_64 1.0.3 NOTE

Check Details

Version: 1.0.3
Check: installed package size
Result: NOTE
     installed size is 17.0Mb
     sub-directories of 1Mb or more:
     include 16.7Mb
Flavors: r-devel-linux-x86_64-fedora-clang, r-devel-windows-ix86+x86_64, r-patched-solaris-x86, r-release-windows-ix86+x86_64, r-release-osx-x86_64, r-oldrel-windows-ix86+x86_64, r-oldrel-osx-x86_64