CRAN Package Check Results for Package dlm

Last updated on 2014-08-23 20:46:51.

Flavor Version Tinstall Tcheck Ttotal Status Flags
r-devel-linux-x86_64-debian-clang 1.1-3 3.03 17.92 20.94 NOTE
r-devel-linux-x86_64-debian-gcc 1.1-3 4.98 17.46 22.44 NOTE
r-devel-linux-x86_64-fedora-clang 1.1-3 47.68 NOTE
r-devel-linux-x86_64-fedora-gcc 1.1-3 47.51 NOTE
r-devel-osx-x86_64-clang 1.1-3 40.00 NOTE
r-devel-windows-ix86+x86_64 1.1-3 15.00 35.00 50.00 NOTE
r-patched-linux-x86_64 1.1-3 5.00 18.57 23.57 NOTE
r-patched-solaris-sparc 1.1-3 285.30 NOTE
r-patched-solaris-x86 1.1-3 74.70 NOTE
r-release-linux-ix86 1.1-3 5.32 25.32 30.64 NOTE
r-release-linux-x86_64 1.1-3 5.04 18.21 23.25 NOTE
r-release-osx-x86_64-mavericks 1.1-3 NOTE
r-release-windows-ix86+x86_64 1.1-3 16.00 32.00 48.00 NOTE
r-oldrel-windows-ix86+x86_64 1.1-3 17.00 103.00 120.00 NOTE

Check Details

Version: 1.1-3
Check: for old-style vignette sources
Result: NOTE
    Vignette sources only in ‘inst/doc’:
     ‘dlm.Rnw’
    A ‘vignettes’ directory is required as from R 3.1.0
    and these will not be indexed nor checked
Flavors: r-devel-linux-x86_64-debian-clang, r-devel-linux-x86_64-debian-gcc, r-devel-linux-x86_64-fedora-clang, r-devel-linux-x86_64-fedora-gcc, r-devel-osx-x86_64-clang, r-devel-windows-ix86+x86_64, r-patched-linux-x86_64, r-patched-solaris-sparc, r-patched-solaris-x86, r-release-linux-ix86, r-release-linux-x86_64, r-release-osx-x86_64-mavericks, r-release-windows-ix86+x86_64

Version: 1.1-3
Check: for old-style vignette sources
Result: NOTE
    Vignette sources only in 'inst/doc':
     'dlm.Rnw'
    A 'vignettes' directory will be required as from R 3.1.0
Flavor: r-oldrel-windows-ix86+x86_64