CRAN Package Check Results for Package dlm

Last updated on 2014-07-23 22:46:59.

Flavor Version Tinstall Tcheck Ttotal Status Flags
r-devel-linux-x86_64-debian-clang 1.1-3 2.75 19.40 22.15 NOTE
r-devel-linux-x86_64-debian-gcc 1.1-3 4.89 17.72 22.60 NOTE
r-devel-linux-x86_64-fedora-clang 1.1-3 49.73 NOTE
r-devel-linux-x86_64-fedora-gcc 1.1-3 52.67 NOTE
r-devel-osx-x86_64-clang 1.1-3 39.43 NOTE
r-devel-windows-ix86+x86_64 1.1-3 16.00 35.00 51.00 NOTE
r-patched-linux-x86_64 1.1-3 4.78 18.08 22.86 NOTE
r-patched-solaris-sparc 1.1-3 263.40 NOTE
r-patched-solaris-x86 1.1-3 73.00 NOTE
r-release-linux-ix86 1.1-3 5.41 25.41 30.82 NOTE
r-release-linux-x86_64 1.1-3 4.81 18.53 23.34 NOTE
r-release-osx-x86_64-mavericks 1.1-3 NOTE
r-release-windows-ix86+x86_64 1.1-3 16.00 32.00 48.00 NOTE
r-oldrel-windows-ix86+x86_64 1.1-3 15.00 101.00 116.00 NOTE

Check Details

Version: 1.1-3
Check: for old-style vignette sources
Result: NOTE
    Vignette sources only in ‘inst/doc’:
     ‘dlm.Rnw’
    A ‘vignettes’ directory is required as from R 3.1.0
    and these will not be indexed nor checked
Flavors: r-devel-linux-x86_64-debian-clang, r-devel-linux-x86_64-debian-gcc, r-devel-linux-x86_64-fedora-clang, r-devel-linux-x86_64-fedora-gcc, r-devel-osx-x86_64-clang, r-patched-linux-x86_64, r-patched-solaris-sparc, r-patched-solaris-x86, r-release-linux-ix86, r-release-linux-x86_64, r-release-osx-x86_64-mavericks

Version: 1.1-3
Check: for old-style vignette sources
Result: NOTE
    Vignette sources only in 'inst/doc':
     'dlm.Rnw'
    A 'vignettes' directory is required as from R 3.1.0
    and these will not be indexed nor checked
    * checking examples ...
Flavors: r-devel-windows-ix86+x86_64, r-release-windows-ix86+x86_64

Version: 1.1-3
Check: for old-style vignette sources
Result: NOTE
    Vignette sources only in 'inst/doc':
     'dlm.Rnw'
    A 'vignettes' directory will be required as from R 3.1.0
    * checking examples ...
Flavor: r-oldrel-windows-ix86+x86_64