CRAN Package Check Results for Package dlm

Last updated on 2015-05-30 19:47:11.

Flavor Version Tinstall Tcheck Ttotal Status Flags
r-devel-linux-x86_64-debian-clang 1.1-4 4.05 63.53 67.58 NOTE
r-devel-linux-x86_64-debian-gcc 1.1-4 5.02 61.94 66.96 NOTE
r-devel-linux-x86_64-fedora-clang 1.1-4 132.80 NOTE
r-devel-linux-x86_64-fedora-gcc 1.1-4 126.73 NOTE
r-devel-osx-x86_64-clang 1.1-4 102.82 NOTE
r-devel-windows-ix86+x86_64 1.1-4 18.00 95.00 113.00 NOTE
r-patched-linux-x86_64 1.1-4 4.84 76.75 81.60 NOTE
r-patched-solaris-sparc 1.1-4 834.80 NOTE
r-patched-solaris-x86 1.1-4 173.30 NOTE
r-release-linux-x86_64 1.1-4 4.77 62.68 67.45 NOTE
r-release-osx-x86_64-mavericks 1.1-4 NOTE
r-release-osx-x86_64-snowleopard 1.1-4 NOTE
r-release-windows-ix86+x86_64 1.1-4 16.00 91.00 107.00 NOTE
r-oldrel-windows-ix86+x86_64 1.1-4 16.00 100.00 116.00 OK

Check Details

Version: 1.1-4
Check: DESCRIPTION meta-information
Result: NOTE
    Malformed Description field: should contain one or more complete sentences.
Flavors: r-devel-linux-x86_64-debian-clang, r-devel-linux-x86_64-debian-gcc, r-devel-linux-x86_64-fedora-clang, r-devel-linux-x86_64-fedora-gcc, r-devel-osx-x86_64-clang, r-devel-windows-ix86+x86_64, r-patched-linux-x86_64, r-patched-solaris-sparc, r-patched-solaris-x86, r-release-linux-x86_64, r-release-osx-x86_64-mavericks, r-release-osx-x86_64-snowleopard, r-release-windows-ix86+x86_64

Version: 1.1-4
Check: S3 generic/method consistency
Result: NOTE
    Found the following apparent S3 methods exported but not registered:
     dlmSmooth.default
    See section ‘Registering S3 methods’ in the ‘Writing R Extensions’
    manual.
Flavors: r-devel-linux-x86_64-debian-clang, r-devel-linux-x86_64-debian-gcc, r-devel-linux-x86_64-fedora-clang, r-devel-linux-x86_64-fedora-gcc, r-devel-osx-x86_64-clang, r-patched-linux-x86_64, r-patched-solaris-sparc, r-patched-solaris-x86, r-release-linux-x86_64