CRAN Package Check Results for Package dlm

Last updated on 2015-07-01 17:47:33.

Flavor Version Tinstall Tcheck Ttotal Status Flags
r-devel-linux-x86_64-debian-clang 1.1-4 4.11 65.06 69.17 NOTE
r-devel-linux-x86_64-debian-gcc 1.1-4 4.87 61.34 66.20 NOTE
r-devel-linux-x86_64-fedora-clang 1.1-4 129.97 NOTE
r-devel-linux-x86_64-fedora-gcc 1.1-4 124.11 NOTE
r-devel-osx-x86_64-clang 1.1-4 106.41 NOTE
r-devel-windows-ix86+x86_64 1.1-4 24.00 103.00 127.00 NOTE
r-patched-linux-x86_64 1.1-4 4.99 62.60 67.59 NOTE
r-patched-solaris-sparc 1.1-4 834.80 NOTE
r-patched-solaris-x86 1.1-4 173.20 NOTE
r-release-linux-x86_64 1.1-4 4.84 61.54 66.38 NOTE
r-release-osx-x86_64-mavericks 1.1-4 NOTE
r-release-windows-ix86+x86_64 1.1-4 18.00 106.00 124.00 NOTE
r-oldrel-windows-ix86+x86_64 1.1-4 23.00 110.00 133.00 OK

Check Details

Version: 1.1-4
Check: DESCRIPTION meta-information
Result: NOTE
    Malformed Description field: should contain one or more complete sentences.
Flavors: r-devel-linux-x86_64-debian-clang, r-devel-linux-x86_64-debian-gcc, r-devel-linux-x86_64-fedora-clang, r-devel-linux-x86_64-fedora-gcc, r-devel-osx-x86_64-clang, r-devel-windows-ix86+x86_64, r-patched-linux-x86_64, r-patched-solaris-sparc, r-patched-solaris-x86, r-release-linux-x86_64, r-release-osx-x86_64-mavericks, r-release-windows-ix86+x86_64

Version: 1.1-4
Check: S3 generic/method consistency
Result: NOTE
    Found the following apparent S3 methods exported but not registered:
     dlmSmooth.default
    See section ‘Registering S3 methods’ in the ‘Writing R Extensions’
    manual.
Flavors: r-devel-linux-x86_64-debian-clang, r-devel-linux-x86_64-debian-gcc, r-devel-linux-x86_64-fedora-clang, r-devel-linux-x86_64-fedora-gcc, r-devel-osx-x86_64-clang, r-patched-linux-x86_64, r-patched-solaris-sparc, r-patched-solaris-x86, r-release-linux-x86_64

Version: 1.1-4
Check: R code for possible problems
Result: NOTE
    arms: no visible global function definition for ‘rnorm’
    dlmBSample: no visible global function definition for ‘tsp’
    dlmBSample: no visible global function definition for ‘rnorm’
    dlmBSample: no visible global function definition for ‘tsp<-’
    dlmFilter: no visible global function definition for ‘tsp’
    dlmFilter: no visible global function definition for ‘tsp<-’
    dlmForecast: no visible global function definition for ‘is.ts’
    dlmForecast: no visible global function definition for ‘window’
    dlmForecast: no visible global function definition for ‘end’
    dlmForecast: no visible global function definition for ‘tsp<-’
    dlmForecast: no visible global function definition for ‘tsp’
    dlmForecast: no visible global function definition for ‘rnorm’
    dlmForecast: no visible global function definition for ‘ts’
    dlmForecast : <anonymous>: no visible global function definition for
     ‘ts’
    dlmGibbsDIG: no visible global function definition for ‘hasArg’
    dlmGibbsDIG: no visible global function definition for ‘txtProgressBar’
    dlmGibbsDIG: no visible global function definition for
     ‘setTxtProgressBar’
    dlmGibbsDIG: no visible global function definition for ‘rgamma’
    dlmMLE: no visible global function definition for ‘optim’
    dlmModARMA: no visible global function definition for ‘hasArg’
    dlmModTrig: no visible global function definition for ‘hasArg’
    dlmRandom: no visible global function definition for ‘rnorm’
    dlmRandom: no visible global function definition for ‘runif’
    dlmRandom: no visible global function definition for ‘hasArg’
    dropFirst: no visible global function definition for ‘start’
    dropFirst: no visible global function definition for ‘frequency’
    dropFirst: no visible global function definition for ‘window’
    dropFirst: no visible global function definition for ‘tsp’
    ergMean: no visible global function definition for ‘hasArg’
    mcmcMean : univariateSD: no visible global function definition for
     ‘acf’
    mcmcMean : univariateSD: no visible global function definition for
     ‘var’
    mcmcMeans : univariateSD: no visible global function definition for
     ‘acf’
    mcmcMeans : univariateSD: no visible global function definition for
     ‘var’
    mcmcSD : univariate: no visible global function definition for ‘acf’
    mcmcSD : univariate: no visible global function definition for ‘var’
    residuals.dlmFiltered: no visible global function definition for
     ‘is.ts’
    rwishart: no visible global function definition for ‘rchisq’
    rwishart: no visible global function definition for ‘rnorm’
    tsdiag.dlmFiltered: no visible global function definition for
     ‘residuals’
    tsdiag.dlmFiltered: no visible global function definition for ‘par’
    tsdiag.dlmFiltered: no visible global function definition for ‘plot’
    tsdiag.dlmFiltered: no visible global function definition for ‘abline’
    tsdiag.dlmFiltered: no visible global function definition for ‘acf’
    tsdiag.dlmFiltered: no visible binding for global variable ‘na.pass’
    tsdiag.dlmFiltered: no visible global function definition for
     ‘Box.test’
    tsdiag.dlmFiltered: no visible global function definition for
     ‘dev.interactive’
    tsdiag.dlmFiltered: no visible global function definition for ‘mtext’
Flavors: r-devel-linux-x86_64-debian-clang, r-devel-linux-x86_64-debian-gcc, r-devel-linux-x86_64-fedora-clang, r-devel-linux-x86_64-fedora-gcc, r-devel-windows-ix86+x86_64