CRAN Package Check Results for Package dlm

Last updated on 2015-01-31 19:51:21.

Flavor Version Tinstall Tcheck Ttotal Status Flags
r-devel-linux-x86_64-debian-clang 1.1-4 3.12 62.91 66.03 NOTE
r-devel-linux-x86_64-debian-gcc 1.1-4 4.76 60.73 65.48 NOTE
r-devel-linux-x86_64-fedora-clang 1.1-4 136.70 NOTE
r-devel-linux-x86_64-fedora-gcc 1.1-4 131.50 NOTE
r-devel-osx-x86_64-clang 1.1-4 106.01 NOTE
r-devel-windows-ix86+x86_64 1.1-4 22.00 93.00 115.00 OK
r-patched-linux-x86_64 1.1-4 4.87 69.49 74.36 OK
r-patched-solaris-sparc 1.1-4 899.20 OK
r-patched-solaris-x86 1.1-4 184.60 OK
r-release-linux-ix86 1.1-4 5.15 85.62 90.78 OK
r-release-linux-x86_64 1.1-4 4.90 70.06 74.96 OK
r-release-osx-x86_64-mavericks 1.1-4 OK
r-release-osx-x86_64-snowleopard 1.1-4 OK
r-release-windows-ix86+x86_64 1.1-4 16.00 115.00 131.00 OK
r-oldrel-windows-ix86+x86_64 1.1-4 16.00 103.00 119.00 OK

Check Details

Version: 1.1-4
Check: S3 generic/method consistency
Result: NOTE
    Found the following apparent S3 methods exported but not registered:
     dlmSmooth.default
    See section ‘Registering S3 methods’ in the ‘Writing R Extensions’
    manual.
Flavors: r-devel-linux-x86_64-debian-clang, r-devel-linux-x86_64-debian-gcc, r-devel-linux-x86_64-fedora-clang, r-devel-linux-x86_64-fedora-gcc, r-devel-osx-x86_64-clang