CRAN Package Check Results for Package dlm

Last updated on 2015-02-28 07:49:59.

Flavor Version Tinstall Tcheck Ttotal Status Flags
r-devel-linux-x86_64-debian-clang 1.1-4 3.26 66.88 70.14 NOTE
r-devel-linux-x86_64-debian-gcc 1.1-4 5.70 61.68 67.39 NOTE
r-devel-linux-x86_64-fedora-clang 1.1-4 131.56 NOTE
r-devel-linux-x86_64-fedora-gcc 1.1-4 124.68 NOTE
r-devel-osx-x86_64-clang 1.1-4 104.42 NOTE
r-devel-windows-ix86+x86_64 1.1-4 23.00 98.00 121.00 NOTE
r-patched-linux-x86_64 1.1-4 4.88 69.43 74.31 OK
r-patched-solaris-sparc 1.1-4 899.20 OK
r-patched-solaris-x86 1.1-4 185.00 OK
r-release-linux-ix86 1.1-4 5.19 85.06 90.25 OK
r-release-linux-x86_64 1.1-4 6.15 70.61 76.76 OK
r-release-osx-x86_64-mavericks 1.1-4 OK
r-release-osx-x86_64-snowleopard 1.1-4 OK
r-release-windows-ix86+x86_64 1.1-4 16.00 106.00 122.00 OK
r-oldrel-windows-ix86+x86_64 1.1-4 18.00 104.00 122.00 OK

Check Details

Version: 1.1-4
Check: DESCRIPTION meta-information
Result: NOTE
    Malformed Description field: should contain one or more complete sentences.
Flavors: r-devel-linux-x86_64-debian-clang, r-devel-linux-x86_64-debian-gcc, r-devel-linux-x86_64-fedora-clang, r-devel-linux-x86_64-fedora-gcc, r-devel-osx-x86_64-clang, r-devel-windows-ix86+x86_64

Version: 1.1-4
Check: S3 generic/method consistency
Result: NOTE
    Found the following apparent S3 methods exported but not registered:
     dlmSmooth.default
    See section ‘Registering S3 methods’ in the ‘Writing R Extensions’
    manual.
Flavors: r-devel-linux-x86_64-debian-clang, r-devel-linux-x86_64-debian-gcc, r-devel-linux-x86_64-fedora-clang, r-devel-linux-x86_64-fedora-gcc, r-devel-osx-x86_64-clang