CRAN Package Check Results for Package dlm

Last updated on 2015-03-27 15:47:11.

Flavor Version Tinstall Tcheck Ttotal Status Flags
r-devel-linux-x86_64-debian-clang 1.1-4 4.14 70.28 74.41 NOTE
r-devel-linux-x86_64-debian-gcc 1.1-4 4.89 61.48 66.38 NOTE
r-devel-linux-x86_64-fedora-clang 1.1-4 132.36 NOTE
r-devel-linux-x86_64-fedora-gcc 1.1-4 126.26 NOTE
r-devel-osx-x86_64-clang 1.1-4 111.23 NOTE
r-prerel-windows-ix86+x86_64 1.1-4 16.00 96.00 112.00 NOTE
r-prerel-linux-x86_64 1.1-4 4.84 61.75 66.59 NOTE
r-prerel-solaris-sparc 1.1-4 850.30 NOTE
r-prerel-solaris-x86 1.1-4 169.80 NOTE
r-release-linux-x86_64 1.1-4 4.97 70.93 75.90 OK
r-release-osx-x86_64-mavericks 1.1-4 OK
r-release-osx-x86_64-snowleopard 1.1-4 OK
r-release-windows-ix86+x86_64 1.1-4 16.00 114.00 130.00 OK
r-oldrel-windows-ix86+x86_64 1.1-4 17.00 105.00 122.00 OK

Check Details

Version: 1.1-4
Check: DESCRIPTION meta-information
Result: NOTE
    Malformed Description field: should contain one or more complete sentences.
Flavors: r-devel-linux-x86_64-debian-clang, r-devel-linux-x86_64-debian-gcc, r-devel-linux-x86_64-fedora-clang, r-devel-linux-x86_64-fedora-gcc, r-devel-osx-x86_64-clang, r-prerel-windows-ix86+x86_64, r-prerel-linux-x86_64, r-prerel-solaris-sparc, r-prerel-solaris-x86

Version: 1.1-4
Check: S3 generic/method consistency
Result: NOTE
    Found the following apparent S3 methods exported but not registered:
     dlmSmooth.default
    See section ‘Registering S3 methods’ in the ‘Writing R Extensions’
    manual.
Flavors: r-devel-linux-x86_64-debian-clang, r-devel-linux-x86_64-debian-gcc, r-devel-linux-x86_64-fedora-clang, r-devel-linux-x86_64-fedora-gcc, r-devel-osx-x86_64-clang, r-prerel-linux-x86_64