CRAN Package Check Results for Package dlm

Last updated on 2014-04-24 07:52:26.

Flavor Version Tinstall Tcheck Ttotal Status Flags
r-devel-linux-x86_64-debian-clang 1.1-3 2.68 19.06 21.74 NOTE
r-devel-linux-x86_64-debian-gcc 1.1-3 4.90 19.24 24.15 NOTE
r-devel-linux-x86_64-fedora-clang 1.1-3 48.01 NOTE
r-devel-linux-x86_64-fedora-gcc 1.1-3 50.36 NOTE
r-devel-osx-x86_64-clang 1.1-3 36.28 NOTE
r-devel-osx-x86_64-gcc 1.1-3 NOTE
r-devel-windows-ix86+x86_64 1.1-3 15.00 35.00 50.00 NOTE
r-patched-linux-x86_64 1.1-3 4.74 19.56 24.30 NOTE
r-patched-solaris-sparc 1.1-3 263.40 NOTE
r-patched-solaris-x86 1.1-3 77.20 NOTE
r-release-linux-ix86 1.1-3 8.00 35.00 43.00 NOTE
r-release-linux-x86_64 1.1-3 4.85 18.97 23.82 NOTE
r-release-osx-x86_64-mavericks 1.1-3 WARN
r-release-windows-ix86+x86_64 1.1-3 16.00 34.00 50.00 NOTE
r-oldrel-windows-ix86+x86_64 1.1-3 18.00 104.00 122.00 NOTE

Check Details

Version: 1.1-3
Check: for old-style vignette sources
Result: NOTE
    Vignette sources only in ‘inst/doc’:
     ‘dlm.Rnw’
    A ‘vignettes’ directory is required as from R 3.1.0
    and these will not be indexed nor checked
Flavors: r-devel-linux-x86_64-debian-clang, r-devel-linux-x86_64-debian-gcc, r-devel-linux-x86_64-fedora-clang, r-devel-linux-x86_64-fedora-gcc, r-devel-osx-x86_64-clang, r-devel-osx-x86_64-gcc, r-patched-linux-x86_64, r-patched-solaris-sparc, r-patched-solaris-x86, r-release-linux-ix86, r-release-linux-x86_64, r-release-osx-x86_64-mavericks

Version: 1.1-3
Check: for old-style vignette sources
Result: NOTE
    Vignette sources only in 'inst/doc':
     'dlm.Rnw'
    A 'vignettes' directory is required as from R 3.1.0
    and these will not be indexed nor checked
    * checking examples ...
Flavors: r-devel-windows-ix86+x86_64, r-release-windows-ix86+x86_64

Version: 1.1-3
Check: PDF version of manual
Result: WARNING
    LaTeX errors when creating PDF version.
    This typically indicates Rd problems.
    LaTeX errors found:
    ! LaTeX Error: File `upquote.sty' not found.
    
    Type X to quit or <RETURN> to proceed,
    or enter new name. (Default extension: sty)
    
    75eac90/Rd2.tex:8: ==> Fatal error occurred, no output PDF file produced!
Flavor: r-release-osx-x86_64-mavericks

Version: 1.1-3
Check: for old-style vignette sources
Result: NOTE
    Vignette sources only in 'inst/doc':
     'dlm.Rnw'
    A 'vignettes' directory will be required as from R 3.1.0
    * checking examples ...
Flavor: r-oldrel-windows-ix86+x86_64