CRAN Package Check Results for Package dlmodeler

Last updated on 2015-04-27 21:46:29.

Flavor Version Tinstall Tcheck Ttotal Status Flags
r-devel-linux-x86_64-debian-clang 1.4-2 0.72 163.07 163.79 NOTE
r-devel-linux-x86_64-debian-gcc 1.4-2 1.08 169.06 170.14 NOTE
r-devel-linux-x86_64-fedora-clang 1.4-2 343.96 NOTE
r-devel-linux-x86_64-fedora-gcc 1.4-2 324.13 NOTE
r-devel-osx-x86_64-clang 1.4-2 291.43 NOTE
r-devel-windows-ix86+x86_64 1.4-2 3.00 262.00 265.00 NOTE
r-patched-linux-x86_64 1.4-2 0.76 159.19 159.94 NOTE
r-patched-solaris-sparc 1.4-2 181.60 NOTE --no-tests
r-patched-solaris-x86 1.4-2 362.50 NOTE
r-release-linux-x86_64 1.4-2 0.72 160.91 161.63 NOTE
r-release-osx-x86_64-mavericks 1.4-2 NOTE
r-release-osx-x86_64-snowleopard 1.4-2 NOTE
r-release-windows-ix86+x86_64 1.4-2 5.00 332.00 337.00 NOTE
r-oldrel-windows-ix86+x86_64 1.4-2 3.00 279.00 282.00 NOTE

Check Details

Version: 1.4-2
Check: dependencies in R code
Result: NOTE
    'library' or 'require' calls in package code:
     ‘FKF’ ‘dlm’
     Please use :: or requireNamespace() instead.
     See section 'Suggested packages' in the 'Writing R Extensions' manual.
Flavors: r-devel-linux-x86_64-debian-clang, r-devel-linux-x86_64-debian-gcc, r-devel-linux-x86_64-fedora-clang, r-devel-linux-x86_64-fedora-gcc, r-devel-osx-x86_64-clang, r-devel-windows-ix86+x86_64, r-patched-solaris-x86, r-release-linux-x86_64, r-release-osx-x86_64-mavericks, r-release-osx-x86_64-snowleopard, r-release-windows-ix86+x86_64, r-oldrel-windows-ix86+x86_64

Version: 1.4-2
Check: S3 generic/method consistency
Result: NOTE
    Found the following apparent S3 methods exported but not registered:
     %%.dlmodeler *.dlmodeler +.dlmodeler
    See section ‘Registering S3 methods’ in the ‘Writing R Extensions’
    manual.
Flavors: r-devel-linux-x86_64-debian-clang, r-devel-linux-x86_64-debian-gcc, r-devel-linux-x86_64-fedora-clang, r-devel-linux-x86_64-fedora-gcc, r-devel-osx-x86_64-clang, r-patched-solaris-x86, r-release-linux-x86_64

Version: 1.4-2
Flags: --no-tests
Check: dependencies in R code
Result: NOTE
    'library' or 'require' calls in package code:
     ‘FKF’ ‘dlm’
     Please use :: or requireNamespace() instead.
     See section 'Suggested packages' in the 'Writing R Extensions' manual.
Flavor: r-patched-solaris-sparc