CRAN Package Check Results for Package dlmodeler

Last updated on 2017-01-21 16:48:30.

Flavor Version Tinstall Tcheck Ttotal Status Flags
r-devel-linux-x86_64-debian-clang 1.4-2 0.86 185.34 186.19 NOTE
r-devel-linux-x86_64-debian-gcc 1.4-2 0.91 171.14 172.05 NOTE
r-devel-linux-x86_64-fedora-clang 1.4-2 328.13 NOTE --no-stop-on-test-error
r-devel-linux-x86_64-fedora-gcc 1.4-2 310.14 NOTE --no-stop-on-test-error
r-devel-macos-x86_64-clang 1.4-2 255.38 NOTE --no-stop-on-test-error
r-devel-windows-ix86+x86_64 1.4-2 5.00 356.00 361.00 NOTE
r-patched-linux-x86_64 1.4-2 0.74 178.54 179.28 NOTE
r-patched-solaris-sparc 1.4-2 169.90 NOTE --no-tests
r-patched-solaris-x86 1.4-2 347.40 NOTE
r-release-linux-x86_64 1.4-2 0.76 183.18 183.94 NOTE
r-release-osx-x86_64-mavericks 1.4-2 NOTE
r-release-windows-ix86+x86_64 1.4-2 9.00 366.00 375.00 NOTE
r-oldrel-windows-ix86+x86_64 1.4-2 5.00 367.00 372.00 NOTE

Check Details

Version: 1.4-2
Check: dependencies in R code
Result: NOTE
    'library' or 'require' calls in package code:
     ‘FKF’ ‘dlm’
     Please use :: or requireNamespace() instead.
     See section 'Suggested packages' in the 'Writing R Extensions' manual.
Flavors: r-devel-linux-x86_64-debian-clang, r-devel-linux-x86_64-debian-gcc, r-devel-windows-ix86+x86_64, r-patched-linux-x86_64, r-patched-solaris-x86, r-release-linux-x86_64, r-release-osx-x86_64-mavericks, r-release-windows-ix86+x86_64, r-oldrel-windows-ix86+x86_64

Version: 1.4-2
Check: S3 generic/method consistency
Result: NOTE
    Found the following apparent S3 methods exported but not registered:
     %%.dlmodeler *.dlmodeler +.dlmodeler
    See section ‘Registering S3 methods’ in the ‘Writing R Extensions’
    manual.
Flavors: r-devel-linux-x86_64-debian-clang, r-devel-linux-x86_64-debian-gcc, r-patched-linux-x86_64, r-patched-solaris-x86, r-release-linux-x86_64

Version: 1.4-2
Check: R code for possible problems
Result: NOTE
    dlmodeler.extract: no visible global function definition for ‘qnorm’
    dlmodeler.fit.MAD: no visible global function definition for ‘optim’
    dlmodeler.fit.MAPE: no visible global function definition for ‘optim’
    dlmodeler.fit.MLE: no visible global function definition for ‘optim’
    dlmodeler.fit.MSE: no visible global function definition for ‘optim’
    dlmodeler.fit.sigma : fit.fun: no visible global function definition
     for ‘var’
    dlmodeler.fit.sigma: no visible global function definition for ‘optim’
    dlmodeler.forecast: no visible global function definition for ‘qnorm’
    Undefined global functions or variables:
     optim qnorm var
    Consider adding
     importFrom("stats", "optim", "qnorm", "var")
    to your NAMESPACE file.
Flavors: r-devel-linux-x86_64-debian-clang, r-devel-linux-x86_64-debian-gcc, r-devel-windows-ix86+x86_64, r-patched-linux-x86_64, r-patched-solaris-x86, r-release-linux-x86_64, r-release-osx-x86_64-mavericks, r-release-windows-ix86+x86_64

Version: 1.4-2
Flags: --no-stop-on-test-error
Check: dependencies in R code
Result: NOTE
    'library' or 'require' calls in package code:
     ‘FKF’ ‘dlm’
     Please use :: or requireNamespace() instead.
     See section 'Suggested packages' in the 'Writing R Extensions' manual.
Flavors: r-devel-linux-x86_64-fedora-clang, r-devel-linux-x86_64-fedora-gcc, r-devel-macos-x86_64-clang

Version: 1.4-2
Flags: --no-stop-on-test-error
Check: S3 generic/method consistency
Result: NOTE
    Found the following apparent S3 methods exported but not registered:
     %%.dlmodeler *.dlmodeler +.dlmodeler
    See section ‘Registering S3 methods’ in the ‘Writing R Extensions’
    manual.
Flavors: r-devel-linux-x86_64-fedora-clang, r-devel-linux-x86_64-fedora-gcc, r-devel-macos-x86_64-clang

Version: 1.4-2
Flags: --no-stop-on-test-error
Check: R code for possible problems
Result: NOTE
    dlmodeler.extract: no visible global function definition for ‘qnorm’
    dlmodeler.fit.MAD: no visible global function definition for ‘optim’
    dlmodeler.fit.MAPE: no visible global function definition for ‘optim’
    dlmodeler.fit.MLE: no visible global function definition for ‘optim’
    dlmodeler.fit.MSE: no visible global function definition for ‘optim’
    dlmodeler.fit.sigma : fit.fun: no visible global function definition
     for ‘var’
    dlmodeler.fit.sigma: no visible global function definition for ‘optim’
    dlmodeler.forecast: no visible global function definition for ‘qnorm’
    Undefined global functions or variables:
     optim qnorm var
    Consider adding
     importFrom("stats", "optim", "qnorm", "var")
    to your NAMESPACE file.
Flavors: r-devel-linux-x86_64-fedora-clang, r-devel-linux-x86_64-fedora-gcc, r-devel-macos-x86_64-clang

Version: 1.4-2
Flags: --no-tests
Check: dependencies in R code
Result: NOTE
    'library' or 'require' calls in package code:
     ‘FKF’ ‘dlm’
     Please use :: or requireNamespace() instead.
     See section 'Suggested packages' in the 'Writing R Extensions' manual.
Flavor: r-patched-solaris-sparc

Version: 1.4-2
Flags: --no-tests
Check: S3 generic/method consistency
Result: NOTE
    Found the following apparent S3 methods exported but not registered:
     %%.dlmodeler *.dlmodeler +.dlmodeler
    See section ‘Registering S3 methods’ in the ‘Writing R Extensions’
    manual.
Flavor: r-patched-solaris-sparc

Version: 1.4-2
Flags: --no-tests
Check: R code for possible problems
Result: NOTE
    dlmodeler.extract: no visible global function definition for ‘qnorm’
    dlmodeler.fit.MAD: no visible global function definition for ‘optim’
    dlmodeler.fit.MAPE: no visible global function definition for ‘optim’
    dlmodeler.fit.MLE: no visible global function definition for ‘optim’
    dlmodeler.fit.MSE: no visible global function definition for ‘optim’
    dlmodeler.fit.sigma : fit.fun: no visible global function definition
     for ‘var’
    dlmodeler.fit.sigma: no visible global function definition for ‘optim’
    dlmodeler.forecast: no visible global function definition for ‘qnorm’
    Undefined global functions or variables:
     optim qnorm var
    Consider adding
     importFrom("stats", "optim", "qnorm", "var")
    to your NAMESPACE file.
Flavor: r-patched-solaris-sparc