CRAN Package Check Results for Package dlmodeler

Last updated on 2017-12-11 19:48:09 CET.

Flavor Version Tinstall Tcheck Ttotal Status Flags
r-devel-linux-x86_64-debian-clang 1.4-2 1.06 264.72 265.78 NOTE
r-devel-linux-x86_64-debian-gcc 1.4-2 0.84 242.07 242.91 NOTE
r-devel-linux-x86_64-fedora-clang 1.4-2 327.88 NOTE
r-devel-linux-x86_64-fedora-gcc 1.4-2 319.95 NOTE
r-devel-windows-ix86+x86_64 1.4-2 4.00 261.00 265.00 NOTE
r-patched-linux-x86_64 1.4-2 1.04 313.80 314.84 NOTE
r-patched-solaris-x86 1.4-2 344.10 NOTE
r-release-linux-x86_64 1.4-2 1.18 311.61 312.79 NOTE
r-release-windows-ix86+x86_64 1.4-2 4.00 280.00 284.00 NOTE
r-release-osx-x86_64 1.4-2 NOTE
r-oldrel-windows-ix86+x86_64 1.4-2 4.00 311.00 315.00 NOTE
r-oldrel-osx-x86_64 1.4-2 NOTE

Check Details

Version: 1.4-2
Check: dependencies in R code
Result: NOTE
    'library' or 'require' calls in package code:
     ‘FKF’ ‘dlm’
     Please use :: or requireNamespace() instead.
     See section 'Suggested packages' in the 'Writing R Extensions' manual.
Flavors: r-devel-linux-x86_64-debian-clang, r-devel-linux-x86_64-debian-gcc, r-devel-linux-x86_64-fedora-clang, r-devel-linux-x86_64-fedora-gcc, r-devel-windows-ix86+x86_64, r-patched-linux-x86_64, r-patched-solaris-x86, r-release-linux-x86_64, r-release-windows-ix86+x86_64, r-release-osx-x86_64, r-oldrel-windows-ix86+x86_64, r-oldrel-osx-x86_64

Version: 1.4-2
Check: S3 generic/method consistency
Result: NOTE
    Found the following apparent S3 methods exported but not registered:
     %%.dlmodeler *.dlmodeler +.dlmodeler
    See section ‘Registering S3 methods’ in the ‘Writing R Extensions’
    manual.
Flavors: r-devel-linux-x86_64-debian-clang, r-devel-linux-x86_64-debian-gcc, r-devel-linux-x86_64-fedora-clang, r-devel-linux-x86_64-fedora-gcc, r-patched-linux-x86_64, r-patched-solaris-x86, r-release-linux-x86_64

Version: 1.4-2
Check: R code for possible problems
Result: NOTE
    dlmodeler.extract: no visible global function definition for ‘qnorm’
    dlmodeler.fit.MAD: no visible global function definition for ‘optim’
    dlmodeler.fit.MAPE: no visible global function definition for ‘optim’
    dlmodeler.fit.MLE: no visible global function definition for ‘optim’
    dlmodeler.fit.MSE: no visible global function definition for ‘optim’
    dlmodeler.fit.sigma : fit.fun: no visible global function definition
     for ‘var’
    dlmodeler.fit.sigma: no visible global function definition for ‘optim’
    dlmodeler.forecast: no visible global function definition for ‘qnorm’
    Undefined global functions or variables:
     optim qnorm var
    Consider adding
     importFrom("stats", "optim", "qnorm", "var")
    to your NAMESPACE file.
Flavors: r-devel-linux-x86_64-debian-clang, r-devel-linux-x86_64-debian-gcc, r-devel-linux-x86_64-fedora-clang, r-devel-linux-x86_64-fedora-gcc, r-devel-windows-ix86+x86_64, r-patched-linux-x86_64, r-patched-solaris-x86, r-release-linux-x86_64, r-release-windows-ix86+x86_64, r-release-osx-x86_64, r-oldrel-windows-ix86+x86_64, r-oldrel-osx-x86_64