CRAN Package Check Results for Package dlmodeler

Last updated on 2018-02-24 12:47:55 CET.

Flavor Version Tinstall Tcheck Ttotal Status Flags
r-devel-linux-x86_64-debian-clang 1.4-2 2.48 292.41 294.89 NOTE
r-devel-linux-x86_64-debian-gcc 1.4-2 2.26 215.72 217.98 NOTE
r-devel-linux-x86_64-fedora-clang 1.4-2 339.35 NOTE
r-devel-linux-x86_64-fedora-gcc 1.4-2 326.27 NOTE
r-devel-windows-ix86+x86_64 1.4-2 7.00 297.00 304.00 NOTE
r-patched-linux-x86_64 1.4-2 0.89 309.97 310.86 NOTE
r-patched-solaris-x86 1.4-2 359.10 NOTE
r-release-linux-x86_64 1.4-2 1.03 314.89 315.92 NOTE
r-release-windows-ix86+x86_64 1.4-2 3.00 370.00 373.00 NOTE
r-release-osx-x86_64 1.4-2 NOTE
r-oldrel-windows-ix86+x86_64 1.4-2 3.00 359.00 362.00 NOTE
r-oldrel-osx-x86_64 1.4-2 NOTE

Check Details

Version: 1.4-2
Check: dependencies in R code
Result: NOTE
    'library' or 'require' calls in package code:
     ‘FKF’ ‘dlm’
     Please use :: or requireNamespace() instead.
     See section 'Suggested packages' in the 'Writing R Extensions' manual.
Flavors: r-devel-linux-x86_64-debian-clang, r-devel-linux-x86_64-debian-gcc, r-devel-linux-x86_64-fedora-clang, r-devel-linux-x86_64-fedora-gcc, r-devel-windows-ix86+x86_64, r-patched-linux-x86_64, r-patched-solaris-x86, r-release-linux-x86_64, r-release-windows-ix86+x86_64, r-release-osx-x86_64, r-oldrel-windows-ix86+x86_64, r-oldrel-osx-x86_64

Version: 1.4-2
Check: S3 generic/method consistency
Result: NOTE
    Found the following apparent S3 methods exported but not registered:
     %%.dlmodeler *.dlmodeler +.dlmodeler
    See section ‘Registering S3 methods’ in the ‘Writing R Extensions’
    manual.
Flavors: r-devel-linux-x86_64-debian-clang, r-devel-linux-x86_64-debian-gcc, r-devel-linux-x86_64-fedora-clang, r-devel-linux-x86_64-fedora-gcc, r-patched-linux-x86_64, r-patched-solaris-x86, r-release-linux-x86_64

Version: 1.4-2
Check: R code for possible problems
Result: NOTE
    dlmodeler.extract: no visible global function definition for ‘qnorm’
    dlmodeler.fit.MAD: no visible global function definition for ‘optim’
    dlmodeler.fit.MAPE: no visible global function definition for ‘optim’
    dlmodeler.fit.MLE: no visible global function definition for ‘optim’
    dlmodeler.fit.MSE: no visible global function definition for ‘optim’
    dlmodeler.fit.sigma : fit.fun: no visible global function definition
     for ‘var’
    dlmodeler.fit.sigma: no visible global function definition for ‘optim’
    dlmodeler.forecast: no visible global function definition for ‘qnorm’
    Undefined global functions or variables:
     optim qnorm var
    Consider adding
     importFrom("stats", "optim", "qnorm", "var")
    to your NAMESPACE file.
Flavors: r-devel-linux-x86_64-debian-clang, r-devel-linux-x86_64-debian-gcc, r-devel-linux-x86_64-fedora-clang, r-devel-linux-x86_64-fedora-gcc, r-devel-windows-ix86+x86_64, r-patched-linux-x86_64, r-patched-solaris-x86, r-release-linux-x86_64, r-release-windows-ix86+x86_64, r-release-osx-x86_64, r-oldrel-windows-ix86+x86_64, r-oldrel-osx-x86_64