CRAN Package Check Results for Package dlmodeler

Last updated on 2015-03-05 19:47:51.

Flavor Version Tinstall Tcheck Ttotal Status Flags
r-devel-linux-x86_64-debian-clang 1.4-2 1.03 132.26 133.29 NOTE
r-devel-linux-x86_64-debian-gcc 1.4-2 0.71 139.18 139.89 NOTE
r-devel-linux-x86_64-fedora-clang 1.4-2 268.60 NOTE
r-devel-linux-x86_64-fedora-gcc 1.4-2 264.61 NOTE
r-devel-osx-x86_64-clang 1.4-2 254.90 NOTE
r-devel-windows-ix86+x86_64 1.4-2 3.00 179.00 182.00 NOTE
r-patched-linux-x86_64 1.4-2 0.78 147.62 148.40 NOTE
r-patched-solaris-sparc 1.4-2 201.00 NOTE --no-tests
r-patched-solaris-x86 1.4-2 313.60 NOTE
r-release-linux-ix86 1.4-2 1.14 215.64 216.78 OK
r-release-linux-x86_64 1.4-2 0.94 148.06 149.00 OK
r-release-osx-x86_64-mavericks 1.4-2 OK
r-release-osx-x86_64-snowleopard 1.4-2 OK
r-release-windows-ix86+x86_64 1.4-2 3.00 251.00 254.00 OK
r-oldrel-windows-ix86+x86_64 1.4-2 4.00 425.00 429.00 OK

Check Details

Version: 1.4-2
Check: dependencies in R code
Result: NOTE
    'library' or 'require' calls in package code:
     ‘FKF’ ‘dlm’
     Please use :: or requireNamespace() instead.
     See section 'Suggested packages' in the 'Writing R Extensions' manual.
Flavors: r-devel-linux-x86_64-debian-clang, r-devel-linux-x86_64-debian-gcc, r-devel-linux-x86_64-fedora-clang, r-devel-linux-x86_64-fedora-gcc, r-devel-osx-x86_64-clang, r-devel-windows-ix86+x86_64, r-patched-linux-x86_64, r-patched-solaris-x86

Version: 1.4-2
Check: S3 generic/method consistency
Result: NOTE
    Found the following apparent S3 methods exported but not registered:
     %%.dlmodeler *.dlmodeler +.dlmodeler
    See section ‘Registering S3 methods’ in the ‘Writing R Extensions’
    manual.
Flavors: r-devel-linux-x86_64-debian-clang, r-devel-linux-x86_64-debian-gcc, r-devel-linux-x86_64-fedora-clang, r-devel-linux-x86_64-fedora-gcc, r-devel-osx-x86_64-clang

Version: 1.4-2
Flags: --no-tests
Check: dependencies in R code
Result: NOTE
    'library' or 'require' calls in package code:
     ‘FKF’ ‘dlm’
     Please use :: or requireNamespace() instead.
     See section 'Suggested packages' in the 'Writing R Extensions' manual.
Flavor: r-patched-solaris-sparc