CRAN Package Check Results for Package dlmodeler

Last updated on 2015-05-22 17:46:35.

Flavor Version Tinstall Tcheck Ttotal Status Flags
r-devel-linux-x86_64-debian-clang 1.4-2 0.74 158.06 158.80 NOTE
r-devel-linux-x86_64-debian-gcc 1.4-2 0.70 155.64 156.33 NOTE
r-devel-linux-x86_64-fedora-clang 1.4-2 336.07 NOTE
r-devel-linux-x86_64-fedora-gcc 1.4-2 312.08 NOTE
r-devel-osx-x86_64-clang 1.4-2 305.77 NOTE
r-devel-windows-ix86+x86_64 1.4-2 4.00 248.00 252.00 NOTE
r-patched-linux-x86_64 1.4-2 0.72 159.22 159.93 NOTE
r-patched-solaris-sparc 1.4-2 181.60 NOTE --no-tests
r-patched-solaris-x86 1.4-2 355.10 NOTE
r-release-linux-x86_64 1.4-2 0.72 168.23 168.95 NOTE
r-release-osx-x86_64-mavericks 1.4-2 NOTE
r-release-osx-x86_64-snowleopard 1.4-2 NOTE
r-release-windows-ix86+x86_64 1.4-2 3.00 239.00 242.00 NOTE
r-oldrel-windows-ix86+x86_64 1.4-2 3.00 265.00 268.00 NOTE

Check Details

Version: 1.4-2
Check: dependencies in R code
Result: NOTE
    'library' or 'require' calls in package code:
     ‘FKF’ ‘dlm’
     Please use :: or requireNamespace() instead.
     See section 'Suggested packages' in the 'Writing R Extensions' manual.
Flavors: r-devel-linux-x86_64-debian-clang, r-devel-linux-x86_64-debian-gcc, r-devel-linux-x86_64-fedora-clang, r-devel-linux-x86_64-fedora-gcc, r-devel-osx-x86_64-clang, r-devel-windows-ix86+x86_64, r-patched-linux-x86_64, r-patched-solaris-x86, r-release-linux-x86_64, r-release-osx-x86_64-mavericks, r-release-osx-x86_64-snowleopard, r-release-windows-ix86+x86_64, r-oldrel-windows-ix86+x86_64

Version: 1.4-2
Check: S3 generic/method consistency
Result: NOTE
    Found the following apparent S3 methods exported but not registered:
     %%.dlmodeler *.dlmodeler +.dlmodeler
    See section ‘Registering S3 methods’ in the ‘Writing R Extensions’
    manual.
Flavors: r-devel-linux-x86_64-debian-clang, r-devel-linux-x86_64-debian-gcc, r-devel-linux-x86_64-fedora-clang, r-devel-linux-x86_64-fedora-gcc, r-devel-osx-x86_64-clang, r-patched-linux-x86_64, r-patched-solaris-x86, r-release-linux-x86_64

Version: 1.4-2
Flags: --no-tests
Check: dependencies in R code
Result: NOTE
    'library' or 'require' calls in package code:
     ‘FKF’ ‘dlm’
     Please use :: or requireNamespace() instead.
     See section 'Suggested packages' in the 'Writing R Extensions' manual.
Flavor: r-patched-solaris-sparc