CRAN Package Check Results for Package dlmodeler

Last updated on 2015-01-27 10:47:38.

Flavor Version Tinstall Tcheck Ttotal Status Flags
r-devel-linux-x86_64-debian-clang 1.4-2 0.76 137.50 138.25 NOTE
r-devel-linux-x86_64-debian-gcc 1.4-2 0.74 131.34 132.08 NOTE
r-devel-linux-x86_64-fedora-clang 1.4-2 292.84 NOTE
r-devel-linux-x86_64-fedora-gcc 1.4-2 288.29 NOTE
r-devel-osx-x86_64-clang 1.4-2 251.34 NOTE
r-devel-windows-ix86+x86_64 1.4-2 3.00 198.00 201.00 NOTE
r-patched-linux-x86_64 1.4-2 0.82 146.08 146.89 OK
r-patched-solaris-sparc 1.4-2 210.70 OK --no-tests
r-patched-solaris-x86 1.4-2 309.60 OK
r-release-linux-ix86 1.4-2 1.06 214.56 215.62 OK
r-release-linux-x86_64 1.4-2 0.82 148.08 148.90 OK
r-release-osx-x86_64-mavericks 1.4-2 OK
r-release-osx-x86_64-snowleopard 1.4-2 OK
r-release-windows-ix86+x86_64 1.4-2 3.00 242.00 245.00 OK
r-oldrel-windows-ix86+x86_64 1.4-2 5.00 416.00 421.00 OK

Check Details

Version: 1.4-2
Check: dependencies in R code
Result: NOTE
    'library' or 'require' calls in package code:
     ‘FKF’ ‘dlm’
     Please use :: or requireNamespace() instead.
     See section 'Suggested packages' in the 'Writing R Extensions' manual.
Flavors: r-devel-linux-x86_64-debian-clang, r-devel-linux-x86_64-debian-gcc, r-devel-linux-x86_64-fedora-clang, r-devel-linux-x86_64-fedora-gcc, r-devel-osx-x86_64-clang, r-devel-windows-ix86+x86_64

Version: 1.4-2
Check: S3 generic/method consistency
Result: NOTE
    Found the following apparent S3 methods exported but not registered:
     +.dlmodeler *.dlmodeler %%.dlmodeler
    See section ‘Registering S3 methods’ in the ‘Writing R Extensions’
    manual.
Flavors: r-devel-linux-x86_64-debian-gcc, r-devel-linux-x86_64-fedora-clang, r-devel-linux-x86_64-fedora-gcc, r-devel-osx-x86_64-clang