CRAN Package Check Results for Package dlnm

Last updated on 2016-02-12 12:47:16.

Flavor Version Tinstall Tcheck Ttotal Status Flags
r-devel-linux-x86_64-debian-gcc 2.1.3 1.06 30.24 31.30 NOTE
r-devel-linux-x86_64-fedora-clang 2.1.3 59.25 NOTE
r-devel-linux-x86_64-fedora-gcc 2.1.3 62.57 NOTE
r-devel-osx-x86_64-clang 2.1.3 64.60 NOTE
r-devel-windows-ix86+x86_64 2.1.3 6.00 55.00 61.00 NOTE
r-patched-linux-x86_64 2.1.3 1.28 34.68 35.96 OK
r-patched-solaris-sparc 2.1.3 442.70 OK
r-patched-solaris-x86 2.1.3 90.00 OK
r-release-linux-x86_64 2.1.3 1.22 35.15 36.37 OK
r-release-osx-x86_64-mavericks 2.1.3 OK
r-release-windows-ix86+x86_64 2.1.3 6.00 59.00 65.00 OK
r-oldrel-windows-ix86+x86_64 2.1.3 6.00 69.00 75.00 OK

Check Details

Version: 2.1.3
Check: R code for possible problems
Result: NOTE
    crossbasis: no visible global function definition for ‘modifyList’
    fci: no visible global function definition for ‘modifyList’
    lines.crosspred: no visible global function definition for ‘modifyList’
    lines.crossreduce: no visible global function definition for
     ‘modifyList’
    plot.crosspred: no visible global function definition for ‘modifyList’
    plot.crossreduce: no visible global function definition for
     ‘modifyList’
    points.crosspred: no visible global function definition for
     ‘modifyList’
    points.crossreduce: no visible global function definition for
     ‘modifyList’
    Undefined global functions or variables:
     modifyList
    Consider adding
     importFrom("utils", "modifyList")
    to your NAMESPACE file.
Flavors: r-devel-linux-x86_64-debian-gcc, r-devel-linux-x86_64-fedora-clang, r-devel-linux-x86_64-fedora-gcc, r-devel-osx-x86_64-clang, r-devel-windows-ix86+x86_64