CRAN Package Check Results for Package dlnm

Last updated on 2015-04-19 11:51:05.

Flavor Version Tinstall Tcheck Ttotal Status Flags
r-devel-linux-x86_64-debian-clang 2.1.3 1.25 34.27 35.52 OK
r-devel-linux-x86_64-debian-gcc 2.1.3 1.70 35.20 36.90 OK
r-devel-linux-x86_64-fedora-clang 2.1.3 72.09 OK
r-devel-linux-x86_64-fedora-gcc 2.1.3 69.67 OK
r-devel-osx-x86_64-clang 2.1.3 79.51 OK
r-devel-windows-ix86+x86_64 2.1.3 7.00 78.00 85.00 OK
r-patched-linux-x86_64 2.1.3 1.12 35.23 36.35 OK
r-patched-solaris-sparc 2.1.3 482.60 OK
r-patched-solaris-x86 2.1.3 97.10 OK
r-release-linux-x86_64 2.1.3 1.10 33.96 35.07 OK
r-release-osx-x86_64-mavericks 2.1.3 NOTE
r-release-osx-x86_64-snowleopard 2.1.3 OK
r-release-windows-ix86+x86_64 2.1.3 3.00 56.00 59.00 OK
r-oldrel-windows-ix86+x86_64 2.1.3 4.00 74.00 78.00 OK

Check Details

Version: 2.1.3
Check: package dependencies
Result: NOTE
    Package suggested but not available for checking: ‘lme4’
Flavor: r-release-osx-x86_64-mavericks

Version: 2.1.3
Check: Rd cross-references
Result: NOTE
    Package unavailable to check Rd xrefs: ‘lme4’
Flavor: r-release-osx-x86_64-mavericks