CRAN Package Check Results for Package dlnm

Last updated on 2014-04-24 23:48:01.

Flavor Version Tinstall Tcheck Ttotal Status Flags
r-devel-linux-x86_64-debian-clang 2.0.9 1.30 36.69 38.00 OK
r-devel-linux-x86_64-debian-gcc 2.0.9 1.30 36.65 37.96 OK
r-devel-linux-x86_64-fedora-clang 2.0.9 85.65 OK
r-devel-linux-x86_64-fedora-gcc 2.0.9 85.04 OK
r-devel-osx-x86_64-clang 2.0.9 77.88 OK
r-devel-osx-x86_64-gcc 2.0.9 NOTE
r-devel-windows-ix86+x86_64 2.0.9 4.00 58.00 62.00 OK
r-patched-linux-x86_64 2.0.9 1.30 36.98 38.28 OK
r-patched-solaris-sparc 2.0.9 477.00 OK
r-patched-solaris-x86 2.0.9 119.30 OK
r-release-linux-ix86 2.0.9 3.00 72.00 75.00 OK
r-release-linux-x86_64 2.0.9 1.35 37.40 38.75 OK
r-release-osx-x86_64-mavericks 2.0.9 WARN
r-release-osx-x86_64-snowleopard 2.0.9 OK
r-release-windows-ix86+x86_64 2.0.9 4.00 63.00 67.00 OK
r-oldrel-windows-ix86+x86_64 2.0.9 3.00 64.00 67.00 OK

Check Details

Version: 2.0.9
Check: package dependencies
Result: NOTE
    Package suggested but not available for checking: β€˜lme4’
Flavors: r-devel-osx-x86_64-gcc, r-release-osx-x86_64-mavericks

Version: 2.0.9
Check: Rd cross-references
Result: NOTE
    Package unavailable to check Rd xrefs: β€˜lme4’
Flavors: r-devel-osx-x86_64-gcc, r-release-osx-x86_64-mavericks

Version: 2.0.9
Check: PDF version of manual
Result: WARNING
    LaTeX errors when creating PDF version.
    This typically indicates Rd problems.
    LaTeX errors found:
    ! LaTeX Error: File `upquote.sty' not found.
    
    Type X to quit or <RETURN> to proceed,
    or enter new name. (Default extension: sty)
    
    /private/tmp/RtmpyXrdcy/Rd2pdf15fa6233c70b6/Rd2.tex:8: ==> Fatal error occurre
    d, no output PDF file produced!
Flavor: r-release-osx-x86_64-mavericks