CRAN Package Check Results for Package dlnm

Last updated on 2015-09-01 16:49:20.

Flavor Version Tinstall Tcheck Ttotal Status Flags
r-devel-linux-x86_64-debian-clang 2.1.3 1.45 33.14 34.58 NOTE
r-devel-linux-x86_64-debian-gcc 2.1.3 1.00 34.18 35.19 NOTE
r-devel-linux-x86_64-fedora-clang 2.1.3 70.59 NOTE
r-devel-linux-x86_64-fedora-gcc 2.1.3 67.87 NOTE
r-devel-osx-x86_64-clang 2.1.3 63.47 OK
r-devel-windows-ix86+x86_64 2.1.3 7.00 64.00 71.00 NOTE
r-patched-linux-x86_64 2.1.3 1.09 34.46 35.55 OK
r-patched-solaris-sparc 2.1.3 470.20 OK
r-patched-solaris-x86 2.1.3 101.40 OK
r-release-linux-x86_64 2.1.3 1.05 34.63 35.68 OK
r-release-osx-x86_64-mavericks 2.1.3 OK
r-release-windows-ix86+x86_64 2.1.3 5.00 61.00 66.00 OK
r-oldrel-windows-ix86+x86_64 2.1.3 6.00 68.00 74.00 OK

Check Details

Version: 2.1.3
Check: R code for possible problems
Result: NOTE
    crossbasis: no visible global function definition for ‘modifyList’
    fci: no visible global function definition for ‘modifyList’
    lines.crosspred: no visible global function definition for ‘modifyList’
    lines.crossreduce: no visible global function definition for
     ‘modifyList’
    plot.crosspred: no visible global function definition for ‘modifyList’
    plot.crossreduce: no visible global function definition for
     ‘modifyList’
    points.crosspred: no visible global function definition for
     ‘modifyList’
    points.crossreduce: no visible global function definition for
     ‘modifyList’
    Undefined global functions or variables:
     modifyList
    Consider adding
     importFrom("utils", "modifyList")
    to your NAMESPACE.
Flavors: r-devel-linux-x86_64-debian-clang, r-devel-linux-x86_64-debian-gcc, r-devel-linux-x86_64-fedora-clang, r-devel-linux-x86_64-fedora-gcc, r-devel-windows-ix86+x86_64