CRAN Package Check Results for Package dlnm

Last updated on 2015-08-04 23:48:08.

Flavor Version Tinstall Tcheck Ttotal Status Flags
r-devel-linux-x86_64-debian-clang 2.1.3 1.10 34.13 35.23 NOTE
r-devel-linux-x86_64-debian-gcc 2.1.3 1.23 33.28 34.51 NOTE
r-devel-linux-x86_64-fedora-clang 2.1.3 70.27 NOTE
r-devel-linux-x86_64-fedora-gcc 2.1.3 67.91 NOTE
r-devel-osx-x86_64-clang 2.1.3 63.79 OK
r-devel-windows-ix86+x86_64 2.1.3 5.00 64.00 69.00 NOTE
r-patched-linux-x86_64 2.1.3 1.16 33.06 34.22 OK
r-patched-solaris-sparc 2.1.3 470.20 OK
r-patched-solaris-x86 2.1.3 101.00 OK
r-release-linux-x86_64 2.1.3 1.12 34.10 35.23 OK
r-release-osx-x86_64-mavericks 2.1.3 OK
r-release-windows-ix86+x86_64 2.1.3 6.00 65.00 71.00 OK
r-oldrel-windows-ix86+x86_64 2.1.3 6.00 72.00 78.00 OK

Check Details

Version: 2.1.3
Check: R code for possible problems
Result: NOTE
    crossbasis: no visible global function definition for ‘modifyList’
    fci: no visible global function definition for ‘modifyList’
    lines.crosspred: no visible global function definition for ‘modifyList’
    lines.crossreduce: no visible global function definition for
     ‘modifyList’
    plot.crosspred: no visible global function definition for ‘modifyList’
    plot.crossreduce: no visible global function definition for
     ‘modifyList’
    points.crosspred: no visible global function definition for
     ‘modifyList’
    points.crossreduce: no visible global function definition for
     ‘modifyList’
    Undefined global functions or variables:
     modifyList
    Consider adding
     importFrom("utils", "modifyList")
    to your NAMESPACE.
Flavors: r-devel-linux-x86_64-debian-clang, r-devel-linux-x86_64-debian-gcc, r-devel-linux-x86_64-fedora-clang, r-devel-linux-x86_64-fedora-gcc, r-devel-windows-ix86+x86_64