CRAN Package Check Results for Package dlnm

Last updated on 2015-07-01 16:47:18.

Flavor Version Tinstall Tcheck Ttotal Status Flags
r-devel-linux-x86_64-debian-clang 2.1.3 1.06 34.92 35.98 NOTE
r-devel-linux-x86_64-debian-gcc 2.1.3 1.03 34.12 35.15 NOTE
r-devel-linux-x86_64-fedora-clang 2.1.3 69.26 NOTE
r-devel-linux-x86_64-fedora-gcc 2.1.3 67.91 NOTE
r-devel-osx-x86_64-clang 2.1.3 71.34 OK
r-devel-windows-ix86+x86_64 2.1.3 8.00 60.00 68.00 NOTE
r-patched-linux-x86_64 2.1.3 1.05 33.74 34.78 OK
r-patched-solaris-sparc 2.1.3 485.70 OK
r-patched-solaris-x86 2.1.3 100.20 OK
r-release-linux-x86_64 2.1.3 1.12 34.09 35.21 OK
r-release-osx-x86_64-mavericks 2.1.3 OK
r-release-windows-ix86+x86_64 2.1.3 4.00 61.00 65.00 OK
r-oldrel-windows-ix86+x86_64 2.1.3 9.00 66.00 75.00 OK

Check Details

Version: 2.1.3
Check: R code for possible problems
Result: NOTE
    crossbasis: no visible global function definition for ‘modifyList’
    fci: no visible global function definition for ‘modifyList’
    lines.crosspred: no visible global function definition for ‘modifyList’
    lines.crossreduce: no visible global function definition for
     ‘modifyList’
    plot.crosspred: no visible global function definition for ‘modifyList’
    plot.crossreduce: no visible global function definition for
     ‘modifyList’
    points.crosspred: no visible global function definition for
     ‘modifyList’
    points.crossreduce: no visible global function definition for
     ‘modifyList’
Flavors: r-devel-linux-x86_64-debian-clang, r-devel-linux-x86_64-debian-gcc, r-devel-linux-x86_64-fedora-clang, r-devel-linux-x86_64-fedora-gcc, r-devel-windows-ix86+x86_64