CRAN Package Check Results for Package dm

Last updated on 2020-09-26 17:48:24 CEST.

Flavor Version Tinstall Tcheck Ttotal Status Flags
r-devel-linux-x86_64-debian-clang 0.1.7 11.00 465.65 476.65 OK
r-devel-linux-x86_64-debian-gcc 0.1.7 8.69 349.59 358.28 OK
r-devel-linux-x86_64-fedora-clang 0.1.7 580.57 OK
r-devel-linux-x86_64-fedora-gcc 0.1.7 553.05 OK
r-devel-windows-ix86+x86_64 0.1.7 24.00 560.00 584.00 OK
r-patched-linux-x86_64 0.1.7 11.49 445.84 457.33 OK
r-patched-solaris-x86 0.1.7 684.50 NOTE
r-release-linux-x86_64 0.1.7 10.77 441.99 452.76 OK
r-release-macos-x86_64 0.1.7 OK
r-release-windows-ix86+x86_64 0.1.7 38.00 651.00 689.00 OK
r-oldrel-macos-x86_64 0.1.7 OK
r-oldrel-windows-ix86+x86_64 0.1.7 19.00 553.00 572.00 OK

Check Details

Version: 0.1.7
Check: package dependencies
Result: NOTE
    Package suggested but not available for checking: ‘RPostgres’
Flavor: r-patched-solaris-x86