CRAN Package Check Results for Package dma

Last updated on 2014-08-20 17:47:40.

Flavor Version Tinstall Tcheck Ttotal Status Flags
r-devel-linux-x86_64-debian-clang 1.2-0 0.48 10.30 10.78 OK
r-devel-linux-x86_64-debian-gcc 1.2-0 0.46 9.92 10.39 OK
r-devel-linux-x86_64-fedora-clang 1.2-0 22.93 NOTE
r-devel-linux-x86_64-fedora-gcc 1.2-0 20.06 NOTE
r-devel-osx-x86_64-clang 1.2-0 23.02 NOTE
r-devel-windows-ix86+x86_64 1.2-0 2.00 16.00 18.00 OK
r-patched-linux-x86_64 1.2-0 0.50 10.62 11.11 OK
r-patched-solaris-sparc 1.2-0 150.40 OK
r-patched-solaris-x86 1.2-0 30.00 OK
r-release-linux-ix86 1.2-0 0.79 16.00 16.79 OK
r-release-linux-x86_64 1.2-0 0.50 10.25 10.75 OK
r-release-osx-x86_64-mavericks 1.2-0 OK
r-release-windows-ix86+x86_64 1.2-0 2.00 18.00 20.00 OK
r-oldrel-windows-ix86+x86_64 1.2-0 2.00 18.00 20.00 OK

Check Details

Version: 1.2-0
Check: R code for possible problems
Result: NOTE
    laplace.fn: no visible global function definition for ‘dmnorm’
    laplace.fn: no visible global function definition for ‘ginv’
Flavors: r-devel-linux-x86_64-fedora-clang, r-devel-linux-x86_64-fedora-gcc, r-devel-osx-x86_64-clang