CRAN Package Check Results for Package dma

Last updated on 2015-08-01 19:48:11.

Flavor Version Tinstall Tcheck Ttotal Status Flags
r-devel-linux-x86_64-debian-clang 1.2-2 0.54 10.89 11.43 NOTE
r-devel-linux-x86_64-debian-gcc 1.2-2 0.56 9.97 10.53 NOTE
r-devel-linux-x86_64-fedora-clang 1.2-2 21.36 NOTE
r-devel-linux-x86_64-fedora-gcc 1.2-2 18.66 NOTE
r-devel-osx-x86_64-clang 1.2-2 19.99 OK
r-devel-windows-ix86+x86_64 1.2-2 3.00 18.00 21.00 NOTE
r-patched-linux-x86_64 1.2-2 0.54 10.24 10.78 OK
r-patched-solaris-sparc 1.2-2 138.30 OK
r-patched-solaris-x86 1.2-2 30.80 OK
r-release-linux-x86_64 1.2-2 0.65 10.10 10.76 OK
r-release-osx-x86_64-mavericks 1.2-2 OK
r-release-windows-ix86+x86_64 1.2-2 3.00 27.00 30.00 OK
r-oldrel-windows-ix86+x86_64 1.2-2 4.00 20.00 24.00 OK

Check Details

Version: 1.2-2
Check: R code for possible problems
Result: NOTE
    dlogr.init: no visible global function definition for ‘glm’
    dlogr.init: no visible global function definition for ‘binomial’
    dlogr.init: no visible binding for global variable ‘logit’
    dlogr.init: no visible global function definition for ‘coefficients’
    dlogr.init: no visible global function definition for ‘vcov’
    makf4: no visible global function definition for ‘var’
    plot.dma: no visible global function definition for ‘par’
    plot.dma: no visible global function definition for ‘matplot’
    plot.dma: no visible global function definition for ‘legend’
    plot.dma: no visible global function definition for ‘plot’
    plot.logistic.dma: no visible global function definition for ‘par’
    plot.logistic.dma: no visible global function definition for ‘matplot’
    plot.logistic.dma: no visible global function definition for ‘legend’
    plot.logistic.dma: no visible global function definition for ‘plot’
    tunemat.fn: no visible global function definition for ‘combn’
    Undefined global functions or variables:
     binomial coefficients combn glm legend logit matplot par plot var
     vcov
    Consider adding
     importFrom("graphics", "legend", "matplot", "par", "plot")
     importFrom("stats", "binomial", "coefficients", "glm", "var", "vcov")
     importFrom("utils", "combn")
    to your NAMESPACE.
Flavors: r-devel-linux-x86_64-debian-clang, r-devel-linux-x86_64-debian-gcc, r-devel-linux-x86_64-fedora-clang, r-devel-linux-x86_64-fedora-gcc, r-devel-windows-ix86+x86_64