CRAN Package Check Results for Package dma

Last updated on 2014-09-02 10:51:45.

Flavor Version Tinstall Tcheck Ttotal Status Flags
r-devel-linux-x86_64-debian-clang 1.2-0 0.47 9.65 10.12 NOTE
r-devel-linux-x86_64-debian-gcc 1.2-0 0.46 9.70 10.16 NOTE
r-devel-linux-x86_64-fedora-clang 1.2-0 22.42 NOTE
r-devel-linux-x86_64-fedora-gcc 1.2-0 19.98 NOTE
r-devel-osx-x86_64-clang 1.2-0 22.60 NOTE
r-devel-windows-ix86+x86_64 1.2-0 2.00 16.00 18.00 NOTE
r-patched-linux-x86_64 1.2-0 0.52 10.20 10.72 OK
r-patched-solaris-sparc 1.2-0 150.40 OK
r-patched-solaris-x86 1.2-0 30.00 OK
r-release-linux-ix86 1.2-0 0.79 16.00 16.79 OK
r-release-linux-x86_64 1.2-0 0.52 10.34 10.86 OK
r-release-osx-x86_64-mavericks 1.2-0 OK
r-release-windows-ix86+x86_64 1.2-0 2.00 19.00 21.00 OK
r-oldrel-windows-ix86+x86_64 1.2-0 3.00 17.00 20.00 OK

Check Details

Version: 1.2-0
Check: R code for possible problems
Result: NOTE
    laplace.fn: no visible global function definition for ‘dmnorm’
    laplace.fn: no visible global function definition for ‘ginv’
Flavors: r-devel-linux-x86_64-debian-clang, r-devel-linux-x86_64-debian-gcc, r-devel-linux-x86_64-fedora-clang, r-devel-linux-x86_64-fedora-gcc, r-devel-osx-x86_64-clang, r-devel-windows-ix86+x86_64