CRAN Package Check Results for Package dma

Last updated on 2014-10-24 16:46:42.

Flavor Version Tinstall Tcheck Ttotal Status Flags
r-devel-linux-x86_64-debian-clang 1.2-0 0.60 11.04 11.64 NOTE
r-devel-linux-x86_64-debian-gcc 1.2-0 0.53 10.82 11.35 NOTE
r-devel-linux-x86_64-fedora-clang 1.2-0 22.79 NOTE
r-devel-linux-x86_64-fedora-gcc 1.2-0 20.80 NOTE
r-devel-osx-x86_64-clang 1.2-0 24.29 NOTE
r-devel-windows-ix86+x86_64 1.2-0 2.00 17.00 19.00 NOTE
r-patched-linux-x86_64 1.2-0 0.56 10.55 11.11 NOTE
r-patched-solaris-sparc 1.2-0 125.00 NOTE
r-patched-solaris-x86 1.2-0 32.30 NOTE
r-release-linux-ix86 1.2-0 0.79 16.09 16.88 OK
r-release-linux-x86_64 1.2-0 0.51 11.15 11.66 OK
r-release-osx-x86_64-mavericks 1.2-0 OK
r-release-windows-ix86+x86_64 1.2-0 2.00 17.00 19.00 OK
r-oldrel-windows-ix86+x86_64 1.2-0 2.00 17.00 19.00 OK

Check Details

Version: 1.2-0
Check: R code for possible problems
Result: NOTE
    laplace.fn: no visible global function definition for ‘dmnorm’
    laplace.fn: no visible global function definition for ‘ginv’
Flavors: r-devel-linux-x86_64-debian-clang, r-devel-linux-x86_64-debian-gcc, r-devel-linux-x86_64-fedora-clang, r-devel-linux-x86_64-fedora-gcc, r-devel-osx-x86_64-clang, r-devel-windows-ix86+x86_64, r-patched-linux-x86_64, r-patched-solaris-sparc, r-patched-solaris-x86