CRAN Package Check Results for Package dma

Last updated on 2015-07-02 17:47:11.

Flavor Version Tinstall Tcheck Ttotal Status Flags
r-devel-linux-x86_64-debian-clang 1.2-2 0.52 9.66 10.18 NOTE
r-devel-linux-x86_64-debian-gcc 1.2-2 0.60 10.06 10.66 NOTE
r-devel-linux-x86_64-fedora-clang 1.2-2 20.00 NOTE
r-devel-linux-x86_64-fedora-gcc 1.2-2 18.91 NOTE
r-devel-osx-x86_64-clang 1.2-2 22.34 OK
r-devel-windows-ix86+x86_64 1.2-2 2.00 18.00 20.00 NOTE
r-patched-linux-x86_64 1.2-2 0.54 11.04 11.58 OK
r-patched-solaris-sparc 1.2-2 139.60 OK
r-patched-solaris-x86 1.2-2 30.50 OK
r-release-linux-x86_64 1.2-2 0.54 10.03 10.58 OK
r-release-osx-x86_64-mavericks 1.2-2 OK
r-release-windows-ix86+x86_64 1.2-2 3.00 19.00 22.00 OK
r-oldrel-windows-ix86+x86_64 1.2-2 4.00 22.00 26.00 OK

Check Details

Version: 1.2-2
Check: R code for possible problems
Result: NOTE
    dlogr.init: no visible global function definition for ‘glm’
    dlogr.init: Error while checking: invalid ‘envir’ argument
    makf4: no visible global function definition for ‘var’
    plot.dma: no visible global function definition for ‘par’
    plot.dma: no visible global function definition for ‘matplot’
    plot.dma: no visible global function definition for ‘legend’
    plot.dma: no visible global function definition for ‘plot’
    plot.logistic.dma: no visible global function definition for ‘par’
    plot.logistic.dma: no visible global function definition for ‘matplot’
    plot.logistic.dma: no visible global function definition for ‘legend’
    plot.logistic.dma: no visible global function definition for ‘plot’
    tunemat.fn: no visible global function definition for ‘combn’
Flavors: r-devel-linux-x86_64-debian-clang, r-devel-linux-x86_64-debian-gcc, r-devel-windows-ix86+x86_64

Version: 1.2-2
Check: R code for possible problems
Result: NOTE
    dlogr.init: no visible global function definition for ‘glm’
    dlogr.init: Error while checking: invalid 'envir' argument
    makf4: no visible global function definition for ‘var’
    plot.dma: no visible global function definition for ‘par’
    plot.dma: no visible global function definition for ‘matplot’
    plot.dma: no visible global function definition for ‘legend’
    plot.dma: no visible global function definition for ‘plot’
    plot.logistic.dma: no visible global function definition for ‘par’
    plot.logistic.dma: no visible global function definition for ‘matplot’
    plot.logistic.dma: no visible global function definition for ‘legend’
    plot.logistic.dma: no visible global function definition for ‘plot’
    tunemat.fn: no visible global function definition for ‘combn’
    Undefined global functions or variables:
     combn glm legend matplot par plot var
Flavors: r-devel-linux-x86_64-fedora-clang, r-devel-linux-x86_64-fedora-gcc