CRAN Package Check Results for Package dmri.tracking

Last updated on 2024-07-22 19:53:21 CEST.

Flavor Version Tinstall Tcheck Ttotal Status Flags
r-devel-linux-x86_64-debian-clang 0.1.0 3.42 37.04 40.46 OK
r-devel-linux-x86_64-debian-gcc 0.1.0 2.67 27.39 30.06 NOTE
r-devel-linux-x86_64-fedora-clang 0.1.0 51.09 OK
r-devel-linux-x86_64-fedora-gcc 0.1.0 62.72 OK
r-devel-windows-x86_64 0.1.0 8.00 50.00 58.00 NOTE
r-patched-linux-x86_64 0.1.0 6.37 35.60 41.97 OK
r-release-linux-x86_64 0.1.0 2.59 35.17 37.76 OK
r-release-macos-arm64 0.1.0 26.00 OK
r-release-macos-x86_64 0.1.0 38.00 OK
r-release-windows-x86_64 0.1.0 6.00 50.00 56.00 OK
r-oldrel-macos-arm64 0.1.0 26.00 OK
r-oldrel-macos-x86_64 0.1.0 42.00 OK
r-oldrel-windows-x86_64 0.1.0 7.00 54.00 61.00 OK

Check Details

Version: 0.1.0
Check: Rd cross-references
Result: NOTE Found the following Rd file(s) with Rd \link{} targets missing package anchors: tractography.Rd: rgl Please provide package anchors for all Rd \link{} targets not in the package itself and the base packages. Flavors: r-devel-linux-x86_64-debian-gcc, r-devel-windows-x86_64