CRAN Package Check Results for Package dmt

Last updated on 2014-04-23 12:48:17.

Flavor Version Tinstall Tcheck Ttotal Status Flags
r-devel-linux-x86_64-debian-clang 0.8.20 3.80 57.57 61.38 OK
r-devel-linux-x86_64-debian-gcc 0.8.20 3.82 54.68 58.50 OK
r-devel-linux-x86_64-fedora-clang 0.8.20 138.19 OK
r-devel-linux-x86_64-fedora-gcc 0.8.20 132.05 OK
r-devel-osx-x86_64-clang 0.8.20 102.66 OK
r-devel-osx-x86_64-gcc 0.8.20 OK
r-devel-windows-ix86+x86_64 0.8.20 10.00 74.00 84.00 OK
r-patched-linux-x86_64 0.8.20 3.82 56.73 60.55 OK
r-patched-solaris-sparc 0.8.20 719.30 OK
r-patched-solaris-x86 0.8.20 170.80 OK
r-release-linux-ix86 0.8.20 6.00 89.00 95.00 OK
r-release-linux-x86_64 0.8.20 3.82 56.50 60.32 OK
r-release-osx-x86_64-mavericks 0.8.20 WARN
r-release-osx-x86_64-snowleopard 0.8.20 OK
r-release-windows-ix86+x86_64 0.8.20 9.00 78.00 87.00 OK
r-oldrel-windows-ix86+x86_64 0.8.20 10.00 71.00 81.00 OK

Check Details

Version: 0.8.20
Check: PDF version of manual
Result: WARNING
    LaTeX errors when creating PDF version.
    This typically indicates Rd problems.
    LaTeX errors found:
    ! LaTeX Error: File `upquote.sty' not found.
    
    Type X to quit or <RETURN> to proceed,
    or enter new name. (Default extension: sty)
    
    79e5d5f/Rd2.tex:8: ==> Fatal error occurred, no output PDF file produced!
Flavor: r-release-osx-x86_64-mavericks