CRAN Package Check Results for Package dmt

Last updated on 2016-12-11 06:57:18.

Flavor Version Tinstall Tcheck Ttotal Status Flags
r-devel-linux-x86_64-debian-clang 0.8.20 2.46 42.29 44.75 NOTE
r-devel-linux-x86_64-debian-gcc 0.8.20 2.43 41.86 44.29 NOTE
r-devel-linux-x86_64-fedora-clang 0.8.20 104.68 NOTE --no-stop-on-test-error
r-devel-linux-x86_64-fedora-gcc 0.8.20 108.81 NOTE --no-stop-on-test-error
r-devel-macos-x86_64-clang 0.8.20 73.94 NOTE --no-stop-on-test-error
r-devel-windows-ix86+x86_64 0.8.20 8.00 112.00 120.00 NOTE
r-patched-linux-x86_64 0.8.20 2.39 37.89 40.29 NOTE
r-patched-solaris-sparc 0.8.20 518.90 NOTE
r-patched-solaris-x86 0.8.20 120.70 NOTE
r-release-linux-x86_64 0.8.20 2.39 37.23 39.62 NOTE
r-release-osx-x86_64-mavericks 0.8.20 NOTE
r-release-windows-ix86+x86_64 0.8.20 9.00 69.00 78.00 NOTE
r-oldrel-windows-ix86+x86_64 0.8.20 10.00 79.00 89.00 OK

Check Details

Version: 0.8.20
Check: R code for possible problems
Result: NOTE
    calc.pcca: no visible global function definition for ‘cov’
    calc.pfa: no visible global function definition for ‘cov’
    compare.estimate.and.truth: no visible global function definition for
     ‘cor’
    cost.W.exponential: no visible global function definition for ‘dexp’
    cost7: no visible global function definition for ‘dexp’
    drCCAcombine : reg_cca: no visible global function definition for ‘cov’
    drCCAcombine : eigtest: no visible global function definition for ‘cov’
    drCCAcombine : random: no visible binding for global variable ‘var’
    generate.toydata: no visible global function definition for ‘rnorm’
    generate.toydata: no visible global function definition for ‘rexp’
    initialize2: no visible global function definition for ‘var’
    initialize2: no visible global function definition for ‘cov’
    optimize.parameters: no visible global function definition for ‘rnorm’
    optimize.parameters: no visible global function definition for ‘sd’
    optimize.parameters: no visible global function definition for ‘optim’
    pfacost: no visible global function definition for ‘cov’
    plotVar: no visible global function definition for ‘par’
    plotVar: no visible global function definition for ‘lines’
    ppca.calculate: no visible global function definition for ‘cov’
    regCCA: no visible global function definition for ‘cov’
    sharedVar : pwisepca: no visible global function definition for
     ‘prcomp’
    solve.archambeau: no visible global function definition for ‘cov’
    specificVar : withinpca: no visible global function definition for
     ‘prcomp’
    specificVar : withinpca: no visible global function definition for
     ‘cov’
    specificVar: no visible global function definition for ‘cov’
    update.W.singledata: no visible global function definition for ‘optim’
    wprior: no visible global function definition for ‘dexp’
    Undefined global functions or variables:
     cor cov dexp lines optim par prcomp rexp rnorm sd var
    Consider adding
     importFrom("graphics", "lines", "par")
     importFrom("stats", "cor", "cov", "dexp", "optim", "prcomp", "rexp",
     "rnorm", "sd", "var")
    to your NAMESPACE file.
Flavors: r-devel-linux-x86_64-debian-clang, r-devel-linux-x86_64-debian-gcc, r-devel-windows-ix86+x86_64, r-patched-linux-x86_64, r-patched-solaris-sparc, r-patched-solaris-x86, r-release-linux-x86_64, r-release-osx-x86_64-mavericks, r-release-windows-ix86+x86_64

Version: 0.8.20
Flags: --no-stop-on-test-error
Check: R code for possible problems
Result: NOTE
    calc.pcca: no visible global function definition for ‘cov’
    calc.pfa: no visible global function definition for ‘cov’
    compare.estimate.and.truth: no visible global function definition for
     ‘cor’
    cost.W.exponential: no visible global function definition for ‘dexp’
    cost7: no visible global function definition for ‘dexp’
    drCCAcombine : reg_cca: no visible global function definition for ‘cov’
    drCCAcombine : eigtest: no visible global function definition for ‘cov’
    drCCAcombine : random: no visible binding for global variable ‘var’
    generate.toydata: no visible global function definition for ‘rnorm’
    generate.toydata: no visible global function definition for ‘rexp’
    initialize2: no visible global function definition for ‘var’
    initialize2: no visible global function definition for ‘cov’
    optimize.parameters: no visible global function definition for ‘rnorm’
    optimize.parameters: no visible global function definition for ‘sd’
    optimize.parameters: no visible global function definition for ‘optim’
    pfacost: no visible global function definition for ‘cov’
    plotVar: no visible global function definition for ‘par’
    plotVar: no visible global function definition for ‘lines’
    ppca.calculate: no visible global function definition for ‘cov’
    regCCA: no visible global function definition for ‘cov’
    sharedVar : pwisepca: no visible global function definition for
     ‘prcomp’
    solve.archambeau: no visible global function definition for ‘cov’
    specificVar : withinpca: no visible global function definition for
     ‘prcomp’
    specificVar : withinpca: no visible global function definition for
     ‘cov’
    specificVar: no visible global function definition for ‘cov’
    update.W.singledata: no visible global function definition for ‘optim’
    wprior: no visible global function definition for ‘dexp’
    Undefined global functions or variables:
     cor cov dexp lines optim par prcomp rexp rnorm sd var
    Consider adding
     importFrom("graphics", "lines", "par")
     importFrom("stats", "cor", "cov", "dexp", "optim", "prcomp", "rexp",
     "rnorm", "sd", "var")
    to your NAMESPACE file.
Flavors: r-devel-linux-x86_64-fedora-clang, r-devel-linux-x86_64-fedora-gcc, r-devel-macos-x86_64-clang