CRAN Package Check Results for Package dmt

Last updated on 2015-07-28 14:48:52.

Flavor Version Tinstall Tcheck Ttotal Status Flags
r-devel-linux-x86_64-debian-clang 0.8.20 2.78 47.26 50.05 NOTE
r-devel-linux-x86_64-debian-gcc 0.8.20 2.71 47.25 49.96 NOTE
r-devel-linux-x86_64-fedora-clang 0.8.20 101.34 NOTE
r-devel-linux-x86_64-fedora-gcc 0.8.20 94.01 NOTE
r-devel-osx-x86_64-clang 0.8.20 84.22 OK
r-devel-windows-ix86+x86_64 0.8.20 8.00 63.00 71.00 NOTE
r-patched-linux-x86_64 0.8.20 3.41 46.55 49.96 OK
r-patched-solaris-sparc 0.8.20 618.10 OK
r-patched-solaris-x86 0.8.20 130.40 OK
r-release-linux-x86_64 0.8.20 2.84 46.04 48.88 OK
r-release-osx-x86_64-mavericks 0.8.20 OK
r-release-windows-ix86+x86_64 0.8.20 11.00 97.00 108.00 OK
r-oldrel-windows-ix86+x86_64 0.8.20 10.00 89.00 99.00 OK

Check Details

Version: 0.8.20
Check: R code for possible problems
Result: NOTE
    calc.pcca: no visible global function definition for ‘cov’
    calc.pfa: no visible global function definition for ‘cov’
    compare.estimate.and.truth: no visible global function definition for
     ‘cor’
    cost.W.exponential: no visible global function definition for ‘dexp’
    cost7: no visible global function definition for ‘dexp’
    drCCAcombine : reg_cca: no visible global function definition for ‘cov’
    drCCAcombine : eigtest: no visible global function definition for ‘cov’
    drCCAcombine : random: no visible binding for global variable ‘var’
    generate.toydata: no visible global function definition for ‘rnorm’
    generate.toydata: no visible global function definition for ‘rexp’
    initialize2: no visible global function definition for ‘var’
    initialize2: no visible global function definition for ‘cov’
    optimize.parameters: no visible global function definition for ‘rnorm’
    optimize.parameters: no visible global function definition for ‘sd’
    optimize.parameters: no visible global function definition for ‘optim’
    pfacost: no visible global function definition for ‘cov’
    plotVar: no visible global function definition for ‘par’
    plotVar: no visible global function definition for ‘lines’
    ppca.calculate: no visible global function definition for ‘cov’
    regCCA: no visible global function definition for ‘cov’
    sharedVar : pwisepca: no visible global function definition for
     ‘prcomp’
    solve.archambeau: no visible global function definition for ‘cov’
    specificVar : withinpca: no visible global function definition for
     ‘prcomp’
    specificVar : withinpca: no visible global function definition for
     ‘cov’
    specificVar: no visible global function definition for ‘cov’
    update.W.singledata: no visible global function definition for ‘optim’
    wprior: no visible global function definition for ‘dexp’
    Undefined global functions or variables:
     cor cov dexp lines optim par prcomp rexp rnorm sd var
    Consider adding
     importFrom("graphics", "lines", "par")
     importFrom("stats", "cor", "cov", "dexp", "optim", "prcomp", "rexp",
     "rnorm", "sd", "var")
    to your NAMESPACE.
Flavors: r-devel-linux-x86_64-debian-clang, r-devel-linux-x86_64-debian-gcc, r-devel-linux-x86_64-fedora-clang, r-devel-linux-x86_64-fedora-gcc, r-devel-windows-ix86+x86_64