CRAN Package Check Results for Package dna

Last updated on 2014-08-20 23:46:36.

Flavor Version Tinstall Tcheck Ttotal Status Flags
r-devel-linux-x86_64-debian-clang 1.1-1 2.55 16.64 19.19 OK
r-devel-linux-x86_64-debian-gcc 1.1-1 2.71 16.31 19.02 OK
r-devel-linux-x86_64-fedora-clang 1.1-1 43.01 NOTE
r-devel-linux-x86_64-fedora-gcc 1.1-1 40.51 NOTE
r-devel-osx-x86_64-clang 1.1-1 50.24 NOTE
r-devel-windows-ix86+x86_64 1.1-1 23.00 33.00 56.00 OK
r-patched-linux-x86_64 1.1-1 2.82 17.12 19.94 OK
r-patched-solaris-sparc 1.1-1 270.50 OK
r-patched-solaris-x86 1.1-1 59.70 OK
r-release-linux-ix86 1.1-1 4.15 26.32 30.46 OK
r-release-linux-x86_64 1.1-1 2.84 17.15 19.99 OK
r-release-osx-x86_64-mavericks 1.1-1 OK
r-release-osx-x86_64-snowleopard 1.1-1 OK
r-release-windows-ix86+x86_64 1.1-1 24.00 34.00 58.00 OK
r-oldrel-windows-ix86+x86_64 1.1-1 25.00 34.00 59.00 OK

Check Details

Version: 1.1-1
Check: R code for possible problems
Result: NOTE
    network.modules: no visible global function definition for
     ‘graph.empty’
    network.modules: no visible global function definition for
     ‘add.vertices’
    network.modules: no visible global function definition for ‘add.edges’
    network.modules: no visible global function definition for ‘tkplot’
    network.modules: no visible global function definition for ‘V’
Flavors: r-devel-linux-x86_64-fedora-clang, r-devel-linux-x86_64-fedora-gcc, r-devel-osx-x86_64-clang