CRAN Package Check Results for Package dna

Last updated on 2016-06-29 17:48:33.

Flavor Version Tinstall Tcheck Ttotal Status Flags
r-devel-linux-x86_64-debian-gcc 1.1-1 3.28 18.55 21.82 NOTE
r-devel-linux-x86_64-fedora-clang 1.1-1 34.15 NOTE
r-devel-linux-x86_64-fedora-gcc 1.1-1 31.89 NOTE
r-devel-osx-x86_64-clang 1.1-1 29.48 NOTE
r-devel-windows-ix86+x86_64 1.1-1 15.00 44.00 59.00 NOTE
r-patched-linux-x86_64 1.1-1 3.21 19.37 22.58 NOTE
r-patched-solaris-sparc 1.1-1 205.40 NOTE
r-patched-solaris-x86 1.1-1 47.20 NOTE
r-release-linux-x86_64 1.1-1 2.87 16.78 19.65 NOTE
r-release-osx-x86_64-mavericks 1.1-1 NOTE
r-release-windows-ix86+x86_64 1.1-1 28.00 63.00 91.00 NOTE
r-oldrel-windows-ix86+x86_64 1.1-1 32.00 47.00 79.00 NOTE

Check Details

Version: 1.1-1
Check: dependencies in R code
Result: NOTE
    'library' or 'require' call to ‘igraph’ in package code.
     Please use :: or requireNamespace() instead.
     See section 'Suggested packages' in the 'Writing R Extensions' manual.
Flavors: r-devel-linux-x86_64-debian-gcc, r-devel-linux-x86_64-fedora-clang, r-devel-linux-x86_64-fedora-gcc, r-devel-osx-x86_64-clang, r-devel-windows-ix86+x86_64, r-patched-linux-x86_64, r-patched-solaris-sparc, r-patched-solaris-x86, r-release-linux-x86_64, r-release-osx-x86_64-mavericks, r-release-windows-ix86+x86_64, r-oldrel-windows-ix86+x86_64

Version: 1.1-1
Check: R code for possible problems
Result: NOTE
    network.modules: no visible global function definition for
     ‘graph.empty’
    network.modules: no visible global function definition for
     ‘add.vertices’
    network.modules: no visible global function definition for ‘add.edges’
    network.modules: no visible global function definition for ‘tkplot’
    network.modules: no visible global function definition for ‘V’
    Undefined global functions or variables:
     V add.edges add.vertices graph.empty tkplot
Flavors: r-devel-linux-x86_64-debian-gcc, r-devel-linux-x86_64-fedora-clang, r-devel-linux-x86_64-fedora-gcc, r-devel-osx-x86_64-clang, r-devel-windows-ix86+x86_64, r-patched-linux-x86_64, r-patched-solaris-sparc, r-patched-solaris-x86, r-release-linux-x86_64, r-release-osx-x86_64-mavericks, r-release-windows-ix86+x86_64

Version: 1.1-1
Check: R code for possible problems
Result: NOTE
    network.modules: no visible global function definition for
     'graph.empty'
    network.modules: no visible global function definition for
     'add.vertices'
    network.modules: no visible global function definition for 'add.edges'
    network.modules: no visible global function definition for 'tkplot'
    network.modules: no visible global function definition for 'V'
Flavor: r-oldrel-windows-ix86+x86_64