CRAN Package Check Results for Package dna

Last updated on 2014-11-22 20:46:52.

Flavor Version Tinstall Tcheck Ttotal Status Flags
r-devel-linux-x86_64-debian-clang 1.1-1 2.63 17.06 19.69 NOTE
r-devel-linux-x86_64-debian-gcc 1.1-1 2.94 16.88 19.83 NOTE
r-devel-linux-x86_64-fedora-clang 1.1-1 40.77 NOTE
r-devel-linux-x86_64-fedora-gcc 1.1-1 38.14 NOTE
r-devel-osx-x86_64-clang 1.1-1 42.48 NOTE
r-devel-windows-ix86+x86_64 1.1-1 23.00 34.00 57.00 NOTE
r-patched-linux-x86_64 1.1-1 2.92 17.14 20.06 NOTE
r-patched-solaris-sparc 1.1-1 243.20 NOTE
r-patched-solaris-x86 1.1-1 54.40 NOTE
r-release-linux-ix86 1.1-1 3.85 24.04 27.89 NOTE
r-release-linux-x86_64 1.1-1 2.83 17.92 20.76 NOTE
r-release-osx-x86_64-mavericks 1.1-1 OK
r-release-osx-x86_64-snowleopard 1.1-1 OK
r-release-windows-ix86+x86_64 1.1-1 25.00 36.00 61.00 NOTE
r-oldrel-windows-ix86+x86_64 1.1-1 23.00 32.00 55.00 OK

Check Details

Version: 1.1-1
Check: R code for possible problems
Result: NOTE
    network.modules: no visible global function definition for
     ‘graph.empty’
    network.modules: no visible global function definition for
     ‘add.vertices’
    network.modules: no visible global function definition for ‘add.edges’
    network.modules: no visible global function definition for ‘tkplot’
    network.modules: no visible global function definition for ‘V’
Flavors: r-devel-linux-x86_64-debian-clang, r-devel-linux-x86_64-debian-gcc, r-devel-linux-x86_64-fedora-clang, r-devel-linux-x86_64-fedora-gcc, r-devel-osx-x86_64-clang, r-devel-windows-ix86+x86_64, r-patched-linux-x86_64, r-patched-solaris-sparc, r-patched-solaris-x86, r-release-linux-ix86, r-release-linux-x86_64, r-release-windows-ix86+x86_64