CRAN Package Check Results for Package dna

Last updated on 2016-12-08 02:48:17.

Flavor Version Tinstall Tcheck Ttotal Status Flags
r-devel-linux-x86_64-debian-clang 1.1-1 3.91 19.22 23.13 NOTE
r-devel-linux-x86_64-debian-gcc 1.1-1 3.26 18.89 22.15 NOTE
r-devel-linux-x86_64-fedora-clang 1.1-1 41.62 NOTE --no-stop-on-test-error
r-devel-linux-x86_64-fedora-gcc 1.1-1 39.77 NOTE --no-stop-on-test-error
r-devel-macos-x86_64-clang 1.1-1 34.24 NOTE
r-devel-windows-ix86+x86_64 1.1-1 17.00 67.00 84.00 NOTE
r-patched-linux-x86_64 1.1-1 2.86 16.97 19.83 NOTE
r-patched-solaris-sparc 1.1-1 205.40 NOTE
r-patched-solaris-x86 1.1-1 49.70 NOTE
r-release-linux-x86_64 1.1-1 2.89 17.07 19.96 NOTE
r-release-osx-x86_64-mavericks 1.1-1 NOTE
r-release-windows-ix86+x86_64 1.1-1 18.00 49.00 67.00 NOTE
r-oldrel-windows-ix86+x86_64 1.1-1 32.00 48.00 80.00 NOTE

Check Details

Version: 1.1-1
Check: dependencies in R code
Result: NOTE
    'library' or 'require' call to ‘igraph’ in package code.
     Please use :: or requireNamespace() instead.
     See section 'Suggested packages' in the 'Writing R Extensions' manual.
Flavors: r-devel-linux-x86_64-debian-clang, r-devel-linux-x86_64-debian-gcc, r-devel-macos-x86_64-clang, r-devel-windows-ix86+x86_64, r-patched-linux-x86_64, r-patched-solaris-sparc, r-patched-solaris-x86, r-release-linux-x86_64, r-release-osx-x86_64-mavericks, r-release-windows-ix86+x86_64, r-oldrel-windows-ix86+x86_64

Version: 1.1-1
Check: R code for possible problems
Result: NOTE
    network.modules: no visible global function definition for
     ‘graph.empty’
    network.modules: no visible global function definition for
     ‘add.vertices’
    network.modules: no visible global function definition for ‘add.edges’
    network.modules: no visible global function definition for ‘tkplot’
    network.modules: no visible global function definition for ‘V’
    Undefined global functions or variables:
     V add.edges add.vertices graph.empty tkplot
Flavors: r-devel-linux-x86_64-debian-clang, r-devel-linux-x86_64-debian-gcc, r-devel-macos-x86_64-clang, r-devel-windows-ix86+x86_64, r-patched-linux-x86_64, r-patched-solaris-sparc, r-patched-solaris-x86, r-release-linux-x86_64, r-release-osx-x86_64-mavericks, r-release-windows-ix86+x86_64

Version: 1.1-1
Flags: --no-stop-on-test-error
Check: dependencies in R code
Result: NOTE
    'library' or 'require' call to ‘igraph’ in package code.
     Please use :: or requireNamespace() instead.
     See section 'Suggested packages' in the 'Writing R Extensions' manual.
Flavors: r-devel-linux-x86_64-fedora-clang, r-devel-linux-x86_64-fedora-gcc

Version: 1.1-1
Flags: --no-stop-on-test-error
Check: R code for possible problems
Result: NOTE
    network.modules: no visible global function definition for
     ‘graph.empty’
    network.modules: no visible global function definition for
     ‘add.vertices’
    network.modules: no visible global function definition for ‘add.edges’
    network.modules: no visible global function definition for ‘tkplot’
    network.modules: no visible global function definition for ‘V’
    Undefined global functions or variables:
     V add.edges add.vertices graph.empty tkplot
Flavors: r-devel-linux-x86_64-fedora-clang, r-devel-linux-x86_64-fedora-gcc

Version: 1.1-1
Check: R code for possible problems
Result: NOTE
    network.modules: no visible global function definition for
     'graph.empty'
    network.modules: no visible global function definition for
     'add.vertices'
    network.modules: no visible global function definition for 'add.edges'
    network.modules: no visible global function definition for 'tkplot'
    network.modules: no visible global function definition for 'V'
Flavor: r-oldrel-windows-ix86+x86_64