CRAN Package Check Results for Package dna

Last updated on 2014-09-21 21:47:35.

Flavor Version Tinstall Tcheck Ttotal Status Flags
r-devel-linux-x86_64-debian-clang 1.1-1 2.80 18.34 21.14 NOTE
r-devel-linux-x86_64-debian-gcc 1.1-1 2.88 17.48 20.37 NOTE
r-devel-linux-x86_64-fedora-clang 1.1-1 42.30 NOTE
r-devel-linux-x86_64-fedora-gcc 1.1-1 41.51 NOTE
r-devel-osx-x86_64-clang 1.1-1 43.97 NOTE
r-devel-windows-ix86+x86_64 1.1-1 23.00 35.00 58.00 NOTE
r-patched-linux-x86_64 1.1-1 2.76 17.56 20.32 OK
r-patched-solaris-sparc 1.1-1 270.50 OK
r-patched-solaris-x86 1.1-1 57.00 OK
r-release-linux-ix86 1.1-1 4.16 25.83 29.99 OK
r-release-linux-x86_64 1.1-1 2.91 18.12 21.03 OK
r-release-osx-x86_64-mavericks 1.1-1 OK
r-release-osx-x86_64-snowleopard 1.1-1 OK
r-release-windows-ix86+x86_64 1.1-1 25.00 33.00 58.00 OK
r-oldrel-windows-ix86+x86_64 1.1-1 25.00 34.00 59.00 OK

Check Details

Version: 1.1-1
Check: R code for possible problems
Result: NOTE
    network.modules: no visible global function definition for
     ‘graph.empty’
    network.modules: no visible global function definition for
     ‘add.vertices’
    network.modules: no visible global function definition for ‘add.edges’
    network.modules: no visible global function definition for ‘tkplot’
    network.modules: no visible global function definition for ‘V’
Flavors: r-devel-linux-x86_64-debian-clang, r-devel-linux-x86_64-debian-gcc, r-devel-linux-x86_64-fedora-clang, r-devel-linux-x86_64-fedora-gcc, r-devel-osx-x86_64-clang, r-devel-windows-ix86+x86_64