CRAN Package Check Results for Package dna

Last updated on 2015-04-25 10:48:14.

Flavor Version Tinstall Tcheck Ttotal Status Flags
r-devel-linux-x86_64-debian-clang 1.1-1 2.60 17.03 19.63 NOTE
r-devel-linux-x86_64-debian-gcc 1.1-1 2.72 16.32 19.05 NOTE
r-devel-linux-x86_64-fedora-clang 1.1-1 37.64 NOTE
r-devel-linux-x86_64-fedora-gcc 1.1-1 37.78 NOTE
r-devel-osx-x86_64-clang 1.1-1 39.25 NOTE
r-devel-windows-ix86+x86_64 1.1-1 28.00 35.00 63.00 NOTE
r-patched-linux-x86_64 1.1-1 2.66 17.62 20.29 NOTE
r-patched-solaris-sparc 1.1-1 242.10 NOTE
r-patched-solaris-x86 1.1-1 51.30 NOTE
r-release-linux-x86_64 1.1-1 2.78 16.53 19.32 NOTE
r-release-osx-x86_64-mavericks 1.1-1 NOTE
r-release-osx-x86_64-snowleopard 1.1-1 WARN
r-release-windows-ix86+x86_64 1.1-1 25.00 33.00 58.00 NOTE
r-oldrel-windows-ix86+x86_64 1.1-1 18.00 42.00 60.00 NOTE

Check Details

Version: 1.1-1
Check: dependencies in R code
Result: NOTE
    'library' or 'require' call to 'igraph' in package code.
     Please use :: or requireNamespace() instead.
     See section 'Suggested packages' in the 'Writing R Extensions' manual.
Flavors: r-devel-windows-ix86+x86_64, r-patched-linux-x86_64, r-release-windows-ix86+x86_64, r-oldrel-windows-ix86+x86_64

Version: 1.1-1
Check: R code for possible problems
Result: NOTE
    network.modules: no visible global function definition for
     'graph.empty'
    network.modules: no visible global function definition for
     'add.vertices'
    network.modules: no visible global function definition for 'add.edges'
    network.modules: no visible global function definition for 'tkplot'
    network.modules: no visible global function definition for 'V'
Flavors: r-devel-windows-ix86+x86_64, r-patched-linux-x86_64, r-release-windows-ix86+x86_64, r-oldrel-windows-ix86+x86_64