CRAN Package Check Results for Package dna

Last updated on 2015-06-30 06:46:54.

Flavor Version Tinstall Tcheck Ttotal Status Flags
r-devel-linux-x86_64-debian-clang 1.1-1 2.65 16.31 18.96 NOTE
r-devel-linux-x86_64-debian-gcc 1.1-1 2.65 15.98 18.63 NOTE
r-devel-linux-x86_64-fedora-clang 1.1-1 38.03 NOTE
r-devel-linux-x86_64-fedora-gcc 1.1-1 34.79 NOTE
r-devel-osx-x86_64-clang 1.1-1 38.21 NOTE
r-devel-windows-ix86+x86_64 1.1-1 38.00 34.00 72.00 NOTE
r-patched-linux-x86_64 1.1-1 2.64 16.50 19.15 NOTE
r-patched-solaris-sparc 1.1-1 238.30 NOTE
r-patched-solaris-x86 1.1-1 51.50 NOTE
r-release-linux-x86_64 1.1-1 2.70 16.44 19.14 NOTE
r-release-osx-x86_64-mavericks 1.1-1 NOTE
r-release-windows-ix86+x86_64 1.1-1 31.00 31.00 62.00 NOTE
r-oldrel-windows-ix86+x86_64 1.1-1 38.00 36.00 74.00 NOTE

Check Details

Version: 1.1-1
Check: dependencies in R code
Result: NOTE
    'library' or 'require' call to ‘igraph’ in package code.
     Please use :: or requireNamespace() instead.
     See section 'Suggested packages' in the 'Writing R Extensions' manual.
Flavors: r-devel-linux-x86_64-debian-clang, r-devel-linux-x86_64-debian-gcc, r-devel-linux-x86_64-fedora-clang, r-devel-linux-x86_64-fedora-gcc, r-devel-osx-x86_64-clang, r-devel-windows-ix86+x86_64, r-patched-linux-x86_64, r-patched-solaris-sparc, r-patched-solaris-x86, r-release-linux-x86_64, r-release-osx-x86_64-mavericks, r-release-windows-ix86+x86_64, r-oldrel-windows-ix86+x86_64

Version: 1.1-1
Check: R code for possible problems
Result: NOTE
    network.modules: no visible global function definition for
     ‘graph.empty’
    network.modules: no visible global function definition for
     ‘add.vertices’
    network.modules: no visible global function definition for ‘add.edges’
    network.modules: no visible global function definition for ‘tkplot’
    network.modules: no visible global function definition for ‘V’
Flavors: r-devel-linux-x86_64-debian-clang, r-devel-linux-x86_64-debian-gcc, r-devel-linux-x86_64-fedora-clang, r-devel-linux-x86_64-fedora-gcc, r-devel-osx-x86_64-clang, r-devel-windows-ix86+x86_64, r-patched-linux-x86_64, r-patched-solaris-sparc, r-patched-solaris-x86, r-release-linux-x86_64, r-release-osx-x86_64-mavericks, r-release-windows-ix86+x86_64, r-oldrel-windows-ix86+x86_64