CRAN Package Check Results for Package dna

Last updated on 2015-03-30 21:49:10.

Flavor Version Tinstall Tcheck Ttotal Status Flags
r-devel-linux-x86_64-debian-clang 1.1-1 2.64 16.92 19.56 NOTE
r-devel-linux-x86_64-debian-gcc 1.1-1 2.71 16.27 18.98 NOTE
r-devel-linux-x86_64-fedora-clang 1.1-1 37.27 NOTE
r-devel-linux-x86_64-fedora-gcc 1.1-1 36.80 NOTE
r-devel-osx-x86_64-clang 1.1-1 44.68 NOTE
r-prerel-windows-ix86+x86_64 1.1-1 26.00 34.00 60.00 NOTE
r-prerel-linux-x86_64 1.1-1 2.62 16.96 19.58 NOTE
r-prerel-solaris-sparc 1.1-1 242.10 NOTE
r-prerel-solaris-x86 1.1-1 48.40 NOTE
r-release-linux-x86_64 1.1-1 2.82 17.72 20.53 NOTE
r-release-osx-x86_64-mavericks 1.1-1 NOTE
r-release-osx-x86_64-snowleopard 1.1-1 OK
r-release-windows-ix86+x86_64 1.1-1 26.00 35.00 61.00 NOTE
r-oldrel-windows-ix86+x86_64 1.1-1 26.00 38.00 64.00 OK

Check Details

Version: 1.1-1
Check: dependencies in R code
Result: NOTE
    'library' or 'require' call to ‘igraph’ in package code.
     Please use :: or requireNamespace() instead.
     See section 'Suggested packages' in the 'Writing R Extensions' manual.
Flavors: r-devel-linux-x86_64-debian-clang, r-devel-linux-x86_64-debian-gcc, r-devel-linux-x86_64-fedora-clang, r-devel-linux-x86_64-fedora-gcc, r-devel-osx-x86_64-clang, r-prerel-windows-ix86+x86_64, r-prerel-linux-x86_64, r-prerel-solaris-sparc, r-prerel-solaris-x86, r-release-linux-x86_64, r-release-windows-ix86+x86_64

Version: 1.1-1
Check: R code for possible problems
Result: NOTE
    network.modules: no visible global function definition for
     ‘graph.empty’
    network.modules: no visible global function definition for
     ‘add.vertices’
    network.modules: no visible global function definition for ‘add.edges’
    network.modules: no visible global function definition for ‘tkplot’
    network.modules: no visible global function definition for ‘V’
Flavors: r-devel-linux-x86_64-debian-clang, r-devel-linux-x86_64-debian-gcc, r-devel-linux-x86_64-fedora-clang, r-devel-linux-x86_64-fedora-gcc, r-devel-osx-x86_64-clang, r-prerel-windows-ix86+x86_64, r-prerel-linux-x86_64, r-prerel-solaris-sparc, r-prerel-solaris-x86, r-release-linux-x86_64, r-release-osx-x86_64-mavericks, r-release-windows-ix86+x86_64