CRAN Package Check Results for Package dna

Last updated on 2020-09-18 19:49:02 CEST.

Flavor Version Tinstall Tcheck Ttotal Status Flags
r-devel-linux-x86_64-debian-clang 2.1-2 7.68 34.05 41.73 OK
r-devel-linux-x86_64-debian-gcc 2.1-2 5.98 26.87 32.85 OK
r-devel-linux-x86_64-fedora-clang 2.1-2 61.56 OK
r-devel-linux-x86_64-fedora-gcc 2.1-2 51.12 OK
r-devel-windows-ix86+x86_64 2.1-2 27.00 59.00 86.00 OK
r-patched-linux-x86_64 2.1-2 6.32 33.65 39.97 OK
r-patched-solaris-x86 2.1-2 74.70 OK
r-release-linux-x86_64 2.1-2 7.11 33.81 40.92 OK
r-release-macos-x86_64 2.1-2 OK
r-release-windows-ix86+x86_64 2.1-2 24.00 52.00 76.00 OK
r-oldrel-macos-x86_64 2.1-2 ERROR

Check Details

Version: 2.1-2
Check: whether package can be installed
Result: ERROR
    Installation failed.
Flavor: r-oldrel-macos-x86_64