CRAN Package Check Results for Package dna

Last updated on 2015-07-31 23:47:40.

Flavor Version Tinstall Tcheck Ttotal Status Flags
r-devel-linux-x86_64-debian-clang 1.1-1 2.60 16.80 19.39 NOTE
r-devel-linux-x86_64-debian-gcc 1.1-1 3.85 16.47 20.32 NOTE
r-devel-linux-x86_64-fedora-clang 1.1-1 37.91 NOTE
r-devel-linux-x86_64-fedora-gcc 1.1-1 35.35 NOTE
r-devel-osx-x86_64-clang 1.1-1 35.88 NOTE
r-devel-windows-ix86+x86_64 1.1-1 37.00 35.00 72.00 NOTE
r-patched-linux-x86_64 1.1-1 2.82 16.35 19.17 NOTE
r-patched-solaris-sparc 1.1-1 224.90 NOTE
r-patched-solaris-x86 1.1-1 52.60 NOTE
r-release-linux-x86_64 1.1-1 2.82 16.38 19.20 NOTE
r-release-osx-x86_64-mavericks 1.1-1 NOTE
r-release-windows-ix86+x86_64 1.1-1 31.00 36.00 67.00 NOTE
r-oldrel-windows-ix86+x86_64 1.1-1 24.00 42.00 66.00 NOTE

Check Details

Version: 1.1-1
Check: dependencies in R code
Result: NOTE
    'library' or 'require' call to ‘igraph’ in package code.
     Please use :: or requireNamespace() instead.
     See section 'Suggested packages' in the 'Writing R Extensions' manual.
Flavors: r-devel-linux-x86_64-debian-clang, r-devel-linux-x86_64-debian-gcc, r-devel-linux-x86_64-fedora-clang, r-devel-linux-x86_64-fedora-gcc, r-devel-osx-x86_64-clang, r-devel-windows-ix86+x86_64, r-patched-linux-x86_64, r-patched-solaris-sparc, r-patched-solaris-x86, r-release-linux-x86_64, r-release-osx-x86_64-mavericks, r-release-windows-ix86+x86_64, r-oldrel-windows-ix86+x86_64

Version: 1.1-1
Check: R code for possible problems
Result: NOTE
    network.modules: no visible global function definition for
     ‘graph.empty’
    network.modules: no visible global function definition for
     ‘add.vertices’
    network.modules: no visible global function definition for ‘add.edges’
    network.modules: no visible global function definition for ‘tkplot’
    network.modules: no visible global function definition for ‘V’
    Undefined global functions or variables:
     V add.edges add.vertices graph.empty tkplot
Flavors: r-devel-linux-x86_64-debian-clang, r-devel-linux-x86_64-debian-gcc, r-devel-linux-x86_64-fedora-clang, r-devel-linux-x86_64-fedora-gcc, r-devel-osx-x86_64-clang, r-devel-windows-ix86+x86_64

Version: 1.1-1
Check: R code for possible problems
Result: NOTE
    network.modules: no visible global function definition for
     ‘graph.empty’
    network.modules: no visible global function definition for
     ‘add.vertices’
    network.modules: no visible global function definition for ‘add.edges’
    network.modules: no visible global function definition for ‘tkplot’
    network.modules: no visible global function definition for ‘V’
Flavors: r-patched-linux-x86_64, r-patched-solaris-sparc, r-patched-solaris-x86, r-release-linux-x86_64, r-release-osx-x86_64-mavericks, r-release-windows-ix86+x86_64, r-oldrel-windows-ix86+x86_64