CRAN Package Check Results for Package dna

Last updated on 2018-06-25 16:49:49 CEST.

Flavor Version Tinstall Tcheck Ttotal Status Flags
r-devel-linux-x86_64-debian-clang 1.1-1 6.61 29.19 35.80 NOTE
r-devel-linux-x86_64-debian-gcc 1.1-1 4.69 25.00 29.69 NOTE
r-devel-linux-x86_64-fedora-clang 1.1-1 45.45 NOTE
r-devel-linux-x86_64-fedora-gcc 1.1-1 42.98 NOTE
r-devel-windows-ix86+x86_64 1.1-1 39.00 58.00 97.00 NOTE
r-patched-linux-x86_64 1.1-1 5.52 30.33 35.85 NOTE
r-patched-solaris-x86 1.1-1 64.40 NOTE
r-release-linux-x86_64 1.1-1 6.20 29.91 36.11 NOTE
r-release-windows-ix86+x86_64 1.1-1 31.00 61.00 92.00 NOTE
r-release-osx-x86_64 1.1-1 NOTE
r-oldrel-windows-ix86+x86_64 1.1-1 23.00 71.00 94.00 NOTE
r-oldrel-osx-x86_64 1.1-1 NOTE

Check Details

Version: 1.1-1
Check: dependencies in R code
Result: NOTE
    'library' or 'require' call to ‘igraph’ in package code.
     Please use :: or requireNamespace() instead.
     See section 'Suggested packages' in the 'Writing R Extensions' manual.
Flavors: r-devel-linux-x86_64-debian-clang, r-devel-linux-x86_64-debian-gcc, r-devel-linux-x86_64-fedora-clang, r-devel-linux-x86_64-fedora-gcc, r-devel-windows-ix86+x86_64, r-patched-linux-x86_64, r-patched-solaris-x86, r-release-linux-x86_64, r-release-windows-ix86+x86_64, r-release-osx-x86_64, r-oldrel-windows-ix86+x86_64, r-oldrel-osx-x86_64

Version: 1.1-1
Check: R code for possible problems
Result: NOTE
    network.modules: no visible global function definition for
     ‘graph.empty’
    network.modules: no visible global function definition for
     ‘add.vertices’
    network.modules: no visible global function definition for ‘add.edges’
    network.modules: no visible global function definition for ‘tkplot’
    network.modules: no visible global function definition for ‘V’
    Undefined global functions or variables:
     V add.edges add.vertices graph.empty tkplot
Flavors: r-devel-linux-x86_64-debian-clang, r-devel-linux-x86_64-debian-gcc, r-devel-linux-x86_64-fedora-clang, r-devel-linux-x86_64-fedora-gcc, r-devel-windows-ix86+x86_64, r-patched-linux-x86_64, r-patched-solaris-x86, r-release-linux-x86_64, r-release-windows-ix86+x86_64, r-release-osx-x86_64, r-oldrel-windows-ix86+x86_64, r-oldrel-osx-x86_64

Version: 1.1-1
Check: compiled code
Result: NOTE
    File ‘dna/libs/dna.so’:
     Found no calls to: ‘R_registerRoutines’, ‘R_useDynamicSymbols’
    
    It is good practice to register native routines and to disable symbol
    search.
    
    See ‘Writing portable packages’ in the ‘Writing R Extensions’ manual.
Flavors: r-devel-linux-x86_64-debian-clang, r-devel-linux-x86_64-debian-gcc, r-devel-linux-x86_64-fedora-clang, r-devel-linux-x86_64-fedora-gcc, r-patched-linux-x86_64, r-release-linux-x86_64