CRAN Package Check Results for Package dna

Last updated on 2014-04-25 05:47:14.

Flavor Version Tinstall Tcheck Ttotal Status Flags
r-devel-linux-x86_64-debian-clang 1.1-1 2.62 17.38 20.00 OK
r-devel-linux-x86_64-debian-gcc 1.1-1 2.91 17.81 20.72 OK
r-devel-linux-x86_64-fedora-clang 1.1-1 42.34 OK
r-devel-linux-x86_64-fedora-gcc 1.1-1 41.92 OK
r-devel-osx-x86_64-clang 1.1-1 38.76 OK
r-devel-osx-x86_64-gcc 1.1-1 WARN
r-devel-windows-ix86+x86_64 1.1-1 22.00 32.00 54.00 OK
r-patched-linux-x86_64 1.1-1 2.96 17.62 20.57 OK
r-patched-solaris-sparc 1.1-1 208.40 OK
r-patched-solaris-x86 1.1-1 60.60 OK
r-release-linux-ix86 1.1-1 6.00 36.00 42.00 OK
r-release-linux-x86_64 1.1-1 2.97 17.78 20.75 OK
r-release-osx-x86_64-mavericks 1.1-1 WARN
r-release-osx-x86_64-snowleopard 1.1-1 OK
r-release-windows-ix86+x86_64 1.1-1 22.00 34.00 56.00 OK
r-oldrel-windows-ix86+x86_64 1.1-1 24.00 35.00 59.00 OK

Check Details

Version: 1.1-1
Check: package dependencies
Result: NOTE
    Package suggested but not available for checking: ‘igraph’
Flavor: r-devel-osx-x86_64-gcc

Version: 1.1-1
Check: R code for possible problems
Result: NOTE
    network.modules: no visible global function definition for
     ‘graph.empty’
    network.modules: no visible global function definition for
     ‘add.vertices’
    network.modules: no visible global function definition for ‘add.edges’
    network.modules: no visible global function definition for ‘tkplot’
    network.modules: no visible global function definition for ‘V’
Flavor: r-devel-osx-x86_64-gcc

Version: 1.1-1
Check: running R code from vignettes
Result: WARNING
    Errors in running code in vignettes:
    when running code in ‘Introduction.Rnw’
     ...
    
    > network.modules(s, m = 3, epsilon = 0.7, plot = TRUE,
    + interactive = FALSE)
    Loading required package: igraph
    Warning in library(package, lib.loc = lib.loc, character.only = TRUE, logical.return = TRUE, :
     there is no package called ‘igraph’
    
     When sourcing ‘Introduction.R’:
    Error: could not find function "graph.empty"
    Execution halted
Flavor: r-devel-osx-x86_64-gcc

Version: 1.1-1
Check: re-building of vignette outputs
Result: NOTE
    Error in re-building vignettes:
     ...
    dna 1.1-1 loaded
    Loading required package: igraph
    Warning in library(package, lib.loc = lib.loc, character.only = TRUE, logical.return = TRUE, :
     there is no package called ‘igraph’
    
    Error: processing vignette 'Introduction.Rnw' failed with diagnostics:
     chunk 3
    Error in network.modules(s, m = 3, epsilon = 0.7, plot = TRUE, interactive = FALSE) :
     could not find function "graph.empty"
    Execution halted
Flavor: r-devel-osx-x86_64-gcc

Version: 1.1-1
Check: PDF version of manual
Result: WARNING
    LaTeX errors when creating PDF version.
    This typically indicates Rd problems.
    LaTeX errors found:
    ! LaTeX Error: File `upquote.sty' not found.
    
    Type X to quit or <RETURN> to proceed,
    or enter new name. (Default extension: sty)
    
    1a31581/Rd2.tex:8: ==> Fatal error occurred, no output PDF file produced!
Flavor: r-release-osx-x86_64-mavericks