CRAN Package Check Results for Package dna

Last updated on 2015-05-30 19:47:11.

Flavor Version Tinstall Tcheck Ttotal Status Flags
r-devel-linux-x86_64-debian-clang 1.1-1 2.59 17.06 19.66 NOTE
r-devel-linux-x86_64-debian-gcc 1.1-1 2.75 16.02 18.76 NOTE
r-devel-linux-x86_64-fedora-clang 1.1-1 36.90 NOTE
r-devel-linux-x86_64-fedora-gcc 1.1-1 35.45 NOTE
r-devel-osx-x86_64-clang 1.1-1 40.69 NOTE
r-devel-windows-ix86+x86_64 1.1-1 28.00 34.00 62.00 NOTE
r-patched-linux-x86_64 1.1-1 2.67 16.18 18.84 NOTE
r-patched-solaris-sparc 1.1-1 238.30 NOTE
r-patched-solaris-x86 1.1-1 50.80 NOTE
r-release-linux-x86_64 1.1-1 2.76 16.35 19.11 NOTE
r-release-osx-x86_64-mavericks 1.1-1 NOTE
r-release-osx-x86_64-snowleopard 1.1-1 WARN
r-release-windows-ix86+x86_64 1.1-1 27.00 35.00 62.00 NOTE
r-oldrel-windows-ix86+x86_64 1.1-1 24.00 33.00 57.00 NOTE

Check Details

Version: 1.1-1
Check: dependencies in R code
Result: NOTE
    'library' or 'require' call to ‘igraph’ in package code.
     Please use :: or requireNamespace() instead.
     See section 'Suggested packages' in the 'Writing R Extensions' manual.
Flavors: r-devel-linux-x86_64-debian-clang, r-devel-linux-x86_64-debian-gcc, r-devel-linux-x86_64-fedora-clang, r-devel-linux-x86_64-fedora-gcc, r-devel-osx-x86_64-clang, r-devel-windows-ix86+x86_64, r-patched-linux-x86_64, r-patched-solaris-sparc, r-patched-solaris-x86, r-release-linux-x86_64, r-release-osx-x86_64-mavericks, r-release-osx-x86_64-snowleopard, r-release-windows-ix86+x86_64, r-oldrel-windows-ix86+x86_64

Version: 1.1-1
Check: R code for possible problems
Result: NOTE
    network.modules: no visible global function definition for
     ‘graph.empty’
    network.modules: no visible global function definition for
     ‘add.vertices’
    network.modules: no visible global function definition for ‘add.edges’
    network.modules: no visible global function definition for ‘tkplot’
    network.modules: no visible global function definition for ‘V’
Flavors: r-devel-linux-x86_64-debian-clang, r-devel-linux-x86_64-debian-gcc, r-devel-linux-x86_64-fedora-clang, r-devel-linux-x86_64-fedora-gcc, r-devel-osx-x86_64-clang, r-devel-windows-ix86+x86_64, r-patched-linux-x86_64, r-patched-solaris-sparc, r-patched-solaris-x86, r-release-linux-x86_64, r-release-osx-x86_64-mavericks, r-release-osx-x86_64-snowleopard, r-release-windows-ix86+x86_64, r-oldrel-windows-ix86+x86_64

Version: 1.1-1
Check: package dependencies
Result: NOTE
    Package suggested but not available for checking: ‘igraph’
Flavor: r-release-osx-x86_64-snowleopard

Version: 1.1-1
Check: running R code from vignettes
Result: WARN
    Errors in running code in vignettes:
    when running code in ‘Introduction.Rnw’
     ...
    
    > network.modules(s, m = 3, epsilon = 0.7, plot = TRUE,
    + interactive = FALSE)
    Loading required package: igraph
    Warning in library(package, lib.loc = lib.loc, character.only = TRUE, logical.return = TRUE, :
     there is no package called ‘igraph’
    
     When sourcing ‘Introduction.R’:
    Error: could not find function "graph.empty"
    Execution halted
Flavor: r-release-osx-x86_64-snowleopard

Version: 1.1-1
Check: re-building of vignette outputs
Result: NOTE
    Error in re-building vignettes:
     ...
    dna 1.1-1 loaded
    Loading required package: igraph
    Warning in library(package, lib.loc = lib.loc, character.only = TRUE, logical.return = TRUE, :
     there is no package called ‘igraph’
    
    Error: processing vignette 'Introduction.Rnw' failed with diagnostics:
     chunk 3
    Error in network.modules(s, m = 3, epsilon = 0.7, plot = TRUE, interactive = FALSE) :
     could not find function "graph.empty"
    Execution halted
Flavor: r-release-osx-x86_64-snowleopard