CRAN Package Check Results for Package dna

Last updated on 2014-12-22 23:48:44.

Flavor Version Tinstall Tcheck Ttotal Status Flags
r-devel-linux-x86_64-debian-clang 1.1-1 2.65 17.64 20.30 NOTE
r-devel-linux-x86_64-debian-gcc 1.1-1 2.68 16.98 19.67 NOTE
r-devel-linux-x86_64-fedora-clang 1.1-1 40.74 NOTE
r-devel-linux-x86_64-fedora-gcc 1.1-1 39.80 NOTE
r-devel-osx-x86_64-clang 1.1-1 40.82 NOTE
r-devel-windows-ix86+x86_64 1.1-1 24.00 34.00 58.00 NOTE
r-patched-linux-x86_64 1.1-1 2.81 17.22 20.03 NOTE
r-patched-solaris-sparc 1.1-1 240.80 NOTE
r-patched-solaris-x86 1.1-1 55.50 NOTE
r-release-linux-ix86 1.1-1 3.87 24.08 27.96 NOTE
r-release-linux-x86_64 1.1-1 2.87 17.61 20.48 NOTE
r-release-osx-x86_64-mavericks 1.1-1 OK
r-release-osx-x86_64-snowleopard 1.1-1 OK
r-release-windows-ix86+x86_64 1.1-1 24.00 37.00 61.00 NOTE
r-oldrel-windows-ix86+x86_64 1.1-1 24.00 35.00 59.00 OK

Check Details

Version: 1.1-1
Check: R code for possible problems
Result: NOTE
    network.modules: no visible global function definition for
     ‘graph.empty’
    network.modules: no visible global function definition for
     ‘add.vertices’
    network.modules: no visible global function definition for ‘add.edges’
    network.modules: no visible global function definition for ‘tkplot’
    network.modules: no visible global function definition for ‘V’
Flavors: r-devel-linux-x86_64-debian-clang, r-devel-linux-x86_64-debian-gcc, r-devel-linux-x86_64-fedora-clang, r-devel-linux-x86_64-fedora-gcc, r-devel-osx-x86_64-clang, r-devel-windows-ix86+x86_64, r-patched-linux-x86_64, r-patched-solaris-sparc, r-patched-solaris-x86, r-release-linux-ix86, r-release-linux-x86_64, r-release-windows-ix86+x86_64