CRAN Package Check Results for Package dna

Last updated on 2017-01-24 23:49:43.

Flavor Version Tinstall Tcheck Ttotal Status Flags
r-devel-linux-x86_64-debian-clang 1.1-1 3.86 19.25 23.10 NOTE
r-devel-linux-x86_64-debian-gcc 1.1-1 3.40 19.09 22.49 NOTE
r-devel-linux-x86_64-fedora-clang 1.1-1 41.70 NOTE --no-stop-on-test-error
r-devel-linux-x86_64-fedora-gcc 1.1-1 39.04 NOTE --no-stop-on-test-error
r-devel-macos-x86_64-clang 1.1-1 33.42 NOTE --no-stop-on-test-error
r-devel-windows-ix86+x86_64 1.1-1 19.00 67.00 86.00 NOTE
r-patched-linux-x86_64 1.1-1 2.87 16.99 19.86 NOTE
r-patched-solaris-sparc 1.1-1 215.90 NOTE
r-patched-solaris-x86 1.1-1 46.60 NOTE
r-release-linux-x86_64 1.1-1 2.96 17.08 20.04 NOTE
r-release-osx-x86_64-mavericks 1.1-1 NOTE
r-release-windows-ix86+x86_64 1.1-1 34.00 59.00 93.00 NOTE
r-oldrel-windows-ix86+x86_64 1.1-1 62.00 97.00 159.00 NOTE

Check Details

Version: 1.1-1
Check: dependencies in R code
Result: NOTE
    'library' or 'require' call to ‘igraph’ in package code.
     Please use :: or requireNamespace() instead.
     See section 'Suggested packages' in the 'Writing R Extensions' manual.
Flavors: r-devel-linux-x86_64-debian-clang, r-devel-linux-x86_64-debian-gcc, r-devel-windows-ix86+x86_64, r-patched-linux-x86_64, r-patched-solaris-sparc, r-patched-solaris-x86, r-release-linux-x86_64, r-release-osx-x86_64-mavericks, r-release-windows-ix86+x86_64, r-oldrel-windows-ix86+x86_64

Version: 1.1-1
Check: R code for possible problems
Result: NOTE
    network.modules: no visible global function definition for
     ‘graph.empty’
    network.modules: no visible global function definition for
     ‘add.vertices’
    network.modules: no visible global function definition for ‘add.edges’
    network.modules: no visible global function definition for ‘tkplot’
    network.modules: no visible global function definition for ‘V’
    Undefined global functions or variables:
     V add.edges add.vertices graph.empty tkplot
Flavors: r-devel-linux-x86_64-debian-clang, r-devel-linux-x86_64-debian-gcc, r-devel-windows-ix86+x86_64, r-patched-linux-x86_64, r-patched-solaris-sparc, r-patched-solaris-x86, r-release-linux-x86_64, r-release-osx-x86_64-mavericks, r-release-windows-ix86+x86_64

Version: 1.1-1
Flags: --no-stop-on-test-error
Check: dependencies in R code
Result: NOTE
    'library' or 'require' call to ‘igraph’ in package code.
     Please use :: or requireNamespace() instead.
     See section 'Suggested packages' in the 'Writing R Extensions' manual.
Flavors: r-devel-linux-x86_64-fedora-clang, r-devel-linux-x86_64-fedora-gcc, r-devel-macos-x86_64-clang

Version: 1.1-1
Flags: --no-stop-on-test-error
Check: R code for possible problems
Result: NOTE
    network.modules: no visible global function definition for
     ‘graph.empty’
    network.modules: no visible global function definition for
     ‘add.vertices’
    network.modules: no visible global function definition for ‘add.edges’
    network.modules: no visible global function definition for ‘tkplot’
    network.modules: no visible global function definition for ‘V’
    Undefined global functions or variables:
     V add.edges add.vertices graph.empty tkplot
Flavors: r-devel-linux-x86_64-fedora-clang, r-devel-linux-x86_64-fedora-gcc, r-devel-macos-x86_64-clang

Version: 1.1-1
Check: R code for possible problems
Result: NOTE
    network.modules: no visible global function definition for
     'graph.empty'
    network.modules: no visible global function definition for
     'add.vertices'
    network.modules: no visible global function definition for 'add.edges'
    network.modules: no visible global function definition for 'tkplot'
    network.modules: no visible global function definition for 'V'
Flavor: r-oldrel-windows-ix86+x86_64