CRAN Package Check Results for Package doBy

Last updated on 2019-03-21 12:54:47 CET.

Flavor Version Tinstall Tcheck Ttotal Status Flags
r-devel-linux-x86_64-debian-clang 4.6-2 9.86 105.93 115.79 WARN
r-devel-linux-x86_64-debian-gcc 4.6-2 7.88 82.98 90.86 OK
r-devel-linux-x86_64-fedora-clang 4.6-2 144.89 OK
r-devel-linux-x86_64-fedora-gcc 4.6-2 131.58 OK
r-devel-windows-ix86+x86_64 4.6-2 27.00 184.00 211.00 OK
r-patched-linux-x86_64 4.6-2 7.27 92.05 99.32 OK
r-patched-solaris-x86 4.6-2 177.50 OK
r-release-linux-x86_64 4.6-2 7.28 93.38 100.66 OK
r-release-windows-ix86+x86_64 4.6-2 16.00 165.00 181.00 OK
r-release-osx-x86_64 4.6-2 OK
r-oldrel-windows-ix86+x86_64 4.6-2 15.00 150.00 165.00 WARN
r-oldrel-osx-x86_64 4.6-2 OK

Check Details

Version: 4.6-2
Check: whether package can be installed
Result: WARN
    Found the following significant warnings:
     Warning: unable to re-encode 'BY-splitBy2.R' line 11
     Warning: unable to re-encode 'data-milkman.R' lines 34, 37
Flavor: r-devel-linux-x86_64-debian-clang

Version: 4.6-2
Check: re-building of vignette outputs
Result: WARN
    Error in re-building vignettes:
     ...
    Quitting from lines 597-601 (linest-lsmeans.Rnw)
    Error: processing vignette 'linest-lsmeans.Rnw' failed with diagnostics:
    could not find function "isFALSE"
    Execution halted
Flavor: r-oldrel-windows-ix86+x86_64