CRAN Package Check Results for Package doBy

Last updated on 2015-01-30 14:48:46.

Flavor Version Tinstall Tcheck Ttotal Status Flags
r-devel-linux-x86_64-debian-clang 4.5-13 3.89 61.26 65.14 NOTE
r-devel-linux-x86_64-debian-gcc 4.5-13 3.81 61.03 64.84 NOTE
r-devel-linux-x86_64-fedora-clang 4.5-13 156.29 NOTE
r-devel-linux-x86_64-fedora-gcc 4.5-13 150.08 NOTE
r-devel-osx-x86_64-clang 4.5-13 149.51 NOTE
r-devel-windows-ix86+x86_64 4.5-13 15.00 96.00 111.00 NOTE
r-patched-linux-x86_64 4.5-13 4.16 68.94 73.11 OK
r-patched-solaris-sparc 4.5-13 941.30 OK
r-patched-solaris-x86 4.5-13 207.70 OK
r-release-linux-ix86 4.5-13 4.73 81.08 85.81 OK
r-release-linux-x86_64 4.5-13 4.24 69.53 73.77 OK
r-release-osx-x86_64-mavericks 4.5-13 OK
r-release-osx-x86_64-snowleopard 4.5-13 OK
r-release-windows-ix86+x86_64 4.5-13 10.00 104.00 114.00 OK
r-oldrel-windows-ix86+x86_64 4.5-13 10.00 103.00 113.00 OK

Check Details

Version: 4.5-13
Check: dependencies in R code
Result: NOTE
    'library' or 'require' call to ‘pbkrtest’ in package code.
     Please use :: or requireNamespace() instead.
     See section 'Suggested packages' in the 'Writing R Extensions' manual.
Flavors: r-devel-linux-x86_64-debian-clang, r-devel-linux-x86_64-debian-gcc, r-devel-linux-x86_64-fedora-clang, r-devel-linux-x86_64-fedora-gcc, r-devel-osx-x86_64-clang, r-devel-windows-ix86+x86_64

Version: 4.5-13
Check: S3 generic/method consistency
Result: NOTE
    Found the following apparent S3 methods exported but not registered:
     LSmatrix.default LSmeans.default LSmeans.lmerMod esticon.coxph
     esticon.geeglm esticon.glm esticon.gls esticon.lm esticon.lme
     esticon.mer esticon.merMod firstobs.default firstobs.formula
     lastobs.default lastobs.formula linest.geeglm linest.glm linest.lm
     linest.lmerMod linest.merMod nullBasis.Matrix nullBasis.geeglm
     nullBasis.glm nullBasis.lm nullBasis.lmerMod nullBasis.matrix
     print.LSmatrix print.linearEstimate print.lmBy print.splitByData
     print.summary.lmBy summary.lmBy coef.lmBy coef.summary.lmBy
     fitted.lmBy residuals.lmBy
    See section ‘Registering S3 methods’ in the ‘Writing R Extensions’
    manual.
Flavors: r-devel-linux-x86_64-debian-clang, r-devel-linux-x86_64-debian-gcc, r-devel-linux-x86_64-fedora-clang, r-devel-linux-x86_64-fedora-gcc, r-devel-osx-x86_64-clang