CRAN Package Check Results for Package doBy

Last updated on 2014-11-21 16:46:29.

Flavor Version Tinstall Tcheck Ttotal Status Flags
r-devel-linux-x86_64-debian-clang 4.5-12 4.09 68.83 72.92 OK
r-devel-linux-x86_64-debian-gcc 4.5-12 3.85 66.25 70.10 OK
r-devel-linux-x86_64-fedora-clang 4.5-12 162.73 OK
r-devel-linux-x86_64-fedora-gcc 4.5-12 155.76 OK
r-devel-osx-x86_64-clang 4.5-12 152.73 OK
r-devel-windows-ix86+x86_64 4.5-12 11.00 97.00 108.00 OK
r-patched-linux-x86_64 4.5-12 4.09 69.71 73.80 OK
r-patched-solaris-sparc 4.5-12 863.90 OK
r-patched-solaris-x86 4.5-12 202.50 OK
r-release-linux-ix86 4.5-12 4.87 81.44 86.31 OK
r-release-linux-x86_64 4.5-12 4.16 69.86 74.02 OK
r-release-osx-x86_64-mavericks 4.5-12 NOTE
r-release-osx-x86_64-snowleopard 4.5-12 OK
r-release-windows-ix86+x86_64 4.5-12 14.00 102.00 116.00 OK
r-oldrel-windows-ix86+x86_64 4.5-12 11.00 96.00 107.00 OK

Check Details

Version: 4.5-12
Check: re-building of vignette outputs
Result: NOTE
    Error in re-building vignettes:
     ...
    Loading required package: doBy
    Loading required package: survival
    Loading required package: splines
    Loading required package: Matrix
    Loading required package: Rcpp
    Loading required package: pbkrtest
     [[ suppressing 14 column names ‘(Intercept)’, ‘AA2’, ‘BB1:CC1’ ... ]]
    Loading required package: mvtnorm
    Loading required package: TH.data
    Error in texi2dvi(file = file, pdf = TRUE, clean = clean, quiet = quiet, :
     Running 'texi2dvi' on 'LSmeans.tex' failed.
    LaTeX errors:
    ! LaTeX Error: File `boxedminipage.sty' not found.
    
    Type X to quit or <RETURN> to proceed,
    or enter new name. (Default extension: sty)
    
    st/doBy/vignettes/LSmeans.tex:13: ==> Fatal error occurred, no output PDF file
     produced!
    Calls: buildVignettes -> texi2pdf -> texi2dvi
    Execution halted
Flavor: r-release-osx-x86_64-mavericks