CRAN Package Check Results for Package doBy

Last updated on 2014-09-18 14:46:51.

Flavor Version Tinstall Tcheck Ttotal Status Flags
r-devel-linux-x86_64-debian-clang 4.5-11 3.78 64.72 68.49 OK
r-devel-linux-x86_64-debian-gcc 4.5-11 3.73 64.54 68.28 OK
r-devel-linux-x86_64-fedora-clang 4.5-11 86.34 OK
r-devel-linux-x86_64-fedora-gcc 4.5-11 154.86 OK
r-devel-osx-x86_64-clang 4.5-11 137.78 OK
r-devel-windows-ix86+x86_64 4.5-11 10.00 90.00 100.00 OK
r-patched-linux-x86_64 4.5-11 3.99 70.76 74.75 OK
r-patched-solaris-sparc 4.5-11 820.00 OK
r-patched-solaris-x86 4.5-11 206.00 OK
r-release-linux-ix86 4.5-11 4.88 83.52 88.40 OK
r-release-linux-x86_64 4.5-11 4.01 69.98 73.99 OK
r-release-osx-x86_64-mavericks 4.5-11 NOTE
r-release-osx-x86_64-snowleopard 4.5-11 OK
r-release-windows-ix86+x86_64 4.5-11 9.00 108.00 117.00 OK
r-oldrel-windows-ix86+x86_64 4.5-11 10.00 95.00 105.00 OK

Check Details

Version: 4.5-11
Check: re-building of vignette outputs
Result: NOTE
    Error in re-building vignettes:
     ...
    Loading required package: doBy
    Loading required package: survival
    Loading required package: splines
    Loading required package: MASS
    Loading required package: Matrix
    Loading required package: Rcpp
    Loading required package: pbkrtest
     [[ suppressing 14 column names ‘(Intercept)’, ‘AA2’, ‘BB1:CC1’ ... ]]
    Loading required package: mvtnorm
    Loading required package: TH.data
    Error in texi2dvi(file = file, pdf = TRUE, clean = clean, quiet = quiet, :
     Running 'texi2dvi' on 'LSmeans.tex' failed.
    LaTeX errors:
    ! LaTeX Error: File `boxedminipage.sty' not found.
    
    Type X to quit or <RETURN> to proceed,
    or enter new name. (Default extension: sty)
    
    st/doBy/vignettes/LSmeans.tex:13: ==> Fatal error occurred, no output PDF file
     produced!
    Calls: buildVignettes -> texi2pdf -> texi2dvi
    Execution halted
Flavor: r-release-osx-x86_64-mavericks