CRAN Package Check Results for Package doBy

Last updated on 2014-12-21 03:48:14.

Flavor Version Tinstall Tcheck Ttotal Status Flags
r-devel-linux-x86_64-debian-clang 4.5-13 4.11 66.29 70.40 OK
r-devel-linux-x86_64-debian-gcc 4.5-13 3.90 64.07 67.96 OK
r-devel-linux-x86_64-fedora-clang 4.5-13 163.53 OK
r-devel-linux-x86_64-fedora-gcc 4.5-13 152.72 OK
r-devel-osx-x86_64-clang 4.5-13 151.18 OK
r-devel-windows-ix86+x86_64 4.5-13 11.00 93.00 104.00 OK
r-patched-linux-x86_64 4.5-13 4.32 68.70 73.02 OK
r-patched-solaris-sparc 4.5-13 827.00 OK
r-patched-solaris-x86 4.5-13 202.80 OK
r-release-linux-ix86 4.5-13 4.89 80.61 85.50 OK
r-release-linux-x86_64 4.5-13 4.10 70.10 74.20 OK
r-release-osx-x86_64-mavericks 4.5-13 NOTE
r-release-osx-x86_64-snowleopard 4.5-13 OK
r-release-windows-ix86+x86_64 4.5-13 11.00 103.00 114.00 OK
r-oldrel-windows-ix86+x86_64 4.5-13 10.00 99.00 109.00 OK

Check Details

Version: 4.5-13
Check: re-building of vignette outputs
Result: NOTE
    Error in re-building vignettes:
     ...
    Loading required package: doBy
    Loading required package: survival
    Loading required package: splines
    Loading required package: Matrix
    Loading required package: Rcpp
    Loading required package: pbkrtest
     [[ suppressing 14 column names ‘(Intercept)’, ‘AA2’, ‘BB1:CC1’ ... ]]
    Loading required package: mvtnorm
    Loading required package: TH.data
    Error in texi2dvi(file = file, pdf = TRUE, clean = clean, quiet = quiet, :
     Running 'texi2dvi' on 'LSmeans.tex' failed.
    LaTeX errors:
    ! LaTeX Error: File `boxedminipage.sty' not found.
    
    Type X to quit or <RETURN> to proceed,
    or enter new name. (Default extension: sty)
    
    st/doBy/vignettes/LSmeans.tex:13: ==> Fatal error occurred, no output PDF file
     produced!
    Calls: buildVignettes -> texi2pdf -> texi2dvi
    Execution halted
Flavor: r-release-osx-x86_64-mavericks