CRAN Package Check Results for Package doBy

Last updated on 2014-08-21 11:15:03.

Flavor Version Tinstall Tcheck Ttotal Status Flags
r-devel-linux-x86_64-debian-clang 4.5-10 5.26 75.39 80.65 OK
r-devel-linux-x86_64-debian-gcc 4.5-10 5.12 73.28 78.40 OK
r-devel-linux-x86_64-fedora-clang 4.5-10 194.07 NOTE
r-devel-linux-x86_64-fedora-gcc 4.5-10 178.03 NOTE
r-devel-osx-x86_64-clang 4.5-10 151.03 NOTE
r-devel-windows-ix86+x86_64 4.5-10 13.00 105.00 118.00 OK
r-patched-linux-x86_64 4.5-10 5.28 75.46 80.74 OK
r-patched-solaris-sparc 4.5-10 1030.00 OK
r-patched-solaris-x86 4.5-10 235.50 OK
r-release-linux-ix86 4.5-10 6.25 96.02 102.28 OK
r-release-linux-x86_64 4.5-10 5.46 75.75 81.21 OK
r-release-osx-x86_64-mavericks 4.5-10 NOTE
r-release-osx-x86_64-snowleopard 4.5-10 ERROR
r-release-windows-ix86+x86_64 4.5-10 12.00 104.00 116.00 OK
r-oldrel-windows-ix86+x86_64 4.5-10 12.00 101.00 113.00 OK

Check Details

Version: 4.5-10
Check: R code for possible problems
Result: NOTE
    linest.lmerMod: no visible global function definition for ‘vcovAdj’
    linest.lmerMod : <anonymous>: no visible global function definition for
     ‘ddf_Lb’
Flavors: r-devel-linux-x86_64-fedora-clang, r-devel-linux-x86_64-fedora-gcc, r-devel-osx-x86_64-clang

Version: 4.5-10
Check: re-building of vignette outputs
Result: NOTE
    Error in re-building vignettes:
     ...
    Loading required package: doBy
    Loading required package: survival
    Loading required package: splines
    Loading required package: MASS
    Loading required package: Matrix
    Loading required package: Rcpp
    Loading required package: pbkrtest
    Loading required package: parallel
    Loading required package: mvtnorm
    Loading required package: TH.data
     [[ suppressing 14 column names ‘(Intercept)’, ‘AA2’, ‘BB1:CC1’ ... ]]
    Error in texi2dvi(file = file, pdf = TRUE, clean = clean, quiet = quiet, :
     Running 'texi2dvi' on 'LSmeans.tex' failed.
    LaTeX errors:
    ! LaTeX Error: File `a4wide.sty' not found.
    
    Type X to quit or <RETURN> to proceed,
    or enter new name. (Default extension: sty)
    
    st/doBy/vignettes/LSmeans.tex:10: ==> Fatal error occurred, no output PDF file
     produced!
    Calls: buildVignettes -> texi2pdf -> texi2dvi
    Execution halted
Flavor: r-release-osx-x86_64-mavericks

Version: 4.5-10
Check: package dependencies
Result: NOTE
    Package suggested but not available for checking: ‘multcomp’
Flavor: r-release-osx-x86_64-snowleopard

Version: 4.5-10
Check: whether package can be installed
Result: ERROR
    Installation failed.
Flavor: r-release-osx-x86_64-snowleopard