CRAN Package Check Results for Package doBy

Last updated on 2015-05-30 21:46:30.

Flavor Version Tinstall Tcheck Ttotal Status Flags
r-devel-linux-x86_64-debian-clang 4.5-13 3.30 59.60 62.90 NOTE
r-devel-linux-x86_64-debian-gcc 4.5-13 3.67 57.26 60.94 NOTE
r-devel-linux-x86_64-fedora-clang 4.5-13 123.55 NOTE
r-devel-linux-x86_64-fedora-gcc 4.5-13 117.47 NOTE
r-devel-osx-x86_64-clang 4.5-13 122.48 NOTE
r-devel-windows-ix86+x86_64 4.5-13 10.00 92.00 102.00 NOTE
r-patched-linux-x86_64 4.5-13 3.43 56.40 59.84 NOTE
r-patched-solaris-sparc 4.5-13 768.90 NOTE
r-patched-solaris-x86 4.5-13 160.70 NOTE
r-release-linux-x86_64 4.5-13 3.46 59.94 63.40 NOTE
r-release-osx-x86_64-mavericks 4.5-13 NOTE
r-release-osx-x86_64-snowleopard 4.5-13 WARN
r-release-windows-ix86+x86_64 4.5-13 9.00 91.00 100.00 NOTE
r-oldrel-windows-ix86+x86_64 4.5-13 11.00 97.00 108.00 NOTE

Check Details

Version: 4.5-13
Check: dependencies in R code
Result: NOTE
    'library' or 'require' call to ‘pbkrtest’ in package code.
     Please use :: or requireNamespace() instead.
     See section 'Suggested packages' in the 'Writing R Extensions' manual.
Flavors: r-devel-linux-x86_64-debian-clang, r-devel-linux-x86_64-debian-gcc, r-devel-linux-x86_64-fedora-clang, r-devel-linux-x86_64-fedora-gcc, r-devel-osx-x86_64-clang, r-devel-windows-ix86+x86_64, r-patched-linux-x86_64, r-patched-solaris-sparc, r-patched-solaris-x86, r-release-linux-x86_64, r-release-osx-x86_64-mavericks, r-release-osx-x86_64-snowleopard, r-release-windows-ix86+x86_64, r-oldrel-windows-ix86+x86_64

Version: 4.5-13
Check: S3 generic/method consistency
Result: NOTE
    Found the following apparent S3 methods exported but not registered:
     LSmatrix.default LSmeans.default LSmeans.lmerMod coef.lmBy
     coef.summary.lmBy esticon.coxph esticon.geeglm esticon.glm
     esticon.gls esticon.lm esticon.lme esticon.mer esticon.merMod
     firstobs.default firstobs.formula fitted.lmBy lastobs.default
     lastobs.formula linest.geeglm linest.glm linest.lm linest.lmerMod
     linest.merMod nullBasis.Matrix nullBasis.geeglm nullBasis.glm
     nullBasis.lm nullBasis.lmerMod nullBasis.matrix print.LSmatrix
     print.linearEstimate print.lmBy print.splitByData print.summary.lmBy
     residuals.lmBy summary.lmBy
    See section ‘Registering S3 methods’ in the ‘Writing R Extensions’
    manual.
Flavors: r-devel-linux-x86_64-debian-clang, r-devel-linux-x86_64-debian-gcc, r-devel-linux-x86_64-fedora-clang, r-devel-linux-x86_64-fedora-gcc, r-devel-osx-x86_64-clang, r-patched-linux-x86_64, r-patched-solaris-sparc, r-patched-solaris-x86, r-release-linux-x86_64

Version: 4.5-13
Check: package dependencies
Result: NOTE
    Packages suggested but not available for checking: ‘ggplot2’ ‘multcomp’
Flavor: r-release-osx-x86_64-snowleopard

Version: 4.5-13
Check: running R code from vignettes
Result: WARN
    Errors in running code in vignettes:
    when running code in ‘LSmeans.Rnw’
     ...
    5 t1 2 3.0
    6 t2 2 4.5
    7 t2 2 5.0
    8 t2 2 5.5
    
    > library(ggplot2)
    
     When sourcing ‘LSmeans.R’:
    Error: there is no package called ‘ggplot2’
    Execution halted
Flavor: r-release-osx-x86_64-snowleopard

Version: 4.5-13
Check: re-building of vignette outputs
Result: NOTE
    Error in re-building vignettes:
     ...
    Loading required package: doBy
    Loading required package: survival
    
    Error: processing vignette 'LSmeans.Rnw' failed with diagnostics:
     chunk 8 (label = simdat-fig)
    Error in library(ggplot2) : there is no package called ‘ggplot2’
    Execution halted
Flavor: r-release-osx-x86_64-snowleopard