CRAN Package Check Results for Package doBy

Last updated on 2014-07-24 22:48:35.

Flavor Version Tinstall Tcheck Ttotal Status Flags
r-devel-linux-x86_64-debian-clang 4.5-10 5.40 75.94 81.34 OK
r-devel-linux-x86_64-debian-gcc 4.5-10 5.09 74.02 79.10 OK
r-devel-linux-x86_64-fedora-clang 4.5-10 198.08 OK
r-devel-linux-x86_64-fedora-gcc 4.5-10 188.04 OK
r-devel-osx-x86_64-clang 4.5-10 157.52 OK
r-devel-windows-ix86+x86_64 4.5-10 13.00 109.00 122.00 OK
r-patched-linux-x86_64 4.5-10 5.46 74.78 80.24 OK
r-patched-solaris-sparc 4.5-10 978.40 OK
r-patched-solaris-x86 4.5-10 233.50 OK
r-release-linux-ix86 4.5-10 6.22 90.76 96.98 OK
r-release-linux-x86_64 4.5-10 5.34 77.26 82.60 OK
r-release-osx-x86_64-mavericks 4.5-10 NOTE
r-release-osx-x86_64-snowleopard 4.5-10 ERROR
r-release-windows-ix86+x86_64 4.5-10 13.00 113.00 126.00 OK
r-oldrel-windows-ix86+x86_64 4.5-10 11.00 104.00 115.00 OK

Check Details

Version: 4.5-10
Check: re-building of vignette outputs
Result: NOTE
    Error in re-building vignettes:
     ...
    Loading required package: doBy
    Loading required package: survival
    Loading required package: splines
    Loading required package: MASS
    Loading required package: Matrix
    Loading required package: Rcpp
    Loading required package: pbkrtest
    Loading required package: parallel
    Loading required package: mvtnorm
    Loading required package: TH.data
     [[ suppressing 14 column names ‘(Intercept)’, ‘AA2’, ‘BB1:CC1’ ... ]]
    Error in texi2dvi(file = file, pdf = TRUE, clean = clean, quiet = quiet, :
     Running 'texi2dvi' on 'LSmeans.tex' failed.
    LaTeX errors:
    ! LaTeX Error: File `a4wide.sty' not found.
    
    Type X to quit or <RETURN> to proceed,
    or enter new name. (Default extension: sty)
    
    st/doBy/vignettes/LSmeans.tex:10: ==> Fatal error occurred, no output PDF file
     produced!
    Calls: buildVignettes -> texi2pdf -> texi2dvi
    Execution halted
Flavor: r-release-osx-x86_64-mavericks

Version: 4.5-10
Check: package dependencies
Result: NOTE
    Package suggested but not available for checking: ‘multcomp’
Flavor: r-release-osx-x86_64-snowleopard

Version: 4.5-10
Check: whether package can be installed
Result: ERROR
    Installation failed.
    See ‘/Volumes/XT3/Builds/R-dev-web/QA/Simon/packages/snowleopard-x86_64/results/3.1/doBy.Rcheck/00install.out’ for details.
Flavor: r-release-osx-x86_64-snowleopard