CRAN Package Check Results for Package doBy

Last updated on 2017-05-25 10:47:00.

Flavor Version Tinstall Tcheck Ttotal Status Flags
r-devel-linux-x86_64-debian-clang 4.5-15 3.20 57.33 60.53 OK
r-devel-linux-x86_64-debian-gcc 4.5-15 3.13 56.38 59.51 OK
r-devel-linux-x86_64-fedora-clang 4.5-15 126.81 OK --no-stop-on-test-error
r-devel-linux-x86_64-fedora-gcc 4.5-15 121.48 OK --no-stop-on-test-error
r-devel-windows-ix86+x86_64 4.5-15 8.00 117.00 125.00 OK
r-patched-linux-x86_64 4.5-15 3.15 56.33 59.48 OK
r-patched-solaris-sparc 4.5-15 751.10 OK
r-patched-solaris-x86 4.5-15 163.60 OK
r-release-linux-x86_64 4.5-15 3.10 56.74 59.84 OK
r-release-windows-ix86+x86_64 4.5-15 11.00 109.00 120.00 OK
r-release-osx-x86_64 4.5-15 NOTE
r-oldrel-windows-ix86+x86_64 4.5-15 10.00 139.00 149.00 OK
r-oldrel-osx-x86_64 4.5-15 OK

Check Details

Version: 4.5-15
Check: re-building of vignette outputs
Result: NOTE
    Error in re-building vignettes:
     ...
    Loading required package: TH.data
    Loading required package: MASS
    
    Attaching package: ‘TH.data’
    
    The following object is masked from ‘package:MASS’:
    
     geyser
    
    Error in texi2dvi(file = file, pdf = TRUE, clean = clean, quiet = quiet, :
     Running 'texi2dvi' on 'LSmeans.tex' failed.
    LaTeX errors:
    ! LaTeX Error: File `boxedminipage.sty' not found.
    
    Type X to quit or <RETURN> to proceed,
    or enter new name. (Default extension: sty)
    
    ! Emergency stop.
    <read *>
    
    l.13 \usepackage
     [utf8]{inputenc}^^M
    ! ==> Fatal error occurred, no output PDF file produced!
    Calls: buildVignettes -> texi2pdf -> texi2dvi
    Execution halted
Flavor: r-release-osx-x86_64