CRAN Package Check Results for Package doBy

Last updated on 2014-10-02 09:53:00.

Flavor Version Tinstall Tcheck Ttotal Status Flags
r-devel-linux-x86_64-debian-clang 4.5-11 4.03 64.93 68.96 OK
r-devel-linux-x86_64-debian-gcc 4.5-11 5.14 65.27 70.41 OK
r-devel-linux-x86_64-fedora-clang 4.5-11 161.34 OK
r-devel-linux-x86_64-fedora-gcc 4.5-11 166.03 OK
r-devel-osx-x86_64-clang 4.5-11 137.08 OK
r-devel-windows-ix86+x86_64 4.5-11 11.00 88.00 99.00 OK
r-patched-linux-x86_64 4.5-11 3.98 71.12 75.10 OK
r-patched-solaris-sparc 4.5-11 820.00 OK
r-patched-solaris-x86 4.5-11 208.10 OK
r-release-linux-ix86 4.5-11 4.88 84.30 89.18 OK
r-release-linux-x86_64 4.5-11 4.03 70.43 74.46 OK
r-release-osx-x86_64-mavericks 4.5-11 NOTE
r-release-osx-x86_64-snowleopard 4.5-11 OK
r-release-windows-ix86+x86_64 4.5-11 11.00 101.00 112.00 OK
r-oldrel-windows-ix86+x86_64 4.5-11 11.00 94.00 105.00 OK

Check Details

Version: 4.5-11
Check: re-building of vignette outputs
Result: NOTE
    Error in re-building vignettes:
     ...
    Loading required package: doBy
    Loading required package: survival
    Loading required package: splines
    Loading required package: MASS
    Loading required package: Matrix
    Loading required package: Rcpp
    Loading required package: pbkrtest
     [[ suppressing 14 column names ‘(Intercept)’, ‘AA2’, ‘BB1:CC1’ ... ]]
    Loading required package: mvtnorm
    Loading required package: TH.data
    Error in texi2dvi(file = file, pdf = TRUE, clean = clean, quiet = quiet, :
     Running 'texi2dvi' on 'LSmeans.tex' failed.
    LaTeX errors:
    ! LaTeX Error: File `boxedminipage.sty' not found.
    
    Type X to quit or <RETURN> to proceed,
    or enter new name. (Default extension: sty)
    
    st/doBy/vignettes/LSmeans.tex:13: ==> Fatal error occurred, no output PDF file
     produced!
    Calls: buildVignettes -> texi2pdf -> texi2dvi
    Execution halted
Flavor: r-release-osx-x86_64-mavericks