CRAN Package Check Results for Package doBy

Last updated on 2015-04-24 23:46:38.

Flavor Version Tinstall Tcheck Ttotal Status Flags
r-devel-linux-x86_64-debian-clang 4.5-13 3.38 58.88 62.26 NOTE
r-devel-linux-x86_64-debian-gcc 4.5-13 3.36 59.48 62.84 NOTE
r-devel-linux-x86_64-fedora-clang 4.5-13 126.82 NOTE
r-devel-linux-x86_64-fedora-gcc 4.5-13 124.08 NOTE
r-devel-osx-x86_64-clang 4.5-13 122.14 NOTE
r-devel-windows-ix86+x86_64 4.5-13 10.00 85.00 95.00 NOTE
r-patched-linux-x86_64 4.5-13 3.31 58.70 62.01 NOTE
r-patched-solaris-sparc 4.5-13 745.20 NOTE
r-patched-solaris-x86 4.5-13 154.60 NOTE
r-release-linux-x86_64 4.5-13 3.30 57.80 61.10 NOTE
r-release-osx-x86_64-mavericks 4.5-13 NOTE
r-release-osx-x86_64-snowleopard 4.5-13 WARN
r-release-windows-ix86+x86_64 4.5-13 10.00 89.00 99.00 NOTE
r-oldrel-windows-ix86+x86_64 4.5-13 8.00 93.00 101.00 NOTE

Check Details

Version: 4.5-13
Check: dependencies in R code
Result: NOTE
    'library' or 'require' call to ‘pbkrtest’ in package code.
     Please use :: or requireNamespace() instead.
     See section 'Suggested packages' in the 'Writing R Extensions' manual.
Flavors: r-devel-linux-x86_64-debian-gcc, r-devel-windows-ix86+x86_64, r-patched-linux-x86_64, r-release-windows-ix86+x86_64, r-oldrel-windows-ix86+x86_64

Version: 4.5-13
Check: S3 generic/method consistency
Result: NOTE
    Found the following apparent S3 methods exported but not registered:
     LSmatrix.default LSmeans.default LSmeans.lmerMod coef.lmBy
     coef.summary.lmBy esticon.coxph esticon.geeglm esticon.glm
     esticon.gls esticon.lm esticon.lme esticon.mer esticon.merMod
     firstobs.default firstobs.formula fitted.lmBy lastobs.default
     lastobs.formula linest.geeglm linest.glm linest.lm linest.lmerMod
     linest.merMod nullBasis.Matrix nullBasis.geeglm nullBasis.glm
     nullBasis.lm nullBasis.lmerMod nullBasis.matrix print.LSmatrix
     print.linearEstimate print.lmBy print.splitByData print.summary.lmBy
     residuals.lmBy summary.lmBy
    See section ‘Registering S3 methods’ in the ‘Writing R Extensions’
    manual.
Flavors: r-devel-linux-x86_64-debian-gcc, r-patched-linux-x86_64