CRAN Package Check Results for Package doMPI

Last updated on 2015-02-27 16:47:45.

Flavor Version Tinstall Tcheck Ttotal Status Flags
r-devel-linux-x86_64-debian-clang 0.2.1 1.21 18.41 19.62 OK
r-devel-linux-x86_64-debian-gcc 0.2.1 1.07 17.92 18.99 OK
r-devel-linux-x86_64-fedora-clang 0.2.1 29.72 OK
r-devel-linux-x86_64-fedora-gcc 0.2.1 28.45 OK
r-devel-osx-x86_64-clang 0.2.1 36.27 OK
r-patched-linux-x86_64 0.2.1 1.38 20.71 22.09 OK
r-patched-solaris-sparc 0.2.1 225.90 OK
r-release-linux-ix86 0.2.1 1.46 34.20 35.66 OK
r-release-linux-x86_64 0.2.1 1.30 20.45 21.76 OK
r-release-osx-x86_64-mavericks 0.2.1 ERROR
r-release-osx-x86_64-snowleopard 0.2.1 OK

Check Details

Version: 0.2.1
Check: package dependencies
Result: ERROR
    Package required but not available: ‘Rmpi’
    
    See section ‘The DESCRIPTION file’ in the ‘Writing R Extensions’
    manual.
Flavor: r-release-osx-x86_64-mavericks