CRAN Package Check Results for Package doMPI

Last updated on 2016-08-30 19:47:24.

Flavor Version Tinstall Tcheck Ttotal Status Flags
r-devel-linux-x86_64-debian-clang 0.2.1 1.14 17.77 18.91 OK
r-devel-linux-x86_64-debian-gcc 0.2.1 1.06 17.78 18.85 OK
r-devel-linux-x86_64-fedora-clang 0.2.1 27.28 OK
r-devel-linux-x86_64-fedora-gcc 0.2.1 25.04 OK
r-devel-osx-x86_64-clang 0.2.1 22.04 OK
r-devel-windows-ix86+x86_64 0.2.1 9.00 53.00 62.00 OK
r-patched-linux-x86_64 0.2.1 1.14 17.63 18.77 OK
r-patched-solaris-sparc 0.2.1 160.60 OK
r-patched-solaris-x86 0.2.1 35.80 OK
r-release-linux-x86_64 0.2.1 1.21 17.87 19.08 OK
r-release-osx-x86_64-mavericks 0.2.1 ERROR
r-release-windows-ix86+x86_64 0.2.1 5.00 54.00 59.00 OK

Check Details

Version: 0.2.1
Check: package dependencies
Result: ERROR
    Package required but not available: ‘Rmpi’
    
    See section ‘The DESCRIPTION file’ in the ‘Writing R Extensions’
    manual.
Flavor: r-release-osx-x86_64-mavericks