CRAN Package Check Results for Package doMPI

Last updated on 2017-08-18 04:46:38.

Flavor Version Tinstall Tcheck Ttotal Status Flags
r-devel-linux-x86_64-debian-clang 0.2.2 0.81 16.63 17.43 OK
r-devel-linux-x86_64-debian-gcc 0.2.2 0.83 16.51 17.34 OK
r-devel-linux-x86_64-fedora-clang 0.2.2 33.26 OK
r-devel-linux-x86_64-fedora-gcc 0.2.2 32.16 OK
r-devel-windows-ix86+x86_64 0.2.2 3.00 43.00 46.00 OK
r-patched-linux-x86_64 0.2.2 0.92 17.10 18.02 OK
r-patched-solaris-x86 0.2.2 41.70 OK
r-release-linux-x86_64 0.2.2 0.83 16.70 17.53 OK
r-release-windows-ix86+x86_64 0.2.2 3.00 40.00 43.00 OK
r-release-osx-x86_64 0.2.2 ERROR
r-oldrel-windows-ix86+x86_64 0.2.2 4.00 49.00 53.00 OK
r-oldrel-osx-x86_64 0.2.2 ERROR

Check Details

Version: 0.2.2
Check: package dependencies
Result: ERROR
    Package required but not available: ‘Rmpi’
    
    See section ‘The DESCRIPTION file’ in the ‘Writing R Extensions’
    manual.
Flavors: r-release-osx-x86_64, r-oldrel-osx-x86_64