CRAN Package Check Results for Package doMPI

Last updated on 2015-01-26 03:52:20.

Flavor Version Tinstall Tcheck Ttotal Status Flags
r-devel-linux-x86_64-debian-clang 0.2.1 1.20 18.25 19.46 OK
r-devel-linux-x86_64-debian-gcc 0.2.1 1.32 17.85 19.17 OK
r-devel-linux-x86_64-fedora-clang 0.2.1 36.47 OK
r-devel-linux-x86_64-fedora-gcc 0.2.1 34.12 OK
r-devel-osx-x86_64-clang 0.2.1 40.56 OK
r-patched-linux-x86_64 0.2.1 1.34 21.24 22.58 OK
r-patched-solaris-sparc 0.2.1 225.90 OK
r-patched-solaris-x86 0.2.1 48.50 OK
r-release-linux-ix86 0.2.1 1.82 33.84 35.66 OK
r-release-linux-x86_64 0.2.1 1.36 20.74 22.11 OK
r-release-osx-x86_64-mavericks 0.2.1 ERROR
r-release-osx-x86_64-snowleopard 0.2.1 OK

Check Details

Version: 0.2.1
Check: package dependencies
Result: ERROR
    Package required but not available: ‘Rmpi’
    
    See the information on DESCRIPTION files in the chapter ‘Creating R
    packages’ of the ‘Writing R Extensions’ manual.
Flavor: r-release-osx-x86_64-mavericks