CRAN Package Check Results for Package doMPI

Last updated on 2018-05-22 05:49:21 CEST.

Flavor Version Tinstall Tcheck Ttotal Status Flags
r-devel-linux-x86_64-debian-clang 0.2.2 2.33 24.88 27.21 OK
r-devel-linux-x86_64-debian-gcc 0.2.2 1.79 20.96 22.75 OK
r-devel-linux-x86_64-fedora-clang 0.2.2 34.95 OK
r-devel-linux-x86_64-fedora-gcc 0.2.2 33.30 OK
r-devel-windows-ix86+x86_64 0.2.2 6.00 40.00 46.00 OK
r-patched-linux-x86_64 0.2.2 2.06 25.62 27.68 OK
r-patched-solaris-x86 0.2.2 50.90 OK
r-release-linux-x86_64 0.2.2 2.32 25.49 27.81 OK
r-release-windows-ix86+x86_64 0.2.2 7.00 53.00 60.00 OK
r-release-osx-x86_64 0.2.2 ERROR
r-oldrel-windows-ix86+x86_64 0.2.2 5.00 53.00 58.00 OK
r-oldrel-osx-x86_64 0.2.2 ERROR

Check Details

Version: 0.2.2
Check: package dependencies
Result: ERROR
    Package required but not available: ‘Rmpi’
    
    See section ‘The DESCRIPTION file’ in the ‘Writing R Extensions’
    manual.
Flavors: r-release-osx-x86_64, r-oldrel-osx-x86_64