CRAN Package Check Results for Package doMPI

Last updated on 2016-06-29 21:46:41.

Flavor Version Tinstall Tcheck Ttotal Status Flags
r-devel-linux-x86_64-debian-gcc 0.2.1 1.46 19.37 20.83 OK
r-devel-linux-x86_64-fedora-clang 0.2.1 25.83 OK
r-devel-linux-x86_64-fedora-gcc 0.2.1 23.96 OK
r-devel-osx-x86_64-clang 0.2.1 27.72 OK
r-devel-windows-ix86+x86_64 0.2.1 4.00 56.00 60.00 OK
r-patched-linux-x86_64 0.2.1 1.36 21.26 22.62 OK
r-patched-solaris-sparc 0.2.1 160.60 OK
r-patched-solaris-x86 0.2.1 37.00 OK
r-release-linux-x86_64 0.2.1 1.42 19.45 20.87 OK
r-release-osx-x86_64-mavericks 0.2.1 ERROR
r-release-windows-ix86+x86_64 0.2.1 4.00 62.00 66.00 OK

Check Details

Version: 0.2.1
Check: package dependencies
Result: ERROR
    Package required but not available: ‘Rmpi’
    
    See section ‘The DESCRIPTION file’ in the ‘Writing R Extensions’
    manual.
Flavor: r-release-osx-x86_64-mavericks