CRAN Package Check Results for Package doMPI

Last updated on 2017-12-17 04:46:56 CET.

Flavor Version Tinstall Tcheck Ttotal Status Flags
r-devel-linux-x86_64-debian-clang 0.2.2 0.81 24.60 25.41 OK
r-devel-linux-x86_64-debian-gcc 0.2.2 0.73 20.57 21.30 OK
r-devel-linux-x86_64-fedora-clang 0.2.2 33.16 OK
r-devel-linux-x86_64-fedora-gcc 0.2.2 30.15 OK
r-devel-windows-ix86+x86_64 0.2.2 3.00 36.00 39.00 OK
r-patched-linux-x86_64 0.2.2 1.09 23.38 24.47 OK
r-patched-solaris-x86 0.2.2 40.60 OK
r-release-linux-x86_64 0.2.2 1.07 22.49 23.56 OK
r-release-windows-ix86+x86_64 0.2.2 5.00 38.00 43.00 OK
r-release-osx-x86_64 0.2.2 ERROR
r-oldrel-windows-ix86+x86_64 0.2.2 5.00 43.00 48.00 OK
r-oldrel-osx-x86_64 0.2.2 ERROR

Check Details

Version: 0.2.2
Check: package dependencies
Result: ERROR
    Package required but not available: ‘Rmpi’
    
    See section ‘The DESCRIPTION file’ in the ‘Writing R Extensions’
    manual.
Flavors: r-release-osx-x86_64, r-oldrel-osx-x86_64