CRAN Package Check Results for Package doMPI

Last updated on 2017-04-28 17:47:30.

Flavor Version Tinstall Tcheck Ttotal Status Flags
r-devel-linux-x86_64-debian-clang 0.2.1 0.80 16.34 17.13 OK
r-devel-linux-x86_64-debian-gcc 0.2.1 0.87 16.45 17.31 OK
r-devel-linux-x86_64-fedora-clang 0.2.1 30.77 OK --no-stop-on-test-error
r-devel-linux-x86_64-fedora-gcc 0.2.1 30.43 OK --no-stop-on-test-error
r-devel-windows-ix86+x86_64 0.2.1 3.00 53.00 56.00 OK
r-patched-linux-x86_64 0.2.1 0.82 16.17 16.99 OK
r-patched-solaris-sparc 0.2.1 180.40 OK
r-patched-solaris-x86 0.2.1 40.80 OK
r-release-linux-x86_64 0.2.1 0.81 16.17 16.97 OK
r-release-windows-ix86+x86_64 0.2.1 10.00 58.00 68.00 OK
r-release-osx-x86_64 0.2.1 ERROR
r-oldrel-windows-ix86+x86_64 0.2.1 4.00 38.00 42.00 OK
r-oldrel-osx-x86_64 0.2.1 ERROR

Check Details

Version: 0.2.1
Check: package dependencies
Result: ERROR
    Package required but not available: ‘Rmpi’
    
    See section ‘The DESCRIPTION file’ in the ‘Writing R Extensions’
    manual.
Flavors: r-release-osx-x86_64, r-oldrel-osx-x86_64