CRAN Package Check Results for Package doMPI

Last updated on 2017-10-16 23:47:23.

Flavor Version Tinstall Tcheck Ttotal Status Flags
r-devel-linux-x86_64-debian-clang 0.2.2 0.87 16.87 17.73 OK
r-devel-linux-x86_64-debian-gcc 0.2.2 0.90 17.84 18.74 OK
r-devel-linux-x86_64-fedora-clang 0.2.2 31.68 OK
r-devel-linux-x86_64-fedora-gcc 0.2.2 30.81 OK
r-devel-windows-ix86+x86_64 0.2.2 3.00 38.00 41.00 OK
r-patched-linux-x86_64 0.2.2 0.87 16.35 17.22 OK
r-patched-solaris-x86 0.2.2 42.80 OK
r-release-linux-x86_64 0.2.2 0.84 16.19 17.03 OK
r-release-windows-ix86+x86_64 0.2.2 4.00 45.00 49.00 OK
r-release-osx-x86_64 0.2.2 ERROR
r-oldrel-windows-ix86+x86_64 0.2.2 7.00 47.00 54.00 OK
r-oldrel-osx-x86_64 0.2.2 ERROR

Check Details

Version: 0.2.2
Check: package dependencies
Result: ERROR
    Package required but not available: ‘Rmpi’
    
    See section ‘The DESCRIPTION file’ in the ‘Writing R Extensions’
    manual.
Flavors: r-release-osx-x86_64, r-oldrel-osx-x86_64