CRAN Package Check Results for Package doMPI

Last updated on 2017-03-01 17:52:10.

Flavor Version Tinstall Tcheck Ttotal Status Flags
r-devel-linux-x86_64-debian-clang 0.2.1 0.89 16.06 16.95 OK
r-devel-linux-x86_64-debian-gcc 0.2.1 0.82 16.40 17.21 OK
r-devel-linux-x86_64-fedora-clang 0.2.1 29.98 OK --no-stop-on-test-error
r-devel-linux-x86_64-fedora-gcc 0.2.1 29.03 OK --no-stop-on-test-error
r-devel-macos-x86_64-clang 0.2.1 26.67 OK --no-stop-on-test-error
r-devel-windows-ix86+x86_64 0.2.1 3.00 52.00 55.00 OK
r-patched-linux-x86_64 0.2.1 0.82 14.08 14.90 OK
r-patched-solaris-sparc 0.2.1 165.20 OK
r-patched-solaris-x86 0.2.1 35.90 OK
r-release-linux-x86_64 0.2.1 0.73 14.30 15.03 OK
r-release-osx-x86_64-mavericks 0.2.1 ERROR
r-release-windows-ix86+x86_64 0.2.1 8.00 90.00 98.00 OK

Check Details

Version: 0.2.1
Check: package dependencies
Result: ERROR
    Package required but not available: ‘Rmpi’
    
    See section ‘The DESCRIPTION file’ in the ‘Writing R Extensions’
    manual.
Flavor: r-release-osx-x86_64-mavericks