CRAN Package Check Results for Package doMPI

Last updated on 2015-09-04 19:47:21.

Flavor Version Tinstall Tcheck Ttotal Status Flags
r-devel-linux-x86_64-debian-clang 0.2.1 1.21 17.02 18.23 OK
r-devel-linux-x86_64-debian-gcc 0.2.1 1.11 17.69 18.80 OK
r-devel-linux-x86_64-fedora-clang 0.2.1 28.36 OK
r-devel-linux-x86_64-fedora-gcc 0.2.1 28.34 OK
r-devel-osx-x86_64-clang 0.2.1 28.80 OK
r-patched-linux-x86_64 0.2.1 1.06 18.12 19.18 OK
r-patched-solaris-sparc 0.2.1 186.40 OK
r-patched-solaris-x86 0.2.1 40.70 OK
r-release-linux-x86_64 0.2.1 1.08 17.90 18.98 OK
r-release-osx-x86_64-mavericks 0.2.1 ERROR

Check Details

Version: 0.2.1
Check: package dependencies
Result: ERROR
    Package required but not available: ‘Rmpi’
    
    See section ‘The DESCRIPTION file’ in the ‘Writing R Extensions’
    manual.
Flavor: r-release-osx-x86_64-mavericks