CRAN Package Check Results for Package doMPI

Last updated on 2016-09-28 08:57:36.

Flavor Version Tinstall Tcheck Ttotal Status Flags
r-devel-linux-x86_64-debian-clang 0.2.1 1.20 20.67 21.87 OK
r-devel-linux-x86_64-debian-gcc 0.2.1 1.18 20.32 21.50 OK
r-devel-linux-x86_64-fedora-clang 0.2.1 26.66 OK
r-devel-linux-x86_64-fedora-gcc 0.2.1 25.37 OK
r-devel-macos-x86_64-clang 0.2.1 21.89 OK
r-devel-windows-ix86+x86_64 0.2.1 4.00 49.00 53.00 OK
r-patched-linux-x86_64 0.2.1 1.22 19.77 20.99 OK
r-patched-solaris-sparc 0.2.1 160.60 OK
r-patched-solaris-x86 0.2.1 35.80 OK
r-release-linux-x86_64 0.2.1 1.20 20.09 21.29 OK
r-release-osx-x86_64-mavericks 0.2.1 ERROR
r-release-windows-ix86+x86_64 0.2.1 7.00 40.00 47.00 OK

Check Details

Version: 0.2.1
Check: package dependencies
Result: ERROR
    Package required but not available: ‘Rmpi’
    
    See section ‘The DESCRIPTION file’ in the ‘Writing R Extensions’
    manual.
Flavor: r-release-osx-x86_64-mavericks