CRAN Package Check Results for Package doMPI

Last updated on 2015-08-05 11:47:54.

Flavor Version Tinstall Tcheck Ttotal Status Flags
r-devel-linux-x86_64-debian-clang 0.2.1 1.02 17.10 18.12 OK
r-devel-linux-x86_64-debian-gcc 0.2.1 1.04 17.13 18.17 OK
r-devel-linux-x86_64-fedora-clang 0.2.1 28.88 OK
r-devel-linux-x86_64-fedora-gcc 0.2.1 27.31 OK
r-devel-osx-x86_64-clang 0.2.1 29.49 OK
r-patched-linux-x86_64 0.2.1 1.24 19.70 20.94 OK
r-patched-solaris-sparc 0.2.1 186.40 OK
r-patched-solaris-x86 0.2.1 41.60 OK
r-release-linux-x86_64 0.2.1 1.26 17.83 19.09 OK
r-release-osx-x86_64-mavericks 0.2.1 ERROR

Check Details

Version: 0.2.1
Check: package dependencies
Result: ERROR
    Package required but not available: ‘Rmpi’
    
    See section ‘The DESCRIPTION file’ in the ‘Writing R Extensions’
    manual.
Flavor: r-release-osx-x86_64-mavericks