CRAN Package Check Results for Package doMPI

Last updated on 2014-04-24 19:53:56.

Flavor Version Tinstall Tcheck Ttotal Status Flags
r-devel-linux-x86_64-debian-clang 0.2 1.46 21.04 22.50 NOTE
r-devel-linux-x86_64-debian-gcc 0.2 1.53 20.31 21.84 NOTE
r-devel-linux-x86_64-fedora-clang 0.2 36.13 NOTE
r-devel-linux-x86_64-fedora-gcc 0.2 34.07 NOTE
r-devel-osx-x86_64-clang 0.2 37.22 NOTE
r-devel-osx-x86_64-gcc 0.2 ERROR
r-patched-linux-x86_64 0.2 1.26 21.44 22.69 NOTE
r-patched-solaris-sparc 0.2 190.10 NOTE
r-patched-solaris-x86 0.2 48.60 NOTE
r-release-linux-ix86 0.2 2.00 43.00 45.00 NOTE
r-release-linux-x86_64 0.2 1.36 20.74 22.11 NOTE
r-release-osx-x86_64-mavericks 0.2 ERROR
r-release-osx-x86_64-snowleopard 0.2 NOTE

Check Details

Version: 0.2
Check: dependencies in R code
Result: NOTE
    Package in Depends field not imported from: ‘Rmpi’
     These packages need to be imported from (in the NAMESPACE file)
     for when this namespace is loaded but not attached.
    Unexported object imported by a ':::' call: ‘foreach:::.foreachGlobals’
     See the note in ?`:::` about the use of this operator.
    See the information on DESCRIPTION files in the chapter ‘Creating R
    packages’ of the ‘Writing R Extensions’ manual.
Flavors: r-devel-linux-x86_64-debian-clang, r-devel-linux-x86_64-debian-gcc, r-devel-linux-x86_64-fedora-clang, r-devel-linux-x86_64-fedora-gcc, r-devel-osx-x86_64-clang, r-patched-linux-x86_64, r-patched-solaris-sparc, r-patched-solaris-x86, r-release-linux-ix86, r-release-linux-x86_64

Version: 0.2
Check: top-level files
Result: NOTE
    Non-standard file/directory found at top level:
     ‘test’
Flavors: r-devel-linux-x86_64-fedora-clang, r-devel-linux-x86_64-fedora-gcc

Version: 0.2
Check: package dependencies
Result: ERROR
    Package required but not available: ‘Rmpi’
    
    See the information on DESCRIPTION files in the chapter ‘Creating R
    packages’ of the ‘Writing R Extensions’ manual.
Flavors: r-devel-osx-x86_64-gcc, r-release-osx-x86_64-mavericks

Version: 0.2
Check: dependencies in R code
Result: NOTE
    Package in Depends field not imported from: 'Rmpi'
     These packages need to be imported from for the case when
     this namespace is loaded but not attached.
    Unexported object imported by a ':::' call: 'foreach:::.foreachGlobals'
     See the note in ?`:::` about the use of this operator.
    See the information on DESCRIPTION files in the chapter 'Creating R
    packages' of the 'Writing R Extensions' manual.
Flavor: r-release-osx-x86_64-snowleopard