CRAN Package Check Results for Package doMPI

Last updated on 2016-07-29 17:47:12.

Flavor Version Tinstall Tcheck Ttotal Status Flags
r-devel-linux-x86_64-debian-clang 0.2.1 1.14 17.83 18.97 OK
r-devel-linux-x86_64-debian-gcc 0.2.1 1.34 21.49 22.83 OK
r-devel-linux-x86_64-fedora-clang 0.2.1 25.67 OK
r-devel-linux-x86_64-fedora-gcc 0.2.1 23.72 OK
r-devel-osx-x86_64-clang 0.2.1 21.94 OK
r-devel-windows-ix86+x86_64 0.2.1 5.00 36.00 41.00 OK
r-patched-linux-x86_64 0.2.1 1.64 21.26 22.90 OK
r-patched-solaris-sparc 0.2.1 160.60 OK
r-patched-solaris-x86 0.2.1 35.50 OK
r-release-linux-x86_64 0.2.1 1.22 20.15 21.38 OK
r-release-osx-x86_64-mavericks 0.2.1 ERROR
r-release-windows-ix86+x86_64 0.2.1 8.00 54.00 62.00 OK

Check Details

Version: 0.2.1
Check: package dependencies
Result: ERROR
    Package required but not available: ‘Rmpi’
    
    See section ‘The DESCRIPTION file’ in the ‘Writing R Extensions’
    manual.
Flavor: r-release-osx-x86_64-mavericks