CRAN Package Check Results for Package doMPI

Last updated on 2015-06-30 04:46:30.

Flavor Version Tinstall Tcheck Ttotal Status Flags
r-devel-linux-x86_64-debian-clang 0.2.1 1.08 19.04 20.12 OK
r-devel-linux-x86_64-debian-gcc 0.2.1 1.14 17.44 18.58 OK
r-devel-linux-x86_64-fedora-clang 0.2.1 30.57 OK
r-devel-linux-x86_64-fedora-gcc 0.2.1 27.61 OK
r-devel-osx-x86_64-clang 0.2.1 30.61 OK
r-patched-linux-x86_64 0.2.1 1.12 18.00 19.13 OK
r-patched-solaris-sparc 0.2.1 192.80 OK
r-patched-solaris-x86 0.2.1 41.30 OK
r-release-linux-x86_64 0.2.1 1.21 17.96 19.16 OK
r-release-osx-x86_64-mavericks 0.2.1 ERROR

Check Details

Version: 0.2.1
Check: package dependencies
Result: ERROR
    Package required but not available: ‘Rmpi’
    
    See section ‘The DESCRIPTION file’ in the ‘Writing R Extensions’
    manual.
Flavor: r-release-osx-x86_64-mavericks