CRAN Package Check Results for Package doMPI

Last updated on 2016-05-06 15:46:46.

Flavor Version Tinstall Tcheck Ttotal Status Flags
r-devel-linux-x86_64-debian-gcc 0.2.1 1.13 17.98 19.11 OK
r-devel-linux-x86_64-fedora-clang 0.2.1 26.72 OK
r-devel-linux-x86_64-fedora-gcc 0.2.1 24.63 OK
r-devel-osx-x86_64-clang 0.2.1 30.45 OK
r-devel-windows-ix86+x86_64 0.2.1 8.00 38.00 46.00 OK
r-patched-linux-x86_64 0.2.1 1.06 17.97 19.03 OK
r-patched-solaris-sparc 0.2.1 158.00 OK
r-patched-solaris-x86 0.2.1 36.20 OK
r-release-linux-x86_64 0.2.1 1.26 18.22 19.47 OK
r-release-osx-x86_64-mavericks 0.2.1 ERROR
r-release-windows-ix86+x86_64 0.2.1 8.00 38.00 46.00 OK

Check Details

Version: 0.2.1
Check: package dependencies
Result: ERROR
    Package required but not available: ‘Rmpi’
    
    See section ‘The DESCRIPTION file’ in the ‘Writing R Extensions’
    manual.
Flavor: r-release-osx-x86_64-mavericks