CRAN Package Check Results for Package doMPI

Last updated on 2016-12-07 17:52:22.

Flavor Version Tinstall Tcheck Ttotal Status Flags
r-devel-linux-x86_64-debian-clang 0.2.1 1.22 22.38 23.60 OK
r-devel-linux-x86_64-debian-gcc 0.2.1 1.28 22.09 23.37 OK
r-devel-linux-x86_64-fedora-clang 0.2.1 30.89 OK --no-stop-on-test-error
r-devel-linux-x86_64-fedora-gcc 0.2.1 29.94 OK --no-stop-on-test-error
r-devel-macos-x86_64-clang 0.2.1 25.37 OK
r-devel-windows-ix86+x86_64 0.2.1 9.00 51.00 60.00 OK
r-patched-linux-x86_64 0.2.1 1.25 20.85 22.10 OK
r-patched-solaris-sparc 0.2.1 160.60 OK
r-patched-solaris-x86 0.2.1 40.10 OK
r-release-linux-x86_64 0.2.1 1.49 20.11 21.60 OK
r-release-osx-x86_64-mavericks 0.2.1 ERROR
r-release-windows-ix86+x86_64 0.2.1 4.00 55.00 59.00 OK

Check Details

Version: 0.2.1
Check: package dependencies
Result: ERROR
    Package required but not available: ‘Rmpi’
    
    See section ‘The DESCRIPTION file’ in the ‘Writing R Extensions’
    manual.
Flavor: r-release-osx-x86_64-mavericks