CRAN Package Check Results for Package doMPI

Last updated on 2016-02-10 11:55:11.

Flavor Version Tinstall Tcheck Ttotal Status Flags
r-devel-linux-x86_64-debian-gcc 0.2.1 1.30 17.12 18.42 OK
r-devel-linux-x86_64-fedora-clang 0.2.1 26.22 OK
r-devel-linux-x86_64-fedora-gcc 0.2.1 24.70 OK
r-devel-osx-x86_64-clang 0.2.1 29.25 OK
r-patched-linux-x86_64 0.2.1 1.30 18.50 19.81 OK
r-patched-solaris-sparc 0.2.1 164.30 OK
r-patched-solaris-x86 0.2.1 35.90 OK
r-release-linux-x86_64 0.2.1 1.29 19.10 20.39 OK
r-release-osx-x86_64-mavericks 0.2.1 ERROR

Check Details

Version: 0.2.1
Check: package dependencies
Result: ERROR
    Package required but not available: ‘Rmpi’
    
    See section ‘The DESCRIPTION file’ in the ‘Writing R Extensions’
    manual.
Flavor: r-release-osx-x86_64-mavericks