CRAN Package Check Results for Package doMPI

Last updated on 2017-06-23 04:46:59.

Flavor Version Tinstall Tcheck Ttotal Status Flags
r-devel-linux-x86_64-debian-clang 0.2.2 0.89 17.31 18.19 OK
r-devel-linux-x86_64-debian-gcc 0.2.2 0.80 16.71 17.52 OK
r-devel-linux-x86_64-fedora-clang 0.2.2 31.19 OK
r-devel-linux-x86_64-fedora-gcc 0.2.2 30.00 OK
r-devel-windows-ix86+x86_64 0.2.2 6.00 38.00 44.00 OK
r-patched-linux-x86_64 0.2.2 0.81 17.13 17.93 OK
r-patched-solaris-sparc 0.2.2 176.80 OK
r-patched-solaris-x86 0.2.2 40.60 OK
r-release-linux-x86_64 0.2.2 0.92 16.58 17.50 OK
r-release-windows-ix86+x86_64 0.2.2 5.00 61.00 66.00 OK
r-release-osx-x86_64 0.2.2 ERROR
r-oldrel-windows-ix86+x86_64 0.2.2 6.00 41.00 47.00 OK
r-oldrel-osx-x86_64 0.2.2 ERROR

Check Details

Version: 0.2.2
Check: package dependencies
Result: ERROR
    Package required but not available: ‘Rmpi’
    
    See section ‘The DESCRIPTION file’ in the ‘Writing R Extensions’
    manual.
Flavors: r-release-osx-x86_64, r-oldrel-osx-x86_64