CRAN Package Check Results for Package doParallel

Last updated on 2014-04-24 09:48:59.

Flavor Version Tinstall Tcheck Ttotal Status Flags
r-devel-linux-x86_64-debian-clang 1.0.8 0.69 132.71 133.40 OK
r-devel-linux-x86_64-debian-gcc 1.0.8 0.70 124.48 125.18 OK
r-devel-linux-x86_64-fedora-clang 1.0.8 203.96 OK
r-devel-linux-x86_64-fedora-gcc 1.0.8 196.02 OK
r-devel-osx-x86_64-clang 1.0.8 190.04 OK
r-devel-osx-x86_64-gcc 1.0.8 NOTE
r-devel-windows-ix86+x86_64 1.0.8 3.00 181.00 184.00 OK
r-patched-linux-x86_64 1.0.8 0.69 127.50 128.18 OK
r-patched-solaris-sparc 1.0.8 1670.30 OK
r-patched-solaris-x86 1.0.8 367.40 OK
r-release-linux-ix86 1.0.8 2.00 208.00 210.00 OK
r-release-linux-x86_64 1.0.8 0.68 122.52 123.20 OK
r-release-osx-x86_64-mavericks 1.0.8 NOTE
r-release-osx-x86_64-snowleopard 1.0.8 OK
r-release-windows-ix86+x86_64 1.0.8 3.00 184.00 187.00 OK
r-oldrel-windows-ix86+x86_64 1.0.8 3.00 186.00 189.00 OK

Check Details

Version: 1.0.8
Check: package dependencies
Result: NOTE
    Package suggested but not available for checking: ‘caret’
Flavors: r-devel-osx-x86_64-gcc, r-release-osx-x86_64-mavericks