CRAN Package Check Results for Package doParallel

Last updated on 2016-12-10 04:47:38.

Flavor Version Tinstall Tcheck Ttotal Status Flags
r-devel-linux-x86_64-debian-clang 1.0.10 0.69 70.75 71.44 NOTE
r-devel-linux-x86_64-debian-gcc 1.0.10 0.78 71.79 72.58 NOTE
r-devel-linux-x86_64-fedora-clang 1.0.10 96.56 OK --no-stop-on-test-error
r-devel-linux-x86_64-fedora-gcc 1.0.10 92.89 OK --no-stop-on-test-error
r-devel-macos-x86_64-clang 1.0.10 70.38 OK --no-stop-on-test-error
r-devel-windows-ix86+x86_64 1.0.10 3.00 19.00 22.00 OK
r-patched-linux-x86_64 1.0.10 0.80 65.46 66.25 NOTE
r-patched-solaris-sparc 1.0.10 811.20 OK
r-patched-solaris-x86 1.0.10 184.60 OK
r-release-linux-x86_64 1.0.10 0.64 64.75 65.39 NOTE
r-release-osx-x86_64-mavericks 1.0.10 OK
r-release-windows-ix86+x86_64 1.0.10 2.00 104.00 106.00 OK
r-oldrel-windows-ix86+x86_64 1.0.10 5.00 15.00 20.00 FAIL

Check Details

Version: 1.0.10
Check: R code for possible problems
Result: NOTE
    Found the following calls to attach():
    File ‘doParallel/R/doParallel.R’:
     attach(exportEnv)
    See section ‘Good practice’ in ‘?attach’.
Flavors: r-devel-linux-x86_64-debian-clang, r-devel-linux-x86_64-debian-gcc, r-patched-linux-x86_64, r-release-linux-x86_64

Version: 1.0.10
Check: examples
Result: FAIL
    
Flavor: r-oldrel-windows-ix86+x86_64