CRAN Package Check Results for Package doParallel

Last updated on 2016-09-26 17:48:11.

Flavor Version Tinstall Tcheck Ttotal Status Flags
r-devel-linux-x86_64-debian-clang 1.0.10 0.68 65.83 66.51 NOTE
r-devel-linux-x86_64-debian-gcc 1.0.10 0.61 63.74 64.35 NOTE
r-devel-linux-x86_64-fedora-clang 1.0.10 90.17 OK
r-devel-linux-x86_64-fedora-gcc 1.0.10 84.80 OK
r-devel-macos-x86_64-clang 1.0.10 66.67 OK
r-devel-windows-ix86+x86_64 1.0.10 8.00 44.00 52.00 FAIL
r-patched-linux-x86_64 1.0.10 0.72 63.11 63.82 NOTE
r-patched-solaris-sparc 1.0.10 811.20 OK
r-patched-solaris-x86 1.0.10 169.90 OK
r-release-linux-x86_64 1.0.10 0.72 65.19 65.91 NOTE
r-release-osx-x86_64-mavericks 1.0.10 OK
r-release-windows-ix86+x86_64 1.0.10 9.00 27.00 36.00 FAIL
r-oldrel-windows-ix86+x86_64 1.0.10 9.00 236.00 245.00 OK

Check Details

Version: 1.0.10
Check: R code for possible problems
Result: NOTE
    Found the following calls to attach():
    File ‘doParallel/R/doParallel.R’:
     attach(exportEnv)
    See section ‘Good practice’ in ‘?attach’.
Flavors: r-devel-linux-x86_64-debian-clang, r-devel-linux-x86_64-debian-gcc, r-patched-linux-x86_64, r-release-linux-x86_64

Version: 1.0.10
Check: examples
Result: FAIL
    
Flavors: r-devel-windows-ix86+x86_64, r-release-windows-ix86+x86_64