CRAN Package Check Results for Package doParallel

Last updated on 2015-04-19 19:51:45.

Flavor Version Tinstall Tcheck Ttotal Status Flags
r-devel-linux-x86_64-debian-clang 1.0.8 0.62 111.51 112.13 NOTE
r-devel-linux-x86_64-debian-gcc 1.0.8 0.61 107.67 108.28 NOTE
r-devel-linux-x86_64-fedora-clang 1.0.8 165.02 OK
r-devel-linux-x86_64-fedora-gcc 1.0.8 156.36 OK
r-devel-osx-x86_64-clang 1.0.8 184.16 OK
r-devel-windows-ix86+x86_64 1.0.8 3.00 178.00 181.00 OK
r-patched-linux-x86_64 1.0.8 0.65 116.14 116.79 NOTE
r-patched-solaris-sparc 1.0.8 1526.10 OK
r-patched-solaris-x86 1.0.8 323.20 OK
r-release-linux-x86_64 1.0.8 0.60 112.26 112.86 NOTE
r-release-osx-x86_64-mavericks 1.0.8 NOTE
r-release-osx-x86_64-snowleopard 1.0.8 NOTE
r-release-windows-ix86+x86_64 1.0.8 2.00 163.00 165.00 OK
r-oldrel-windows-ix86+x86_64 1.0.8 3.00 146.00 149.00 OK

Check Details

Version: 1.0.8
Check: R code for possible problems
Result: NOTE
    Found the following calls to attach():
    File ‘doParallel/R/doParallel.R’:
     attach(exportEnv)
    See section ‘Good practice’ in ‘?attach’.
Flavors: r-devel-linux-x86_64-debian-clang, r-devel-linux-x86_64-debian-gcc, r-patched-linux-x86_64, r-release-linux-x86_64

Version: 1.0.8
Check: package dependencies
Result: NOTE
    Package suggested but not available for checking: ‘caret’
Flavors: r-release-osx-x86_64-mavericks, r-release-osx-x86_64-snowleopard