CRAN Package Check Results for Package doParallel

Last updated on 2015-03-28 00:54:15.

Flavor Version Tinstall Tcheck Ttotal Status Flags
r-devel-linux-x86_64-debian-clang 1.0.8 0.65 112.95 113.60 NOTE
r-devel-linux-x86_64-debian-gcc 1.0.8 0.63 109.89 110.52 NOTE
r-devel-linux-x86_64-fedora-clang 1.0.8 165.08 OK
r-devel-linux-x86_64-fedora-gcc 1.0.8 155.30 OK
r-devel-osx-x86_64-clang 1.0.8 202.28 OK
r-prerel-windows-ix86+x86_64 1.0.8 3.00 14.00 17.00 OK
r-prerel-linux-x86_64 1.0.8 0.63 112.66 113.30 NOTE
r-prerel-solaris-sparc 1.0.8 1526.10 OK
r-prerel-solaris-x86 1.0.8 318.50 OK
r-release-linux-x86_64 1.0.8 0.76 127.66 128.42 NOTE
r-release-osx-x86_64-mavericks 1.0.8 OK
r-release-osx-x86_64-snowleopard 1.0.8 OK
r-release-windows-ix86+x86_64 1.0.8 3.00 196.00 199.00 OK
r-oldrel-windows-ix86+x86_64 1.0.8 4.00 192.00 196.00 OK

Check Details

Version: 1.0.8
Check: R code for possible problems
Result: NOTE
    Found the following calls to attach():
    File ‘doParallel/R/doParallel.R’:
     attach(exportEnv)
    See section ‘Good practice’ in ‘?attach’.
Flavors: r-devel-linux-x86_64-debian-clang, r-devel-linux-x86_64-debian-gcc, r-prerel-linux-x86_64, r-release-linux-x86_64