CRAN Package Check Results for Package doParallel

Last updated on 2017-10-21 18:47:08.

Flavor Version Tinstall Tcheck Ttotal Status Flags
r-devel-linux-x86_64-debian-clang 1.0.11 0.66 63.62 64.28 NOTE
r-devel-linux-x86_64-debian-gcc 1.0.11 1.85 58.71 60.56 NOTE
r-devel-linux-x86_64-fedora-clang 1.0.11 91.51 OK
r-devel-linux-x86_64-fedora-gcc 1.0.11 90.77 OK
r-devel-windows-ix86+x86_64 1.0.11 3.00 116.00 119.00 OK
r-patched-linux-x86_64 1.0.11 0.68 66.45 67.13 NOTE
r-patched-solaris-x86 1.0.11 186.40 OK
r-release-linux-x86_64 1.0.11 0.74 66.01 66.75 NOTE
r-release-windows-ix86+x86_64 1.0.11 5.00 18.00 23.00 FAIL
r-release-osx-x86_64 1.0.11 OK
r-oldrel-windows-ix86+x86_64 1.0.11 3.00 26.00 29.00 OK
r-oldrel-osx-x86_64 1.0.11 OK

Check Details

Version: 1.0.11
Check: R code for possible problems
Result: NOTE
    Found the following calls to attach():
    File ‘doParallel/R/doParallel.R’:
     attach(exportEnv)
    See section ‘Good practice’ in ‘?attach’.
Flavors: r-devel-linux-x86_64-debian-clang, r-devel-linux-x86_64-debian-gcc, r-patched-linux-x86_64, r-release-linux-x86_64

Version: 1.0.11
Check: examples
Result: FAIL
    
Flavor: r-release-windows-ix86+x86_64