CRAN Package Check Results for Package doParallel

Last updated on 2015-01-28 12:47:57.

Flavor Version Tinstall Tcheck Ttotal Status Flags
r-devel-linux-x86_64-debian-clang 1.0.8 0.75 117.18 117.93 NOTE
r-devel-linux-x86_64-debian-gcc 1.0.8 0.61 111.91 112.52 NOTE
r-devel-linux-x86_64-fedora-clang 1.0.8 172.35 OK
r-devel-linux-x86_64-fedora-gcc 1.0.8 155.96 OK
r-devel-osx-x86_64-clang 1.0.8 201.76 OK
r-devel-windows-ix86+x86_64 1.0.8 4.00 178.00 182.00 OK
r-patched-linux-x86_64 1.0.8 0.72 124.40 125.11 NOTE
r-patched-solaris-sparc 1.0.8 1674.10 OK
r-patched-solaris-x86 1.0.8 361.80 OK
r-release-linux-ix86 1.0.8 1.00 173.32 174.32 OK
r-release-linux-x86_64 1.0.8 0.72 126.84 127.55 NOTE
r-release-osx-x86_64-mavericks 1.0.8 OK
r-release-osx-x86_64-snowleopard 1.0.8 OK
r-release-windows-ix86+x86_64 1.0.8 4.00 20.00 24.00 OK
r-oldrel-windows-ix86+x86_64 1.0.8 4.00 23.00 27.00 OK

Check Details

Version: 1.0.8
Check: R code for possible problems
Result: NOTE
    Found the following calls to attach():
    File ‘doParallel/R/doParallel.R’:
     attach(exportEnv)
    See section ‘Good practice’ in ‘?attach’.
Flavors: r-devel-linux-x86_64-debian-clang, r-devel-linux-x86_64-debian-gcc, r-patched-linux-x86_64, r-release-linux-x86_64