CRAN Package Check Results for Package doParallel

Last updated on 2014-10-31 08:47:04.

Flavor Version Tinstall Tcheck Ttotal Status Flags
r-devel-linux-x86_64-debian-clang 1.0.8 0.70 118.72 119.42 NOTE
r-devel-linux-x86_64-debian-gcc 1.0.8 0.81 119.22 120.04 NOTE
r-devel-linux-x86_64-fedora-clang 1.0.8 188.59 OK
r-devel-linux-x86_64-fedora-gcc 1.0.8 178.37 OK
r-devel-osx-x86_64-clang 1.0.8 202.94 OK
r-devel-windows-ix86+x86_64 1.0.8 3.00 169.00 172.00 OK
r-patched-linux-x86_64 1.0.8 0.71 133.94 134.66 NOTE
r-patched-solaris-sparc 1.0.8 1708.00 OK
r-patched-solaris-x86 1.0.8 365.20 OK
r-release-linux-ix86 1.0.8 0.98 185.05 186.03 OK
r-release-linux-x86_64 1.0.8 0.67 136.66 137.33 NOTE
r-release-osx-x86_64-mavericks 1.0.8 OK
r-release-osx-x86_64-snowleopard 1.0.8 OK
r-release-windows-ix86+x86_64 1.0.8 3.00 183.00 186.00 OK
r-oldrel-windows-ix86+x86_64 1.0.8 3.00 187.00 190.00 OK

Check Details

Version: 1.0.8
Check: R code for possible problems
Result: NOTE
    Found the following calls to attach():
    File ‘doParallel/R/doParallel.R’:
     attach(exportEnv)
    See section ‘Good practice’ in ‘?attach’.
Flavors: r-devel-linux-x86_64-debian-clang, r-devel-linux-x86_64-debian-gcc, r-patched-linux-x86_64, r-release-linux-x86_64