CRAN Package Check Results for Package doParallel

Last updated on 2015-05-29 21:46:35.

Flavor Version Tinstall Tcheck Ttotal Status Flags
r-devel-linux-x86_64-debian-clang 1.0.8 0.70 115.67 116.37 NOTE
r-devel-linux-x86_64-debian-gcc 1.0.8 0.60 109.88 110.48 NOTE
r-devel-linux-x86_64-fedora-clang 1.0.8 167.60 OK
r-devel-linux-x86_64-fedora-gcc 1.0.8 156.56 OK
r-devel-osx-x86_64-clang 1.0.8 186.18 OK
r-devel-windows-ix86+x86_64 1.0.8 3.00 15.00 18.00 OK
r-patched-linux-x86_64 1.0.8 0.67 107.89 108.56 NOTE
r-patched-solaris-sparc 1.0.8 1507.90 OK
r-patched-solaris-x86 1.0.8 324.60 OK
r-release-linux-x86_64 1.0.8 0.75 110.17 110.92 NOTE
r-release-osx-x86_64-mavericks 1.0.8 OK
r-release-osx-x86_64-snowleopard 1.0.8 NOTE
r-release-windows-ix86+x86_64 1.0.8 3.00 14.00 17.00 OK
r-oldrel-windows-ix86+x86_64 1.0.8 4.00 20.00 24.00 OK

Check Details

Version: 1.0.8
Check: R code for possible problems
Result: NOTE
    Found the following calls to attach():
    File ‘doParallel/R/doParallel.R’:
     attach(exportEnv)
    See section ‘Good practice’ in ‘?attach’.
Flavors: r-devel-linux-x86_64-debian-clang, r-devel-linux-x86_64-debian-gcc, r-patched-linux-x86_64, r-release-linux-x86_64

Version: 1.0.8
Check: package dependencies
Result: NOTE
    Package suggested but not available for checking: ‘caret’
Flavor: r-release-osx-x86_64-snowleopard