CRAN Package Check Results for Package doParallel

Last updated on 2016-02-08 08:47:33.

Flavor Version Tinstall Tcheck Ttotal Status Flags
r-devel-linux-x86_64-debian-gcc 1.0.10 0.60 64.31 64.91 NOTE
r-devel-linux-x86_64-fedora-clang 1.0.10 88.57 OK
r-devel-linux-x86_64-fedora-gcc 1.0.10 88.76 OK
r-devel-osx-x86_64-clang 1.0.10 116.94 OK
r-devel-windows-ix86+x86_64 1.0.10 4.00 122.00 126.00 OK
r-patched-linux-x86_64 1.0.10 0.63 121.52 122.15 NOTE
r-patched-solaris-sparc 1.0.10 1474.00 OK
r-patched-solaris-x86 1.0.10 302.90 OK
r-release-linux-x86_64 1.0.10 0.69 124.76 125.45 NOTE
r-release-osx-x86_64-mavericks 1.0.10 OK
r-release-windows-ix86+x86_64 1.0.10 4.00 193.00 197.00 OK
r-oldrel-windows-ix86+x86_64 1.0.10 6.00 269.00 275.00 OK

Check Details

Version: 1.0.10
Check: R code for possible problems
Result: NOTE
    Found the following calls to attach():
    File ‘doParallel/R/doParallel.R’:
     attach(exportEnv)
    See section ‘Good practice’ in ‘?attach’.
Flavors: r-devel-linux-x86_64-debian-gcc, r-patched-linux-x86_64, r-release-linux-x86_64