CRAN Package Check Results for Package doParallel

Last updated on 2015-07-30 13:47:23.

Flavor Version Tinstall Tcheck Ttotal Status Flags
r-devel-linux-x86_64-debian-clang 1.0.8 0.58 108.07 108.65 NOTE
r-devel-linux-x86_64-debian-gcc 1.0.8 0.57 111.84 112.41 NOTE
r-devel-linux-x86_64-fedora-clang 1.0.8 163.12 NOTE
r-devel-linux-x86_64-fedora-gcc 1.0.8 153.68 NOTE
r-devel-osx-x86_64-clang 1.0.8 176.28 OK
r-devel-windows-ix86+x86_64 1.0.8 6.00 176.00 182.00 NOTE
r-patched-linux-x86_64 1.0.8 0.67 109.00 109.67 NOTE
r-patched-solaris-sparc 1.0.8 1523.80 OK
r-patched-solaris-x86 1.0.8 324.70 OK
r-release-linux-x86_64 1.0.8 0.62 111.66 112.28 NOTE
r-release-osx-x86_64-mavericks 1.0.8 OK
r-release-windows-ix86+x86_64 1.0.8 4.00 162.00 166.00 OK
r-oldrel-windows-ix86+x86_64 1.0.8 6.00 20.00 26.00 OK

Check Details

Version: 1.0.8
Check: R code for possible problems
Result: NOTE
    doParallelSNOW: no visible global function definition for ‘packageName’
    mcinfo: no visible global function definition for ‘packageDescription’
    snowinfo: no visible global function definition for
     ‘packageDescription’
    Undefined global functions or variables:
     packageDescription packageName
    Consider adding
     importFrom("utils", "packageDescription", "packageName")
    to your NAMESPACE.
    
    Found the following calls to attach():
    File ‘doParallel/R/doParallel.R’:
     attach(exportEnv)
    See section ‘Good practice’ in ‘?attach’.
Flavors: r-devel-linux-x86_64-debian-clang, r-devel-linux-x86_64-debian-gcc

Version: 1.0.8
Check: R code for possible problems
Result: NOTE
    doParallelSNOW: no visible global function definition for ‘packageName’
    mcinfo: no visible global function definition for ‘packageDescription’
    snowinfo: no visible global function definition for
     ‘packageDescription’
    Undefined global functions or variables:
     packageDescription packageName
    Consider adding
     importFrom("utils", "packageDescription", "packageName")
    to your NAMESPACE.
Flavors: r-devel-linux-x86_64-fedora-clang, r-devel-linux-x86_64-fedora-gcc, r-devel-windows-ix86+x86_64

Version: 1.0.8
Check: R code for possible problems
Result: NOTE
    Found the following calls to attach():
    File ‘doParallel/R/doParallel.R’:
     attach(exportEnv)
    See section ‘Good practice’ in ‘?attach’.
Flavors: r-patched-linux-x86_64, r-release-linux-x86_64