CRAN Package Check Results for Package doParallel

Last updated on 2016-06-25 11:49:04.

Flavor Version Tinstall Tcheck Ttotal Status Flags
r-devel-linux-x86_64-debian-gcc 1.0.10 0.94 68.21 69.16 NOTE
r-devel-linux-x86_64-fedora-clang 1.0.10 85.46 OK
r-devel-linux-x86_64-fedora-gcc 1.0.10 82.62 OK
r-devel-osx-x86_64-clang 1.0.10 68.39 OK
r-devel-windows-ix86+x86_64 1.0.10 6.00 150.00 156.00 OK
r-patched-linux-x86_64 1.0.10 0.78 68.18 68.96 NOTE
r-patched-solaris-sparc 1.0.10 811.20 OK
r-patched-solaris-x86 1.0.10 166.00 OK
r-release-linux-x86_64 1.0.10 0.63 68.51 69.14 NOTE
r-release-osx-x86_64-mavericks 1.0.10 OK
r-release-windows-ix86+x86_64 1.0.10 4.00 109.00 113.00 OK
r-oldrel-windows-ix86+x86_64 1.0.10 6.00 243.00 249.00 OK

Check Details

Version: 1.0.10
Check: R code for possible problems
Result: NOTE
    Found the following calls to attach():
    File ‘doParallel/R/doParallel.R’:
     attach(exportEnv)
    See section ‘Good practice’ in ‘?attach’.
Flavors: r-devel-linux-x86_64-debian-gcc, r-patched-linux-x86_64, r-release-linux-x86_64