CRAN Package Check Results for Package doParallel

Last updated on 2017-02-28 12:49:12.

Flavor Version Tinstall Tcheck Ttotal Status Flags
r-devel-linux-x86_64-debian-clang 1.0.10 0.69 62.05 62.74 NOTE
r-devel-linux-x86_64-debian-gcc 1.0.10 0.71 63.57 64.27 NOTE
r-devel-linux-x86_64-fedora-clang 1.0.10 94.30 OK --no-stop-on-test-error
r-devel-linux-x86_64-fedora-gcc 1.0.10 88.85 OK --no-stop-on-test-error
r-devel-macos-x86_64-clang 1.0.10 70.39 OK --no-stop-on-test-error
r-devel-windows-ix86+x86_64 1.0.10 3.00 194.00 197.00 OK
r-patched-linux-x86_64 1.0.10 0.68 64.03 64.72 NOTE
r-patched-solaris-sparc 1.0.10 830.40 OK
r-patched-solaris-x86 1.0.10 167.90 OK
r-release-linux-x86_64 1.0.10 0.66 60.62 61.27 NOTE
r-release-osx-x86_64-mavericks 1.0.10 OK
r-release-windows-ix86+x86_64 1.0.10 3.00 22.00 25.00 FAIL
r-oldrel-windows-ix86+x86_64 1.0.10 2.00 21.00 23.00 FAIL

Check Details

Version: 1.0.10
Check: R code for possible problems
Result: NOTE
    Found the following calls to attach():
    File ‘doParallel/R/doParallel.R’:
     attach(exportEnv)
    See section ‘Good practice’ in ‘?attach’.
Flavors: r-devel-linux-x86_64-debian-clang, r-devel-linux-x86_64-debian-gcc, r-patched-linux-x86_64, r-release-linux-x86_64

Version: 1.0.10
Check: examples
Result: FAIL
    
Flavors: r-release-windows-ix86+x86_64, r-oldrel-windows-ix86+x86_64