CRAN Package Check Results for Package doParallel

Last updated on 2014-12-19 03:47:31.

Flavor Version Tinstall Tcheck Ttotal Status Flags
r-devel-linux-x86_64-debian-clang 1.0.8 0.76 118.56 119.32 NOTE
r-devel-linux-x86_64-debian-gcc 1.0.8 0.70 121.54 122.24 NOTE
r-devel-linux-x86_64-fedora-clang 1.0.8 177.59 OK
r-devel-linux-x86_64-fedora-gcc 1.0.8 152.08 OK
r-devel-osx-x86_64-clang 1.0.8 203.77 OK
r-devel-windows-ix86+x86_64 1.0.8 4.00 158.00 162.00 OK
r-patched-linux-x86_64 1.0.8 0.72 125.35 126.07 NOTE
r-patched-solaris-sparc 1.0.8 1708.00 OK
r-patched-solaris-x86 1.0.8 360.00 OK
r-release-linux-ix86 1.0.8 1.00 173.42 174.42 OK
r-release-linux-x86_64 1.0.8 0.72 129.70 130.43 NOTE
r-release-osx-x86_64-mavericks 1.0.8 OK
r-release-osx-x86_64-snowleopard 1.0.8 OK
r-release-windows-ix86+x86_64 1.0.8 4.00 18.00 22.00 OK
r-oldrel-windows-ix86+x86_64 1.0.8 4.00 181.00 185.00 OK

Check Details

Version: 1.0.8
Check: R code for possible problems
Result: NOTE
    Found the following calls to attach():
    File ‘doParallel/R/doParallel.R’:
     attach(exportEnv)
    See section ‘Good practice’ in ‘?attach’.
Flavors: r-devel-linux-x86_64-debian-clang, r-devel-linux-x86_64-debian-gcc, r-patched-linux-x86_64, r-release-linux-x86_64