CRAN Package Check Results for Package doParallel

Last updated on 2017-06-25 18:47:25.

Flavor Version Tinstall Tcheck Ttotal Status Flags
r-devel-linux-x86_64-debian-clang 1.0.10 0.74 65.90 66.64 NOTE
r-devel-linux-x86_64-debian-gcc 1.0.10 0.69 68.29 68.99 NOTE
r-devel-linux-x86_64-fedora-clang 1.0.10 95.17 OK
r-devel-linux-x86_64-fedora-gcc 1.0.10 92.02 OK
r-devel-windows-ix86+x86_64 1.0.10 3.00 142.00 145.00 OK
r-patched-linux-x86_64 1.0.10 0.69 68.22 68.91 NOTE
r-patched-solaris-sparc 1.0.10 820.80 OK
r-patched-solaris-x86 1.0.10 180.10 OK
r-release-linux-x86_64 1.0.10 0.69 67.05 67.74 NOTE
r-release-windows-ix86+x86_64 1.0.10 3.00 147.00 150.00 OK
r-release-osx-x86_64 1.0.10 OK
r-oldrel-windows-ix86+x86_64 1.0.10 2.00 147.00 149.00 OK
r-oldrel-osx-x86_64 1.0.10 OK

Check Details

Version: 1.0.10
Check: R code for possible problems
Result: NOTE
    Found the following calls to attach():
    File ‘doParallel/R/doParallel.R’:
     attach(exportEnv)
    See section ‘Good practice’ in ‘?attach’.
Flavors: r-devel-linux-x86_64-debian-clang, r-devel-linux-x86_64-debian-gcc, r-patched-linux-x86_64, r-release-linux-x86_64