CRAN Package Check Results for Package doParallel

Last updated on 2018-05-21 23:50:50 CEST.

Flavor Version Tinstall Tcheck Ttotal Status Flags
r-devel-linux-x86_64-debian-clang 1.0.11 1.29 70.23 71.52 NOTE
r-devel-linux-x86_64-debian-gcc 1.0.11 1.10 63.08 64.18 NOTE
r-devel-linux-x86_64-fedora-clang 1.0.11 89.77 OK
r-devel-linux-x86_64-fedora-gcc 1.0.11 87.13 OK
r-devel-windows-ix86+x86_64 1.0.11 5.00 105.00 110.00 OK
r-patched-linux-x86_64 1.0.11 1.06 74.20 75.26 NOTE
r-patched-solaris-x86 1.0.11 198.80 OK
r-release-linux-x86_64 1.0.11 1.00 79.13 80.13 NOTE
r-release-windows-ix86+x86_64 1.0.11 5.00 141.00 146.00 OK
r-release-osx-x86_64 1.0.11 OK
r-oldrel-windows-ix86+x86_64 1.0.11 4.00 143.00 147.00 OK
r-oldrel-osx-x86_64 1.0.11 OK

Check Details

Version: 1.0.11
Check: R code for possible problems
Result: NOTE
    Found the following calls to attach():
    File ‘doParallel/R/doParallel.R’:
     attach(exportEnv)
    See section ‘Good practice’ in ‘?attach’.
Flavors: r-devel-linux-x86_64-debian-clang, r-devel-linux-x86_64-debian-gcc, r-patched-linux-x86_64, r-release-linux-x86_64