CRAN Package Check Results for Package doParallel

Last updated on 2016-08-26 07:47:20.

Flavor Version Tinstall Tcheck Ttotal Status Flags
r-devel-linux-x86_64-debian-clang 1.0.10 0.58 69.04 69.61 NOTE
r-devel-linux-x86_64-debian-gcc 1.0.10 1.00 81.53 82.53 NOTE
r-devel-linux-x86_64-fedora-clang 1.0.10 89.80 OK
r-devel-linux-x86_64-fedora-gcc 1.0.10 84.41 OK
r-devel-osx-x86_64-clang 1.0.10 68.60 OK
r-devel-windows-ix86+x86_64 1.0.10 2.00 18.00 20.00 OK
r-patched-linux-x86_64 1.0.10 0.76 64.44 65.20 NOTE
r-patched-solaris-sparc 1.0.10 811.20 OK
r-patched-solaris-x86 1.0.10 168.20 OK
r-release-linux-x86_64 1.0.10 0.60 63.36 63.95 NOTE
r-release-osx-x86_64-mavericks 1.0.10 OK
r-release-windows-ix86+x86_64 1.0.10 3.00 17.00 20.00 FAIL
r-oldrel-windows-ix86+x86_64 1.0.10 3.00 177.00 180.00 OK

Check Details

Version: 1.0.10
Check: R code for possible problems
Result: NOTE
    Found the following calls to attach():
    File ‘doParallel/R/doParallel.R’:
     attach(exportEnv)
    See section ‘Good practice’ in ‘?attach’.
Flavors: r-devel-linux-x86_64-debian-clang, r-devel-linux-x86_64-debian-gcc, r-patched-linux-x86_64, r-release-linux-x86_64

Version: 1.0.10
Check: examples
Result: FAIL
    
Flavor: r-release-windows-ix86+x86_64