CRAN Package Check Results for Package doParallel

Last updated on 2017-12-18 13:47:55 CET.

Flavor Version Tinstall Tcheck Ttotal Status Flags
r-devel-linux-x86_64-debian-clang 1.0.11 0.76 69.07 69.83 NOTE
r-devel-linux-x86_64-debian-gcc 1.0.11 0.66 65.04 65.70 NOTE
r-devel-linux-x86_64-fedora-clang 1.0.11 87.65 OK
r-devel-linux-x86_64-fedora-gcc 1.0.11 85.37 OK
r-devel-windows-ix86+x86_64 1.0.11 2.00 106.00 108.00 OK
r-patched-linux-x86_64 1.0.11 0.71 81.72 82.43 NOTE
r-patched-solaris-x86 1.0.11 174.20 OK
r-release-linux-x86_64 1.0.11 0.78 80.17 80.95 NOTE
r-release-windows-ix86+x86_64 1.0.11 3.00 19.00 22.00 FAIL
r-release-osx-x86_64 1.0.11 OK
r-oldrel-windows-ix86+x86_64 1.0.11 5.00 124.00 129.00 FAIL
r-oldrel-osx-x86_64 1.0.11 OK

Check Details

Version: 1.0.11
Check: R code for possible problems
Result: NOTE
    Found the following calls to attach():
    File ‘doParallel/R/doParallel.R’:
     attach(exportEnv)
    See section ‘Good practice’ in ‘?attach’.
Flavors: r-devel-linux-x86_64-debian-clang, r-devel-linux-x86_64-debian-gcc, r-patched-linux-x86_64, r-release-linux-x86_64

Version: 1.0.11
Check: examples
Result: FAIL
    
Flavors: r-release-windows-ix86+x86_64, r-oldrel-windows-ix86+x86_64