CRAN Package Check Results for Package doParallel

Last updated on 2014-09-17 14:47:04.

Flavor Version Tinstall Tcheck Ttotal Status Flags
r-devel-linux-x86_64-debian-clang 1.0.8 0.63 126.13 126.76 NOTE
r-devel-linux-x86_64-debian-gcc 1.0.8 0.65 114.04 114.70 NOTE
r-devel-linux-x86_64-fedora-clang 1.0.8 184.89 OK
r-devel-linux-x86_64-fedora-gcc 1.0.8 178.46 OK
r-devel-osx-x86_64-clang 1.0.8 188.36 OK
r-devel-windows-ix86+x86_64 1.0.8 3.00 165.00 168.00 OK
r-patched-linux-x86_64 1.0.8 0.64 134.72 135.36 OK
r-patched-solaris-sparc 1.0.8 1708.00 OK
r-patched-solaris-x86 1.0.8 373.20 OK
r-release-linux-ix86 1.0.8 1.00 181.33 182.33 OK
r-release-linux-x86_64 1.0.8 0.68 134.25 134.93 NOTE
r-release-osx-x86_64-mavericks 1.0.8 OK
r-release-osx-x86_64-snowleopard 1.0.8 OK
r-release-windows-ix86+x86_64 1.0.8 4.00 194.00 198.00 OK
r-oldrel-windows-ix86+x86_64 1.0.8 4.00 184.00 188.00 OK

Check Details

Version: 1.0.8
Check: R code for possible problems
Result: NOTE
    Found the following calls to attach():
    File ‘doParallel/R/doParallel.R’:
     attach(exportEnv)
    See section ‘Good practice’ in ‘?attach’.
Flavors: r-devel-linux-x86_64-debian-clang, r-devel-linux-x86_64-debian-gcc, r-release-linux-x86_64