CRAN Package Check Results for Package doParallel

Last updated on 2016-07-23 21:49:42.

Flavor Version Tinstall Tcheck Ttotal Status Flags
r-devel-linux-x86_64-debian-clang 1.0.10 0.94 75.78 76.72 NOTE
r-devel-linux-x86_64-debian-gcc 1.0.10 0.82 75.67 76.49 NOTE
r-devel-linux-x86_64-fedora-clang 1.0.10 86.14 OK
r-devel-linux-x86_64-fedora-gcc 1.0.10 81.32 OK
r-devel-osx-x86_64-clang 1.0.10 70.91 OK
r-devel-windows-ix86+x86_64 1.0.10 3.00 18.00 21.00 FAIL
r-patched-linux-x86_64 1.0.10 0.82 74.13 74.95 NOTE
r-patched-solaris-sparc 1.0.10 811.20 OK
r-patched-solaris-x86 1.0.10 166.30 OK
r-release-linux-x86_64 1.0.10 0.91 74.21 75.12 NOTE
r-release-osx-x86_64-mavericks 1.0.10 OK
r-release-windows-ix86+x86_64 1.0.10 2.00 113.00 115.00 OK
r-oldrel-windows-ix86+x86_64 1.0.10 7.00 17.00 24.00 FAIL

Check Details

Version: 1.0.10
Check: R code for possible problems
Result: NOTE
    Found the following calls to attach():
    File ‘doParallel/R/doParallel.R’:
     attach(exportEnv)
    See section ‘Good practice’ in ‘?attach’.
Flavors: r-devel-linux-x86_64-debian-clang, r-devel-linux-x86_64-debian-gcc, r-patched-linux-x86_64, r-release-linux-x86_64

Version: 1.0.10
Check: examples
Result: FAIL
    
Flavors: r-devel-windows-ix86+x86_64, r-oldrel-windows-ix86+x86_64