CRAN Package Check Results for Package doParallel

Last updated on 2017-01-16 17:49:06.

Flavor Version Tinstall Tcheck Ttotal Status Flags
r-devel-linux-x86_64-debian-clang 1.0.10 0.70 68.25 68.95 NOTE
r-devel-linux-x86_64-debian-gcc 1.0.10 0.67 66.66 67.33 NOTE
r-devel-linux-x86_64-fedora-clang 1.0.10 92.07 OK --no-stop-on-test-error
r-devel-linux-x86_64-fedora-gcc 1.0.10 91.47 OK --no-stop-on-test-error
r-devel-macos-x86_64-clang 1.0.10 69.33 OK --no-stop-on-test-error
r-devel-windows-ix86+x86_64 1.0.10 4.00 110.00 114.00 OK
r-patched-linux-x86_64 1.0.10 0.68 65.09 65.77 NOTE
r-patched-solaris-sparc 1.0.10 830.40 OK
r-patched-solaris-x86 1.0.10 170.70 OK
r-release-linux-x86_64 1.0.10 0.63 63.24 63.87 NOTE
r-release-osx-x86_64-mavericks 1.0.10 OK
r-release-windows-ix86+x86_64 1.0.10 6.00 17.00 23.00 FAIL
r-oldrel-windows-ix86+x86_64 1.0.10 3.00 253.00 256.00 FAIL

Check Details

Version: 1.0.10
Check: R code for possible problems
Result: NOTE
    Found the following calls to attach():
    File ‘doParallel/R/doParallel.R’:
     attach(exportEnv)
    See section ‘Good practice’ in ‘?attach’.
Flavors: r-devel-linux-x86_64-debian-clang, r-devel-linux-x86_64-debian-gcc, r-patched-linux-x86_64, r-release-linux-x86_64

Version: 1.0.10
Check: examples
Result: FAIL
    
Flavors: r-release-windows-ix86+x86_64, r-oldrel-windows-ix86+x86_64