CRAN Package Check Results for Package doParallel

Last updated on 2016-05-06 12:52:38.

Flavor Version Tinstall Tcheck Ttotal Status Flags
r-devel-linux-x86_64-debian-gcc 1.0.10 0.60 64.43 65.03 NOTE
r-devel-linux-x86_64-fedora-clang 1.0.10 85.93 OK
r-devel-linux-x86_64-fedora-gcc 1.0.10 82.12 OK
r-devel-osx-x86_64-clang 1.0.10 118.25 OK
r-devel-windows-ix86+x86_64 1.0.10 2.00 16.00 18.00 OK
r-patched-linux-x86_64 1.0.10 0.60 65.93 66.52 NOTE
r-patched-solaris-sparc 1.0.10 803.30 OK
r-patched-solaris-x86 1.0.10 163.40 OK
r-release-linux-x86_64 1.0.10 0.60 64.65 65.25 NOTE
r-release-osx-x86_64-mavericks 1.0.10 OK
r-release-windows-ix86+x86_64 1.0.10 2.00 16.00 18.00 OK
r-oldrel-windows-ix86+x86_64 1.0.10 4.00 21.00 25.00 OK

Check Details

Version: 1.0.10
Check: R code for possible problems
Result: NOTE
    Found the following calls to attach():
    File ‘doParallel/R/doParallel.R’:
     attach(exportEnv)
    See section ‘Good practice’ in ‘?attach’.
Flavors: r-devel-linux-x86_64-debian-gcc, r-patched-linux-x86_64, r-release-linux-x86_64

Version: 1.0.10
Check: examples
Result: [1s]
    
Flavors: r-devel-windows-ix86+x86_64, r-release-windows-ix86+x86_64, r-oldrel-windows-ix86+x86_64