CRAN Package Check Results for Package doParallel

Last updated on 2017-04-26 21:47:08.

Flavor Version Tinstall Tcheck Ttotal Status Flags
r-devel-linux-x86_64-debian-clang 1.0.10 0.74 69.94 70.68 NOTE
r-devel-linux-x86_64-debian-gcc 1.0.10 0.72 68.01 68.74 NOTE
r-devel-linux-x86_64-fedora-clang 1.0.10 92.78 OK --no-stop-on-test-error
r-devel-linux-x86_64-fedora-gcc 1.0.10 91.05 OK --no-stop-on-test-error
r-devel-windows-ix86+x86_64 1.0.10 5.00 18.00 23.00 FAIL
r-patched-linux-x86_64 1.0.10 0.70 63.36 64.06 NOTE
r-patched-solaris-sparc 1.0.10 820.80 OK
r-patched-solaris-x86 1.0.10 175.40 OK
r-release-linux-x86_64 1.0.10 0.67 63.63 64.29 NOTE
r-release-windows-ix86+x86_64 1.0.10 2.00 19.00 21.00 FAIL
r-release-osx-x86_64 1.0.10 OK
r-oldrel-windows-ix86+x86_64 1.0.10 3.00 127.00 130.00 OK
r-oldrel-osx-x86_64 1.0.10 OK

Check Details

Version: 1.0.10
Check: R code for possible problems
Result: NOTE
    Found the following calls to attach():
    File ‘doParallel/R/doParallel.R’:
     attach(exportEnv)
    See section ‘Good practice’ in ‘?attach’.
Flavors: r-devel-linux-x86_64-debian-clang, r-devel-linux-x86_64-debian-gcc, r-patched-linux-x86_64, r-release-linux-x86_64

Version: 1.0.10
Check: examples
Result: FAIL
    
Flavors: r-devel-windows-ix86+x86_64, r-release-windows-ix86+x86_64