CRAN Package Check Results for Package doParallel

Last updated on 2014-11-22 03:49:27.

Flavor Version Tinstall Tcheck Ttotal Status Flags
r-devel-linux-x86_64-debian-clang 1.0.8 0.72 118.30 119.02 NOTE
r-devel-linux-x86_64-debian-gcc 1.0.8 0.68 116.70 117.38 NOTE
r-devel-linux-x86_64-fedora-clang 1.0.8 174.45 OK
r-devel-linux-x86_64-fedora-gcc 1.0.8 162.03 OK
r-devel-osx-x86_64-clang 1.0.8 212.76 OK
r-devel-windows-ix86+x86_64 1.0.8 3.00 231.00 234.00 OK
r-patched-linux-x86_64 1.0.8 0.73 130.56 131.29 NOTE
r-patched-solaris-sparc 1.0.8 1708.00 OK
r-patched-solaris-x86 1.0.8 356.20 OK
r-release-linux-ix86 1.0.8 1.02 173.42 174.44 OK
r-release-linux-x86_64 1.0.8 0.76 128.82 129.59 NOTE
r-release-osx-x86_64-mavericks 1.0.8 OK
r-release-osx-x86_64-snowleopard 1.0.8 OK
r-release-windows-ix86+x86_64 1.0.8 4.00 194.00 198.00 OK
r-oldrel-windows-ix86+x86_64 1.0.8 6.00 259.00 265.00 OK

Check Details

Version: 1.0.8
Check: R code for possible problems
Result: NOTE
    Found the following calls to attach():
    File ‘doParallel/R/doParallel.R’:
     attach(exportEnv)
    See section ‘Good practice’ in ‘?attach’.
Flavors: r-devel-linux-x86_64-debian-clang, r-devel-linux-x86_64-debian-gcc, r-patched-linux-x86_64, r-release-linux-x86_64