CRAN Package Check Results for Package doRNG

Last updated on 2015-05-29 11:48:48.

Flavor Version Tinstall Tcheck Ttotal Status Flags
r-devel-linux-x86_64-debian-clang 1.6 0.84 49.52 50.36 OK
r-devel-linux-x86_64-debian-gcc 1.6 0.80 48.02 48.82 OK
r-devel-linux-x86_64-fedora-clang 1.6 53.35 OK
r-devel-linux-x86_64-fedora-gcc 1.6 52.57 OK
r-devel-osx-x86_64-clang 1.6 83.90 OK
r-devel-windows-ix86+x86_64 1.6 4.00 59.00 63.00 ERROR
r-patched-linux-x86_64 1.6 0.86 48.00 48.86 OK
r-patched-solaris-sparc 1.6 484.80 OK
r-patched-solaris-x86 1.6 114.50 OK
r-release-linux-x86_64 1.6 0.81 49.94 50.75 OK
r-release-osx-x86_64-mavericks 1.6 NOTE
r-release-osx-x86_64-snowleopard 1.6 ERROR
r-release-windows-ix86+x86_64 1.6 4.00 58.00 62.00 ERROR
r-oldrel-windows-ix86+x86_64 1.6 7.00 33.00 40.00 NOTE

Check Details

Version: 1.6
Check: tests
Result: ERROR
    Running the tests in 'tests/doRUnit.R' failed.
    Last 13 lines of output:
    
    
     Executing test function test.registerDoRNG ... done successfully.
    
     ------------------- UNIT TEST SUMMARY ---------------------
    
     Error in .local(x, ...) : Functions: 2 | Errors: 1 | Failures: 0
     ERROR in runit.dorng.R::test.dorng: Error in mpi.comm.spawn(slave = rscript, slavearg = args, nslaves = count, :
     Other MPI error, error stack:
     MPI_Comm_spawn(cmd="D:/RCompile/recent/R/bin/Rscript", argv=0x0000000008BCDC18, maxprocs=2, MPI_INFO_NULL, root=0, MPI_COMM_SELF, intercomm=0x0000000008920738, errors=0x0000000006DAC4C0) failed
     Function not implemented
     Calls: <Anonymous> -> <Anonymous> -> .local -> utest -> utest -> .local
     Execution halted
Flavor: r-devel-windows-ix86+x86_64

Version: 1.6
Check: package dependencies
Result: NOTE
    Package suggested but not available for checking: ‘doMPI’
Flavors: r-release-osx-x86_64-mavericks, r-oldrel-windows-ix86+x86_64

Version: 1.6
Check: Rd cross-references
Result: NOTE
    Package unavailable to check Rd xrefs: ‘doMPI’
Flavors: r-release-osx-x86_64-mavericks, r-oldrel-windows-ix86+x86_64

Version: 1.6
Check: package dependencies
Result: ERROR
    Packages required but not available: ‘rngtools’ ‘pkgmaker’
    
    Packages suggested but not available for checking:
     ‘doMPI’ ‘devtools’ ‘knitr’
    
    VignetteBuilder package required for checking but not installed: ‘knitr’
    
    Files named as vignettes but with no recognized vignette engine:
     ‘inst/doc/doRNG-unitTests.Rnw’
     ‘inst/doc/doRNG.Rnw’
    (Is a VignetteBuilder field missing?)
    
    See section ‘The DESCRIPTION file’ in the ‘Writing R Extensions’
    manual.
Flavor: r-release-osx-x86_64-snowleopard

Version: 1.6
Check: tests
Result: ERROR
    Running the tests in 'tests/doRUnit.R' failed.
    Last 13 lines of output:
    
    
     Executing test function test.registerDoRNG ... done successfully.
    
     ------------------- UNIT TEST SUMMARY ---------------------
    
     Error in .local(x, ...) : Functions: 2 | Errors: 1 | Failures: 0
     ERROR in runit.dorng.R::test.dorng: Error in mpi.comm.spawn(slave = rscript, slavearg = args, nslaves = count, :
     Other MPI error, error stack:
     MPI_Comm_spawn(cmd="D:/RCompile/recent/R-32~1.0/bin/Rscript", argv=0x0000000008C32540, maxprocs=2, MPI_INFO_NULL, root=0, MPI_COMM_SELF, intercomm=0x0000000008B8CD90, errors=0x0000000006DC6DB0) failed
     Function not implemented
     Calls: <Anonymous> -> <Anonymous> -> .local -> utest -> utest -> .local
     Execution halted
Flavor: r-release-windows-ix86+x86_64