Last updated on 2023-03-30 23:51:49 CEST.
Flavor | Version | Tinstall | Tcheck | Ttotal | Status | Flags |
---|---|---|---|---|---|---|
r-devel-linux-x86_64-debian-clang | 1.8.6 | 2.65 | 51.63 | 54.28 | OK | |
r-devel-linux-x86_64-debian-gcc | 1.8.6 | 2.09 | 41.16 | 43.25 | OK | |
r-devel-linux-x86_64-fedora-clang | 1.8.6 | 68.07 | OK | |||
r-devel-linux-x86_64-fedora-gcc | 1.8.6 | 76.95 | OK | |||
r-devel-windows-x86_64 | 1.8.6 | 15.00 | 129.00 | 144.00 | OK | |
r-patched-linux-x86_64 | 1.8.6 | 4.36 | 50.70 | 55.06 | OK | |
r-release-linux-x86_64 | 1.8.6 | 2.23 | 51.69 | 53.92 | OK | |
r-release-macos-arm64 | 1.8.6 | 82.00 | NOTE | |||
r-release-macos-x86_64 | 1.8.6 | 118.00 | NOTE | |||
r-release-windows-x86_64 | 1.8.6 | 12.00 | 134.00 | 146.00 | OK | |
r-oldrel-macos-arm64 | 1.8.6 | 111.00 | NOTE | |||
r-oldrel-macos-x86_64 | 1.8.6 | 127.00 | NOTE | |||
r-oldrel-windows-ix86+x86_64 | 1.8.6 | 5.00 | 117.00 | 122.00 | OK |
Version: 1.8.6
Check: package dependencies
Result: NOTE
Package suggested but not available for checking: ‘doMPI’
Flavors: r-release-macos-arm64, r-release-macos-x86_64, r-oldrel-macos-arm64, r-oldrel-macos-x86_64
Version: 1.8.6
Check: Rd cross-references
Result: NOTE
Package unavailable to check Rd xrefs: ‘doMPI’
Flavors: r-release-macos-arm64, r-release-macos-x86_64, r-oldrel-macos-arm64, r-oldrel-macos-x86_64