CRAN Package Check Results for Package doRNG

Last updated on 2015-04-25 19:47:18.

Flavor Version Tinstall Tcheck Ttotal Status Flags
r-devel-linux-x86_64-debian-clang 1.6 1.00 45.74 46.74 OK
r-devel-linux-x86_64-debian-gcc 1.6 0.76 48.39 49.15 OK
r-devel-linux-x86_64-fedora-clang 1.6 53.55 OK
r-devel-linux-x86_64-fedora-gcc 1.6 53.22 OK
r-devel-osx-x86_64-clang 1.6 83.98 OK
r-devel-windows-ix86+x86_64 1.6 4.00 63.00 67.00 ERROR
r-patched-linux-x86_64 1.6 0.76 46.24 47.00 OK
r-patched-solaris-sparc 1.6 515.40 OK
r-patched-solaris-x86 1.6 116.80 OK
r-release-linux-x86_64 1.6 0.78 47.92 48.70 OK
r-release-osx-x86_64-mavericks 1.6 NOTE
r-release-osx-x86_64-snowleopard 1.6 ERROR
r-release-windows-ix86+x86_64 1.6 3.00 57.00 60.00 ERROR
r-oldrel-windows-ix86+x86_64 1.6 4.00 105.00 109.00 NOTE

Check Details

Version: 1.6
Check: tests
Result: ERROR
    Running the tests in 'tests/doRUnit.R' failed.
    Last 13 lines of output:
    
    
     Executing test function test.registerDoRNG ... done successfully.
    
     ------------------- UNIT TEST SUMMARY ---------------------
    
     Error in .local(x, ...) : Functions: 2 | Errors: 1 | Failures: 0
     ERROR in runit.dorng.R::test.dorng: Error in mpi.comm.spawn(slave = rscript, slavearg = args, nslaves = count, :
     Other MPI error, error stack:
     MPI_Comm_spawn(cmd="D:/RCompile/recent/R/bin/Rscript", argv=0x0000000007474280, maxprocs=2, MPI_INFO_NULL, root=0, MPI_COMM_SELF, intercomm=0x00000000073AFB28, errors=0x0000000008A0A5E0) failed
     Function not implemented
     Calls: <Anonymous> -> <Anonymous> -> .local -> utest -> utest -> .local
     Execution halted
Flavor: r-devel-windows-ix86+x86_64

Version: 1.6
Check: tests
Result: ERROR
    Running the tests in 'tests/doRUnit.R' failed.
    Last 13 lines of output:
    
    
     Executing test function test.registerDoRNG ... done successfully.
    
     ------------------- UNIT TEST SUMMARY ---------------------
    
     Error in .local(x, ...) : Functions: 2 | Errors: 1 | Failures: 0
     ERROR in runit.dorng.R::test.dorng: Error in mpi.comm.spawn(slave = rscript, slavearg = args, nslaves = count, :
     Other MPI error, error stack:
     MPI_Comm_spawn(cmd="D:/RCompile/recent/R-32~1.0/bin/Rscript", argv=0x000000000722BD28, maxprocs=2, MPI_INFO_NULL, root=0, MPI_COMM_SELF, intercomm=0x00000000070296D8, errors=0x0000000008FF1A20) failed
     Function not implemented
     Calls: <Anonymous> -> <Anonymous> -> .local -> utest -> utest -> .local
     Execution halted
Flavor: r-release-windows-ix86+x86_64

Version: 1.6
Check: package dependencies
Result: NOTE
    Package suggested but not available for checking: 'doMPI'
Flavor: r-oldrel-windows-ix86+x86_64

Version: 1.6
Check: Rd cross-references
Result: NOTE
    Package unavailable to check Rd xrefs: 'doMPI'
Flavor: r-oldrel-windows-ix86+x86_64