CRAN Package Check Results for Package doRNG

Last updated on 2014-11-21 11:48:37.

Flavor Version Tinstall Tcheck Ttotal Status Flags
r-devel-linux-x86_64-debian-clang 1.6 1.06 66.97 68.03 OK
r-devel-linux-x86_64-debian-gcc 1.6 1.76 69.77 71.53 OK
r-devel-linux-x86_64-fedora-clang 1.6 69.00 OK
r-devel-linux-x86_64-fedora-gcc 1.6 68.49 OK
r-devel-osx-x86_64-clang 1.6 117.29 OK
r-devel-windows-ix86+x86_64 1.6 6.00 112.00 118.00 NOTE
r-patched-linux-x86_64 1.6 1.04 67.70 68.74 OK
r-patched-solaris-sparc 1.6 590.50 OK
r-patched-solaris-x86 1.6 134.30 OK
r-release-linux-ix86 1.6 1.41 83.48 84.89 OK
r-release-linux-x86_64 1.6 1.05 67.30 68.34 OK
r-release-osx-x86_64-mavericks 1.6 NOTE
r-release-osx-x86_64-snowleopard 1.6 OK
r-release-windows-ix86+x86_64 1.6 7.00 92.00 99.00 NOTE
r-oldrel-windows-ix86+x86_64 1.6 7.00 117.00 124.00 NOTE

Check Details

Version: 1.6
Check: package dependencies
Result: NOTE
    Package suggested but not available for checking: 'doMPI'
Flavors: r-devel-windows-ix86+x86_64, r-release-osx-x86_64-mavericks, r-release-windows-ix86+x86_64, r-oldrel-windows-ix86+x86_64

Version: 1.6
Check: Rd cross-references
Result: NOTE
    Package unavailable to check Rd xrefs: 'doMPI'
Flavors: r-devel-windows-ix86+x86_64, r-release-osx-x86_64-mavericks, r-release-windows-ix86+x86_64, r-oldrel-windows-ix86+x86_64

Version: 1.6
Check: re-building of vignette outputs
Result: NOTE
    Error in re-building vignettes:
     ...
    Warning: running command 'kpsewhich framed.sty' had status 1
    Warning in test_latex_pkg("framed", system.file("misc", "framed.sty", package = "knitr")) :
     unable to find LaTeX package 'framed'; will use a copy from knitr
    Error in texi2dvi(file = file, pdf = TRUE, clean = clean, quiet = quiet, :
     Running 'texi2dvi' on 'doRNG-unitTests.tex' failed.
    LaTeX errors:
    ! LaTeX Error: File `vmargin.sty' not found.
    
    Type X to quit or <RETURN> to proceed,
    or enter new name. (Default extension: sty)
    
    est/doRNG/vignettes/doRNG-unitTests.tex:57: ==> Fatal error occurred, no outpu
    t PDF file produced!
    Calls: buildVignettes -> texi2pdf -> texi2dvi
    Execution halted
Flavor: r-release-osx-x86_64-mavericks