CRAN Package Check Results for Package doRNG

Last updated on 2016-12-03 08:48:48.

Flavor Version Tinstall Tcheck Ttotal Status Flags
r-devel-linux-x86_64-debian-clang 1.6 0.88 59.61 60.50 NOTE --no-tests
r-devel-linux-x86_64-debian-gcc 1.6 0.86 58.73 59.59 NOTE --no-tests
r-devel-linux-x86_64-fedora-clang 1.6 98.68 NOTE
r-devel-linux-x86_64-fedora-gcc 1.6 98.73 NOTE
r-devel-macos-x86_64-clang 1.6 58.35 NOTE
r-devel-windows-ix86+x86_64 1.6 3.00 84.00 87.00 ERROR
r-patched-linux-x86_64 1.6 0.86 54.47 55.33 NOTE --no-tests
r-patched-solaris-sparc 1.6 420.50 NOTE
r-patched-solaris-x86 1.6 129.00 NOTE
r-release-linux-x86_64 1.6 0.73 54.33 55.06 NOTE --no-tests
r-release-osx-x86_64-mavericks 1.6 NOTE
r-release-windows-ix86+x86_64 1.6 6.00 104.00 110.00 ERROR
r-oldrel-windows-ix86+x86_64 1.6 6.00 105.00 111.00 ERROR

Check Details

Version: 1.6
Flags: --no-tests
Check: R code for possible problems
Result: NOTE
    .collapse: no visible global function definition for ‘head’
    Undefined global functions or variables:
     head
    Consider adding
     importFrom("utils", "head")
    to your NAMESPACE file.
Flavors: r-devel-linux-x86_64-debian-clang, r-devel-linux-x86_64-debian-gcc, r-patched-linux-x86_64, r-release-linux-x86_64

Version: 1.6
Check: R code for possible problems
Result: NOTE
    .collapse: no visible global function definition for ‘head’
    Undefined global functions or variables:
     head
    Consider adding
     importFrom("utils", "head")
    to your NAMESPACE file.
Flavors: r-devel-linux-x86_64-fedora-clang, r-devel-linux-x86_64-fedora-gcc, r-devel-macos-x86_64-clang, r-devel-windows-ix86+x86_64, r-patched-solaris-sparc, r-patched-solaris-x86, r-release-osx-x86_64-mavericks, r-release-windows-ix86+x86_64

Version: 1.6
Check: tests
Result: ERROR
    Running the tests in 'tests/doRUnit.R' failed.
    Last 13 lines of output:
     done successfully.
    
    
    
     Executing test function test.registerDoRNG ... done successfully.
    
     ------------------- UNIT TEST SUMMARY ---------------------
    
     Error in .local(x, ...) : Functions: 2 | Errors: 1 | Failures: 0
     ERROR in runit.dorng.R::test.dorng: Error in mpi.comm.spawn(slave = rscript, slavearg = args, nslaves = count, :
     Other MPI error, error stack:
     MPI_Comm_spawn(cmd="D:/RCompile/recent/R/bin/Rscript", argv=0x000000000AD5CCB8, maxprocs=2, MPI_INFO_NULL, root=0, MPI_COMM_SELF, intercomm=0x000000000BE8F3A8, errors=0x000000000BE80938) failed
     Function not implemented
     Calls: <Anonymous> -> <Anonymous> -> .local -> utest -> utest -> .local
     Execution halted
Flavor: r-devel-windows-ix86+x86_64

Version: 1.6
Check: package dependencies
Result: NOTE
    Package suggested but not available for checking: ‘doMPI’
Flavor: r-release-osx-x86_64-mavericks

Version: 1.6
Check: Rd cross-references
Result: NOTE
    Package unavailable to check Rd xrefs: ‘doMPI’
Flavor: r-release-osx-x86_64-mavericks

Version: 1.6
Check: tests
Result: ERROR
    Running the tests in 'tests/doRUnit.R' failed.
    Last 13 lines of output:
    
    
     Executing test function test.registerDoRNG ... done successfully.
    
     ------------------- UNIT TEST SUMMARY ---------------------
    
     Error in .local(x, ...) : Functions: 2 | Errors: 1 | Failures: 0
     ERROR in runit.dorng.R::test.dorng: Error in mpi.comm.spawn(slave = rscript, slavearg = args, nslaves = count, :
     Other MPI error, error stack:
     MPI_Comm_spawn(cmd="D:/RCompile/recent/R-33~1.2/bin/Rscript", argv=0x00000000072E1CB0, maxprocs=2, MPI_INFO_NULL, root=0, MPI_COMM_SELF, intercomm=0x000000000A68D290, errors=0x0000000006743F28) failed
     Function not implemented
     Calls: <Anonymous> -> <Anonymous> -> .local -> utest -> utest -> .local
     Execution halted
Flavor: r-release-windows-ix86+x86_64

Version: 1.6
Check: tests
Result: ERROR
    Running the tests in 'tests/doRUnit.R' failed.
    Last 13 lines of output:
    
    
     Executing test function test.registerDoRNG ... done successfully.
    
     ------------------- UNIT TEST SUMMARY ---------------------
    
     Error in .local(x, ...) : Functions: 2 | Errors: 1 | Failures: 0
     ERROR in runit.dorng.R::test.dorng: Error in mpi.comm.spawn(slave = rscript, slavearg = args, nslaves = count, :
     Other MPI error, error stack:
     MPI_Comm_spawn(cmd="D:/RCompile/recent/R-32~1.5/bin/Rscript", argv=0x000000000AC12FF0, maxprocs=2, MPI_INFO_NULL, root=0, MPI_COMM_SELF, intercomm=0x000000000A5861D0, errors=0x000000000ABF7170) failed
     Function not implemented
     Calls: <Anonymous> -> <Anonymous> -> .local -> utest -> utest -> .local
     Execution halted
Flavor: r-oldrel-windows-ix86+x86_64