CRAN Package Check Results for Package doRNG

Last updated on 2015-03-01 16:46:52.

Flavor Version Tinstall Tcheck Ttotal Status Flags
r-devel-linux-x86_64-debian-clang 1.6 0.78 62.73 63.51 OK
r-devel-linux-x86_64-debian-gcc 1.6 0.74 63.93 64.67 OK
r-devel-linux-x86_64-fedora-clang 1.6 59.39 OK
r-devel-linux-x86_64-fedora-gcc 1.6 57.32 OK
r-devel-osx-x86_64-clang 1.6 106.17 OK
r-devel-windows-ix86+x86_64 1.6 5.00 83.00 88.00 NOTE
r-patched-linux-x86_64 1.6 1.22 70.32 71.54 OK
r-patched-solaris-sparc 1.6 595.50 OK
r-patched-solaris-x86 1.6 141.20 OK
r-release-linux-ix86 1.6 1.42 90.14 91.56 OK
r-release-linux-x86_64 1.6 1.54 70.44 71.99 OK
r-release-osx-x86_64-mavericks 1.6 NOTE
r-release-osx-x86_64-snowleopard 1.6 OK
r-release-windows-ix86+x86_64 1.6 6.00 93.00 99.00 NOTE
r-oldrel-windows-ix86+x86_64 1.6 6.00 102.00 108.00 NOTE

Check Details

Version: 1.6
Check: package dependencies
Result: NOTE
    Package suggested but not available for checking: 'doMPI'
Flavors: r-devel-windows-ix86+x86_64, r-release-osx-x86_64-mavericks, r-release-windows-ix86+x86_64, r-oldrel-windows-ix86+x86_64

Version: 1.6
Check: Rd cross-references
Result: NOTE
    Package unavailable to check Rd xrefs: 'doMPI'
Flavors: r-devel-windows-ix86+x86_64, r-release-osx-x86_64-mavericks, r-release-windows-ix86+x86_64, r-oldrel-windows-ix86+x86_64