CRAN Package Check Results for Package doRNG

Last updated on 2015-08-29 20:47:56.

Flavor Version Tinstall Tcheck Ttotal Status Flags
r-devel-linux-x86_64-debian-clang 1.6 0.73 44.54 45.27 NOTE
r-devel-linux-x86_64-debian-gcc 1.6 0.76 46.95 47.71 NOTE
r-devel-linux-x86_64-fedora-clang 1.6 55.03 NOTE
r-devel-linux-x86_64-fedora-gcc 1.6 50.78 NOTE
r-devel-osx-x86_64-clang 1.6 73.66 OK
r-devel-windows-ix86+x86_64 1.6 5.00 68.00 73.00 ERROR
r-patched-linux-x86_64 1.6 0.86 48.97 49.84 OK
r-patched-solaris-sparc 1.6 479.60 OK
r-patched-solaris-x86 1.6 122.30 OK
r-release-linux-x86_64 1.6 0.80 48.12 48.92 OK
r-release-osx-x86_64-mavericks 1.6 NOTE
r-release-windows-ix86+x86_64 1.6 5.00 69.00 74.00 ERROR
r-oldrel-windows-ix86+x86_64 1.6 9.00 104.00 113.00 NOTE

Check Details

Version: 1.6
Check: R code for possible problems
Result: NOTE
    .collapse: no visible global function definition for ‘head’
    Undefined global functions or variables:
     head
    Consider adding
     importFrom("utils", "head")
    to your NAMESPACE.
Flavors: r-devel-linux-x86_64-debian-clang, r-devel-linux-x86_64-debian-gcc, r-devel-linux-x86_64-fedora-clang, r-devel-linux-x86_64-fedora-gcc, r-devel-windows-ix86+x86_64

Version: 1.6
Check: tests
Result: ERROR
    Running the tests in 'tests/doRUnit.R' failed.
    Last 13 lines of output:
    
    
     Executing test function test.registerDoRNG ... done successfully.
    
     ------------------- UNIT TEST SUMMARY ---------------------
    
     Error in .local(x, ...) : Functions: 2 | Errors: 1 | Failures: 0
     ERROR in runit.dorng.R::test.dorng: Error in mpi.comm.spawn(slave = rscript, slavearg = args, nslaves = count, :
     Other MPI error, error stack:
     MPI_Comm_spawn(cmd="D:/RCompile/recent/R/bin/Rscript", argv=0x000000000AA1F278, maxprocs=2, MPI_INFO_NULL, root=0, MPI_COMM_SELF, intercomm=0x000000000A7899C0, errors=0x0000000008176D88) failed
     Function not implemented
     Calls: <Anonymous> -> <Anonymous> -> .local -> utest -> utest -> .local
     Execution halted
Flavor: r-devel-windows-ix86+x86_64

Version: 1.6
Check: package dependencies
Result: NOTE
    Package suggested but not available for checking: ‘doMPI’
Flavors: r-release-osx-x86_64-mavericks, r-oldrel-windows-ix86+x86_64

Version: 1.6
Check: Rd cross-references
Result: NOTE
    Package unavailable to check Rd xrefs: ‘doMPI’
Flavors: r-release-osx-x86_64-mavericks, r-oldrel-windows-ix86+x86_64

Version: 1.6
Check: tests
Result: ERROR
    Running the tests in 'tests/doRUnit.R' failed.
    Last 13 lines of output:
    
    
     Executing test function test.registerDoRNG ... done successfully.
    
     ------------------- UNIT TEST SUMMARY ---------------------
    
     Error in .local(x, ...) : Functions: 2 | Errors: 1 | Failures: 0
     ERROR in runit.dorng.R::test.dorng: Error in mpi.comm.spawn(slave = rscript, slavearg = args, nslaves = count, :
     Other MPI error, error stack:
     MPI_Comm_spawn(cmd="D:/RCompile/recent/R-32~1.2/bin/Rscript", argv=0x000000000A6342A0, maxprocs=2, MPI_INFO_NULL, root=0, MPI_COMM_SELF, intercomm=0x00000000073E5650, errors=0x00000000077BD248) failed
     Function not implemented
     Calls: <Anonymous> -> <Anonymous> -> .local -> utest -> utest -> .local
     Execution halted
Flavor: r-release-windows-ix86+x86_64