CRAN Package Check Results for Package doRNG

Last updated on 2016-07-26 05:48:53.

Flavor Version Tinstall Tcheck Ttotal Status Flags
r-devel-linux-x86_64-debian-clang 1.6 0.97 66.94 67.91 NOTE
r-devel-linux-x86_64-debian-gcc 1.6 0.96 67.87 68.83 NOTE
r-devel-linux-x86_64-fedora-clang 1.6 51.96 NOTE
r-devel-linux-x86_64-fedora-gcc 1.6 50.83 NOTE
r-devel-osx-x86_64-clang 1.6 45.07 NOTE
r-devel-windows-ix86+x86_64 1.6 5.00 100.00 105.00 ERROR
r-patched-linux-x86_64 1.6 1.09 64.63 65.73 NOTE
r-patched-solaris-sparc 1.6 420.50 NOTE
r-patched-solaris-x86 1.6 114.50 NOTE
r-release-linux-x86_64 1.6 0.94 67.53 68.48 NOTE
r-release-osx-x86_64-mavericks 1.6 NOTE
r-release-windows-ix86+x86_64 1.6 6.00 29.00 35.00 FAIL
r-oldrel-windows-ix86+x86_64 1.6 7.00 80.00 87.00 ERROR

Check Details

Version: 1.6
Check: R code for possible problems
Result: NOTE
    .collapse: no visible global function definition for ‘head’
    Undefined global functions or variables:
     head
    Consider adding
     importFrom("utils", "head")
    to your NAMESPACE file.
Flavors: r-devel-linux-x86_64-debian-clang, r-devel-linux-x86_64-debian-gcc, r-devel-linux-x86_64-fedora-clang, r-devel-linux-x86_64-fedora-gcc, r-devel-osx-x86_64-clang, r-devel-windows-ix86+x86_64, r-patched-linux-x86_64, r-patched-solaris-sparc, r-patched-solaris-x86, r-release-linux-x86_64, r-release-osx-x86_64-mavericks, r-release-windows-ix86+x86_64

Version: 1.6
Check: tests
Result: ERROR
    Running the tests in 'tests/doRUnit.R' failed.
    Last 13 lines of output:
     done successfully.
    
    
    
     Executing test function test.registerDoRNG ... done successfully.
    
     ------------------- UNIT TEST SUMMARY ---------------------
    
     Error in .local(x, ...) : Functions: 2 | Errors: 1 | Failures: 0
     ERROR in runit.dorng.R::test.dorng: Error in mpi.comm.spawn(slave = rscript, slavearg = args, nslaves = count, :
     Other MPI error, error stack:
     MPI_Comm_spawn(cmd="D:/RCompile/recent/R/bin/Rscript", argv=0x000000000B067F48, maxprocs=2, MPI_INFO_NULL, root=0, MPI_COMM_SELF, intercomm=0x000000000A6839B0, errors=0x000000000A62F340) failed
     Function not implemented
     Calls: <Anonymous> -> <Anonymous> -> .local -> utest -> utest -> .local
     Execution halted
Flavor: r-devel-windows-ix86+x86_64

Version: 1.6
Check: package dependencies
Result: NOTE
    Package suggested but not available for checking: ‘doMPI’
Flavor: r-release-osx-x86_64-mavericks

Version: 1.6
Check: Rd cross-references
Result: NOTE
    Package unavailable to check Rd xrefs: ‘doMPI’
Flavor: r-release-osx-x86_64-mavericks

Version: 1.6
Check: examples
Result: FAIL
    
Flavor: r-release-windows-ix86+x86_64

Version: 1.6
Check: tests
Result: ERROR
    Running the tests in 'tests/doRUnit.R' failed.
    Last 13 lines of output:
    
    
     Executing test function test.registerDoRNG ... done successfully.
    
     ------------------- UNIT TEST SUMMARY ---------------------
    
     Error in .local(x, ...) : Functions: 2 | Errors: 1 | Failures: 0
     ERROR in runit.dorng.R::test.dorng: Error in mpi.comm.spawn(slave = rscript, slavearg = args, nslaves = count, :
     Other MPI error, error stack:
     MPI_Comm_spawn(cmd="D:/RCompile/recent/R-32~1.5/bin/Rscript", argv=0x000000000AC64370, maxprocs=2, MPI_INFO_NULL, root=0, MPI_COMM_SELF, intercomm=0x000000000AAB11B0, errors=0x000000000A90A020) failed
     Function not implemented
     Calls: <Anonymous> -> <Anonymous> -> .local -> utest -> utest -> .local
     Execution halted
Flavor: r-oldrel-windows-ix86+x86_64