CRAN Package Check Results for Package doRNG

Last updated on 2014-07-25 21:47:51.

Flavor Version Tinstall Tcheck Ttotal Status Flags
r-devel-linux-x86_64-debian-clang 1.6 0.99 67.43 68.42 OK
r-devel-linux-x86_64-debian-gcc 1.6 0.97 67.19 68.16 OK
r-devel-linux-x86_64-fedora-clang 1.6 75.96 OK
r-devel-linux-x86_64-fedora-gcc 1.6 73.88 OK
r-devel-osx-x86_64-clang 1.6 119.04 OK
r-devel-windows-ix86+x86_64 1.6 5.00 90.00 95.00 NOTE
r-patched-linux-x86_64 1.6 1.01 71.00 72.01 OK
r-patched-solaris-sparc 1.6 473.60 OK
r-patched-solaris-x86 1.6 134.00 OK
r-release-linux-ix86 1.6 1.58 86.36 87.94 OK
r-release-linux-x86_64 1.6 1.03 70.92 71.95 OK
r-release-osx-x86_64-mavericks 1.6 NOTE
r-release-osx-x86_64-snowleopard 1.6 ERROR
r-release-windows-ix86+x86_64 1.6 5.00 95.00 100.00 NOTE
r-oldrel-windows-ix86+x86_64 1.6 5.00 95.00 100.00 NOTE

Check Details

Version: 1.6
Check: package dependencies
Result: NOTE
    Package suggested but not available for checking: 'doMPI'
Flavors: r-devel-windows-ix86+x86_64, r-release-osx-x86_64-mavericks, r-release-windows-ix86+x86_64, r-oldrel-windows-ix86+x86_64

Version: 1.6
Check: Rd cross-references
Result: NOTE
    Package unavailable to check Rd xrefs: 'doMPI'
Flavors: r-devel-windows-ix86+x86_64, r-release-osx-x86_64-mavericks, r-release-windows-ix86+x86_64, r-oldrel-windows-ix86+x86_64

Version: 1.6
Check: re-building of vignette outputs
Result: NOTE
    Error in re-building vignettes:
     ...
    Warning: running command 'kpsewhich framed.sty' had status 1
    Warning in test_latex_pkg("framed", system.file("misc", "framed.sty", package = "knitr")) :
     unable to find LaTeX package 'framed'; will use a copy from knitr
    Error in texi2dvi(file = file, pdf = TRUE, clean = clean, quiet = quiet, :
     Running 'texi2dvi' on 'doRNG-unitTests.tex' failed.
    LaTeX errors:
    ! LaTeX Error: File `vmargin.sty' not found.
    
    Type X to quit or <RETURN> to proceed,
    or enter new name. (Default extension: sty)
    
    est/doRNG/vignettes/doRNG-unitTests.tex:57: ==> Fatal error occurred, no outpu
    t PDF file produced!
    Calls: buildVignettes -> texi2pdf -> texi2dvi
    Execution halted
Flavor: r-release-osx-x86_64-mavericks

Version: 1.6
Check: tests
Result: ERROR
    Running the tests in ‘tests/doRUnit.R’ failed.
    Last 13 lines of output:
     done successfully.
    
    
    
     Executing test function test.registerDoRNG ... done successfully.
    
     ------------------- UNIT TEST SUMMARY ---------------------
    
     Error in .local(x, ...) : Functions: 2 | Errors: 1 | Failures: 0
     ERROR in runit.dorng.R::test.dorng: Error in system("sysctl hw.ncpu", TRUE, ignore.stderr = TRUE) :
     error in running command
     Calls: <Anonymous> -> <Anonymous> -> .local -> utest -> utest -> .local
     Execution halted
Flavor: r-release-osx-x86_64-snowleopard