CRAN Package Check Results for Package doRNG

Last updated on 2017-03-29 03:50:24.

Flavor Version Tinstall Tcheck Ttotal Status Flags
r-devel-linux-x86_64-debian-clang 1.6 0.83 60.90 61.73 NOTE --no-tests
r-devel-linux-x86_64-debian-gcc 1.6 0.85 61.25 62.10 NOTE --no-tests
r-devel-linux-x86_64-fedora-clang 1.6 100.72 NOTE --no-stop-on-test-error
r-devel-linux-x86_64-fedora-gcc 1.6 103.38 NOTE --no-stop-on-test-error
r-devel-macos-x86_64-clang 1.6 57.12 NOTE --no-stop-on-test-error
r-devel-windows-ix86+x86_64 1.6 3.00 89.00 92.00 ERROR
r-patched-linux-x86_64 1.6 0.81 62.17 62.98 NOTE --no-tests
r-patched-solaris-sparc 1.6 798.90 NOTE
r-patched-solaris-x86 1.6 174.90 NOTE
r-release-linux-x86_64 1.6 0.89 54.96 55.85 NOTE --no-tests
r-release-osx-x86_64-mavericks 1.6 NOTE
r-release-windows-ix86+x86_64 1.6 4.00 121.00 125.00 ERROR
r-oldrel-windows-ix86+x86_64 1.6 4.00 110.00 114.00 ERROR

Check Details

Version: 1.6
Flags: --no-tests
Check: R code for possible problems
Result: NOTE
    .collapse: no visible global function definition for ‘head’
    Undefined global functions or variables:
     head
    Consider adding
     importFrom("utils", "head")
    to your NAMESPACE file.
Flavors: r-devel-linux-x86_64-debian-clang, r-devel-linux-x86_64-debian-gcc, r-patched-linux-x86_64, r-release-linux-x86_64

Version: 1.6
Flags: --no-stop-on-test-error
Check: R code for possible problems
Result: NOTE
    .collapse: no visible global function definition for ‘head’
    Undefined global functions or variables:
     head
    Consider adding
     importFrom("utils", "head")
    to your NAMESPACE file.
Flavors: r-devel-linux-x86_64-fedora-clang, r-devel-linux-x86_64-fedora-gcc, r-devel-macos-x86_64-clang

Version: 1.6
Check: R code for possible problems
Result: NOTE
    .collapse: no visible global function definition for 'head'
    Undefined global functions or variables:
     head
    Consider adding
     importFrom("utils", "head")
    to your NAMESPACE file.
Flavors: r-devel-windows-ix86+x86_64, r-patched-solaris-sparc, r-patched-solaris-x86, r-release-osx-x86_64-mavericks, r-release-windows-ix86+x86_64

Version: 1.6
Check: tests
Result: ERROR
     Running 'doRUnit.R' [8s]
    Running the tests in 'tests/doRUnit.R' failed.
    Last 13 lines of output:
     done successfully.
    
    
    
     Executing test function test.registerDoRNG ... done successfully.
    
     ------------------- UNIT TEST SUMMARY ---------------------
    
     Error in .local(x, ...) : Functions: 2 | Errors: 1 | Failures: 0
     ERROR in runit.dorng.R::test.dorng: Error in mpi.comm.spawn(slave = rscript, slavearg = args, nslaves = count, :
     Other MPI error, error stack:
     MPI_Comm_spawn(cmd="D:/RCompile/recent/R/bin/Rscript", argv=0x000000000EE3FAC0, maxprocs=2, MPI_INFO_NULL, root=0, MPI_COMM_SELF, intercomm=0x000000000F459148, errors=0x000000000F719C08) failed
     Function not implemented
     Calls: <Anonymous> -> <Anonymous> -> .local -> utest -> utest -> .local
     Execution halted
Flavor: r-devel-windows-ix86+x86_64

Version: 1.6
Check: package dependencies
Result: NOTE
    Package suggested but not available for checking: ‘doMPI’
Flavor: r-release-osx-x86_64-mavericks

Version: 1.6
Check: Rd cross-references
Result: NOTE
    Package unavailable to check Rd xrefs: ‘doMPI’
Flavor: r-release-osx-x86_64-mavericks

Version: 1.6
Check: tests
Result: ERROR
     Running 'doRUnit.R' [6s]
    Running the tests in 'tests/doRUnit.R' failed.
    Last 13 lines of output:
     done successfully.
    
    
    
     Executing test function test.registerDoRNG ... done successfully.
    
     ------------------- UNIT TEST SUMMARY ---------------------
    
     Error in .local(x, ...) : Functions: 2 | Errors: 1 | Failures: 0
     ERROR in runit.dorng.R::test.dorng: Error in mpi.comm.spawn(slave = rscript, slavearg = args, nslaves = count, :
     Other MPI error, error stack:
     MPI_Comm_spawn(cmd="D:/RCompile/recent/R-33~1.3/bin/Rscript", argv=0x000000000735E378, maxprocs=2, MPI_INFO_NULL, root=0, MPI_COMM_SELF, intercomm=0x000000000A3CCE28, errors=0x000000000AC485B0) failed
     Function not implemented
     Calls: <Anonymous> -> <Anonymous> -> .local -> utest -> utest -> .local
     Execution halted
Flavor: r-release-windows-ix86+x86_64

Version: 1.6
Check: tests
Result: ERROR
    Running the tests in 'tests/doRUnit.R' failed.
    Last 13 lines of output:
    
    
     Executing test function test.registerDoRNG ... done successfully.
    
     ------------------- UNIT TEST SUMMARY ---------------------
    
     Error in .local(x, ...) : Functions: 2 | Errors: 1 | Failures: 0
     ERROR in runit.dorng.R::test.dorng: Error in mpi.comm.spawn(slave = rscript, slavearg = args, nslaves = count, :
     Other MPI error, error stack:
     MPI_Comm_spawn(cmd="D:/RCompile/recent/R-32~1.5/bin/Rscript", argv=0x000000000A66A1F0, maxprocs=2, MPI_INFO_NULL, root=0, MPI_COMM_SELF, intercomm=0x00000000073FFED0, errors=0x000000000A3D3478) failed
     Function not implemented
     Calls: <Anonymous> -> <Anonymous> -> .local -> utest -> utest -> .local
     Execution halted
Flavor: r-oldrel-windows-ix86+x86_64