CRAN Package Check Results for Package doRNG

Last updated on 2017-02-20 17:48:51.

Flavor Version Tinstall Tcheck Ttotal Status Flags
r-devel-linux-x86_64-debian-clang 1.6 0.79 59.93 60.72 NOTE --no-tests
r-devel-linux-x86_64-debian-gcc 1.6 0.81 60.44 61.24 NOTE --no-tests
r-devel-linux-x86_64-fedora-clang 1.6 96.68 NOTE --no-stop-on-test-error
r-devel-linux-x86_64-fedora-gcc 1.6 95.48 NOTE --no-stop-on-test-error
r-devel-macos-x86_64-clang 90.02 NOTE --no-stop-on-test-error
r-devel-windows-ix86+x86_64 1.6 8.00 113.00 121.00 ERROR
r-patched-linux-x86_64 1.6 1.00 53.65 54.65 NOTE --no-tests
r-patched-solaris-sparc 1.6 485.00 NOTE
r-patched-solaris-x86 1.6 147.50 NOTE
r-release-linux-x86_64 1.6 0.88 54.31 55.19 NOTE --no-tests
r-release-osx-x86_64-mavericks 1.6 NOTE
r-release-windows-ix86+x86_64 1.6 4.00 82.00 86.00 ERROR
r-oldrel-windows-ix86+x86_64 1.6 3.00 81.00 84.00 ERROR

Check Details

Version: 1.6
Flags: --no-tests
Check: R code for possible problems
Result: NOTE
    .collapse: no visible global function definition for ‘head’
    Undefined global functions or variables:
     head
    Consider adding
     importFrom("utils", "head")
    to your NAMESPACE file.
Flavors: r-devel-linux-x86_64-debian-clang, r-devel-linux-x86_64-debian-gcc, r-patched-linux-x86_64, r-release-linux-x86_64

Version: 1.6
Flags: --no-stop-on-test-error
Check: R code for possible problems
Result: NOTE
    .collapse: no visible global function definition for ‘head’
    Undefined global functions or variables:
     head
    Consider adding
     importFrom("utils", "head")
    to your NAMESPACE file.
Flavors: r-devel-linux-x86_64-fedora-clang, r-devel-linux-x86_64-fedora-gcc, r-devel-macos-x86_64-clang

Version: 1.6
Check: R code for possible problems
Result: NOTE
    .collapse: no visible global function definition for 'head'
    Undefined global functions or variables:
     head
    Consider adding
     importFrom("utils", "head")
    to your NAMESPACE file.
Flavors: r-devel-windows-ix86+x86_64, r-patched-solaris-sparc, r-patched-solaris-x86, r-release-osx-x86_64-mavericks, r-release-windows-ix86+x86_64

Version: 1.6
Check: tests
Result: ERROR
     Running 'doRUnit.R' [10s]
    Running the tests in 'tests/doRUnit.R' failed.
    Last 13 lines of output:
     done successfully.
    
    
    
     Executing test function test.registerDoRNG ... done successfully.
    
     ------------------- UNIT TEST SUMMARY ---------------------
    
     Error in .local(x, ...) : Functions: 2 | Errors: 1 | Failures: 0
     ERROR in runit.dorng.R::test.dorng: Error in mpi.comm.spawn(slave = rscript, slavearg = args, nslaves = count, :
     Other MPI error, error stack:
     MPI_Comm_spawn(cmd="D:/RCompile/recent/R/bin/Rscript", argv=0x000000000B023AA0, maxprocs=2, MPI_INFO_NULL, root=0, MPI_COMM_SELF, intercomm=0x000000000A41BA70, errors=0x000000000A80A540) failed
     Function not implemented
     Calls: <Anonymous> -> <Anonymous> -> .local -> utest -> utest -> .local
     Execution halted
Flavor: r-devel-windows-ix86+x86_64

Version: 1.6
Check: package dependencies
Result: NOTE
    Package suggested but not available for checking: ‘doMPI’
Flavor: r-release-osx-x86_64-mavericks

Version: 1.6
Check: Rd cross-references
Result: NOTE
    Package unavailable to check Rd xrefs: ‘doMPI’
Flavor: r-release-osx-x86_64-mavericks

Version: 1.6
Check: tests
Result: ERROR
    Running the tests in 'tests/doRUnit.R' failed.
    Last 13 lines of output:
    
    
     Executing test function test.registerDoRNG ... done successfully.
    
     ------------------- UNIT TEST SUMMARY ---------------------
    
     Error in .local(x, ...) : Functions: 2 | Errors: 1 | Failures: 0
     ERROR in runit.dorng.R::test.dorng: Error in mpi.comm.spawn(slave = rscript, slavearg = args, nslaves = count, :
     Other MPI error, error stack:
     MPI_Comm_spawn(cmd="D:/RCompile/recent/R-33~1.2/bin/Rscript", argv=0x0000000006C5DD40, maxprocs=2, MPI_INFO_NULL, root=0, MPI_COMM_SELF, intercomm=0x000000000A38ACA0, errors=0x00000000048CFFA8) failed
     Function not implemented
     Calls: <Anonymous> -> <Anonymous> -> .local -> utest -> utest -> .local
     Execution halted
Flavor: r-release-windows-ix86+x86_64

Version: 1.6
Check: tests
Result: ERROR
    Running the tests in 'tests/doRUnit.R' failed.
    Last 13 lines of output:
    
    
     Executing test function test.registerDoRNG ... done successfully.
    
     ------------------- UNIT TEST SUMMARY ---------------------
    
     Error in .local(x, ...) : Functions: 2 | Errors: 1 | Failures: 0
     ERROR in runit.dorng.R::test.dorng: Error in mpi.comm.spawn(slave = rscript, slavearg = args, nslaves = count, :
     Other MPI error, error stack:
     MPI_Comm_spawn(cmd="D:/RCompile/recent/R-32~1.5/bin/Rscript", argv=0x000000000A8335D0, maxprocs=2, MPI_INFO_NULL, root=0, MPI_COMM_SELF, intercomm=0x00000000069A4390, errors=0x000000000A876748) failed
     Function not implemented
     Calls: <Anonymous> -> <Anonymous> -> .local -> utest -> utest -> .local
     Execution halted
Flavor: r-oldrel-windows-ix86+x86_64