CRAN Package Check Results for Package doRNG

Last updated on 2014-04-19 15:49:40.

Flavor Version Tinstall Tcheck Ttotal Status Flags
r-devel-linux-x86_64-debian-clang 1.6 1.13 65.49 66.62 OK
r-devel-linux-x86_64-debian-gcc 1.6 1.18 65.96 67.14 OK
r-devel-linux-x86_64-fedora-clang 1.6 68.94 OK
r-devel-linux-x86_64-fedora-gcc 1.6 66.56 OK
r-devel-macosx-x86_64-clang 1.6 109.60 OK
r-devel-macosx-x86_64-gcc 1.6 ERROR
r-devel-windows-ix86+x86_64 1.6 5.00 87.00 92.00 NOTE
r-patched-linux-x86_64 1.6 1.06 64.40 65.46 OK
r-patched-solaris-sparc 1.6 473.60 OK
r-patched-solaris-x86 1.6 116.90 OK
r-release-linux-ix86 OK
r-release-linux-x86_64 1.6 1.21 65.03 66.24 OK
r-release-macosx-x86_64 1.6 ERROR
r-release-windows-ix86+x86_64 1.6 6.00 104.00 110.00 NOTE
r-oldrel-windows-ix86+x86_64 1.6 5.00 97.00 102.00 NOTE

Check Details

Version: 1.6
Check: package dependencies
Result: ERROR
    Packages required but not available: ‘rngtools’ ‘pkgmaker’
    
    Packages suggested but not available for checking:
     ‘doMPI’ ‘devtools’ ‘knitr’
    
    Files named as vignettes but with no recognized vignette engine:
     ‘inst/doc/doRNG-unitTests.Rnw’
     ‘inst/doc/doRNG.Rnw’
    (Is a VignetteBuilder field missing?)
    
    See the information on DESCRIPTION files in the chapter ‘Creating R
    packages’ of the ‘Writing R Extensions’ manual.
Flavor: r-devel-macosx-x86_64-gcc

Version: 1.6
Check: package dependencies
Result: NOTE
    Package suggested but not available for checking: 'doMPI'
Flavors: r-devel-windows-ix86+x86_64, r-release-windows-ix86+x86_64, r-oldrel-windows-ix86+x86_64

Version: 1.6
Check: Rd cross-references
Result: NOTE
    Package unavailable to check Rd xrefs: 'doMPI'
Flavors: r-devel-windows-ix86+x86_64, r-release-windows-ix86+x86_64, r-oldrel-windows-ix86+x86_64

Version: 1.6
Check: tests
Result: ERROR
    Running the tests in ‘tests/doRUnit.R’ failed.
    Last 13 lines of output:
    
    
    
     Executing test function test.registerDoRNG ... done successfully.
    
     ------------------- UNIT TEST SUMMARY ---------------------
    
     Error in .local(x, ...) :
    
     unit testing failed (#test failures: 0, #R errors: 1)
    
     Calls: <Anonymous> -> <Anonymous> -> .local -> utest -> utest -> .local
     Execution halted
Flavor: r-release-macosx-x86_64