CRAN Package Check Results for Package doRNG

Last updated on 2015-01-29 16:48:23.

Flavor Version Tinstall Tcheck Ttotal Status Flags
r-devel-linux-x86_64-debian-clang 1.6 0.84 64.70 65.54 OK
r-devel-linux-x86_64-debian-gcc 1.6 0.86 63.30 64.16 OK
r-devel-linux-x86_64-fedora-clang 1.6 63.14 OK
r-devel-linux-x86_64-fedora-gcc 1.6 62.93 OK
r-devel-osx-x86_64-clang 1.6 116.48 OK
r-devel-windows-ix86+x86_64 1.6 6.00 83.00 89.00 NOTE
r-patched-linux-x86_64 1.6 1.06 68.16 69.22 OK
r-patched-solaris-sparc 1.6 595.50 OK
r-patched-solaris-x86 1.6 134.70 OK
r-release-linux-ix86 1.6 1.45 83.03 84.48 OK
r-release-linux-x86_64 1.6 1.09 71.12 72.21 OK
r-release-osx-x86_64-mavericks 1.6 NOTE
r-release-osx-x86_64-snowleopard 1.6 OK
r-release-windows-ix86+x86_64 1.6 6.00 94.00 100.00 NOTE
r-oldrel-windows-ix86+x86_64 1.6 6.00 98.00 104.00 NOTE

Check Details

Version: 1.6
Check: package dependencies
Result: NOTE
    Package suggested but not available for checking: 'doMPI'
Flavors: r-devel-windows-ix86+x86_64, r-release-osx-x86_64-mavericks, r-release-windows-ix86+x86_64, r-oldrel-windows-ix86+x86_64

Version: 1.6
Check: Rd cross-references
Result: NOTE
    Package unavailable to check Rd xrefs: 'doMPI'
Flavors: r-devel-windows-ix86+x86_64, r-release-osx-x86_64-mavericks, r-release-windows-ix86+x86_64, r-oldrel-windows-ix86+x86_64