CRAN Package Check Results for Package doRedis

Last updated on 2015-04-18 03:50:13.

Flavor Version Tinstall Tcheck Ttotal Status Flags
r-devel-linux-x86_64-debian-clang 1.1.1 1.04 12.73 13.77 NOTE
r-devel-linux-x86_64-debian-gcc 1.1.1 1.01 13.13 14.14 NOTE
r-devel-linux-x86_64-fedora-clang 1.1.1 26.41 NOTE
r-devel-linux-x86_64-fedora-gcc 1.1.1 25.38 NOTE
r-devel-osx-x86_64-clang 1.1.1 34.06 NOTE
r-prerel-windows-ix86+x86_64 1.1.1 9.00 28.00 37.00 NOTE
r-prerel-linux-x86_64 1.1.1 0.98 12.81 13.79 NOTE
r-prerel-solaris-sparc 1.1.1 181.30 NOTE
r-prerel-solaris-x86 1.1.1 34.20 NOTE
r-release-linux-x86_64 1.1.1 1.18 15.26 16.44 OK
r-release-osx-x86_64-mavericks 1.1.1 OK
r-release-osx-x86_64-snowleopard 1.1.1 OK
r-release-windows-ix86+x86_64 1.1.1 7.00 35.00 42.00 OK
r-oldrel-windows-ix86+x86_64 1.1.1 7.00 42.00 49.00 OK

Check Details

Version: 1.1.1
Check: DESCRIPTION meta-information
Result: NOTE
    Malformed Description field: should contain one or more complete sentences.
Flavors: r-devel-linux-x86_64-debian-clang, r-devel-linux-x86_64-debian-gcc, r-devel-linux-x86_64-fedora-clang, r-devel-linux-x86_64-fedora-gcc, r-devel-osx-x86_64-clang, r-prerel-windows-ix86+x86_64, r-prerel-linux-x86_64, r-prerel-solaris-sparc, r-prerel-solaris-x86