CRAN Package Check Results for Package doRedis

Last updated on 2014-11-27 17:47:29.

Flavor Version Tinstall Tcheck Ttotal Status Flags
r-devel-linux-x86_64-debian-clang 1.1.1 1.16 15.92 17.08 OK
r-devel-linux-x86_64-debian-gcc 1.1.1 1.12 14.85 15.98 OK
r-devel-linux-x86_64-fedora-clang 1.1.1 33.52 OK
r-devel-linux-x86_64-fedora-gcc 1.1.1 32.10 OK
r-devel-osx-x86_64-clang 1.1.1 40.74 OK
r-devel-windows-ix86+x86_64 1.1.1 7.00 32.00 39.00 OK
r-patched-linux-x86_64 1.1.1 1.08 15.54 16.62 OK
r-patched-solaris-sparc 1.1.1 174.00 OK
r-patched-solaris-x86 1.1.1 41.00 OK
r-release-linux-ix86 1.1.1 1.61 20.70 22.30 OK
r-release-linux-x86_64 1.1.1 1.10 14.94 16.03 OK
r-release-osx-x86_64-mavericks 1.1.1 NOTE
r-release-osx-x86_64-snowleopard 1.1.1 OK
r-release-windows-ix86+x86_64 1.1.1 8.00 31.00 39.00 OK
r-oldrel-windows-ix86+x86_64 1.1.1 8.00 37.00 45.00 OK

Check Details

Version: 1.1.1
Check: re-building of vignette outputs
Result: NOTE
    Error in re-building vignettes:
     ...
    Error in texi2dvi(file = file, pdf = TRUE, clean = clean, quiet = quiet, :
     Running 'texi2dvi' on 'doRedis.tex' failed.
    LaTeX errors:
    ! LaTeX Error: File `relsize.sty' not found.
    
    Type X to quit or <RETURN> to proceed,
    or enter new name. (Default extension: sty)
    
    _test/doRedis/vignettes/doRedis.tex:22: ==> Fatal error occurred, no output PD
    F file produced!
    Calls: buildVignettes -> texi2pdf -> texi2dvi
    Execution halted
Flavor: r-release-osx-x86_64-mavericks