CRAN Package Check Results for Package doRedis

Last updated on 2015-08-03 23:47:46.

Flavor Version Tinstall Tcheck Ttotal Status Flags
r-devel-linux-x86_64-debian-clang 1.1.1 0.98 12.31 13.29 NOTE
r-devel-linux-x86_64-debian-gcc 1.1.1 0.87 12.26 13.13 NOTE
r-devel-linux-x86_64-fedora-clang 1.1.1 25.60 NOTE
r-devel-linux-x86_64-fedora-gcc 1.1.1 23.84 NOTE
r-devel-osx-x86_64-clang 1.1.1 29.05 NOTE
r-devel-windows-ix86+x86_64 1.1.1 7.00 29.00 36.00 NOTE
r-patched-linux-x86_64 1.1.1 1.05 12.39 13.44 NOTE
r-patched-solaris-sparc 1.1.1 161.00 NOTE
r-patched-solaris-x86 1.1.1 35.30 NOTE
r-release-linux-x86_64 1.1.1 0.96 12.44 13.40 NOTE
r-release-osx-x86_64-mavericks 1.1.1 NOTE
r-release-windows-ix86+x86_64 1.1.1 10.00 48.00 58.00 NOTE
r-oldrel-windows-ix86+x86_64 1.1.1 14.00 37.00 51.00 OK

Check Details

Version: 1.1.1
Check: DESCRIPTION meta-information
Result: NOTE
    Malformed Description field: should contain one or more complete sentences.
Flavors: r-devel-linux-x86_64-debian-clang, r-devel-linux-x86_64-debian-gcc, r-devel-linux-x86_64-fedora-clang, r-devel-linux-x86_64-fedora-gcc, r-devel-osx-x86_64-clang, r-devel-windows-ix86+x86_64, r-patched-linux-x86_64, r-patched-solaris-sparc, r-patched-solaris-x86, r-release-linux-x86_64, r-release-osx-x86_64-mavericks, r-release-windows-ix86+x86_64

Version: 1.1.1
Check: R code for possible problems
Result: NOTE
    .info: no visible global function definition for ‘packageDescription’
    redisWorker: no visible global function definition for ‘flush.console’
    Undefined global functions or variables:
     flush.console packageDescription
    Consider adding
     importFrom("utils", "flush.console", "packageDescription")
    to your NAMESPACE.
Flavors: r-devel-linux-x86_64-debian-clang, r-devel-linux-x86_64-debian-gcc, r-devel-linux-x86_64-fedora-clang, r-devel-linux-x86_64-fedora-gcc, r-devel-windows-ix86+x86_64