CRAN Package Check Results for Package doRedis

Last updated on 2014-09-18 18:46:44.

Flavor Version Tinstall Tcheck Ttotal Status Flags
r-devel-linux-x86_64-debian-clang 1.1.1 1.10 14.39 15.49 OK
r-devel-linux-x86_64-debian-gcc 1.1.1 1.03 14.80 15.83 OK
r-devel-linux-x86_64-fedora-clang 1.1.1 31.09 OK
r-devel-linux-x86_64-fedora-gcc 1.1.1 31.00 OK
r-devel-osx-x86_64-clang 1.1.1 35.39 OK
r-devel-windows-ix86+x86_64 1.1.1 7.00 30.00 37.00 OK
r-patched-linux-x86_64 1.1.1 1.05 14.60 15.65 OK
r-patched-solaris-sparc 1.1.1 174.00 OK
r-patched-solaris-x86 1.1.1 41.50 OK
r-release-linux-ix86 1.1.1 1.62 21.07 22.69 OK
r-release-linux-x86_64 1.1.1 1.16 15.31 16.47 OK
r-release-osx-x86_64-mavericks 1.1.1 NOTE
r-release-osx-x86_64-snowleopard 1.1.1 OK
r-release-windows-ix86+x86_64 1.1.1 7.00 32.00 39.00 OK
r-oldrel-windows-ix86+x86_64 1.1.1 9.00 34.00 43.00 OK

Check Details

Version: 1.1.1
Check: re-building of vignette outputs
Result: NOTE
    Error in re-building vignettes:
     ...
    Error in texi2dvi(file = file, pdf = TRUE, clean = clean, quiet = quiet, :
     Running 'texi2dvi' on 'doRedis.tex' failed.
    LaTeX errors:
    ! LaTeX Error: File `relsize.sty' not found.
    
    Type X to quit or <RETURN> to proceed,
    or enter new name. (Default extension: sty)
    
    _test/doRedis/vignettes/doRedis.tex:22: ==> Fatal error occurred, no output PD
    F file produced!
    Calls: buildVignettes -> texi2pdf -> texi2dvi
    Execution halted
Flavor: r-release-osx-x86_64-mavericks