CRAN Package Check Results for Package doRedis

Last updated on 2017-03-23 15:48:22.

Flavor Version Tinstall Tcheck Ttotal Status Flags
r-devel-linux-x86_64-debian-clang 1.1.1 1.12 15.89 17.01 NOTE
r-devel-linux-x86_64-debian-gcc 1.1.1 0.98 15.91 16.89 NOTE
r-devel-linux-x86_64-fedora-clang 1.1.1 28.44 NOTE --no-stop-on-test-error
r-devel-linux-x86_64-fedora-gcc 1.1.1 29.64 NOTE --no-stop-on-test-error
r-devel-macos-x86_64-clang 1.1.1 23.70 NOTE --no-stop-on-test-error
r-devel-windows-ix86+x86_64 1.1.1 9.00 58.00 67.00 NOTE
r-patched-linux-x86_64 1.1.1 1.02 13.14 14.17 NOTE
r-patched-solaris-sparc 1.1.1 162.10 NOTE
r-patched-solaris-x86 1.1.1 37.20 NOTE
r-release-linux-x86_64 1.1.1 0.99 12.98 13.97 NOTE
r-release-osx-x86_64-mavericks 1.1.1 NOTE
r-release-windows-ix86+x86_64 1.1.1 23.00 42.00 65.00 NOTE
r-oldrel-windows-ix86+x86_64 1.1.1 13.00 56.00 69.00 NOTE

Check Details

Version: 1.1.1
Check: DESCRIPTION meta-information
Result: NOTE
    Malformed Description field: should contain one or more complete sentences.
Flavors: r-devel-linux-x86_64-debian-clang, r-devel-linux-x86_64-debian-gcc, r-devel-windows-ix86+x86_64, r-patched-linux-x86_64, r-patched-solaris-sparc, r-patched-solaris-x86, r-release-linux-x86_64, r-release-osx-x86_64-mavericks, r-release-windows-ix86+x86_64, r-oldrel-windows-ix86+x86_64

Version: 1.1.1
Check: R code for possible problems
Result: NOTE
    .info: no visible global function definition for ‘packageDescription’
    redisWorker: no visible global function definition for ‘flush.console’
    Undefined global functions or variables:
     flush.console packageDescription
    Consider adding
     importFrom("utils", "flush.console", "packageDescription")
    to your NAMESPACE file.
Flavors: r-devel-linux-x86_64-debian-clang, r-devel-linux-x86_64-debian-gcc, r-devel-windows-ix86+x86_64, r-patched-linux-x86_64, r-patched-solaris-sparc, r-patched-solaris-x86, r-release-linux-x86_64, r-release-osx-x86_64-mavericks, r-release-windows-ix86+x86_64

Version: 1.1.1
Check: compiled code
Result: NOTE
    File ‘doRedis/libs/doRedis.so’:
     Found no calls to: ‘R_registerRoutines’, ‘R_useDynamicSymbols’
    
    It is good practice to register native routines and to disable symbol
    search.
    
    See ‘Writing portable packages’ in the ‘Writing R Extensions’ manual.
Flavors: r-devel-linux-x86_64-debian-clang, r-devel-linux-x86_64-debian-gcc

Version: 1.1.1
Flags: --no-stop-on-test-error
Check: DESCRIPTION meta-information
Result: NOTE
    Malformed Description field: should contain one or more complete sentences.
Flavors: r-devel-linux-x86_64-fedora-clang, r-devel-linux-x86_64-fedora-gcc, r-devel-macos-x86_64-clang

Version: 1.1.1
Flags: --no-stop-on-test-error
Check: R code for possible problems
Result: NOTE
    .info: no visible global function definition for ‘packageDescription’
    redisWorker: no visible global function definition for ‘flush.console’
    Undefined global functions or variables:
     flush.console packageDescription
    Consider adding
     importFrom("utils", "flush.console", "packageDescription")
    to your NAMESPACE file.
Flavors: r-devel-linux-x86_64-fedora-clang, r-devel-linux-x86_64-fedora-gcc, r-devel-macos-x86_64-clang

Version: 1.1.1
Flags: --no-stop-on-test-error
Check: compiled code
Result: NOTE
    File ‘doRedis/libs/doRedis.so’:
     Found no calls to: ‘R_registerRoutines’, ‘R_useDynamicSymbols’
    
    It is good practice to register native routines and to disable symbol
    search.
    
    See ‘Writing portable packages’ in the ‘Writing R Extensions’ manual.
Flavors: r-devel-linux-x86_64-fedora-clang, r-devel-linux-x86_64-fedora-gcc, r-devel-macos-x86_64-clang