CRAN Package Check Results for Package doRedis

Last updated on 2015-05-30 08:48:33.

Flavor Version Tinstall Tcheck Ttotal Status Flags
r-devel-linux-x86_64-debian-clang 1.1.1 1.04 12.73 13.77 NOTE
r-devel-linux-x86_64-debian-gcc 1.1.1 0.97 12.92 13.89 NOTE
r-devel-linux-x86_64-fedora-clang 1.1.1 26.07 NOTE
r-devel-linux-x86_64-fedora-gcc 1.1.1 24.87 NOTE
r-devel-osx-x86_64-clang 1.1.1 33.05 NOTE
r-devel-windows-ix86+x86_64 1.1.1 8.00 27.00 35.00 NOTE
r-patched-linux-x86_64 1.1.1 1.00 12.57 13.57 NOTE
r-patched-solaris-sparc 1.1.1 173.70 NOTE
r-patched-solaris-x86 1.1.1 35.30 NOTE
r-release-linux-x86_64 1.1.1 0.96 12.85 13.81 NOTE
r-release-osx-x86_64-mavericks 1.1.1 NOTE
r-release-osx-x86_64-snowleopard 1.1.1 NOTE
r-release-windows-ix86+x86_64 1.1.1 7.00 26.00 33.00 NOTE
r-oldrel-windows-ix86+x86_64 1.1.1 9.00 56.00 65.00 OK

Check Details

Version: 1.1.1
Check: DESCRIPTION meta-information
Result: NOTE
    Malformed Description field: should contain one or more complete sentences.
Flavors: r-devel-linux-x86_64-debian-clang, r-devel-linux-x86_64-debian-gcc, r-devel-linux-x86_64-fedora-clang, r-devel-linux-x86_64-fedora-gcc, r-devel-osx-x86_64-clang, r-devel-windows-ix86+x86_64, r-patched-linux-x86_64, r-patched-solaris-sparc, r-patched-solaris-x86, r-release-linux-x86_64, r-release-osx-x86_64-mavericks, r-release-osx-x86_64-snowleopard, r-release-windows-ix86+x86_64