CRAN Package Check Results for Package doRedis

Last updated on 2014-07-23 15:47:44.

Flavor Version Tinstall Tcheck Ttotal Status Flags
r-devel-linux-x86_64-debian-clang 1.1.1 1.04 13.73 14.77 OK
r-devel-linux-x86_64-debian-gcc 1.1.1 1.17 13.52 14.69 OK
r-devel-linux-x86_64-fedora-clang 1.1.1 33.23 OK
r-devel-linux-x86_64-fedora-gcc 1.1.1 31.37 OK
r-devel-osx-x86_64-clang 1.1.1 37.31 OK
r-devel-windows-ix86+x86_64 1.1.1 7.00 28.00 35.00 OK
r-patched-linux-x86_64 1.1.1 1.09 14.25 15.34 OK
r-patched-solaris-sparc 1.1.1 159.60 OK
r-patched-solaris-x86 1.1.1 44.20 OK
r-release-linux-ix86 1.1.1 1.58 21.12 22.70 OK
r-release-linux-x86_64 1.1.1 1.07 14.36 15.42 OK
r-release-osx-x86_64-mavericks 1.1.1 NOTE
r-release-osx-x86_64-snowleopard 1.1.1 OK
r-release-windows-ix86+x86_64 1.1.1 8.00 30.00 38.00 OK
r-oldrel-windows-ix86+x86_64 1.1.1 8.00 31.00 39.00 OK

Check Details

Version: 1.1.1
Check: re-building of vignette outputs
Result: NOTE
    Error in re-building vignettes:
     ...
    Error in texi2dvi(file = file, pdf = TRUE, clean = clean, quiet = quiet, :
     Running 'texi2dvi' on 'doRedis.tex' failed.
    LaTeX errors:
    ! LaTeX Error: File `relsize.sty' not found.
    
    Type X to quit or <RETURN> to proceed,
    or enter new name. (Default extension: sty)
    
    _test/doRedis/vignettes/doRedis.tex:22: ==> Fatal error occurred, no output PD
    F file produced!
    Calls: buildVignettes -> texi2pdf -> texi2dvi
    Execution halted
Flavor: r-release-osx-x86_64-mavericks