CRAN Package Check Results for Package doRedis

Last updated on 2016-02-10 23:46:49.

Flavor Version Tinstall Tcheck Ttotal Status Flags
r-devel-linux-x86_64-debian-gcc 1.1.1 0.96 12.42 13.38 NOTE
r-devel-linux-x86_64-fedora-clang 1.1.1 23.54 NOTE
r-devel-linux-x86_64-fedora-gcc 1.1.1 22.30 NOTE
r-devel-osx-x86_64-clang 1.1.1 29.55 NOTE
r-devel-windows-ix86+x86_64 1.1.1 9.00 32.00 41.00 NOTE
r-patched-linux-x86_64 1.1.1 1.12 12.78 13.90 NOTE
r-patched-solaris-sparc 1.1.1 140.90 NOTE
r-patched-solaris-x86 1.1.1 30.60 NOTE
r-release-linux-x86_64 1.1.1 1.03 12.86 13.89 NOTE
r-release-osx-x86_64-mavericks 1.1.1 NOTE
r-release-windows-ix86+x86_64 1.1.1 12.00 30.00 42.00 NOTE
r-oldrel-windows-ix86+x86_64 1.1.1 16.00 41.00 57.00 OK

Check Details

Version: 1.1.1
Check: DESCRIPTION meta-information
Result: NOTE
    Malformed Description field: should contain one or more complete sentences.
Flavors: r-devel-linux-x86_64-debian-gcc, r-devel-linux-x86_64-fedora-clang, r-devel-linux-x86_64-fedora-gcc, r-devel-osx-x86_64-clang, r-devel-windows-ix86+x86_64, r-patched-linux-x86_64, r-patched-solaris-sparc, r-patched-solaris-x86, r-release-linux-x86_64, r-release-osx-x86_64-mavericks, r-release-windows-ix86+x86_64

Version: 1.1.1
Check: R code for possible problems
Result: NOTE
    .info: no visible global function definition for ‘packageDescription’
    redisWorker: no visible global function definition for ‘flush.console’
    Undefined global functions or variables:
     flush.console packageDescription
    Consider adding
     importFrom("utils", "flush.console", "packageDescription")
    to your NAMESPACE file.
Flavors: r-devel-linux-x86_64-debian-gcc, r-devel-linux-x86_64-fedora-clang, r-devel-linux-x86_64-fedora-gcc, r-devel-osx-x86_64-clang, r-devel-windows-ix86+x86_64