CRAN Package Check Results for Package doRedis

Last updated on 2014-12-18 21:47:07.

Flavor Version Tinstall Tcheck Ttotal Status Flags
r-devel-linux-x86_64-debian-clang 1.1.1 1.11 15.42 16.53 OK
r-devel-linux-x86_64-debian-gcc 1.1.1 1.19 14.59 15.78 OK
r-devel-linux-x86_64-fedora-clang 1.1.1 32.34 OK
r-devel-linux-x86_64-fedora-gcc 1.1.1 31.35 OK
r-devel-osx-x86_64-clang 1.1.1 35.88 OK
r-devel-windows-ix86+x86_64 1.1.1 9.00 33.00 42.00 OK
r-patched-linux-x86_64 1.1.1 1.09 15.12 16.20 OK
r-patched-solaris-sparc 1.1.1 174.00 OK
r-patched-solaris-x86 1.1.1 41.30 OK
r-release-linux-ix86 1.1.1 1.59 20.66 22.25 OK
r-release-linux-x86_64 1.1.1 1.14 15.04 16.19 OK
r-release-osx-x86_64-mavericks 1.1.1 NOTE
r-release-osx-x86_64-snowleopard 1.1.1 OK
r-release-windows-ix86+x86_64 1.1.1 8.00 34.00 42.00 OK
r-oldrel-windows-ix86+x86_64 1.1.1 8.00 36.00 44.00 OK

Check Details

Version: 1.1.1
Check: re-building of vignette outputs
Result: NOTE
    Error in re-building vignettes:
     ...
    Error in texi2dvi(file = file, pdf = TRUE, clean = clean, quiet = quiet, :
     Running 'texi2dvi' on 'doRedis.tex' failed.
    LaTeX errors:
    ! LaTeX Error: File `relsize.sty' not found.
    
    Type X to quit or <RETURN> to proceed,
    or enter new name. (Default extension: sty)
    
    _test/doRedis/vignettes/doRedis.tex:22: ==> Fatal error occurred, no output PD
    F file produced!
    Calls: buildVignettes -> texi2pdf -> texi2dvi
    Execution halted
Flavor: r-release-osx-x86_64-mavericks