CRAN Package Check Results for Package doRedis

Last updated on 2016-12-05 17:49:11.

Flavor Version Tinstall Tcheck Ttotal Status Flags
r-devel-linux-x86_64-debian-clang 1.1.1 1.01 15.07 16.08 NOTE
r-devel-linux-x86_64-debian-gcc 1.1.1 1.07 14.91 15.98 NOTE
r-devel-linux-x86_64-fedora-clang 1.1.1 28.36 NOTE --no-stop-on-test-error
r-devel-linux-x86_64-fedora-gcc 1.1.1 27.23 NOTE --no-stop-on-test-error
r-devel-macos-x86_64-clang 1.1.1 24.04 NOTE
r-devel-windows-ix86+x86_64 1.1.1 9.00 59.00 68.00 NOTE
r-patched-linux-x86_64 1.1.1 1.05 12.71 13.76 NOTE
r-patched-solaris-sparc 1.1.1 144.80 NOTE
r-patched-solaris-x86 1.1.1 35.40 NOTE
r-release-linux-x86_64 1.1.1 1.21 12.86 14.07 NOTE
r-release-osx-x86_64-mavericks 1.1.1 NOTE
r-release-windows-ix86+x86_64 1.1.1 16.00 40.00 56.00 NOTE
r-oldrel-windows-ix86+x86_64 1.1.1 10.00 41.00 51.00 NOTE

Check Details

Version: 1.1.1
Check: DESCRIPTION meta-information
Result: NOTE
    Malformed Description field: should contain one or more complete sentences.
Flavors: r-devel-linux-x86_64-debian-clang, r-devel-linux-x86_64-debian-gcc, r-devel-macos-x86_64-clang, r-devel-windows-ix86+x86_64, r-patched-linux-x86_64, r-patched-solaris-sparc, r-patched-solaris-x86, r-release-linux-x86_64, r-release-osx-x86_64-mavericks, r-release-windows-ix86+x86_64, r-oldrel-windows-ix86+x86_64

Version: 1.1.1
Check: R code for possible problems
Result: NOTE
    .info: no visible global function definition for ‘packageDescription’
    redisWorker: no visible global function definition for ‘flush.console’
    Undefined global functions or variables:
     flush.console packageDescription
    Consider adding
     importFrom("utils", "flush.console", "packageDescription")
    to your NAMESPACE file.
Flavors: r-devel-linux-x86_64-debian-clang, r-devel-linux-x86_64-debian-gcc, r-devel-macos-x86_64-clang, r-devel-windows-ix86+x86_64, r-patched-linux-x86_64, r-patched-solaris-sparc, r-patched-solaris-x86, r-release-linux-x86_64, r-release-osx-x86_64-mavericks, r-release-windows-ix86+x86_64

Version: 1.1.1
Flags: --no-stop-on-test-error
Check: DESCRIPTION meta-information
Result: NOTE
    Malformed Description field: should contain one or more complete sentences.
Flavors: r-devel-linux-x86_64-fedora-clang, r-devel-linux-x86_64-fedora-gcc

Version: 1.1.1
Flags: --no-stop-on-test-error
Check: R code for possible problems
Result: NOTE
    .info: no visible global function definition for ‘packageDescription’
    redisWorker: no visible global function definition for ‘flush.console’
    Undefined global functions or variables:
     flush.console packageDescription
    Consider adding
     importFrom("utils", "flush.console", "packageDescription")
    to your NAMESPACE file.
Flavors: r-devel-linux-x86_64-fedora-clang, r-devel-linux-x86_64-fedora-gcc