CRAN Package Check Results for Package doRedis

Last updated on 2015-03-03 20:48:36.

Flavor Version Tinstall Tcheck Ttotal Status Flags
r-devel-linux-x86_64-debian-clang 1.1.1 0.96 12.38 13.34 NOTE
r-devel-linux-x86_64-debian-gcc 1.1.1 0.97 12.66 13.64 NOTE
r-devel-linux-x86_64-fedora-clang 1.1.1 26.20 NOTE
r-devel-linux-x86_64-fedora-gcc 1.1.1 25.42 NOTE
r-devel-osx-x86_64-clang 1.1.1 33.14 NOTE
r-devel-windows-ix86+x86_64 1.1.1 15.00 36.00 51.00 NOTE
r-patched-linux-x86_64 1.1.1 1.17 15.36 16.52 OK
r-patched-solaris-sparc 1.1.1 224.50 OK
r-patched-solaris-x86 1.1.1 41.80 OK
r-release-linux-ix86 1.1.1 1.70 23.19 24.89 OK
r-release-linux-x86_64 1.1.1 1.18 15.68 16.86 OK
r-release-osx-x86_64-mavericks 1.1.1 OK
r-release-osx-x86_64-snowleopard 1.1.1 OK
r-release-windows-ix86+x86_64 1.1.1 18.00 35.00 53.00 OK
r-oldrel-windows-ix86+x86_64 1.1.1 8.00 39.00 47.00 OK

Check Details

Version: 1.1.1
Check: DESCRIPTION meta-information
Result: NOTE
    Malformed Description field: should contain one or more complete sentences.
Flavors: r-devel-linux-x86_64-debian-clang, r-devel-linux-x86_64-debian-gcc, r-devel-linux-x86_64-fedora-clang, r-devel-linux-x86_64-fedora-gcc, r-devel-osx-x86_64-clang, r-devel-windows-ix86+x86_64