CRAN Package Check Results for Package doRedis

Last updated on 2017-02-19 18:47:31.

Flavor Version Tinstall Tcheck Ttotal Status Flags
r-devel-linux-x86_64-debian-clang 1.1.1 1.10 15.23 16.32 NOTE
r-devel-linux-x86_64-debian-gcc 1.1.1 1.06 15.37 16.44 NOTE
r-devel-linux-x86_64-fedora-clang 1.1.1 26.94 NOTE --no-stop-on-test-error
r-devel-linux-x86_64-fedora-gcc 1.1.1 26.43 NOTE --no-stop-on-test-error
r-devel-macos-x86_64-clang 1.1.1 25.35 NOTE --no-stop-on-test-error
r-devel-windows-ix86+x86_64 1.1.1 14.00 57.00 71.00 NOTE
r-patched-linux-x86_64 1.1.1 0.91 13.23 14.13 NOTE
r-patched-solaris-sparc 1.1.1 151.20 NOTE
r-patched-solaris-x86 1.1.1 32.20 NOTE
r-release-linux-x86_64 1.1.1 0.94 12.86 13.81 NOTE
r-release-osx-x86_64-mavericks 1.1.1 NOTE
r-release-windows-ix86+x86_64 1.1.1 8.00 43.00 51.00 NOTE
r-oldrel-windows-ix86+x86_64 1.1.1 14.00 52.00 66.00 NOTE

Check Details

Version: 1.1.1
Check: DESCRIPTION meta-information
Result: NOTE
    Malformed Description field: should contain one or more complete sentences.
Flavors: r-devel-linux-x86_64-debian-clang, r-devel-linux-x86_64-debian-gcc, r-devel-windows-ix86+x86_64, r-patched-linux-x86_64, r-patched-solaris-sparc, r-patched-solaris-x86, r-release-linux-x86_64, r-release-osx-x86_64-mavericks, r-release-windows-ix86+x86_64, r-oldrel-windows-ix86+x86_64

Version: 1.1.1
Check: R code for possible problems
Result: NOTE
    .info: no visible global function definition for ‘packageDescription’
    redisWorker: no visible global function definition for ‘flush.console’
    Undefined global functions or variables:
     flush.console packageDescription
    Consider adding
     importFrom("utils", "flush.console", "packageDescription")
    to your NAMESPACE file.
Flavors: r-devel-linux-x86_64-debian-clang, r-devel-linux-x86_64-debian-gcc, r-devel-windows-ix86+x86_64, r-patched-linux-x86_64, r-patched-solaris-sparc, r-patched-solaris-x86, r-release-linux-x86_64, r-release-osx-x86_64-mavericks, r-release-windows-ix86+x86_64

Version: 1.1.1
Check: compiled code
Result: NOTE
    File ‘doRedis/libs/doRedis.so’:
     Found no calls to: ‘R_registerRoutines’, ‘R_useDynamicSymbols’
    
    It is good practice to register native routines and to disable symbol
    search.
    
    See ‘Writing portable packages’ in the ‘Writing R Extensions’ manual.
Flavors: r-devel-linux-x86_64-debian-clang, r-devel-linux-x86_64-debian-gcc

Version: 1.1.1
Flags: --no-stop-on-test-error
Check: DESCRIPTION meta-information
Result: NOTE
    Malformed Description field: should contain one or more complete sentences.
Flavors: r-devel-linux-x86_64-fedora-clang, r-devel-linux-x86_64-fedora-gcc, r-devel-macos-x86_64-clang

Version: 1.1.1
Flags: --no-stop-on-test-error
Check: R code for possible problems
Result: NOTE
    .info: no visible global function definition for ‘packageDescription’
    redisWorker: no visible global function definition for ‘flush.console’
    Undefined global functions or variables:
     flush.console packageDescription
    Consider adding
     importFrom("utils", "flush.console", "packageDescription")
    to your NAMESPACE file.
Flavors: r-devel-linux-x86_64-fedora-clang, r-devel-linux-x86_64-fedora-gcc, r-devel-macos-x86_64-clang

Version: 1.1.1
Flags: --no-stop-on-test-error
Check: compiled code
Result: NOTE
    File ‘doRedis/libs/doRedis.so’:
     Found no calls to: ‘R_registerRoutines’, ‘R_useDynamicSymbols’
    
    It is good practice to register native routines and to disable symbol
    search.
    
    See ‘Writing portable packages’ in the ‘Writing R Extensions’ manual.
Flavors: r-devel-linux-x86_64-fedora-clang, r-devel-linux-x86_64-fedora-gcc, r-devel-macos-x86_64-clang