CRAN Package Check Results for Package doRedis

Last updated on 2015-07-02 06:48:04.

Flavor Version Tinstall Tcheck Ttotal Status Flags
r-devel-linux-x86_64-debian-clang 1.1.1 1.04 12.21 13.25 NOTE
r-devel-linux-x86_64-debian-gcc 1.1.1 0.93 12.12 13.05 NOTE
r-devel-linux-x86_64-fedora-clang 1.1.1 25.42 NOTE
r-devel-linux-x86_64-fedora-gcc 1.1.1 24.16 NOTE
r-devel-osx-x86_64-clang 1.1.1 29.55 NOTE
r-devel-windows-ix86+x86_64 1.1.1 9.00 27.00 36.00 NOTE
r-patched-linux-x86_64 1.1.1 1.00 12.82 13.82 NOTE
r-patched-solaris-sparc 1.1.1 173.70 NOTE
r-patched-solaris-x86 1.1.1 35.50 NOTE
r-release-linux-x86_64 1.1.1 1.03 12.86 13.89 NOTE
r-release-osx-x86_64-mavericks 1.1.1 NOTE
r-release-windows-ix86+x86_64 1.1.1 5.00 27.00 32.00 NOTE
r-oldrel-windows-ix86+x86_64 1.1.1 15.00 35.00 50.00 OK

Check Details

Version: 1.1.1
Check: DESCRIPTION meta-information
Result: NOTE
    Malformed Description field: should contain one or more complete sentences.
Flavors: r-devel-linux-x86_64-debian-clang, r-devel-linux-x86_64-debian-gcc, r-devel-linux-x86_64-fedora-clang, r-devel-linux-x86_64-fedora-gcc, r-devel-osx-x86_64-clang, r-devel-windows-ix86+x86_64, r-patched-linux-x86_64, r-patched-solaris-sparc, r-patched-solaris-x86, r-release-linux-x86_64, r-release-osx-x86_64-mavericks, r-release-windows-ix86+x86_64

Version: 1.1.1
Check: R code for possible problems
Result: NOTE
    .info: no visible global function definition for ‘packageDescription’
    redisWorker: no visible global function definition for ‘flush.console’
Flavors: r-devel-linux-x86_64-debian-clang, r-devel-linux-x86_64-debian-gcc, r-devel-linux-x86_64-fedora-clang, r-devel-linux-x86_64-fedora-gcc, r-devel-windows-ix86+x86_64