CRAN Package Check Results for Package doSNOW

Last updated on 2014-08-20 11:48:39.

Flavor Version Tinstall Tcheck Ttotal Status Flags
r-devel-linux-x86_64-debian-clang 1.0.12 0.60 22.22 22.82 OK
r-devel-linux-x86_64-debian-gcc 1.0.12 0.58 21.97 22.55 OK
r-devel-linux-x86_64-fedora-clang 1.0.12 37.89 OK
r-devel-linux-x86_64-fedora-gcc 1.0.12 33.38 OK
r-devel-osx-x86_64-clang 1.0.12 44.25 NOTE
r-devel-windows-ix86+x86_64 1.0.12 4.00 41.00 45.00 OK
r-patched-linux-x86_64 1.0.12 0.61 22.70 23.31 OK
r-patched-solaris-sparc 1.0.12 333.70 OK
r-patched-solaris-x86 1.0.12 76.00 OK
r-release-linux-ix86 1.0.12 0.97 32.42 33.40 OK
r-release-linux-x86_64 1.0.12 0.64 22.34 22.98 OK
r-release-osx-x86_64-mavericks 1.0.12 OK
r-release-osx-x86_64-snowleopard 1.0.12 OK
r-release-windows-ix86+x86_64 1.0.12 4.00 40.00 44.00 OK
r-oldrel-windows-ix86+x86_64 1.0.12 4.00 40.00 44.00 OK

Check Details

Version: 1.0.12
Check: R code for possible problems
Result: NOTE
    Warning in initDefaultClusterOptions(libname) :
     NAs introduced by coercion
Flavor: r-devel-osx-x86_64-clang