CRAN Package Check Results for Package doSNOW

Last updated on 2018-06-24 16:48:46 CEST.

Flavor Version Tinstall Tcheck Ttotal Status Flags
r-devel-linux-x86_64-debian-clang 1.0.16 1.24 20.71 21.95 NOTE
r-devel-linux-x86_64-debian-gcc 1.0.16 0.94 16.27 17.21 NOTE
r-devel-linux-x86_64-fedora-clang 1.0.16 25.55 OK
r-devel-linux-x86_64-fedora-gcc 1.0.16 23.51 OK
r-devel-windows-ix86+x86_64 1.0.16 5.00 39.00 44.00 OK
r-patched-linux-x86_64 1.0.16 1.12 19.43 20.55 NOTE
r-patched-solaris-x86 1.0.16 39.30 OK
r-release-linux-x86_64 1.0.16 1.06 19.30 20.36 NOTE
r-release-windows-ix86+x86_64 1.0.16 4.00 34.00 38.00 OK
r-release-osx-x86_64 1.0.16 OK
r-oldrel-windows-ix86+x86_64 1.0.16 5.00 32.00 37.00 OK
r-oldrel-osx-x86_64 1.0.16 OK

Check Details

Version: 1.0.16
Check: R code for possible problems
Result: NOTE
    Found the following calls to attach():
    File ‘doSNOW/R/doSNOW.R’:
     attach(exportEnv)
    See section ‘Good practice’ in ‘?attach’.
Flavors: r-devel-linux-x86_64-debian-clang, r-devel-linux-x86_64-debian-gcc, r-patched-linux-x86_64, r-release-linux-x86_64