CRAN Package Check Results for Package doSNOW

Last updated on 2016-02-08 19:48:21.

Flavor Version Tinstall Tcheck Ttotal Status Flags
r-devel-linux-x86_64-debian-gcc 1.0.14 0.66 16.86 17.52 NOTE
r-devel-linux-x86_64-fedora-clang 1.0.14 25.47 OK
r-devel-linux-x86_64-fedora-gcc 1.0.14 24.30 OK
r-devel-osx-x86_64-clang 1.0.14 37.79 OK
r-devel-windows-ix86+x86_64 1.0.14 4.00 44.00 48.00 OK
r-patched-linux-x86_64 1.0.14 0.74 17.22 17.96 NOTE
r-patched-solaris-sparc 1.0.14 232.20 OK
r-patched-solaris-x86 1.0.14 50.30 OK
r-release-linux-x86_64 1.0.14 0.68 18.29 18.96 NOTE
r-release-osx-x86_64-mavericks 1.0.14 OK
r-release-windows-ix86+x86_64 1.0.14 3.00 30.00 33.00 OK
r-oldrel-windows-ix86+x86_64 1.0.14 6.00 47.00 53.00 OK

Check Details

Version: 1.0.14
Check: R code for possible problems
Result: NOTE
    Found the following calls to attach():
    File ‘doSNOW/R/doSNOW.R’:
     attach(exportEnv)
    See section ‘Good practice’ in ‘?attach’.
Flavors: r-devel-linux-x86_64-debian-gcc, r-patched-linux-x86_64, r-release-linux-x86_64