CRAN Package Check Results for Package doSNOW

Last updated on 2018-04-25 01:46:35 CEST.

Flavor Version Tinstall Tcheck Ttotal Status Flags
r-devel-linux-x86_64-debian-clang 1.0.16 1.14 19.52 20.66 NOTE
r-devel-linux-x86_64-debian-gcc 1.0.16 0.81 15.54 16.35 NOTE
r-devel-linux-x86_64-fedora-clang 1.0.16 24.53 OK
r-devel-linux-x86_64-fedora-gcc 1.0.16 23.10 OK
r-devel-windows-ix86+x86_64 1.0.16 4.00 32.00 36.00 OK
r-patched-linux-x86_64 1.0.16 1.22 19.49 20.71 NOTE
r-patched-solaris-x86 1.0.16 40.20 OK
r-release-linux-x86_64 1.0.16 1.14 19.07 20.21 NOTE
r-release-windows-ix86+x86_64 1.0.16 4.00 32.00 36.00 OK
r-release-osx-x86_64 1.0.16 OK
r-oldrel-windows-ix86+x86_64 1.0.16 4.00 44.00 48.00 OK
r-oldrel-osx-x86_64 1.0.16 OK

Check Details

Version: 1.0.16
Check: R code for possible problems
Result: NOTE
    Found the following calls to attach():
    File ‘doSNOW/R/doSNOW.R’:
     attach(exportEnv)
    See section ‘Good practice’ in ‘?attach’.
Flavors: r-devel-linux-x86_64-debian-clang, r-devel-linux-x86_64-debian-gcc, r-patched-linux-x86_64, r-release-linux-x86_64