CRAN Package Check Results for Package doSNOW

Last updated on 2017-06-25 06:47:25.

Flavor Version Tinstall Tcheck Ttotal Status Flags
r-devel-linux-x86_64-debian-clang 1.0.14 0.67 21.32 21.99 NOTE
r-devel-linux-x86_64-debian-gcc 1.0.14 0.62 20.63 21.24 NOTE
r-devel-linux-x86_64-fedora-clang 1.0.14 31.11 OK
r-devel-linux-x86_64-fedora-gcc 1.0.14 30.18 OK
r-devel-windows-ix86+x86_64 1.0.14 3.00 62.00 65.00 OK
r-patched-linux-x86_64 1.0.14 0.70 20.87 21.56 NOTE
r-patched-solaris-sparc 1.0.14 266.30 OK
r-patched-solaris-x86 1.0.14 58.90 OK
r-release-linux-x86_64 1.0.14 0.65 20.92 21.56 NOTE
r-release-windows-ix86+x86_64 1.0.14 7.00 68.00 75.00 OK
r-release-osx-x86_64 1.0.14 OK
r-oldrel-windows-ix86+x86_64 1.0.14 3.00 58.00 61.00 OK
r-oldrel-osx-x86_64 1.0.14 OK

Check Details

Version: 1.0.14
Check: R code for possible problems
Result: NOTE
    Found the following calls to attach():
    File ‘doSNOW/R/doSNOW.R’:
     attach(exportEnv)
    See section ‘Good practice’ in ‘?attach’.
Flavors: r-devel-linux-x86_64-debian-clang, r-devel-linux-x86_64-debian-gcc, r-patched-linux-x86_64, r-release-linux-x86_64