CRAN Package Check Results for Package doSNOW

Last updated on 2016-05-25 19:49:26.

Flavor Version Tinstall Tcheck Ttotal Status Flags
r-devel-linux-x86_64-debian-gcc 1.0.14 0.59 17.76 18.35 NOTE
r-devel-linux-x86_64-fedora-clang 1.0.14 27.17 OK
r-devel-linux-x86_64-fedora-gcc 1.0.14 23.12 OK
r-devel-osx-x86_64-clang 1.0.14 37.68 OK
r-devel-windows-ix86+x86_64 1.0.14 2.00 42.00 44.00 OK
r-patched-linux-x86_64 1.0.14 0.64 17.57 18.21 NOTE
r-patched-solaris-sparc 1.0.14 210.90 OK
r-patched-solaris-x86 1.0.14 46.70 OK
r-release-linux-x86_64 1.0.14 0.64 16.85 17.49 NOTE
r-release-osx-x86_64-mavericks 1.0.14 OK
r-release-windows-ix86+x86_64 1.0.14 4.00 44.00 48.00 OK
r-oldrel-windows-ix86+x86_64 1.0.14 3.00 41.00 44.00 OK

Check Details

Version: 1.0.14
Check: R code for possible problems
Result: NOTE
    Found the following calls to attach():
    File ‘doSNOW/R/doSNOW.R’:
     attach(exportEnv)
    See section ‘Good practice’ in ‘?attach’.
Flavors: r-devel-linux-x86_64-debian-gcc, r-patched-linux-x86_64, r-release-linux-x86_64