CRAN Package Check Results for Package doSNOW

Last updated on 2016-07-29 22:49:07.

Flavor Version Tinstall Tcheck Ttotal Status Flags
r-devel-linux-x86_64-debian-clang 1.0.14 0.60 16.94 17.55 NOTE
r-devel-linux-x86_64-debian-gcc 1.0.14 0.54 16.86 17.40 NOTE
r-devel-linux-x86_64-fedora-clang 1.0.14 24.43 OK
r-devel-linux-x86_64-fedora-gcc 1.0.14 22.76 OK
r-devel-osx-x86_64-clang 1.0.14 21.58 OK
r-devel-windows-ix86+x86_64 1.0.14 3.00 44.00 47.00 OK
r-patched-linux-x86_64 1.0.14 0.87 20.42 21.29 NOTE
r-patched-solaris-sparc 1.0.14 216.30 OK
r-patched-solaris-x86 1.0.14 46.80 OK
r-release-linux-x86_64 1.0.14 0.72 20.15 20.88 NOTE
r-release-osx-x86_64-mavericks 1.0.14 OK
r-release-windows-ix86+x86_64 1.0.14 5.00 66.00 71.00 OK
r-oldrel-windows-ix86+x86_64 1.0.14 4.00 41.00 45.00 OK

Check Details

Version: 1.0.14
Check: R code for possible problems
Result: NOTE
    Found the following calls to attach():
    File ‘doSNOW/R/doSNOW.R’:
     attach(exportEnv)
    See section ‘Good practice’ in ‘?attach’.
Flavors: r-devel-linux-x86_64-debian-clang, r-devel-linux-x86_64-debian-gcc, r-patched-linux-x86_64, r-release-linux-x86_64