CRAN Package Check Results for Package doSNOW

Last updated on 2020-09-26 16:47:17 CEST.

Flavor Version Tinstall Tcheck Ttotal Status Flags
r-devel-linux-x86_64-debian-clang 1.0.18 1.94 22.91 24.85 NOTE
r-devel-linux-x86_64-debian-gcc 1.0.18 1.88 18.05 19.93 NOTE
r-devel-linux-x86_64-fedora-clang 1.0.18 38.99 OK
r-devel-linux-x86_64-fedora-gcc 1.0.18 29.42 OK
r-devel-windows-ix86+x86_64 1.0.18 6.00 40.00 46.00 OK
r-patched-linux-x86_64 1.0.18 2.42 22.16 24.58 NOTE
r-patched-solaris-x86 1.0.18 48.90 OK
r-release-linux-x86_64 1.0.18 2.41 22.08 24.49 NOTE
r-release-macos-x86_64 1.0.18 OK
r-release-windows-ix86+x86_64 1.0.18 5.00 43.00 48.00 OK
r-oldrel-macos-x86_64 1.0.18 OK
r-oldrel-windows-ix86+x86_64 1.0.18 11.00 37.00 48.00 OK

Check Details

Version: 1.0.18
Check: R code for possible problems
Result: NOTE
    Found the following calls to attach():
    File 'doSNOW/R/doSNOW.R':
     attach(exportEnv)
    See section 'Good practice' in '?attach'.
Flavors: r-devel-linux-x86_64-debian-clang, r-devel-linux-x86_64-debian-gcc, r-patched-linux-x86_64, r-release-linux-x86_64