CRAN Package Check Results for Package doSNOW

Last updated on 2016-09-30 06:47:26.

Flavor Version Tinstall Tcheck Ttotal Status Flags
r-devel-linux-x86_64-debian-clang 1.0.14 0.65 18.29 18.94 NOTE
r-devel-linux-x86_64-debian-gcc 1.0.14 0.64 17.47 18.11 NOTE
r-devel-linux-x86_64-fedora-clang 1.0.14 27.06 OK
r-devel-linux-x86_64-fedora-gcc 1.0.14 23.79 OK
r-devel-macos-x86_64-clang 1.0.14 21.06 OK
r-devel-windows-ix86+x86_64 1.0.14 5.00 51.00 56.00 OK
r-patched-linux-x86_64 1.0.14 0.63 17.60 18.23 NOTE
r-patched-solaris-sparc 1.0.14 216.30 OK
r-patched-solaris-x86 1.0.14 47.10 OK
r-release-linux-x86_64 1.0.14 0.66 17.53 18.19 NOTE
r-release-osx-x86_64-mavericks 1.0.14 OK
r-release-windows-ix86+x86_64 1.0.14 2.00 38.00 40.00 OK
r-oldrel-windows-ix86+x86_64 1.0.14 4.00 56.00 60.00 OK

Check Details

Version: 1.0.14
Check: R code for possible problems
Result: NOTE
    Found the following calls to attach():
    File ‘doSNOW/R/doSNOW.R’:
     attach(exportEnv)
    See section ‘Good practice’ in ‘?attach’.
Flavors: r-devel-linux-x86_64-debian-clang, r-devel-linux-x86_64-debian-gcc, r-patched-linux-x86_64, r-release-linux-x86_64