CRAN Package Check Results for Package doSNOW

Last updated on 2017-04-28 17:47:30.

Flavor Version Tinstall Tcheck Ttotal Status Flags
r-devel-linux-x86_64-debian-clang 1.0.14 0.70 21.13 21.82 NOTE
r-devel-linux-x86_64-debian-gcc 1.0.14 0.67 20.77 21.43 NOTE
r-devel-linux-x86_64-fedora-clang 1.0.14 31.09 OK --no-stop-on-test-error
r-devel-linux-x86_64-fedora-gcc 1.0.14 29.97 OK --no-stop-on-test-error
r-devel-windows-ix86+x86_64 1.0.14 3.00 64.00 67.00 OK
r-patched-linux-x86_64 1.0.14 0.62 20.87 21.48 NOTE
r-patched-solaris-sparc 1.0.14 266.30 OK
r-patched-solaris-x86 1.0.14 58.30 OK
r-release-linux-x86_64 1.0.14 0.59 21.15 21.74 NOTE
r-release-windows-ix86+x86_64 1.0.14 6.00 63.00 69.00 OK
r-release-osx-x86_64 1.0.14 OK
r-oldrel-windows-ix86+x86_64 1.0.14 4.00 46.00 50.00 OK
r-oldrel-osx-x86_64 1.0.14 OK

Check Details

Version: 1.0.14
Check: R code for possible problems
Result: NOTE
    Found the following calls to attach():
    File ‘doSNOW/R/doSNOW.R’:
     attach(exportEnv)
    See section ‘Good practice’ in ‘?attach’.
Flavors: r-devel-linux-x86_64-debian-clang, r-devel-linux-x86_64-debian-gcc, r-patched-linux-x86_64, r-release-linux-x86_64