CRAN Package Check Results for Package doSNOW

Last updated on 2017-03-01 19:48:27.

Flavor Version Tinstall Tcheck Ttotal Status Flags
r-devel-linux-x86_64-debian-clang 1.0.14 0.67 21.52 22.19 NOTE
r-devel-linux-x86_64-debian-gcc 1.0.14 0.71 21.53 22.24 NOTE
r-devel-linux-x86_64-fedora-clang 1.0.14 31.61 OK --no-stop-on-test-error
r-devel-linux-x86_64-fedora-gcc 1.0.14 30.84 OK --no-stop-on-test-error
r-devel-macos-x86_64-clang 1.0.14 26.93 OK --no-stop-on-test-error
r-devel-windows-ix86+x86_64 1.0.14 3.00 62.00 65.00 OK
r-patched-linux-x86_64 1.0.14 0.76 16.64 17.40 NOTE
r-patched-solaris-sparc 1.0.14 224.20 OK
r-patched-solaris-x86 1.0.14 46.60 OK
r-release-linux-x86_64 1.0.14 0.63 16.97 17.60 NOTE
r-release-osx-x86_64-mavericks 1.0.14 OK
r-release-windows-ix86+x86_64 1.0.14 5.00 53.00 58.00 OK
r-oldrel-windows-ix86+x86_64 1.0.14 9.00 40.00 49.00 OK

Check Details

Version: 1.0.14
Check: R code for possible problems
Result: NOTE
    Found the following calls to attach():
    File ‘doSNOW/R/doSNOW.R’:
     attach(exportEnv)
    See section ‘Good practice’ in ‘?attach’.
Flavors: r-devel-linux-x86_64-debian-clang, r-devel-linux-x86_64-debian-gcc, r-patched-linux-x86_64, r-release-linux-x86_64