CRAN Package Check Results for Package doSNOW

Last updated on 2017-10-20 06:48:43.

Flavor Version Tinstall Tcheck Ttotal Status Flags
r-devel-linux-x86_64-debian-clang 1.0.15 0.64 14.40 15.03 NOTE
r-devel-linux-x86_64-debian-gcc 1.0.15 0.70 14.71 15.41 NOTE
r-devel-linux-x86_64-fedora-clang 1.0.15 23.69 OK
r-devel-linux-x86_64-fedora-gcc 1.0.15 23.31 OK
r-devel-windows-ix86+x86_64 1.0.15 7.00 45.00 52.00 OK
r-patched-linux-x86_64 1.0.15 0.68 14.49 15.17 NOTE
r-patched-solaris-x86 1.0.15 34.00 OK
r-release-linux-x86_64 1.0.15 0.64 14.43 15.07 NOTE
r-release-windows-ix86+x86_64 1.0.15 3.00 39.00 42.00 OK
r-release-osx-x86_64 1.0.15 OK
r-oldrel-windows-ix86+x86_64 1.0.15 3.00 43.00 46.00 OK
r-oldrel-osx-x86_64 1.0.15 OK

Check Details

Version: 1.0.15
Check: R code for possible problems
Result: NOTE
    Found the following calls to attach():
    File ‘doSNOW/R/doSNOW.R’:
     attach(exportEnv)
    See section ‘Good practice’ in ‘?attach’.
Flavors: r-devel-linux-x86_64-debian-clang, r-devel-linux-x86_64-debian-gcc, r-patched-linux-x86_64, r-release-linux-x86_64