CRAN Package Check Results for Package doSNOW

Last updated on 2017-01-22 22:48:14.

Flavor Version Tinstall Tcheck Ttotal Status Flags
r-devel-linux-x86_64-debian-clang 1.0.14 0.69 20.53 21.22 NOTE
r-devel-linux-x86_64-debian-gcc 1.0.14 0.68 20.55 21.23 NOTE
r-devel-linux-x86_64-fedora-clang 1.0.14 31.66 OK --no-stop-on-test-error
r-devel-linux-x86_64-fedora-gcc 1.0.14 32.62 OK --no-stop-on-test-error
r-devel-macos-x86_64-clang 1.0.14 27.00 OK --no-stop-on-test-error
r-devel-windows-ix86+x86_64 1.0.14 2.00 47.00 49.00 OK
r-patched-linux-x86_64 1.0.14 0.60 16.57 17.17 NOTE
r-patched-solaris-sparc 1.0.14 224.20 OK
r-patched-solaris-x86 1.0.14 48.80 OK
r-release-linux-x86_64 1.0.14 0.62 16.06 16.68 NOTE
r-release-osx-x86_64-mavericks 1.0.14 OK
r-release-windows-ix86+x86_64 1.0.14 8.00 41.00 49.00 OK
r-oldrel-windows-ix86+x86_64 1.0.14 8.00 56.00 64.00 OK

Check Details

Version: 1.0.14
Check: R code for possible problems
Result: NOTE
    Found the following calls to attach():
    File ‘doSNOW/R/doSNOW.R’:
     attach(exportEnv)
    See section ‘Good practice’ in ‘?attach’.
Flavors: r-devel-linux-x86_64-debian-clang, r-devel-linux-x86_64-debian-gcc, r-patched-linux-x86_64, r-release-linux-x86_64