CRAN Package Check Results for Package doSNOW

Last updated on 2015-09-03 23:47:28.

Flavor Version Tinstall Tcheck Ttotal Status Flags
r-devel-linux-x86_64-debian-clang 1.0.12 0.52 16.28 16.80 NOTE
r-devel-linux-x86_64-debian-gcc 1.0.12 0.50 18.46 18.96 NOTE
r-devel-linux-x86_64-fedora-clang 1.0.12 25.91 NOTE
r-devel-linux-x86_64-fedora-gcc 1.0.12 27.15 NOTE
r-devel-osx-x86_64-clang 1.0.12 33.11 OK
r-devel-windows-ix86+x86_64 1.0.12 3.00 34.00 37.00 NOTE
r-patched-linux-x86_64 1.0.12 0.66 16.89 17.55 NOTE
r-patched-solaris-sparc 1.0.12 244.50 OK
r-patched-solaris-x86 1.0.12 54.50 OK
r-release-linux-x86_64 1.0.12 0.62 17.53 18.14 NOTE
r-release-osx-x86_64-mavericks 1.0.12 OK
r-release-windows-ix86+x86_64 1.0.12 3.00 32.00 35.00 OK
r-oldrel-windows-ix86+x86_64 1.0.12 6.00 44.00 50.00 OK

Check Details

Version: 1.0.12
Check: R code for possible problems
Result: NOTE
    doSNOW: no visible global function definition for ‘packageName’
    info: no visible global function definition for ‘packageDescription’
    Undefined global functions or variables:
     packageDescription packageName
    Consider adding
     importFrom("utils", "packageDescription", "packageName")
    to your NAMESPACE.
    
    Found the following calls to attach():
    File ‘doSNOW/R/doSNOW.R’:
     attach(exportEnv)
    See section ‘Good practice’ in ‘?attach’.
Flavors: r-devel-linux-x86_64-debian-clang, r-devel-linux-x86_64-debian-gcc

Version: 1.0.12
Check: R code for possible problems
Result: NOTE
    doSNOW: no visible global function definition for ‘packageName’
    info: no visible global function definition for ‘packageDescription’
    Undefined global functions or variables:
     packageDescription packageName
    Consider adding
     importFrom("utils", "packageDescription", "packageName")
    to your NAMESPACE.
Flavors: r-devel-linux-x86_64-fedora-clang, r-devel-linux-x86_64-fedora-gcc, r-devel-windows-ix86+x86_64

Version: 1.0.12
Check: R code for possible problems
Result: NOTE
    Found the following calls to attach():
    File ‘doSNOW/R/doSNOW.R’:
     attach(exportEnv)
    See section ‘Good practice’ in ‘?attach’.
Flavors: r-patched-linux-x86_64, r-release-linux-x86_64