CRAN Package Check Results for Package doSNOW

Last updated on 2018-02-24 23:48:53 CET.

Flavor Version Tinstall Tcheck Ttotal Status Flags
r-devel-linux-x86_64-debian-clang 1.0.16 1.19 19.16 20.35 NOTE
r-devel-linux-x86_64-debian-gcc 1.0.16 0.87 15.84 16.71 NOTE
r-devel-linux-x86_64-fedora-clang 1.0.16 24.62 OK
r-devel-linux-x86_64-fedora-gcc 1.0.16 23.09 OK
r-devel-windows-ix86+x86_64 1.0.16 4.00 43.00 47.00 OK
r-patched-linux-x86_64 1.0.16 0.72 19.43 20.15 NOTE
r-patched-solaris-x86 1.0.16 34.00 OK
r-release-linux-x86_64 1.0.16 0.62 19.48 20.10 NOTE
r-release-windows-ix86+x86_64 1.0.16 3.00 48.00 51.00 OK
r-release-osx-x86_64 1.0.16 OK
r-oldrel-windows-ix86+x86_64 1.0.16 2.00 32.00 34.00 OK
r-oldrel-osx-x86_64 1.0.16 OK

Check Details

Version: 1.0.16
Check: R code for possible problems
Result: NOTE
    Found the following calls to attach():
    File ‘doSNOW/R/doSNOW.R’:
     attach(exportEnv)
    See section ‘Good practice’ in ‘?attach’.
Flavors: r-devel-linux-x86_64-debian-clang, r-devel-linux-x86_64-debian-gcc, r-patched-linux-x86_64, r-release-linux-x86_64