CRAN Package Check Results for Package doSNOW

Last updated on 2017-08-22 04:46:48.

Flavor Version Tinstall Tcheck Ttotal Status Flags
r-devel-linux-x86_64-debian-clang 1.0.14 2.68 21.43 24.10 NOTE
r-devel-linux-x86_64-debian-gcc 1.0.14 0.61 20.54 21.14 NOTE
r-devel-linux-x86_64-fedora-clang 1.0.14 34.68 OK
r-devel-linux-x86_64-fedora-gcc 1.0.14 33.06 OK
r-devel-windows-ix86+x86_64 1.0.14 3.00 46.00 49.00 OK
r-patched-linux-x86_64 1.0.14 0.72 21.34 22.07 NOTE
r-patched-solaris-x86 1.0.14 58.80 OK
r-release-linux-x86_64 1.0.14 0.64 21.04 21.67 NOTE
r-release-windows-ix86+x86_64 1.0.14 2.00 60.00 62.00 OK
r-release-osx-x86_64 1.0.14 OK
r-oldrel-windows-ix86+x86_64 1.0.14 2.00 39.00 41.00 OK
r-oldrel-osx-x86_64 1.0.14 OK

Check Details

Version: 1.0.14
Check: R code for possible problems
Result: NOTE
    Found the following calls to attach():
    File ‘doSNOW/R/doSNOW.R’:
     attach(exportEnv)
    See section ‘Good practice’ in ‘?attach’.
Flavors: r-devel-linux-x86_64-debian-clang, r-devel-linux-x86_64-debian-gcc, r-patched-linux-x86_64, r-release-linux-x86_64