CRAN Package Check Results for Package doSNOW

Last updated on 2015-03-01 16:46:52.

Flavor Version Tinstall Tcheck Ttotal Status Flags
r-devel-linux-x86_64-debian-clang 1.0.12 0.59 17.98 18.57 NOTE
r-devel-linux-x86_64-debian-gcc 1.0.12 0.57 16.53 17.10 NOTE
r-devel-linux-x86_64-fedora-clang 1.0.12 27.13 OK
r-devel-linux-x86_64-fedora-gcc 1.0.12 26.17 OK
r-devel-osx-x86_64-clang 1.0.12 34.23 OK
r-devel-windows-ix86+x86_64 1.0.12 4.00 34.00 38.00 OK
r-patched-linux-x86_64 1.0.12 0.80 21.32 22.13 NOTE
r-patched-solaris-sparc 1.0.12 306.40 OK
r-patched-solaris-x86 1.0.12 68.60 OK
r-release-linux-ix86 1.0.12 1.08 29.86 30.93 NOTE
r-release-linux-x86_64 1.0.12 0.79 21.20 21.99 NOTE
r-release-osx-x86_64-mavericks 1.0.12 OK
r-release-osx-x86_64-snowleopard 1.0.12 OK
r-release-windows-ix86+x86_64 1.0.12 4.00 39.00 43.00 OK
r-oldrel-windows-ix86+x86_64 1.0.12 4.00 45.00 49.00 OK

Check Details

Version: 1.0.12
Check: R code for possible problems
Result: NOTE
    Found the following calls to attach():
    File ‘doSNOW/R/doSNOW.R’:
     attach(exportEnv)
    See section ‘Good practice’ in ‘?attach’.
Flavors: r-devel-linux-x86_64-debian-clang, r-devel-linux-x86_64-debian-gcc, r-patched-linux-x86_64, r-release-linux-ix86, r-release-linux-x86_64