CRAN Package Check Results for Package doSNOW

Last updated on 2014-04-23 12:48:17.

Flavor Version Tinstall Tcheck Ttotal Status Flags
r-devel-linux-x86_64-debian-clang 1.0.12 0.67 17.84 18.51 OK
r-devel-linux-x86_64-debian-gcc 1.0.12 0.67 18.00 18.67 OK
r-devel-linux-x86_64-fedora-clang 1.0.12 33.01 OK
r-devel-linux-x86_64-fedora-gcc 1.0.12 31.15 OK
r-devel-osx-x86_64-clang 1.0.12 37.81 OK
r-devel-osx-x86_64-gcc 1.0.12 NOTE
r-devel-windows-ix86+x86_64 1.0.12 3.00 30.00 33.00 OK
r-patched-linux-x86_64 1.0.12 0.67 17.54 18.21 OK
r-patched-solaris-sparc 1.0.12 206.70 OK
r-patched-solaris-x86 1.0.12 52.60 OK
r-release-linux-ix86 1.0.12 1.00 35.00 36.00 OK
r-release-linux-x86_64 1.0.12 2.67 17.28 19.96 OK
r-release-osx-x86_64-mavericks 1.0.12 NOTE
r-release-osx-x86_64-snowleopard 1.0.12 OK
r-release-windows-ix86+x86_64 1.0.12 3.00 30.00 33.00 OK
r-oldrel-windows-ix86+x86_64 1.0.12 4.00 32.00 36.00 OK

Check Details

Version: 1.0.12
Check: package dependencies
Result: NOTE
    Package suggested but not available for checking: ‘caret’
Flavors: r-devel-osx-x86_64-gcc, r-release-osx-x86_64-mavericks