CRAN Package Check Results for Package doSNOW

Last updated on 2015-01-25 04:47:01.

Flavor Version Tinstall Tcheck Ttotal Status Flags
r-devel-linux-x86_64-debian-clang 1.0.12 0.83 20.34 21.18 NOTE
r-devel-linux-x86_64-debian-gcc 1.0.12 0.66 20.17 20.84 NOTE
r-devel-linux-x86_64-fedora-clang 1.0.12 36.47 OK
r-devel-linux-x86_64-fedora-gcc 1.0.12 35.04 OK
r-devel-osx-x86_64-clang 1.0.12 42.79 OK
r-devel-windows-ix86+x86_64 1.0.12 3.00 35.00 38.00 OK
r-patched-linux-x86_64 1.0.12 0.88 19.80 20.68 NOTE
r-patched-solaris-sparc 1.0.12 306.40 OK
r-patched-solaris-x86 1.0.12 67.70 OK
r-release-linux-ix86 1.0.12 0.99 28.54 29.53 OK
r-release-linux-x86_64 1.0.12 0.76 19.84 20.60 NOTE
r-release-osx-x86_64-mavericks 1.0.12 OK
r-release-osx-x86_64-snowleopard 1.0.12 OK
r-release-windows-ix86+x86_64 1.0.12 4.00 40.00 44.00 OK
r-oldrel-windows-ix86+x86_64 1.0.12 5.00 44.00 49.00 OK

Check Details

Version: 1.0.12
Check: R code for possible problems
Result: NOTE
    Found the following calls to attach():
    File ‘doSNOW/R/doSNOW.R’:
     attach(exportEnv)
    See section ‘Good practice’ in ‘?attach’.
Flavors: r-devel-linux-x86_64-debian-clang, r-devel-linux-x86_64-debian-gcc, r-patched-linux-x86_64, r-release-linux-x86_64