CRAN Package Check Results for Package doSNOW

Last updated on 2022-01-22 11:50:57 CET.

Flavor Version Tinstall Tcheck Ttotal Status Flags
r-devel-linux-x86_64-debian-clang 1.0.19 2.45 32.46 34.91 NOTE
r-devel-linux-x86_64-debian-gcc 1.0.19 1.91 25.50 27.41 NOTE
r-devel-linux-x86_64-fedora-clang 1.0.19 43.22 OK
r-devel-linux-x86_64-fedora-gcc 1.0.19 31.91 OK
r-devel-windows-x86_64-new-UL 1.0.19 15.00 50.00 65.00 OK
r-devel-windows-x86_64-new-TK 1.0.19 OK
r-patched-linux-x86_64 1.0.19 2.20 31.64 33.84 NOTE
r-release-linux-x86_64 1.0.19 1.84 31.35 33.19 NOTE
r-release-macos-arm64 1.0.19 OK
r-release-macos-x86_64 1.0.19 OK
r-release-windows-ix86+x86_64 1.0.19 6.00 43.00 49.00 OK
r-oldrel-macos-x86_64 1.0.19 OK
r-oldrel-windows-ix86+x86_64 1.0.19 6.00 42.00 48.00 OK

Check Details

Version: 1.0.19
Check: R code for possible problems
Result: NOTE
    Found the following calls to attach():
    File 'doSNOW/R/doSNOW.R':
     attach(exportEnv)
    See section 'Good practice' in '?attach'.
Flavors: r-devel-linux-x86_64-debian-clang, r-devel-linux-x86_64-debian-gcc, r-patched-linux-x86_64, r-release-linux-x86_64