CRAN Package Check Results for Package doSNOW

Last updated on 2014-10-24 14:47:20.

Flavor Version Tinstall Tcheck Ttotal Status Flags
r-devel-linux-x86_64-debian-clang 1.0.12 0.86 19.55 20.40 NOTE
r-devel-linux-x86_64-debian-gcc 1.0.12 0.80 20.23 21.03 NOTE
r-devel-linux-x86_64-fedora-clang 1.0.12 35.56 OK
r-devel-linux-x86_64-fedora-gcc 1.0.12 33.90 OK
r-devel-osx-x86_64-clang 1.0.12 42.04 OK
r-devel-windows-ix86+x86_64 1.0.12 3.00 38.00 41.00 OK
r-patched-linux-x86_64 1.0.12 0.71 20.02 20.72 NOTE
r-patched-solaris-sparc 1.0.12 333.70 OK
r-patched-solaris-x86 1.0.12 67.20 OK
r-release-linux-ix86 1.0.12 0.97 32.70 33.66 OK
r-release-linux-x86_64 1.0.12 0.65 26.33 26.98 NOTE
r-release-osx-x86_64-mavericks 1.0.12 OK
r-release-osx-x86_64-snowleopard 1.0.12 OK
r-release-windows-ix86+x86_64 1.0.12 3.00 44.00 47.00 OK
r-oldrel-windows-ix86+x86_64 1.0.12 3.00 40.00 43.00 OK

Check Details

Version: 1.0.12
Check: R code for possible problems
Result: NOTE
    Found the following calls to attach():
    File ‘doSNOW/R/doSNOW.R’:
     attach(exportEnv)
    See section ‘Good practice’ in ‘?attach’.
Flavors: r-devel-linux-x86_64-debian-clang, r-devel-linux-x86_64-debian-gcc, r-patched-linux-x86_64, r-release-linux-x86_64