CRAN Package Check Results for Package doSNOW

Last updated on 2014-11-27 14:47:16.

Flavor Version Tinstall Tcheck Ttotal Status Flags
r-devel-linux-x86_64-debian-clang 1.0.12 0.69 19.55 20.24 NOTE
r-devel-linux-x86_64-debian-gcc 1.0.12 0.76 18.97 19.73 NOTE
r-devel-linux-x86_64-fedora-clang 1.0.12 36.41 OK
r-devel-linux-x86_64-fedora-gcc 1.0.12 35.45 OK
r-devel-osx-x86_64-clang 1.0.12 44.77 OK
r-devel-windows-ix86+x86_64 1.0.12 4.00 34.00 38.00 OK
r-patched-linux-x86_64 1.0.12 0.75 20.56 21.31 NOTE
r-patched-solaris-sparc 1.0.12 333.70 OK
r-patched-solaris-x86 1.0.12 64.70 OK
r-release-linux-ix86 1.0.12 1.00 28.30 29.30 OK
r-release-linux-x86_64 1.0.12 0.70 21.10 21.80 NOTE
r-release-osx-x86_64-mavericks 1.0.12 OK
r-release-osx-x86_64-snowleopard 1.0.12 OK
r-release-windows-ix86+x86_64 1.0.12 4.00 35.00 39.00 OK
r-oldrel-windows-ix86+x86_64 1.0.12 4.00 41.00 45.00 OK

Check Details

Version: 1.0.12
Check: R code for possible problems
Result: NOTE
    Found the following calls to attach():
    File ‘doSNOW/R/doSNOW.R’:
     attach(exportEnv)
    See section ‘Good practice’ in ‘?attach’.
Flavors: r-devel-linux-x86_64-debian-clang, r-devel-linux-x86_64-debian-gcc, r-patched-linux-x86_64, r-release-linux-x86_64