CRAN Package Check Results for Package doSNOW

Last updated on 2015-05-29 11:48:48.

Flavor Version Tinstall Tcheck Ttotal Status Flags
r-devel-linux-x86_64-debian-clang 1.0.12 0.59 17.73 18.32 NOTE
r-devel-linux-x86_64-debian-gcc 1.0.12 0.57 16.92 17.49 NOTE
r-devel-linux-x86_64-fedora-clang 1.0.12 27.39 OK
r-devel-linux-x86_64-fedora-gcc 1.0.12 25.83 OK
r-devel-osx-x86_64-clang 1.0.12 35.38 OK
r-devel-windows-ix86+x86_64 1.0.12 2.00 30.00 32.00 OK
r-patched-linux-x86_64 1.0.12 0.68 18.51 19.18 NOTE
r-patched-solaris-sparc 1.0.12 247.00 OK
r-patched-solaris-x86 1.0.12 53.40 OK
r-release-linux-x86_64 1.0.12 0.60 17.97 18.57 NOTE
r-release-osx-x86_64-mavericks 1.0.12 OK
r-release-osx-x86_64-snowleopard 1.0.12 NOTE
r-release-windows-ix86+x86_64 1.0.12 3.00 31.00 34.00 OK
r-oldrel-windows-ix86+x86_64 1.0.12 4.00 38.00 42.00 OK

Check Details

Version: 1.0.12
Check: R code for possible problems
Result: NOTE
    Found the following calls to attach():
    File ‘doSNOW/R/doSNOW.R’:
     attach(exportEnv)
    See section ‘Good practice’ in ‘?attach’.
Flavors: r-devel-linux-x86_64-debian-clang, r-devel-linux-x86_64-debian-gcc, r-patched-linux-x86_64, r-release-linux-x86_64

Version: 1.0.12
Check: package dependencies
Result: NOTE
    Package suggested but not available for checking: ‘caret’
Flavor: r-release-osx-x86_64-snowleopard