CRAN Package Check Results for Package doc2concrete

Last updated on 2024-06-13 02:58:54 CEST.

Flavor Version Tinstall Tcheck Ttotal Status Flags
r-devel-linux-x86_64-debian-clang 0.6.0 10.65 125.29 135.94 OK
r-devel-linux-x86_64-debian-gcc 0.6.0 0.52 1.86 2.38 ERROR
r-devel-linux-x86_64-fedora-clang 0.6.0 164.61 OK
r-devel-linux-x86_64-fedora-gcc 0.6.0 169.68 OK
r-devel-windows-x86_64 0.6.0 9.00 106.00 115.00 OK
r-patched-linux-x86_64 0.6.0 7.49 122.65 130.14 OK
r-release-linux-x86_64 0.6.0 7.95 119.95 127.90 OK
r-release-macos-arm64 0.6.0 49.00 OK
r-release-macos-x86_64 0.6.0 76.00 OK
r-release-windows-x86_64 0.6.0 9.00 109.00 118.00 OK
r-oldrel-macos-arm64 0.6.0 61.00 OK
r-oldrel-macos-x86_64 0.6.0 122.00 OK
r-oldrel-windows-x86_64 0.6.0 13.00 126.00 139.00 OK

Check Details

Version: 0.6.0
Check: package dependencies
Result: ERROR Packages required but not available: 'stringr', 'textstem' Package suggested but not available for checking: ‘testthat’ See section ‘The DESCRIPTION file’ in the ‘Writing R Extensions’ manual. Flavor: r-devel-linux-x86_64-debian-gcc