Last updated on 2023-12-03 14:50:20 CET.
Flavor | Version | Tinstall | Tcheck | Ttotal | Status | Flags |
---|---|---|---|---|---|---|
r-devel-linux-x86_64-debian-clang | 1.0.1 | 2.27 | 27.61 | 29.88 | NOTE | |
r-devel-linux-x86_64-debian-gcc | 1.0.1 | 1.82 | 21.17 | 22.99 | NOTE | |
r-devel-linux-x86_64-fedora-clang | 1.0.1 | 38.73 | NOTE | |||
r-devel-linux-x86_64-fedora-gcc | 1.0.1 | 47.45 | NOTE | |||
r-devel-windows-x86_64 | 1.0.1 | 3.00 | 44.00 | 47.00 | NOTE | |
r-patched-linux-x86_64 | 1.0.1 | 1.85 | 25.24 | 27.09 | NOTE | |
r-release-linux-x86_64 | 1.0.1 | 2.30 | 24.84 | 27.14 | NOTE | |
r-release-macos-arm64 | 1.0.1 | 26.00 | NOTE | |||
r-release-macos-x86_64 | 1.0.1 | 33.00 | NOTE | |||
r-release-windows-x86_64 | 1.0.1 | 3.00 | 49.00 | 52.00 | NOTE | |
r-oldrel-macos-arm64 | 1.0.1 | 17.00 | NOTE | |||
r-oldrel-macos-x86_64 | 1.0.1 | 23.00 | NOTE | |||
r-oldrel-windows-x86_64 | 1.0.1 | 4.00 | 50.00 | 54.00 | NOTE |
Version: 1.0.1
Check: LazyData
Result: NOTE
'LazyData' is specified without a 'data' directory
Flavors: r-devel-linux-x86_64-debian-clang, r-devel-linux-x86_64-debian-gcc, r-devel-linux-x86_64-fedora-clang, r-devel-linux-x86_64-fedora-gcc, r-devel-windows-x86_64, r-patched-linux-x86_64, r-release-linux-x86_64, r-release-macos-arm64, r-release-macos-x86_64, r-release-windows-x86_64, r-oldrel-macos-arm64, r-oldrel-macos-x86_64, r-oldrel-windows-x86_64