CRAN Package Check Results for Package docknitr

Last updated on 2023-01-28 09:53:52 CET.

Flavor Version Tinstall Tcheck Ttotal Status Flags
r-devel-linux-x86_64-debian-clang 1.0.1 2.08 25.18 27.26 NOTE
r-devel-linux-x86_64-debian-gcc 1.0.1 1.78 20.01 21.79 NOTE
r-devel-linux-x86_64-fedora-clang 1.0.1 35.82 NOTE
r-devel-linux-x86_64-fedora-gcc 1.0.1 45.95 NOTE
r-devel-windows-x86_64 1.0.1 8.00 59.00 67.00 NOTE
r-patched-linux-x86_64 1.0.1 2.38 25.68 28.06 NOTE
r-release-linux-x86_64 1.0.1 2.15 24.58 26.73 NOTE
r-release-macos-arm64 1.0.1 17.00 NOTE
r-release-macos-x86_64 1.0.1 23.00 NOTE
r-release-windows-x86_64 1.0.1 8.00 59.00 67.00 NOTE
r-oldrel-macos-arm64 1.0.1 21.00 NOTE
r-oldrel-macos-x86_64 1.0.1 30.00 NOTE
r-oldrel-windows-ix86+x86_64 1.0.1 6.00 53.00 59.00 NOTE

Check Details

Version: 1.0.1
Check: LazyData
Result: NOTE
     'LazyData' is specified without a 'data' directory
Flavors: r-devel-linux-x86_64-debian-clang, r-devel-linux-x86_64-debian-gcc, r-devel-linux-x86_64-fedora-clang, r-devel-linux-x86_64-fedora-gcc, r-devel-windows-x86_64, r-patched-linux-x86_64, r-release-linux-x86_64, r-release-macos-arm64, r-release-macos-x86_64, r-release-windows-x86_64, r-oldrel-macos-arm64, r-oldrel-macos-x86_64, r-oldrel-windows-ix86+x86_64