CRAN Package Check Results for Package docuSignr

Last updated on 2023-04-01 05:50:38 CEST.

Flavor Version Tinstall Tcheck Ttotal Status Flags
r-devel-linux-x86_64-debian-clang 0.0.3 2.68 25.64 28.32 NOTE
r-devel-linux-x86_64-debian-gcc 0.0.3 1.91 20.41 22.32 NOTE
r-devel-linux-x86_64-fedora-clang 0.0.3 35.86 NOTE
r-devel-linux-x86_64-fedora-gcc 0.0.3 33.87 NOTE
r-devel-windows-x86_64 0.0.3 16.00 56.00 72.00 NOTE
r-patched-linux-x86_64 0.0.3 1.95 24.88 26.83 NOTE
r-release-linux-x86_64 0.0.3 2.29 26.64 28.93 NOTE
r-release-macos-arm64 0.0.3 16.00 NOTE
r-release-macos-x86_64 0.0.3 24.00 NOTE
r-release-windows-x86_64 0.0.3 18.00 57.00 75.00 NOTE
r-oldrel-macos-arm64 0.0.3 21.00 NOTE
r-oldrel-macos-x86_64 0.0.3 23.00 NOTE
r-oldrel-windows-ix86+x86_64 0.0.3 6.00 58.00 64.00 NOTE

Check Details

Version: 0.0.3
Check: LazyData
Result: NOTE
     'LazyData' is specified without a 'data' directory
Flavors: r-devel-linux-x86_64-debian-clang, r-devel-linux-x86_64-debian-gcc, r-devel-linux-x86_64-fedora-clang, r-devel-linux-x86_64-fedora-gcc, r-devel-windows-x86_64, r-patched-linux-x86_64, r-release-linux-x86_64, r-release-macos-arm64, r-release-macos-x86_64, r-release-windows-x86_64, r-oldrel-macos-arm64, r-oldrel-macos-x86_64, r-oldrel-windows-ix86+x86_64