CRAN Package Check Results for Package documair

Last updated on 2017-10-18 08:48:08.

Flavor Version Tinstall Tcheck Ttotal Status Flags
r-devel-linux-x86_64-debian-clang 0.6-0 1.13 20.69 21.82 NOTE
r-devel-linux-x86_64-debian-gcc 0.6-0 1.28 20.76 22.04 NOTE
r-devel-linux-x86_64-fedora-clang 0.6-0 35.52 NOTE
r-devel-linux-x86_64-fedora-gcc 0.6-0 34.87 NOTE
r-devel-windows-ix86+x86_64 0.6-0 9.00 38.00 47.00 NOTE
r-patched-linux-x86_64 0.6-0 1.24 19.73 20.97 NOTE
r-patched-solaris-x86 0.6-0 45.20 NOTE
r-release-linux-x86_64 0.6-0 1.06 20.22 21.28 NOTE
r-release-windows-ix86+x86_64 0.6-0 7.00 39.00 46.00 NOTE
r-release-osx-x86_64 0.6-0 NOTE
r-oldrel-windows-ix86+x86_64 0.6-0 6.00 39.00 45.00 NOTE
r-oldrel-osx-x86_64 0.6-0 NOTE

Check Details

Version: 0.6-0
Check: R code for possible problems
Result: NOTE
    ppert: no visible global function definition for ‘pbeta’
    prepare8pkg: no visible global function definition for ‘glob2rx’
    qpert: no visible global function definition for ‘qbeta’
    rpert: no visible global function definition for ‘rbeta’
    Undefined global functions or variables:
     glob2rx pbeta qbeta rbeta
    Consider adding
     importFrom("stats", "pbeta", "qbeta", "rbeta")
     importFrom("utils", "glob2rx")
    to your NAMESPACE file.
Flavors: r-devel-linux-x86_64-debian-clang, r-devel-linux-x86_64-debian-gcc, r-devel-linux-x86_64-fedora-clang, r-devel-linux-x86_64-fedora-gcc, r-devel-windows-ix86+x86_64, r-patched-linux-x86_64, r-patched-solaris-x86, r-release-linux-x86_64, r-release-windows-ix86+x86_64, r-release-osx-x86_64, r-oldrel-windows-ix86+x86_64, r-oldrel-osx-x86_64

Version: 0.6-0
Check: compiled code
Result: NOTE
    File ‘documair/libs/documair.so’:
     Found no calls to: ‘R_registerRoutines’, ‘R_useDynamicSymbols’
    
    It is good practice to register native routines and to disable symbol
    search.
    
    See ‘Writing portable packages’ in the ‘Writing R Extensions’ manual.
Flavors: r-devel-linux-x86_64-debian-clang, r-devel-linux-x86_64-debian-gcc, r-devel-linux-x86_64-fedora-clang, r-devel-linux-x86_64-fedora-gcc, r-patched-linux-x86_64, r-release-linux-x86_64