CRAN Package Check Results for Package documair

Last updated on 2017-12-13 01:54:36 CET.

Flavor Version Tinstall Tcheck Ttotal Status Flags
r-devel-linux-x86_64-debian-clang 0.6-0 1.25 30.83 32.08 NOTE
r-devel-linux-x86_64-debian-gcc 0.6-0 1.15 24.51 25.66 NOTE
r-devel-linux-x86_64-fedora-clang 0.6-0 33.70 NOTE
r-devel-windows-ix86+x86_64 0.6-0 10.00 40.00 50.00 NOTE
r-patched-linux-x86_64 0.6-0 1.47 30.21 31.68 NOTE
r-patched-solaris-x86 0.6-0 43.80 NOTE
r-release-linux-x86_64 0.6-0 1.25 30.70 31.95 NOTE
r-release-windows-ix86+x86_64 0.6-0 7.00 39.00 46.00 NOTE
r-release-osx-x86_64 0.6-0 NOTE
r-oldrel-windows-ix86+x86_64 0.6-0 6.00 39.00 45.00 NOTE
r-oldrel-osx-x86_64 0.6-0 NOTE

Check Details

Version: 0.6-0
Check: R code for possible problems
Result: NOTE
    ppert: no visible global function definition for ‘pbeta’
    prepare8pkg: no visible global function definition for ‘glob2rx’
    qpert: no visible global function definition for ‘qbeta’
    rpert: no visible global function definition for ‘rbeta’
    Undefined global functions or variables:
     glob2rx pbeta qbeta rbeta
    Consider adding
     importFrom("stats", "pbeta", "qbeta", "rbeta")
     importFrom("utils", "glob2rx")
    to your NAMESPACE file.
Flavors: r-devel-linux-x86_64-debian-clang, r-devel-linux-x86_64-debian-gcc, r-devel-linux-x86_64-fedora-clang, r-devel-windows-ix86+x86_64, r-patched-linux-x86_64, r-patched-solaris-x86, r-release-linux-x86_64, r-release-windows-ix86+x86_64, r-release-osx-x86_64, r-oldrel-windows-ix86+x86_64, r-oldrel-osx-x86_64

Version: 0.6-0
Check: compiled code
Result: NOTE
    File ‘documair/libs/documair.so’:
     Found no calls to: ‘R_registerRoutines’, ‘R_useDynamicSymbols’
    
    It is good practice to register native routines and to disable symbol
    search.
    
    See ‘Writing portable packages’ in the ‘Writing R Extensions’ manual.
Flavors: r-devel-linux-x86_64-debian-clang, r-devel-linux-x86_64-debian-gcc, r-devel-linux-x86_64-fedora-clang, r-patched-linux-x86_64, r-release-linux-x86_64