CRAN Package Check Results for Package documair

Last updated on 2018-04-20 21:48:44 CEST.

Flavor Version Tinstall Tcheck Ttotal Status Flags
r-devel-linux-x86_64-debian-clang 0.6-0 6.03 30.72 36.75 NOTE
r-devel-linux-x86_64-debian-gcc 0.6-0 4.77 23.97 28.74 NOTE
r-devel-linux-x86_64-fedora-clang 0.6-0 43.62 NOTE
r-devel-linux-x86_64-fedora-gcc 0.6-0 43.02 NOTE
r-devel-windows-ix86+x86_64 0.6-0 12.00 54.00 66.00 NOTE
r-devel-osx-x86_64 0.6-0 NOTE
r-patched-linux-x86_64 0.6-0 6.05 30.20 36.25 NOTE
r-patched-solaris-x86 0.6-0 59.60 NOTE
r-release-linux-x86_64 0.6-0 1.52 31.28 32.80 NOTE
r-release-windows-ix86+x86_64 0.6-0 7.00 39.00 46.00 NOTE
r-release-osx-x86_64 0.6-0 NOTE
r-oldrel-windows-ix86+x86_64 0.6-0 6.00 39.00 45.00 NOTE

Check Details

Version: 0.6-0
Check: R code for possible problems
Result: NOTE
    ppert: no visible global function definition for ‘pbeta’
    prepare8pkg: no visible global function definition for ‘glob2rx’
    qpert: no visible global function definition for ‘qbeta’
    rpert: no visible global function definition for ‘rbeta’
    Undefined global functions or variables:
     glob2rx pbeta qbeta rbeta
    Consider adding
     importFrom("stats", "pbeta", "qbeta", "rbeta")
     importFrom("utils", "glob2rx")
    to your NAMESPACE file.
Flavors: r-devel-linux-x86_64-debian-clang, r-devel-linux-x86_64-debian-gcc, r-devel-linux-x86_64-fedora-clang, r-devel-linux-x86_64-fedora-gcc, r-devel-windows-ix86+x86_64, r-devel-osx-x86_64, r-patched-linux-x86_64, r-patched-solaris-x86, r-release-linux-x86_64, r-release-windows-ix86+x86_64, r-release-osx-x86_64, r-oldrel-windows-ix86+x86_64

Version: 0.6-0
Check: compiled code
Result: NOTE
    File ‘documair/libs/documair.so’:
     Found no calls to: ‘R_registerRoutines’, ‘R_useDynamicSymbols’
    
    It is good practice to register native routines and to disable symbol
    search.
    
    See ‘Writing portable packages’ in the ‘Writing R Extensions’ manual.
Flavors: r-devel-linux-x86_64-debian-clang, r-devel-linux-x86_64-debian-gcc, r-devel-linux-x86_64-fedora-clang, r-devel-linux-x86_64-fedora-gcc, r-patched-linux-x86_64, r-release-linux-x86_64