CRAN Package Check Results for Package document

Last updated on 2019-05-22 00:47:21 CEST.

Flavor Version Tinstall Tcheck Ttotal Status Flags
r-devel-linux-x86_64-debian-clang 3.1.0 2.26 116.12 118.38 OK
r-devel-linux-x86_64-debian-gcc 3.1.0 1.65 94.32 95.97 OK
r-devel-linux-x86_64-fedora-clang 3.1.0 147.71 OK
r-devel-linux-x86_64-fedora-gcc 3.1.0 144.17 OK
r-devel-windows-ix86+x86_64 3.1.0 5.00 220.00 225.00 OK
r-patched-linux-x86_64 3.1.0 2.33 115.84 118.17 OK
r-patched-solaris-x86 3.1.0 125.80 ERROR
r-release-linux-x86_64 3.1.0 2.05 116.09 118.14 OK
r-release-windows-ix86+x86_64 3.1.0 7.00 291.00 298.00 OK
r-release-osx-x86_64 3.1.0 FAIL
r-oldrel-windows-ix86+x86_64 3.1.0 3.00 192.00 195.00 OK
r-oldrel-osx-x86_64 3.1.0 OK

Check Details

Version: 3.1.0
Check: tests
Result: ERROR
     Running ‘runit.R’ [19s/31s]
     Running ‘testthat.R’ [19s/34s]
    Running the tests in ‘tests/testthat.R’ failed.
    Complete output:
     > running_on_my_machines <- function() {
     + sys_info <- Sys.info()
     + r <- sys_info[["nodename"]] %in% c("h7") &&
     + sys_info[["effective_user"]] == "qwer" &&
     + .Platform[["OS.type"]] == "unix"
     + return(r)
     + }
     >
     > set_NOT_CRAN <- function() {
     + is_unset <- is.na(Sys.getenv("NOT_CRAN", unset = NA))
     + if (running_on_my_machines() && is_unset)
     + Sys.setenv("NOT_CRAN" = TRUE)
     + }
     >
     > set_NOT_CRAN()
     > library("testthat")
     > library("document")
     > test_check("document")
     ── R CMD build ─────────────────────────────────────────────────────────────────
     * checking for file ‘.../DESCRIPTION’ ... OK
     * preparing ‘mini.mal’:
     * checking DESCRIPTION meta-information ... OK
     * checking for LF line-endings in source and make files and shell scripts
     * checking for empty or unneeded directories
     * building ‘mini.mal_2.0.0.tar.gz’
    
     ── 1. Error: (unknown) (@test_basic.R#13) ─────────────────────────────────────
     Still alive
     1: document(file_name, check_package = TRUE, runit = TRUE) at testthat/test_basic.R:13
     2: check_package(package_directory = package_directory, working_directory = working_directory,
     check_as_cran = check_as_cran, debug = debug, stop_on_check_not_passing = stop_on_check_not_passing)
     3: rcmdcheck::rcmdcheck(path = package_directory, libpath = .libPaths(), args = check_args)
     4: build_package(path, check_dir, build_args = build_args, libpath = libpath, quiet = quiet)
     5: with_envvar(c(R_LIBS_USER = paste(libpath, collapse = .Platform$path.sep)), {
     proc <- pkgbuild_process$new(path, tmpdir, args = build_args)
     on.exit(proc$kill(), add = TRUE)
     callback <- detect_callback()
     while (proc$is_incomplete_output() || proc$is_incomplete_error()) {
     proc$poll_io(-1)
     out <- proc$read_output()
     err <- proc$read_error()
     if (!quiet) {
     out <- sub("(checking for file .)/.*DESCRIPTION(.)", "\\1.../DESCRIPTION\\2",
     out, perl = TRUE)
     callback(out)
     callback(err)
     }
     }
     proc$get_built_file()
     })
     6: force(code)
     7: proc$get_built_file()
     8: stop("Still alive")
    
     ══ testthat results ═══════════════════════════════════════════════════════════
     OK: 0 SKIPPED: 0 WARNINGS: 1 FAILED: 1
     1. Error: (unknown) (@test_basic.R#13)
    
     Error: testthat unit tests failed
     Execution halted
Flavor: r-patched-solaris-x86

Version: 3.1.0
Check: tests
Result: ERROR
     Running ‘runit.R’ [10s/14s]
     Running ‘testthat.R’ [0m/29m]
    Running the tests in ‘tests/testthat.R’ failed.
    Last 13 lines of output:
     ✔ checking whether the namespace can be loaded with stated dependencies
     checking whether the namespace can be unloaded cleanly ...
    
     ✔ checking whether the namespace can be unloaded cleanly (441ms)
    
    
     checking loading without being on the library search path ...
    
     ✔ checking loading without being on the library search path (436ms)
    
    
     checking use of S3 registration ...
     ══ testthat results ═══════════════════════════════════════════════════════════
     OK: 1 SKIPPED: 0 FAILED: 0
     Execution halted
Flavor: r-release-osx-x86_64

Version: 3.1.0
Check: running R code from vignettes
Result: FAIL
    
Flavor: r-release-osx-x86_64