CRAN Package Check Results for Package dogesr

Last updated on 2023-05-28 20:57:44 CEST.

Flavor Version Tinstall Tcheck Ttotal Status Flags
r-devel-linux-x86_64-debian-clang 0.2.0 6.62 76.54 83.16 OK
r-devel-linux-x86_64-debian-gcc 0.2.0 5.46 57.29 62.75 OK
r-devel-linux-x86_64-fedora-clang 0.2.0 104.33 NOTE
r-devel-linux-x86_64-fedora-gcc 0.3.0 119.37 NOTE
r-devel-windows-x86_64 0.2.0 8.00 79.00 87.00 OK
r-patched-linux-x86_64 0.2.0 7.17 71.48 78.65 OK
r-release-linux-x86_64 0.2.0 7.15 71.87 79.02 OK
r-release-macos-arm64 0.2.0 45.00 OK
r-release-macos-x86_64 0.2.0 64.00 OK
r-release-windows-x86_64 0.2.0 10.00 93.00 103.00 OK
r-oldrel-macos-arm64 0.2.0 30.00 OK
r-oldrel-macos-x86_64 0.2.0 51.00 OK
r-oldrel-windows-x86_64 0.2.0 9.00 101.00 110.00 OK

Check Details

Version: 0.2.0
Check: data for non-ASCII characters
Result: NOTE
     Note: found 3 marked UTF-8 strings
Flavor: r-devel-linux-x86_64-fedora-clang

Version: 0.3.0
Check: data for non-ASCII characters
Result: NOTE
     Note: found 3 marked UTF-8 strings
Flavor: r-devel-linux-x86_64-fedora-gcc