CRAN Package Check Results for Package doolkit

Last updated on 2022-05-21 07:07:29 CEST.

Flavor Version Tinstall Tcheck Ttotal Status Flags
r-devel-linux-x86_64-debian-clang 1.42.1 10.81 120.00 130.81 OK
r-devel-linux-x86_64-debian-gcc 1.42.1 9.12 82.20 91.32 OK
r-devel-linux-x86_64-fedora-clang 1.42.1 150.99 NOTE
r-devel-linux-x86_64-fedora-gcc 1.42.1 154.44 NOTE
r-devel-windows-x86_64 1.42.1 41.00 112.00 153.00 NOTE
r-patched-linux-x86_64 1.42.1 10.12 112.28 122.40 OK
r-release-linux-x86_64 1.42.1 10.77 113.49 124.26 OK
r-release-macos-arm64 1.42.1 222.00 NOTE
r-release-macos-x86_64 1.42.1 403.00 NOTE
r-release-windows-x86_64 1.42.1 33.00 111.00 144.00 NOTE
r-oldrel-macos-arm64 1.42.1 230.00 NOTE
r-oldrel-macos-x86_64 1.42.1 373.00 NOTE
r-oldrel-windows-ix86+x86_64 1.42.1 21.00 103.00 124.00 NOTE

Additional issues

M1mac

Check Details

Version: 1.42.1
Check: installed package size
Result: NOTE
     installed size is 6.5Mb
     sub-directories of 1Mb or more:
     R 2.1Mb
     data 2.0Mb
     extdata 2.3Mb
Flavors: r-devel-linux-x86_64-fedora-clang, r-devel-windows-x86_64, r-release-macos-arm64, r-release-macos-x86_64, r-release-windows-x86_64, r-oldrel-macos-arm64, r-oldrel-macos-x86_64, r-oldrel-windows-ix86+x86_64

Version: 1.42.1
Check: dependencies in R code
Result: NOTE
    Namespace in Imports field not imported from: ‘usethis’
     All declared Imports should be used.
Flavors: r-devel-linux-x86_64-fedora-clang, r-devel-linux-x86_64-fedora-gcc, r-release-macos-arm64, r-release-macos-x86_64, r-oldrel-macos-arm64, r-oldrel-macos-x86_64