CRAN Package Check Results for Package dosresmeta

Last updated on 2015-08-02 23:47:59.

Flavor Version Tinstall Tcheck Ttotal Status Flags
r-devel-linux-x86_64-debian-clang 1.3.0 2.60 35.14 37.74 NOTE
r-devel-linux-x86_64-debian-gcc 1.3.0 2.74 34.26 37.01 NOTE
r-devel-linux-x86_64-fedora-clang 1.3.0 78.55 NOTE
r-devel-linux-x86_64-fedora-gcc 1.3.0 73.34 NOTE
r-devel-osx-x86_64-clang 1.3.0 68.66 OK
r-devel-windows-ix86+x86_64 1.3.0 7.00 54.00 61.00 NOTE
r-patched-linux-x86_64 1.3.0 2.61 35.26 37.87 OK
r-patched-solaris-sparc 1.3.0 480.20 OK
r-patched-solaris-x86 1.3.0 102.40 OK
r-release-linux-x86_64 1.3.0 2.68 34.06 36.74 OK
r-release-osx-x86_64-mavericks 1.3.0 OK
r-release-windows-ix86+x86_64 1.3.0 11.00 60.00 71.00 OK
r-oldrel-windows-ix86+x86_64 1.3.0 13.00 69.00 82.00 OK

Check Details

Version: 1.3.0
Check: R code for possible problems
Result: NOTE
    dosresmeta: no visible global function definition for ‘qnorm’
    dosresmeta: no visible global function definition for ‘model.frame’
    dosresmeta: no visible global function definition for ‘model.response’
    dosresmeta: no visible global function definition for ‘model.matrix’
    dosresmeta: no visible global function definition for ‘lm’
    grl: no visible global function definition for ‘qnorm’
    hamling: no visible global function definition for ‘qnorm’
    hamling: no visible global function definition for ‘optim’
    predict.dosresmeta: no visible global function definition for
     ‘delete.response’
    predict.dosresmeta: no visible global function definition for
     ‘model.frame’
    predict.dosresmeta: no visible global function definition for
     ‘model.matrix’
    predict.dosresmeta: no visible global function definition for ‘qnorm’
    print.dosresmeta: no visible global function definition for ‘BIC’
    print.summary.dosresmeta: no visible global function definition for
     ‘symnum’
    print.summary.dosresmeta: no visible global function definition for
     ‘pchisq’
    summary.dosresmeta: no visible global function definition for ‘qnorm’
    summary.dosresmeta: no visible global function definition for ‘pnorm’
    summary.dosresmeta: no visible global function definition for ‘BIC’
    Undefined global functions or variables:
     BIC delete.response lm model.frame model.matrix model.response optim
     pchisq pnorm qnorm symnum
    Consider adding
     importFrom("stats", "BIC", "delete.response", "lm", "model.frame",
     "model.matrix", "model.response", "optim", "pchisq",
     "pnorm", "qnorm", "symnum")
    to your NAMESPACE.
Flavors: r-devel-linux-x86_64-debian-clang, r-devel-linux-x86_64-debian-gcc, r-devel-linux-x86_64-fedora-clang, r-devel-linux-x86_64-fedora-gcc, r-devel-windows-ix86+x86_64