CRAN Package Check Results for Package dostats

Last updated on 2014-12-17 23:47:14.

Flavor Version Tinstall Tcheck Ttotal Status Flags
r-devel-linux-x86_64-debian-clang 1.3.1 0.67 11.63 12.30 NOTE
r-devel-linux-x86_64-debian-gcc 1.3.1 0.67 11.44 12.11 NOTE
r-devel-linux-x86_64-fedora-clang 1.3.1 25.72 NOTE
r-devel-linux-x86_64-fedora-gcc 1.3.1 23.80 NOTE
r-devel-osx-x86_64-clang 1.3.1 28.24 NOTE
r-devel-windows-ix86+x86_64 1.3.1 4.00 19.00 23.00 NOTE
r-patched-linux-x86_64 1.3.1 0.70 11.60 12.30 NOTE
r-patched-solaris-sparc 1.3.1 164.40 NOTE
r-patched-solaris-x86 1.3.1 34.80 NOTE
r-release-linux-ix86 1.3.1 0.97 17.58 18.56 NOTE
r-release-linux-x86_64 1.3.1 0.69 11.86 12.54 NOTE
r-release-osx-x86_64-mavericks 1.3.1 OK
r-release-osx-x86_64-snowleopard 1.3.1 OK
r-release-windows-ix86+x86_64 1.3.1 3.00 20.00 23.00 NOTE
r-oldrel-windows-ix86+x86_64 1.3.1 3.00 20.00 23.00 OK

Check Details

Version: 1.3.1
Check: R code for possible problems
Result: NOTE
    Table1: no visible global function definition for ‘idata.frame’
    copy_names: no visible global function definition for ‘dlply’
    depth: no visible global function definition for ‘laply’
    dseval_fork: no visible global function definition for ‘dlply’
    dseval_left.dostats.formula.bind: no visible global function definition
     for ‘llply’
    dseval_right.dostats.formula.bind: no visible global function
     definition for ‘llply’
    dseval_right.dostats.formula.bind: no visible global function
     definition for ‘laply’
    dseval_right.dostats.formula.by_two_fun: no visible global function
     definition for ‘llply’
    dseval_right.dostats.formula.nest: no visible global function
     definition for ‘llply’
    dseval_right.dostats.formula.nest: no visible global function
     definition for ‘laply’
    find_headers.hdf: no visible global function definition for ‘llply’
    find_headers.hdf: no visible global function definition for ‘laply’
    find_headers.list: no visible global function definition for ‘llply’
    find_headers.list: no visible global function definition for ‘laply’
    format.hdf: no visible global function definition for ‘llply’
    get_vars.dostats.formula.bind: no visible global function definition
     for ‘llply’
    get_vars.dostats.formula.nest: no visible global function definition
     for ‘llply’
    hdf: no visible global function definition for ‘llply’
    hdf: no visible global function definition for ‘laply’
    is_uniform: no visible global function definition for ‘laply’
    listrows: no visible global function definition for ‘mlply’
    make_pmat: no visible global function definition for ‘laply’
    make_ppath: no visible global function definition for ‘llply’
    parse_bind: no visible global function definition for ‘llply’
    parse_by_two_fun: no visible global function definition for ‘llply’
    parse_nest: no visible global function definition for ‘llply’
    rbind.hdf: no visible global function definition for ‘llply’
    rbind.hdf: no visible global function definition for ‘laply’
    rbind.hdf : <anonymous>: no visible global function definition for
     ‘llply’
    take_names.default: no visible global function definition for ‘llply’
    trace_parents: no visible global function definition for ‘llply’
    unroll: no visible global function definition for ‘llply’
Flavors: r-devel-linux-x86_64-debian-clang, r-devel-linux-x86_64-debian-gcc, r-devel-linux-x86_64-fedora-clang, r-devel-linux-x86_64-fedora-gcc, r-devel-osx-x86_64-clang, r-devel-windows-ix86+x86_64, r-patched-linux-x86_64, r-patched-solaris-sparc, r-patched-solaris-x86, r-release-linux-ix86, r-release-linux-x86_64, r-release-windows-ix86+x86_64