CRAN Package Check Results for Package dostats

Last updated on 2015-07-31 18:48:14.

Flavor Version Tinstall Tcheck Ttotal Status Flags
r-devel-linux-x86_64-debian-clang 1.3.2 0.59 10.56 11.15 NOTE
r-devel-linux-x86_64-debian-gcc 1.3.2 0.77 10.17 10.94 NOTE
r-devel-linux-x86_64-fedora-clang 1.3.2 20.91 NOTE
r-devel-linux-x86_64-fedora-gcc 1.3.2 18.77 NOTE
r-devel-osx-x86_64-clang 1.3.2 21.54 OK
r-devel-windows-ix86+x86_64 1.3.2 5.00 19.00 24.00 NOTE
r-patched-linux-x86_64 1.3.2 0.61 10.11 10.72 OK
r-patched-solaris-sparc 1.3.2 130.80 OK
r-patched-solaris-x86 1.3.2 29.60 OK
r-release-linux-x86_64 1.3.2 0.61 10.54 11.15 OK
r-release-osx-x86_64-mavericks 1.3.2 OK
r-release-windows-ix86+x86_64 1.3.2 4.00 19.00 23.00 OK
r-oldrel-windows-ix86+x86_64 1.3.2 3.00 22.00 25.00 OK

Check Details

Version: 1.3.2
Check: R code for possible problems
Result: NOTE
    dostats: no visible binding for global variable ‘na.fail’
    first: no visible global function definition for ‘head’
    last: no visible global function definition for ‘tail’
    pval.default: no visible global function definition for ‘.hasSlot’
    pval.lm: no visible global function definition for ‘anova’
    Undefined global functions or variables:
     .hasSlot anova head na.fail tail
    Consider adding
     importFrom("methods", ".hasSlot")
     importFrom("stats", "anova", "na.fail")
     importFrom("utils", "head", "tail")
    to your NAMESPACE.
Flavors: r-devel-linux-x86_64-debian-clang, r-devel-linux-x86_64-debian-gcc, r-devel-linux-x86_64-fedora-clang, r-devel-linux-x86_64-fedora-gcc, r-devel-windows-ix86+x86_64