CRAN Package Check Results for Package dostats

Last updated on 2014-04-23 12:48:17.

Flavor Version Tinstall Tcheck Ttotal Status Flags
r-devel-linux-x86_64-debian-clang 1.3.0 0.77 12.22 13.00 OK
r-devel-linux-x86_64-debian-gcc 1.3.0 0.77 12.04 12.81 OK
r-devel-linux-x86_64-fedora-clang 1.3.0 24.87 OK
r-devel-linux-x86_64-fedora-gcc 1.3.0 23.97 OK
r-devel-osx-x86_64-clang 1.3.0 25.66 OK
r-devel-osx-x86_64-gcc 1.3.0 OK
r-devel-windows-ix86+x86_64 1.3.0 2.00 20.00 22.00 OK
r-patched-linux-x86_64 1.3.0 0.70 11.96 12.66 OK
r-patched-solaris-sparc 1.3.0 144.80 OK
r-patched-solaris-x86 1.3.0 36.00 OK
r-release-linux-ix86 1.3.0 1.00 26.00 27.00 OK
r-release-linux-x86_64 1.3.0 0.69 12.24 12.93 OK
r-release-osx-x86_64-mavericks 1.3.0 WARN
r-release-osx-x86_64-snowleopard 1.3.0 OK
r-release-windows-ix86+x86_64 1.3.0 2.00 20.00 22.00 OK
r-oldrel-windows-ix86+x86_64 1.3.0 3.00 19.00 22.00 OK

Check Details

Version: 1.3.0
Check: PDF version of manual
Result: WARNING
    LaTeX errors when creating PDF version.
    This typically indicates Rd problems.
    LaTeX errors found:
    ! LaTeX Error: File `upquote.sty' not found.
    
    Type X to quit or <RETURN> to proceed,
    or enter new name. (Default extension: sty)
    
    b870aa5/Rd2.tex:8: ==> Fatal error occurred, no output PDF file produced!
Flavor: r-release-osx-x86_64-mavericks