CRAN Package Check Results for Package dostats

Last updated on 2016-06-26 06:46:57.

Flavor Version Tinstall Tcheck Ttotal Status Flags
r-devel-linux-x86_64-debian-gcc 1.3.2 0.62 11.64 12.26 NOTE
r-devel-linux-x86_64-fedora-clang 1.3.2 17.87 NOTE
r-devel-linux-x86_64-fedora-gcc 1.3.2 16.62 NOTE
r-devel-osx-x86_64-clang 1.3.2 16.73 NOTE
r-devel-windows-ix86+x86_64 1.3.2 3.00 41.00 44.00 NOTE
r-patched-linux-x86_64 1.3.2 0.72 10.55 11.27 NOTE
r-patched-solaris-sparc 1.3.2 119.50 NOTE
r-patched-solaris-x86 1.3.2 27.30 NOTE
r-release-linux-x86_64 1.3.2 0.67 11.07 11.74 NOTE
r-release-osx-x86_64-mavericks 1.3.2 NOTE
r-release-windows-ix86+x86_64 1.3.2 4.00 25.00 29.00 NOTE
r-oldrel-windows-ix86+x86_64 1.3.2 4.00 35.00 39.00 OK

Check Details

Version: 1.3.2
Check: R code for possible problems
Result: NOTE
    dostats: no visible binding for global variable ‘na.fail’
    first: no visible global function definition for ‘head’
    last: no visible global function definition for ‘tail’
    pval.default: no visible global function definition for ‘.hasSlot’
    pval.lm: no visible global function definition for ‘anova’
    Undefined global functions or variables:
     .hasSlot anova head na.fail tail
    Consider adding
     importFrom("methods", ".hasSlot")
     importFrom("stats", "anova", "na.fail")
     importFrom("utils", "head", "tail")
    to your NAMESPACE file (and ensure that your DESCRIPTION Imports field
    contains 'methods').
Flavors: r-devel-linux-x86_64-debian-gcc, r-devel-linux-x86_64-fedora-clang, r-devel-linux-x86_64-fedora-gcc, r-devel-osx-x86_64-clang, r-devel-windows-ix86+x86_64, r-patched-linux-x86_64, r-patched-solaris-sparc, r-patched-solaris-x86, r-release-linux-x86_64, r-release-osx-x86_64-mavericks, r-release-windows-ix86+x86_64