CRAN Package Check Results for Package dostats

Last updated on 2016-12-08 15:48:16.

Flavor Version Tinstall Tcheck Ttotal Status Flags
r-devel-linux-x86_64-debian-clang 1.3.2 0.81 12.24 13.05 NOTE
r-devel-linux-x86_64-debian-gcc 1.3.2 0.81 12.21 13.01 NOTE
r-devel-linux-x86_64-fedora-clang 1.3.2 22.91 NOTE --no-stop-on-test-error
r-devel-linux-x86_64-fedora-gcc 1.3.2 21.45 NOTE --no-stop-on-test-error
r-devel-macos-x86_64-clang 1.3.2 19.99 NOTE --no-stop-on-test-error
r-devel-windows-ix86+x86_64 1.3.2 3.00 38.00 41.00 NOTE
r-patched-linux-x86_64 1.3.2 0.64 10.29 10.93 NOTE
r-patched-solaris-sparc 1.3.2 119.50 NOTE
r-patched-solaris-x86 1.3.2 29.00 NOTE
r-release-linux-x86_64 1.3.2 0.62 10.19 10.81 NOTE
r-release-osx-x86_64-mavericks 1.3.2 NOTE
r-release-windows-ix86+x86_64 1.3.2 3.00 26.00 29.00 NOTE
r-oldrel-windows-ix86+x86_64 1.3.2 5.00 34.00 39.00 OK

Check Details

Version: 1.3.2
Check: R code for possible problems
Result: NOTE
    dostats: no visible binding for global variable ‘na.fail’
    first: no visible global function definition for ‘head’
    last: no visible global function definition for ‘tail’
    pval.default: no visible global function definition for ‘.hasSlot’
    pval.lm: no visible global function definition for ‘anova’
    Undefined global functions or variables:
     .hasSlot anova head na.fail tail
    Consider adding
     importFrom("methods", ".hasSlot")
     importFrom("stats", "anova", "na.fail")
     importFrom("utils", "head", "tail")
    to your NAMESPACE file (and ensure that your DESCRIPTION Imports field
    contains 'methods').
Flavors: r-devel-linux-x86_64-debian-clang, r-devel-linux-x86_64-debian-gcc, r-devel-windows-ix86+x86_64, r-patched-linux-x86_64, r-patched-solaris-sparc, r-patched-solaris-x86, r-release-linux-x86_64, r-release-osx-x86_64-mavericks, r-release-windows-ix86+x86_64

Version: 1.3.2
Flags: --no-stop-on-test-error
Check: R code for possible problems
Result: NOTE
    dostats: no visible binding for global variable ‘na.fail’
    first: no visible global function definition for ‘head’
    last: no visible global function definition for ‘tail’
    pval.default: no visible global function definition for ‘.hasSlot’
    pval.lm: no visible global function definition for ‘anova’
    Undefined global functions or variables:
     .hasSlot anova head na.fail tail
    Consider adding
     importFrom("methods", ".hasSlot")
     importFrom("stats", "anova", "na.fail")
     importFrom("utils", "head", "tail")
    to your NAMESPACE file (and ensure that your DESCRIPTION Imports field
    contains 'methods').
Flavors: r-devel-linux-x86_64-fedora-clang, r-devel-linux-x86_64-fedora-gcc, r-devel-macos-x86_64-clang