CRAN Package Check Results for Package dostats

Last updated on 2015-05-28 05:46:48.

Flavor Version Tinstall Tcheck Ttotal Status Flags
r-devel-linux-x86_64-debian-clang 1.3.1 0.65 12.47 13.12 ERROR
r-devel-linux-x86_64-debian-gcc 1.3.1 0.64 11.24 11.87 ERROR
r-devel-linux-x86_64-fedora-clang 1.3.1 21.32 ERROR
r-devel-linux-x86_64-fedora-gcc 1.3.1 20.43 ERROR
r-devel-osx-x86_64-clang 1.3.1 25.62 ERROR
r-devel-windows-ix86+x86_64 1.3.1 3.00 18.00 21.00 ERROR
r-patched-linux-x86_64 1.3.1 0.70 11.06 11.76 ERROR
r-patched-solaris-sparc 1.3.1 155.00 ERROR
r-patched-solaris-x86 1.3.1 32.90 ERROR
r-release-linux-x86_64 1.3.1 0.87 12.33 13.20 ERROR
r-release-osx-x86_64-mavericks 1.3.1 NOTE
r-release-osx-x86_64-snowleopard 1.3.1 NOTE
r-release-windows-ix86+x86_64 1.3.1 3.00 20.00 23.00 ERROR
r-oldrel-windows-ix86+x86_64 1.3.1 3.00 21.00 24.00 NOTE

Check Details

Version: 1.3.1
Check: R code for possible problems
Result: NOTE
    Table1: no visible global function definition for ‘idata.frame’
    copy_names: no visible global function definition for ‘dlply’
    depth: no visible global function definition for ‘laply’
    dseval_fork: no visible global function definition for ‘dlply’
    dseval_left.dostats.formula.bind: no visible global function definition
     for ‘llply’
    dseval_right.dostats.formula.bind: no visible global function
     definition for ‘llply’
    dseval_right.dostats.formula.bind: no visible global function
     definition for ‘laply’
    dseval_right.dostats.formula.by_two_fun: no visible global function
     definition for ‘llply’
    dseval_right.dostats.formula.nest: no visible global function
     definition for ‘llply’
    dseval_right.dostats.formula.nest: no visible global function
     definition for ‘laply’
    find_headers.hdf: no visible global function definition for ‘llply’
    find_headers.hdf: no visible global function definition for ‘laply’
    find_headers.list: no visible global function definition for ‘llply’
    find_headers.list: no visible global function definition for ‘laply’
    format.hdf: no visible global function definition for ‘llply’
    get_vars.dostats.formula.bind: no visible global function definition
     for ‘llply’
    get_vars.dostats.formula.nest: no visible global function definition
     for ‘llply’
    hdf: no visible global function definition for ‘llply’
    hdf: no visible global function definition for ‘laply’
    is_uniform: no visible global function definition for ‘laply’
    listrows: no visible global function definition for ‘mlply’
    make_pmat: no visible global function definition for ‘laply’
    make_ppath: no visible global function definition for ‘llply’
    parse_bind: no visible global function definition for ‘llply’
    parse_by_two_fun: no visible global function definition for ‘llply’
    parse_nest: no visible global function definition for ‘llply’
    rbind.hdf: no visible global function definition for ‘llply’
    rbind.hdf: no visible global function definition for ‘laply’
    rbind.hdf : <anonymous>: no visible global function definition for
     ‘llply’
    take_names.default: no visible global function definition for ‘llply’
    trace_parents: no visible global function definition for ‘llply’
    unroll: no visible global function definition for ‘llply’
Flavors: r-devel-linux-x86_64-debian-clang, r-devel-linux-x86_64-debian-gcc, r-devel-linux-x86_64-fedora-clang, r-devel-linux-x86_64-fedora-gcc, r-devel-osx-x86_64-clang, r-devel-windows-ix86+x86_64, r-patched-linux-x86_64, r-patched-solaris-sparc, r-patched-solaris-x86, r-release-linux-x86_64, r-release-osx-x86_64-mavericks, r-release-osx-x86_64-snowleopard, r-release-windows-ix86+x86_64, r-oldrel-windows-ix86+x86_64

Version: 1.3.1
Check: tests
Result: ERROR
    Running the tests in ‘tests/test_package.R’ failed.
    Last 13 lines of output:
     2. Error: recombine.hdf --------------------------------------------------------
     could not find function "llply"
     1: withCallingHandlers(eval(code, new_test_environment), error = capture_calls, message = function(c) invokeRestart("muffleMessage"),
     warning = function(c) invokeRestart("muffleWarning"))
     2: eval(code, new_test_environment)
     3: eval(expr, envir, enclos)
     4: hdf(hdf(i = 1:3), j = hdf(l = hdf(.T(a, b, c)), L = hdf(.T(A, B, C)))) at test_internal_recombine.R:38
     5: hdf(i = 1:3)
     6: Filter(Negate(is.null), llply(l, rownames))
     7: unlist(lapply(x, f))
     8: lapply(x, f)
     Error: Test failures
     Execution halted
Flavors: r-devel-linux-x86_64-debian-clang, r-devel-linux-x86_64-debian-gcc, r-devel-linux-x86_64-fedora-clang, r-devel-linux-x86_64-fedora-gcc, r-devel-osx-x86_64-clang, r-devel-windows-ix86+x86_64, r-patched-linux-x86_64, r-patched-solaris-sparc, r-patched-solaris-x86, r-release-linux-x86_64, r-release-windows-ix86+x86_64