CRAN Package Check Results for Package dostats

Last updated on 2017-02-27 23:03:22.

Flavor Version Tinstall Tcheck Ttotal Status Flags
r-devel-linux-x86_64-debian-clang 1.3.2 0.69 12.53 13.22 NOTE
r-devel-linux-x86_64-debian-gcc 1.3.2 0.88 12.45 13.34 NOTE
r-devel-linux-x86_64-fedora-clang 1.3.2 22.15 NOTE --no-stop-on-test-error
r-devel-linux-x86_64-fedora-gcc 1.3.2 21.03 NOTE --no-stop-on-test-error
r-devel-macos-x86_64-clang 1.3.2 20.48 NOTE --no-stop-on-test-error
r-devel-windows-ix86+x86_64 1.3.2 2.00 68.00 70.00 NOTE
r-patched-linux-x86_64 1.3.2 0.59 10.10 10.69 NOTE
r-patched-solaris-sparc 1.3.2 123.30 NOTE
r-patched-solaris-x86 1.3.2 26.40 NOTE
r-release-linux-x86_64 1.3.2 0.59 10.21 10.80 NOTE
r-release-osx-x86_64-mavericks 1.3.2 NOTE
r-release-windows-ix86+x86_64 1.3.2 6.00 37.00 43.00 NOTE
r-oldrel-windows-ix86+x86_64 1.3.2 3.00 32.00 35.00 OK

Check Details

Version: 1.3.2
Check: R code for possible problems
Result: NOTE
    dostats: no visible binding for global variable ‘na.fail’
    first: no visible global function definition for ‘head’
    last: no visible global function definition for ‘tail’
    pval.default: no visible global function definition for ‘.hasSlot’
    pval.lm: no visible global function definition for ‘anova’
    Undefined global functions or variables:
     .hasSlot anova head na.fail tail
    Consider adding
     importFrom("methods", ".hasSlot")
     importFrom("stats", "anova", "na.fail")
     importFrom("utils", "head", "tail")
    to your NAMESPACE file (and ensure that your DESCRIPTION Imports field
    contains 'methods').
Flavors: r-devel-linux-x86_64-debian-clang, r-devel-linux-x86_64-debian-gcc, r-devel-windows-ix86+x86_64, r-patched-linux-x86_64, r-patched-solaris-sparc, r-patched-solaris-x86, r-release-linux-x86_64, r-release-osx-x86_64-mavericks, r-release-windows-ix86+x86_64

Version: 1.3.2
Flags: --no-stop-on-test-error
Check: R code for possible problems
Result: NOTE
    dostats: no visible binding for global variable ‘na.fail’
    first: no visible global function definition for ‘head’
    last: no visible global function definition for ‘tail’
    pval.default: no visible global function definition for ‘.hasSlot’
    pval.lm: no visible global function definition for ‘anova’
    Undefined global functions or variables:
     .hasSlot anova head na.fail tail
    Consider adding
     importFrom("methods", ".hasSlot")
     importFrom("stats", "anova", "na.fail")
     importFrom("utils", "head", "tail")
    to your NAMESPACE file (and ensure that your DESCRIPTION Imports field
    contains 'methods').
Flavors: r-devel-linux-x86_64-fedora-clang, r-devel-linux-x86_64-fedora-gcc, r-devel-macos-x86_64-clang