CRAN Package Check Results for Package dostats

Last updated on 2014-08-31 05:50:06.

Flavor Version Tinstall Tcheck Ttotal Status Flags
r-devel-linux-x86_64-debian-clang 1.3.1 0.69 11.20 11.88 NOTE
r-devel-linux-x86_64-debian-gcc 1.3.1 0.62 10.81 11.43 NOTE
r-devel-linux-x86_64-fedora-clang 1.3.1 24.86 NOTE
r-devel-linux-x86_64-fedora-gcc 1.3.1 22.16 NOTE
r-devel-osx-x86_64-clang 1.3.1 26.19 NOTE
r-devel-windows-ix86+x86_64 1.3.1 2.00 18.00 20.00 NOTE
r-patched-linux-x86_64 1.3.1 0.66 11.56 12.22 OK
r-patched-solaris-sparc 1.3.1 146.50 OK
r-patched-solaris-x86 1.3.1 35.90 OK
r-release-linux-ix86 1.3.1 0.95 18.18 19.13 OK
r-release-linux-x86_64 1.3.1 0.72 11.82 12.54 OK
r-release-osx-x86_64-mavericks 1.3.1 OK
r-release-osx-x86_64-snowleopard 1.3.1 OK
r-release-windows-ix86+x86_64 1.3.1 2.00 27.00 29.00 OK
r-oldrel-windows-ix86+x86_64 1.3.1 3.00 19.00 22.00 OK

Check Details

Version: 1.3.1
Check: R code for possible problems
Result: NOTE
    Table1: no visible global function definition for ‘idata.frame’
    copy_names: no visible global function definition for ‘dlply’
    depth: no visible global function definition for ‘laply’
    dseval_fork: no visible global function definition for ‘dlply’
    dseval_left.dostats.formula.bind: no visible global function definition
     for ‘llply’
    dseval_right.dostats.formula.bind: no visible global function
     definition for ‘llply’
    dseval_right.dostats.formula.bind: no visible global function
     definition for ‘laply’
    dseval_right.dostats.formula.by_two_fun: no visible global function
     definition for ‘llply’
    dseval_right.dostats.formula.nest: no visible global function
     definition for ‘llply’
    dseval_right.dostats.formula.nest: no visible global function
     definition for ‘laply’
    find_headers.hdf: no visible global function definition for ‘llply’
    find_headers.hdf: no visible global function definition for ‘laply’
    find_headers.list: no visible global function definition for ‘llply’
    find_headers.list: no visible global function definition for ‘laply’
    format.hdf: no visible global function definition for ‘llply’
    get_vars.dostats.formula.bind: no visible global function definition
     for ‘llply’
    get_vars.dostats.formula.nest: no visible global function definition
     for ‘llply’
    hdf: no visible global function definition for ‘llply’
    hdf: no visible global function definition for ‘laply’
    is_uniform: no visible global function definition for ‘laply’
    listrows: no visible global function definition for ‘mlply’
    make_pmat: no visible global function definition for ‘laply’
    make_ppath: no visible global function definition for ‘llply’
    parse_bind: no visible global function definition for ‘llply’
    parse_by_two_fun: no visible global function definition for ‘llply’
    parse_nest: no visible global function definition for ‘llply’
    rbind.hdf: no visible global function definition for ‘llply’
    rbind.hdf: no visible global function definition for ‘laply’
    rbind.hdf : <anonymous>: no visible global function definition for
     ‘llply’
    take_names.default: no visible global function definition for ‘llply’
    trace_parents: no visible global function definition for ‘llply’
    unroll: no visible global function definition for ‘llply’
Flavors: r-devel-linux-x86_64-debian-clang, r-devel-linux-x86_64-debian-gcc, r-devel-linux-x86_64-fedora-clang, r-devel-linux-x86_64-fedora-gcc, r-devel-osx-x86_64-clang, r-devel-windows-ix86+x86_64