CRAN Package Check Results for Package dostats

Last updated on 2016-02-11 07:47:25.

Flavor Version Tinstall Tcheck Ttotal Status Flags
r-devel-linux-x86_64-debian-gcc 1.3.2 0.59 9.31 9.90 NOTE
r-devel-linux-x86_64-fedora-clang 1.3.2 17.71 NOTE
r-devel-linux-x86_64-fedora-gcc 1.3.2 17.07 NOTE
r-devel-osx-x86_64-clang 1.3.2 21.24 NOTE
r-devel-windows-ix86+x86_64 1.3.2 4.00 26.00 30.00 NOTE
r-patched-linux-x86_64 1.3.2 0.79 10.58 11.37 OK
r-patched-solaris-sparc 1.3.2 116.40 OK
r-patched-solaris-x86 1.3.2 25.70 OK
r-release-linux-x86_64 1.3.2 0.64 10.69 11.33 OK
r-release-osx-x86_64-mavericks 1.3.2 OK
r-release-windows-ix86+x86_64 1.3.2 4.00 20.00 24.00 OK
r-oldrel-windows-ix86+x86_64 1.3.2 4.00 22.00 26.00 OK

Check Details

Version: 1.3.2
Check: R code for possible problems
Result: NOTE
    dostats: no visible binding for global variable ‘na.fail’
    first: no visible global function definition for ‘head’
    last: no visible global function definition for ‘tail’
    pval.default: no visible global function definition for ‘.hasSlot’
    pval.lm: no visible global function definition for ‘anova’
    Undefined global functions or variables:
     .hasSlot anova head na.fail tail
    Consider adding
     importFrom("methods", ".hasSlot")
     importFrom("stats", "anova", "na.fail")
     importFrom("utils", "head", "tail")
    to your NAMESPACE file (and ensure that your DESCRIPTION Imports field
    contains 'methods').
Flavors: r-devel-linux-x86_64-debian-gcc, r-devel-linux-x86_64-fedora-clang, r-devel-linux-x86_64-fedora-gcc, r-devel-osx-x86_64-clang, r-devel-windows-ix86+x86_64