CRAN Package Check Results for Package dostats

Last updated on 2015-08-30 09:47:21.

Flavor Version Tinstall Tcheck Ttotal Status Flags
r-devel-linux-x86_64-debian-clang 1.3.2 0.56 9.55 10.12 NOTE
r-devel-linux-x86_64-debian-gcc 1.3.2 0.57 9.40 9.96 NOTE
r-devel-linux-x86_64-fedora-clang 1.3.2 21.03 NOTE
r-devel-linux-x86_64-fedora-gcc 1.3.2 18.74 NOTE
r-devel-osx-x86_64-clang 1.3.2 21.56 OK
r-devel-windows-ix86+x86_64 1.3.2 4.00 23.00 27.00 NOTE
r-patched-linux-x86_64 1.3.2 0.62 10.05 10.67 OK
r-patched-solaris-sparc 1.3.2 130.80 OK
r-patched-solaris-x86 1.3.2 30.90 OK
r-release-linux-x86_64 1.3.2 0.63 10.18 10.81 OK
r-release-osx-x86_64-mavericks 1.3.2 OK
r-release-windows-ix86+x86_64 1.3.2 4.00 30.00 34.00 OK
r-oldrel-windows-ix86+x86_64 1.3.2 5.00 21.00 26.00 OK

Check Details

Version: 1.3.2
Check: R code for possible problems
Result: NOTE
    dostats: no visible binding for global variable ‘na.fail’
    first: no visible global function definition for ‘head’
    last: no visible global function definition for ‘tail’
    pval.default: no visible global function definition for ‘.hasSlot’
    pval.lm: no visible global function definition for ‘anova’
    Undefined global functions or variables:
     .hasSlot anova head na.fail tail
    Consider adding
     importFrom("methods", ".hasSlot")
     importFrom("stats", "anova", "na.fail")
     importFrom("utils", "head", "tail")
    to your NAMESPACE (and ensure that your DESCRIPTION Imports field
    contains 'methods').
Flavors: r-devel-linux-x86_64-debian-clang, r-devel-linux-x86_64-debian-gcc, r-devel-linux-x86_64-fedora-clang, r-devel-linux-x86_64-fedora-gcc, r-devel-windows-ix86+x86_64