CRAN Package Check Results for Package dotCall64

Last updated on 2024-07-24 19:54:02 CEST.

Flavor Version Tinstall Tcheck Ttotal Status Flags
r-devel-linux-x86_64-debian-clang 1.1-1 3.46 23.49 26.95 NOTE
r-devel-linux-x86_64-debian-gcc 1.1-1 2.42 18.48 20.90 NOTE
r-devel-linux-x86_64-fedora-clang 1.1-1 35.76 NOTE
r-devel-linux-x86_64-fedora-gcc 1.1-1 36.27 NOTE
r-devel-windows-x86_64 1.1-1 9.00 47.00 56.00 NOTE
r-patched-linux-x86_64 1.1-1 3.60 22.45 26.05 OK
r-release-linux-x86_64 1.1-1 2.80 23.47 26.27 OK
r-release-macos-arm64 1.1-1 17.00 OK
r-release-macos-x86_64 1.1-1 36.00 OK
r-release-windows-x86_64 1.1-1 9.00 45.00 54.00 OK
r-oldrel-macos-arm64 1.1-1 32.00 OK
r-oldrel-macos-x86_64 1.1-1 52.00 OK
r-oldrel-windows-x86_64 1.1-1 8.00 49.00 57.00 OK

Check Details

Version: 1.1-1
Check: compiled code
Result: NOTE File ‘dotCall64/libs/dotCall64.so’: Found non-API call to R: ‘NAMED’ Compiled code should not call non-API entry points in R. See ‘Writing portable packages’ in the ‘Writing R Extensions’ manual, and section ‘Moving into C API compliance’ for issues with the use of non-API entry points. Flavors: r-devel-linux-x86_64-debian-clang, r-devel-linux-x86_64-debian-gcc, r-devel-linux-x86_64-fedora-clang, r-devel-linux-x86_64-fedora-gcc

Version: 1.1-1
Check: compiled code
Result: NOTE File 'dotCall64/libs/x64/dotCall64.dll': Found non-API call to R: 'NAMED' Compiled code should not call non-API entry points in R. See 'Writing portable packages' in the 'Writing R Extensions' manual, and section 'Moving into C API compliance' for issues with the use of non-API entry points. Flavor: r-devel-windows-x86_64