CRAN Package Check Results for Package dotCall64

Last updated on 2022-01-29 07:53:14 CET.

Flavor Version Tinstall Tcheck Ttotal Status Flags
r-devel-linux-x86_64-debian-clang 1.0-1 3.39 32.62 36.01 NOTE
r-devel-linux-x86_64-debian-gcc 1.0-1 2.71 25.13 27.84 NOTE
r-devel-linux-x86_64-fedora-clang 1.0-1 43.86 NOTE
r-devel-linux-x86_64-fedora-gcc 1.0-1 31.50 NOTE
r-devel-windows-x86_64-new-UL 1.0-1 34.00 53.00 87.00 NOTE
r-devel-windows-x86_64-new-TK 1.0-1 NOTE
r-patched-linux-x86_64 1.0-1 NOTE
r-release-linux-x86_64 1.0-1 3.20 30.71 33.91 NOTE
r-release-macos-arm64 1.0-1 OK
r-release-macos-x86_64 1.0-1 OK
r-release-windows-ix86+x86_64 1.0-1 13.00 48.00 61.00 OK
r-oldrel-macos-x86_64 1.0-1 OK
r-oldrel-windows-ix86+x86_64 1.0-1 11.00 51.00 62.00 OK

Check Details

Version: 1.0-1
Check: package dependencies
Result: NOTE
    Package suggested but not available for checking: 'OpenMPController'
Flavors: r-devel-linux-x86_64-debian-clang, r-devel-linux-x86_64-debian-gcc, r-devel-linux-x86_64-fedora-clang, r-devel-linux-x86_64-fedora-gcc, r-devel-windows-x86_64-new-UL, r-devel-windows-x86_64-new-TK, r-patched-linux-x86_64, r-release-linux-x86_64