CRAN Package Check Results for Package dotwhisker

Last updated on 2019-03-23 16:47:44 CET.

Flavor Version Tinstall Tcheck Ttotal Status Flags
r-devel-linux-x86_64-debian-clang 0.5.0 5.22 78.04 83.26 OK
r-devel-linux-x86_64-debian-gcc 0.5.0 4.81 60.28 65.09 OK
r-devel-linux-x86_64-fedora-clang 0.5.0 103.28 OK
r-devel-linux-x86_64-fedora-gcc 0.5.0 93.43 OK
r-devel-windows-ix86+x86_64 0.5.0 19.00 130.00 149.00 OK
r-patched-linux-x86_64 0.5.0 4.13 72.88 77.01 OK
r-patched-solaris-x86 0.5.0 132.20 OK
r-release-linux-x86_64 0.5.0 0.45 2.50 2.95 ERROR
r-release-windows-ix86+x86_64 0.5.0 9.00 93.00 102.00 OK
r-release-osx-x86_64 0.5.0 OK
r-oldrel-windows-ix86+x86_64 0.5.0 9.00 127.00 136.00 OK
r-oldrel-osx-x86_64 0.5.0 OK

Check Details

Version: 0.5.0
Check: whether package can be installed
Result: ERROR
    Installation failed.
Flavor: r-release-linux-x86_64