CRAN Package Check Results for Package doubt

Last updated on 2024-03-01 12:51:54 CET.

Flavor Version Tinstall Tcheck Ttotal Status Flags
r-devel-linux-x86_64-debian-clang 0.1.0 2.14 25.90 28.04 NOTE
r-devel-linux-x86_64-debian-gcc 0.1.0 1.58 20.43 22.01 NOTE
r-devel-linux-x86_64-fedora-clang 0.1.0 36.19 NOTE
r-devel-linux-x86_64-fedora-gcc 0.1.0 33.33 NOTE
r-devel-windows-x86_64 0.1.0 3.00 42.00 45.00 NOTE
r-patched-linux-x86_64 0.1.0 2.02 25.54 27.56 NOTE
r-release-linux-x86_64 0.1.0 1.75 25.50 27.25 NOTE
r-release-macos-arm64 0.1.0 17.00 NOTE
r-release-macos-x86_64 0.1.0 21.00 NOTE
r-release-windows-x86_64 0.1.0 4.00 41.00 45.00 NOTE
r-oldrel-macos-arm64 0.1.0 19.00 NOTE
r-oldrel-windows-x86_64 0.1.0 4.00 47.00 51.00 NOTE

Check Details

Version: 0.1.0
Check: LazyData
Result: NOTE 'LazyData' is specified without a 'data' directory Flavors: r-devel-linux-x86_64-debian-clang, r-devel-linux-x86_64-debian-gcc, r-devel-linux-x86_64-fedora-clang, r-devel-linux-x86_64-fedora-gcc, r-devel-windows-x86_64, r-patched-linux-x86_64, r-release-linux-x86_64, r-release-macos-arm64, r-release-macos-x86_64, r-release-windows-x86_64, r-oldrel-macos-arm64, r-oldrel-windows-x86_64