CRAN Package Check Results for Package downloader

Last updated on 2014-12-21 11:46:32.

Flavor Version Tinstall Tcheck Ttotal Status Flags
r-devel-linux-x86_64-debian-clang 0.3 0.56 9.65 10.20 NOTE
r-devel-linux-x86_64-debian-gcc 0.3 0.58 9.42 10.00 NOTE
r-devel-linux-x86_64-fedora-clang 0.3 21.38 NOTE
r-devel-linux-x86_64-fedora-gcc 0.3 20.12 NOTE
r-devel-osx-x86_64-clang 0.3 24.95 OK
r-devel-windows-ix86+x86_64 0.3 3.00 17.00 20.00 OK
r-patched-linux-x86_64 0.3 0.58 9.70 10.27 NOTE
r-patched-solaris-sparc 0.3 115.70 OK
r-patched-solaris-x86 0.3 29.80 OK
r-release-linux-ix86 0.3 0.82 15.46 16.28 OK
r-release-linux-x86_64 0.3 0.58 9.78 10.35 NOTE
r-release-osx-x86_64-mavericks 0.3 OK
r-release-windows-ix86+x86_64 0.3 3.00 19.00 22.00 OK
r-oldrel-windows-ix86+x86_64 0.3 3.00 19.00 22.00 OK

Check Details

Version: 0.3
Check: Rd line widths
Result: NOTE
    Rd file 'sha_url.Rd':
     \examples lines wider than 100 characters:
     sha_url("https://gist.github.com/wch/dae7c106ee99fe1fdfe7/raw/db0c9bfe0de85d15c60b0b9bf22403c0f5e1fb15/test.r")
     # downloader::source_url("https://gist.github.com/wch/dae7c106ee99fe1fdfe7/raw/db0c9bfe0de85d15c60b0b9bf22403c0f5e1fb15/test.r", sha=" ... [TRUNCATED]
    
    Rd file 'source_url.Rd':
     \examples lines wider than 100 characters:
     downloader::source_url("https://gist.github.com/wch/dae7c106ee99fe1fdfe7/raw/db0c9bfe0de85d15c60b0b9bf22403c0f5e1fb15/test.r",
    
    These lines will be truncated in the PDF manual.
Flavors: r-devel-linux-x86_64-debian-clang, r-devel-linux-x86_64-debian-gcc, r-devel-linux-x86_64-fedora-clang, r-devel-linux-x86_64-fedora-gcc, r-patched-linux-x86_64, r-release-linux-x86_64