CRAN Package Check Results for Package downloader

Last updated on 2015-03-29 09:49:09.

Flavor Version Tinstall Tcheck Ttotal Status Flags
r-devel-linux-x86_64-debian-clang 0.3 0.61 9.07 9.68 NOTE
r-devel-linux-x86_64-debian-gcc 0.3 0.51 8.98 9.50 NOTE
r-devel-linux-x86_64-fedora-clang 0.3 18.49 NOTE
r-devel-linux-x86_64-fedora-gcc 0.3 17.15 NOTE
r-devel-osx-x86_64-clang 0.3 27.69 OK
r-prerel-windows-ix86+x86_64 0.3 4.00 16.00 20.00 OK
r-prerel-linux-x86_64 0.3 0.51 9.15 9.66 NOTE
r-prerel-solaris-sparc 0.3 122.60 OK
r-prerel-solaris-x86 0.3 25.70 OK
r-release-linux-x86_64 0.3 0.55 9.74 10.29 NOTE
r-release-osx-x86_64-mavericks 0.3 OK
r-release-windows-ix86+x86_64 0.3 3.00 18.00 21.00 OK
r-oldrel-windows-ix86+x86_64 0.3 2.00 28.00 30.00 OK

Check Details

Version: 0.3
Check: Rd line widths
Result: NOTE
    Rd file 'sha_url.Rd':
     \examples lines wider than 100 characters:
     sha_url("https://gist.github.com/wch/dae7c106ee99fe1fdfe7/raw/db0c9bfe0de85d15c60b0b9bf22403c0f5e1fb15/test.r")
     # downloader::source_url("https://gist.github.com/wch/dae7c106ee99fe1fdfe7/raw/db0c9bfe0de85d15c60b0b9bf22403c0f5e1fb15/test.r", sha=" ... [TRUNCATED]
    
    Rd file 'source_url.Rd':
     \examples lines wider than 100 characters:
     downloader::source_url("https://gist.github.com/wch/dae7c106ee99fe1fdfe7/raw/db0c9bfe0de85d15c60b0b9bf22403c0f5e1fb15/test.r",
    
    These lines will be truncated in the PDF manual.
Flavors: r-devel-linux-x86_64-debian-clang, r-devel-linux-x86_64-debian-gcc, r-devel-linux-x86_64-fedora-clang, r-devel-linux-x86_64-fedora-gcc, r-prerel-linux-x86_64, r-release-linux-x86_64