CRAN Package Check Results for Package downloader

Last updated on 2014-09-21 17:47:36.

Flavor Version Tinstall Tcheck Ttotal Status Flags
r-devel-linux-x86_64-debian-clang 0.3 0.48 9.41 9.89 NOTE
r-devel-linux-x86_64-debian-gcc 0.3 0.52 8.90 9.42 NOTE
r-devel-linux-x86_64-fedora-clang 0.3 18.97 NOTE
r-devel-linux-x86_64-fedora-gcc 0.3 18.94 NOTE
r-devel-osx-x86_64-clang 0.3 24.19 OK
r-devel-windows-ix86+x86_64 0.3 2.00 16.00 18.00 OK
r-patched-linux-x86_64 0.3 0.49 9.22 9.71 NOTE
r-patched-solaris-sparc 0.3 115.70 OK
r-patched-solaris-x86 0.3 28.60 OK
r-release-linux-ix86 0.3 0.79 16.92 17.71 OK
r-release-linux-x86_64 0.3 0.52 9.60 10.11 NOTE
r-release-osx-x86_64-mavericks 0.3 OK
r-release-windows-ix86+x86_64 0.3 4.00 26.00 30.00 OK
r-oldrel-windows-ix86+x86_64 0.3 2.00 16.00 18.00 OK

Check Details

Version: 0.3
Check: Rd line widths
Result: NOTE
    Rd file 'sha_url.Rd':
     \examples lines wider than 100 characters:
     sha_url("https://gist.github.com/wch/dae7c106ee99fe1fdfe7/raw/db0c9bfe0de85d15c60b0b9bf22403c0f5e1fb15/test.r")
     # downloader::source_url("https://gist.github.com/wch/dae7c106ee99fe1fdfe7/raw/db0c9bfe0de85d15c60b0b9bf22403c0f5e1fb15/test.r", sha=" ... [TRUNCATED]
    
    Rd file 'source_url.Rd':
     \examples lines wider than 100 characters:
     downloader::source_url("https://gist.github.com/wch/dae7c106ee99fe1fdfe7/raw/db0c9bfe0de85d15c60b0b9bf22403c0f5e1fb15/test.r",
    
    These lines will be truncated in the PDF manual.
Flavors: r-devel-linux-x86_64-debian-clang, r-devel-linux-x86_64-debian-gcc, r-devel-linux-x86_64-fedora-clang, r-devel-linux-x86_64-fedora-gcc, r-patched-linux-x86_64, r-release-linux-x86_64