CRAN Package Check Results for Package downloader

Last updated on 2015-07-06 21:46:27.

Flavor Version Tinstall Tcheck Ttotal Status Flags
r-devel-linux-x86_64-debian-clang 0.3 0.49 8.52 9.01 NOTE
r-devel-linux-x86_64-debian-gcc 0.3 0.48 8.71 9.19 NOTE
r-devel-linux-x86_64-fedora-clang 0.3 16.81 NOTE
r-devel-linux-x86_64-fedora-gcc 0.3 15.69 NOTE
r-devel-osx-x86_64-clang 0.3 18.71 OK
r-devel-windows-ix86+x86_64 0.3 4.00 15.00 19.00 NOTE
r-patched-linux-x86_64 0.3 0.50 9.01 9.52 NOTE
r-patched-solaris-sparc 0.3 113.90 OK
r-patched-solaris-x86 0.3 27.70 OK
r-release-linux-x86_64 0.3 0.51 8.98 9.49 NOTE
r-release-osx-x86_64-mavericks 0.3 OK
r-release-windows-ix86+x86_64 0.3 3.00 15.00 18.00 OK
r-oldrel-windows-ix86+x86_64 0.3 4.00 19.00 23.00 OK

Check Details

Version: 0.3
Check: R code for possible problems
Result: NOTE
    download: no visible global function definition for ‘download.file’
    Undefined global functions or variables:
     download.file
Flavors: r-devel-linux-x86_64-debian-clang, r-devel-linux-x86_64-debian-gcc, r-devel-linux-x86_64-fedora-clang, r-devel-linux-x86_64-fedora-gcc, r-devel-windows-ix86+x86_64

Version: 0.3
Check: Rd line widths
Result: NOTE
    Rd file 'sha_url.Rd':
     \examples lines wider than 100 characters:
     sha_url("https://gist.github.com/wch/dae7c106ee99fe1fdfe7/raw/db0c9bfe0de85d15c60b0b9bf22403c0f5e1fb15/test.r")
     # downloader::source_url("https://gist.github.com/wch/dae7c106ee99fe1fdfe7/raw/db0c9bfe0de85d15c60b0b9bf22403c0f5e1fb15/test.r", sha=" ... [TRUNCATED]
    
    Rd file 'source_url.Rd':
     \examples lines wider than 100 characters:
     downloader::source_url("https://gist.github.com/wch/dae7c106ee99fe1fdfe7/raw/db0c9bfe0de85d15c60b0b9bf22403c0f5e1fb15/test.r",
    
    These lines will be truncated in the PDF manual.
Flavors: r-devel-linux-x86_64-debian-clang, r-devel-linux-x86_64-debian-gcc, r-devel-linux-x86_64-fedora-clang, r-devel-linux-x86_64-fedora-gcc, r-patched-linux-x86_64, r-release-linux-x86_64