CRAN Package Check Results for Package downloader

Last updated on 2014-08-02 07:50:19.

Flavor Version Tinstall Tcheck Ttotal Status Flags
r-devel-linux-x86_64-debian-clang 0.3 0.50 9.31 9.81 OK
r-devel-linux-x86_64-debian-gcc 0.3 0.50 8.89 9.39 OK
r-devel-linux-x86_64-fedora-clang 0.3 20.20 NOTE
r-devel-linux-x86_64-fedora-gcc 0.3 18.51 NOTE
r-devel-osx-x86_64-clang 0.3 24.11 OK
r-devel-windows-ix86+x86_64 0.3 2.00 16.00 18.00 OK
r-patched-linux-x86_64 0.3 0.61 8.96 9.56 OK
r-patched-solaris-sparc 0.3 115.70 OK
r-patched-solaris-x86 0.3 28.90 OK
r-release-linux-ix86 0.3 0.80 15.05 15.85 OK
r-release-linux-x86_64 0.3 0.53 9.16 9.69 OK
r-release-osx-x86_64-mavericks 0.3 OK
r-release-windows-ix86+x86_64 0.3 4.00 26.00 30.00 OK
r-oldrel-windows-ix86+x86_64 0.3 2.00 16.00 18.00 OK

Check Details

Version: 0.3
Check: Rd line widths
Result: NOTE
    Rd file 'sha_url.Rd':
     \examples lines wider than 100 characters:
     sha_url("https://gist.github.com/wch/dae7c106ee99fe1fdfe7/raw/db0c9bfe0de85d15c60b0b9bf22403c0f5e1fb15/test.r")
     # downloader::source_url("https://gist.github.com/wch/dae7c106ee99fe1fdfe7/raw/db0c9bfe0de85d15c60b0b9bf22403c0f5e1fb15/test.r", sha=" ... [TRUNCATED]
    
    Rd file 'source_url.Rd':
     \examples lines wider than 100 characters:
     downloader::source_url("https://gist.github.com/wch/dae7c106ee99fe1fdfe7/raw/db0c9bfe0de85d15c60b0b9bf22403c0f5e1fb15/test.r",
    
    These lines will be truncated in the PDF manual.
Flavors: r-devel-linux-x86_64-fedora-clang, r-devel-linux-x86_64-fedora-gcc