CRAN Package Check Results for Package downloader

Last updated on 2014-04-24 09:48:59.

Flavor Version Tinstall Tcheck Ttotal Status Flags
r-devel-linux-x86_64-debian-clang 0.3 0.56 9.30 9.86 OK
r-devel-linux-x86_64-debian-gcc 0.3 0.54 9.47 10.02 OK
r-devel-linux-x86_64-fedora-clang 0.3 19.24 NOTE
r-devel-linux-x86_64-fedora-gcc 0.3 18.33 NOTE
r-devel-osx-x86_64-clang 0.3 21.07 OK
r-devel-osx-x86_64-gcc 0.3 OK
r-devel-windows-ix86+x86_64 0.3 2.00 15.00 17.00 OK
r-patched-linux-x86_64 0.3 0.52 9.24 9.76 OK
r-patched-solaris-sparc 0.3 111.80 OK
r-patched-solaris-x86 0.3 29.50 OK
r-release-linux-ix86 0.3 1.00 22.00 23.00 OK
r-release-linux-x86_64 0.3 0.63 9.25 9.88 OK
r-release-osx-x86_64-mavericks 0.3 OK
r-release-windows-ix86+x86_64 0.3 5.00 22.00 27.00 OK
r-oldrel-windows-ix86+x86_64 0.3 2.00 16.00 18.00 OK

Check Details

Version: 0.3
Check: Rd line widths
Result: NOTE
    Rd file 'sha_url.Rd':
     \examples lines wider than 100 characters:
     sha_url("https://gist.github.com/wch/dae7c106ee99fe1fdfe7/raw/db0c9bfe0de85d15c60b0b9bf22403c0f5e1fb15/test.r")
     # downloader::source_url("https://gist.github.com/wch/dae7c106ee99fe1fdfe7/raw/db0c9bfe0de85d15c60b0b9bf22403c0f5e1fb15/test.r", sha=" ... [TRUNCATED]
    
    Rd file 'source_url.Rd':
     \examples lines wider than 100 characters:
     downloader::source_url("https://gist.github.com/wch/dae7c106ee99fe1fdfe7/raw/db0c9bfe0de85d15c60b0b9bf22403c0f5e1fb15/test.r",
    
    These lines will be truncated in the PDF manual.
Flavors: r-devel-linux-x86_64-fedora-clang, r-devel-linux-x86_64-fedora-gcc