CRAN Package Check Results for Package downloader

Last updated on 2014-10-24 11:47:13.

Flavor Version Tinstall Tcheck Ttotal Status Flags
r-devel-linux-x86_64-debian-clang 0.3 0.56 9.90 10.46 NOTE
r-devel-linux-x86_64-debian-gcc 0.3 0.55 9.72 10.26 NOTE
r-devel-linux-x86_64-fedora-clang 0.3 20.70 NOTE
r-devel-linux-x86_64-fedora-gcc 0.3 19.36 NOTE
r-devel-osx-x86_64-clang 0.3 25.75 OK
r-devel-windows-ix86+x86_64 0.3 3.00 18.00 21.00 OK
r-patched-linux-x86_64 0.3 0.62 9.92 10.53 NOTE
r-patched-solaris-sparc 0.3 115.70 OK
r-patched-solaris-x86 0.3 30.70 OK
r-release-linux-ix86 0.3 0.80 15.39 16.19 OK
r-release-linux-x86_64 0.3 0.54 9.40 9.94 NOTE
r-release-osx-x86_64-mavericks 0.3 OK
r-release-windows-ix86+x86_64 0.3 2.00 17.00 19.00 OK
r-oldrel-windows-ix86+x86_64 0.3 2.00 17.00 19.00 OK

Check Details

Version: 0.3
Check: Rd line widths
Result: NOTE
    Rd file 'sha_url.Rd':
     \examples lines wider than 100 characters:
     sha_url("https://gist.github.com/wch/dae7c106ee99fe1fdfe7/raw/db0c9bfe0de85d15c60b0b9bf22403c0f5e1fb15/test.r")
     # downloader::source_url("https://gist.github.com/wch/dae7c106ee99fe1fdfe7/raw/db0c9bfe0de85d15c60b0b9bf22403c0f5e1fb15/test.r", sha=" ... [TRUNCATED]
    
    Rd file 'source_url.Rd':
     \examples lines wider than 100 characters:
     downloader::source_url("https://gist.github.com/wch/dae7c106ee99fe1fdfe7/raw/db0c9bfe0de85d15c60b0b9bf22403c0f5e1fb15/test.r",
    
    These lines will be truncated in the PDF manual.
Flavors: r-devel-linux-x86_64-debian-clang, r-devel-linux-x86_64-debian-gcc, r-devel-linux-x86_64-fedora-clang, r-devel-linux-x86_64-fedora-gcc, r-patched-linux-x86_64, r-release-linux-x86_64