CRAN Package Check Results for Package downloadthis

Last updated on 2023-02-05 20:52:59 CET.

Flavor Version Tinstall Tcheck Ttotal Status Flags
r-devel-linux-x86_64-debian-clang 0.3.2 2.29 46.87 49.16 OK
r-devel-linux-x86_64-debian-gcc 0.3.2 2.40 35.86 38.26 OK
r-devel-linux-x86_64-fedora-clang 0.3.2 63.32 NOTE
r-devel-linux-x86_64-fedora-gcc 0.3.2 71.35 OK
r-devel-windows-x86_64 0.3.2 29.00 89.00 118.00 NOTE
r-patched-linux-x86_64 0.3.2 2.20 46.52 48.72 OK
r-release-linux-x86_64 0.3.2 3.16 41.20 44.36 OK
r-release-macos-arm64 0.3.2 25.00 NOTE
r-release-macos-x86_64 0.3.2 38.00 NOTE
r-release-windows-x86_64 0.3.2 42.00 97.00 139.00 NOTE
r-oldrel-macos-arm64 0.3.2 29.00 NOTE
r-oldrel-macos-x86_64 0.3.2 39.00 NOTE
r-oldrel-windows-ix86+x86_64 0.3.2 7.00 73.00 80.00 NOTE

Check Details

Version: 0.3.2
Check: installed package size
Result: NOTE
     installed size is 5.3Mb
     sub-directories of 1Mb or more:
     assets 2.9Mb
     doc 2.1Mb
Flavors: r-devel-linux-x86_64-fedora-clang, r-devel-windows-x86_64, r-release-macos-arm64, r-release-macos-x86_64, r-release-windows-x86_64, r-oldrel-macos-arm64, r-oldrel-macos-x86_64, r-oldrel-windows-ix86+x86_64