CRAN Package Check Results for Package downloadthis

Last updated on 2020-09-27 21:47:18 CEST.

Flavor Version Tinstall Tcheck Ttotal Status Flags
r-devel-linux-x86_64-debian-clang 0.2.1 2.84 36.56 39.40 OK
r-devel-linux-x86_64-debian-gcc 0.2.1 2.43 28.28 30.71 OK
r-devel-linux-x86_64-fedora-clang 0.2.1 55.77 NOTE
r-devel-linux-x86_64-fedora-gcc 0.2.1 47.20 OK
r-devel-windows-ix86+x86_64 0.2.1 9.00 57.00 66.00 NOTE
r-patched-linux-x86_64 0.2.1 2.61 35.32 37.93 OK
r-patched-solaris-x86 0.2.1 68.20 NOTE
r-release-linux-x86_64 0.2.1 2.88 35.52 38.40 OK
r-release-macos-x86_64 0.2.1 NOTE
r-release-windows-ix86+x86_64 0.2.1 7.00 48.00 55.00 NOTE
r-oldrel-macos-x86_64 0.2.1 NOTE
r-oldrel-windows-ix86+x86_64 0.2.1 5.00 56.00 61.00 NOTE

Check Details

Version: 0.2.1
Check: installed package size
Result: NOTE
     installed size is 5.2Mb
     sub-directories of 1Mb or more:
     assets 2.9Mb
     doc 2.1Mb
Flavors: r-devel-linux-x86_64-fedora-clang, r-devel-windows-ix86+x86_64, r-patched-solaris-x86, r-release-macos-x86_64, r-release-windows-ix86+x86_64, r-oldrel-macos-x86_64, r-oldrel-windows-ix86+x86_64