CRAN Package Check Results for Package dpa

Last updated on 2015-08-30 19:46:58.

Flavor Version Tinstall Tcheck Ttotal Status Flags
r-devel-linux-x86_64-debian-clang 1.0-3 4.44 48.62 53.06 NOTE
r-devel-linux-x86_64-debian-gcc 1.0-3 4.30 47.34 51.64 NOTE
r-devel-linux-x86_64-fedora-clang 1.0-3 108.16 NOTE
r-devel-linux-x86_64-fedora-gcc 1.0-3 107.80 NOTE
r-devel-osx-x86_64-clang 1.0-3 96.59 NOTE
r-devel-windows-ix86+x86_64 1.0-3 20.00 80.00 100.00 NOTE
r-patched-linux-x86_64 1.0-3 4.64 49.87 54.51 NOTE
r-patched-solaris-sparc 1.0-3 735.00 NOTE
r-patched-solaris-x86 1.0-3 187.50 NOTE
r-release-linux-x86_64 1.0-3 4.68 51.67 56.36 NOTE
r-release-osx-x86_64-mavericks 1.0-3 NOTE
r-release-windows-ix86+x86_64 1.0-3 20.00 79.00 99.00 NOTE
r-oldrel-windows-ix86+x86_64 1.0-3 29.00 152.00 181.00 NOTE

Check Details

Version: 1.0-3
Check: R code for possible problems
Result: NOTE
    dpa.analysis.options : OnOK: warning in assign("rbVal", rbVal, env =
     .GlobalEnv): partial argument match of ‘env’ to ‘envir’
    dpa.analysis.options : OnOK : OnSave: warning in assign("time_column",
     time_column, env = .GlobalEnv): partial argument match of ‘env’ to
     ‘envir’
    dpa.analysis.options : OnOK : OnSave: warning in assign("intervalVal",
     intervalVal, env = .GlobalEnv): partial argument match of ‘env’ to
     ‘envir’
    dpa.analysis.options : OnOK : OnSave :
     dpa.analysis.options.ticks.enter: warning in assign("NumTick",
     NumTick, env = .GlobalEnv): partial argument match of ‘env’ to
     ‘envir’
    dpa.analysis.performDPA : dpa.specifyModel: warning in assign("row",
     row, env = .GlobalEnv): partial argument match of ‘env’ to ‘envir’
    dpa.analysis.performDPA : dpa.specifyModel: warning in
     assign("variables", baseVariables, env = .GlobalEnv): partial
     argument match of ‘env’ to ‘envir’
    dpa.analysis.performDPA : dpa.analysis.doPerform: warning in
     assign("sem", sem, env = .GlobalEnv): partial argument match of ‘env’
     to ‘envir’
    dpa.analysis.performDPA : dpa.analysis.doPerform: warning in
     assign("sem.DPA", sem.DPA, env = .GlobalEnv): partial argument match
     of ‘env’ to ‘envir’
    dpa.analysis.performDPA : dpa.analysis.doPerform: warning in
     assign("sem.standardized", sem.standardized, env = .GlobalEnv):
     partial argument match of ‘env’ to ‘envir’
    dpa.analysis.performDPA : dpa.analysis.doPerform: warning in
     assign("relevantData", relevantData, env = .GlobalEnv): partial
     argument match of ‘env’ to ‘envir’
    dpa.analysis.performDPA : dpa.analysis.doPerform: warning in
     assign("sem.results.coefficients", sem.results.coefficients, env =
     .GlobalEnv): partial argument match of ‘env’ to ‘envir’
    dpa.analysis.performDPA : dpa.analysis.doPerform: warning in
     assign("sem.results.parameters", sem.results.parameters, env =
     .GlobalEnv): partial argument match of ‘env’ to ‘envir’
    dpa.analysis.performDPA : dpa.analysis.doPerform: warning in
     assign("sem.results.statistics", sem.results.statistics, env =
     .GlobalEnv): partial argument match of ‘env’ to ‘envir’
    dpa.analysis.performDPA : dpa.analysis.doPerform: warning in
     assign("listOfTicks", listOfTicks, env = .GlobalEnv): partial
     argument match of ‘env’ to ‘envir’
    dpa.analysis.performDPA: warning in assign("listOfTicks", NULL, env =
     .GlobalEnv): partial argument match of ‘env’ to ‘envir’
    dpa.analysis.performDPA: warning in assign("sem.DPA", NULL, env =
     .GlobalEnv): partial argument match of ‘env’ to ‘envir’
    dpa.analysis.performDPA: warning in assign("sem.standardized", NULL,
     env = .GlobalEnv): partial argument match of ‘env’ to ‘envir’
    dpa.analysis.performDPA: warning in assign("sem.results.parameters",
     NULL, env = .GlobalEnv): partial argument match of ‘env’ to ‘envir’
    dpa.analysis.performDPA: warning in assign("sem.results.statistics",
     NULL, env = .GlobalEnv): partial argument match of ‘env’ to ‘envir’
    dpa.analysis.performDPA: warning in assign("sem.results.coefficients",
     NULL, env = .GlobalEnv): partial argument match of ‘env’ to ‘envir’
    dpa.analysis.saveDPA: warning in assign("dpaFileName", dpaFileName, env
     = .GlobalEnv): partial argument match of ‘env’ to ‘envir’
    dpa.data.loadData: warning in assign("ak1", ak1, env = .GlobalEnv):
     partial argument match of ‘env’ to ‘envir’
    dpa.data.loadDataFromDatabase: warning in assign("ak2", ak2, env =
     .GlobalEnv): partial argument match of ‘env’ to ‘envir’
    dpa.data.loadDataFromDatabase: warning in assign("dbServerType",
     dbServerType, env = .GlobalEnv): partial argument match of ‘env’ to
     ‘envir’
    dpa.data.loadDataFromDatabase: warning in assign("dbServer", dbServer,
     env = .GlobalEnv): partial argument match of ‘env’ to ‘envir’
    dpa.data.loadDataFromDatabase: warning in assign("dbName", dbName, env
     = .GlobalEnv): partial argument match of ‘env’ to ‘envir’
    dpa.data.loadDataFromDatabase: warning in assign("dbTable", dbTable,
     env = .GlobalEnv): partial argument match of ‘env’ to ‘envir’
    dpa.data.loadDataFromDatabase: warning in assign("UserName", UserName,
     env = .GlobalEnv): partial argument match of ‘env’ to ‘envir’
    dpa.data.loadDataFromDatabase: warning in assign("Password", Password,
     env = .GlobalEnv): partial argument match of ‘env’ to ‘envir’
    dpa.data.loadDataFromDisk: warning in assign("dataFileName",
     dataFileName, env = .GlobalEnv): partial argument match of ‘env’ to
     ‘envir’
    dpa.data.loadDataFromDisk: warning in assign("e", e, env = .GlobalEnv):
     partial argument match of ‘env’ to ‘envir’
    dpa.generate.lag: warning in assign("dataframe", dataframe, env =
     .GlobalEnv): partial argument match of ‘env’ to ‘envir’
    dpa.incrementValue: warning in assign("i", i, env = .GlobalEnv):
     partial argument match of ‘env’ to ‘envir’
    dpa.relations.addRelations: warning in assign("relations", relations,
     env = .GlobalEnv): partial argument match of ‘env’ to ‘envir’
    dpa.relations.addRelations: warning in assign("time_column",
     time_column, env = .GlobalEnv): partial argument match of ‘env’ to
     ‘envir’
    dpa.relations.addRelations: warning in assign("e", e, env =
     .GlobalEnv): partial argument match of ‘env’ to ‘envir’
    dpa.relations.loadRelations: warning in assign("relations", relations,
     env = .GlobalEnv): partial argument match of ‘env’ to ‘envir’
    dpa.results.setGraphDir: warning in assign("graphDir", graphDir, env =
     .GlobalEnv): partial argument match of ‘env’ to ‘envir’
    dpa.start: warning in assign("e", e, env = .GlobalEnv): partial
     argument match of ‘env’ to ‘envir’
    dpa.start: warning in assign("listOfTicks", listOfTicks, env =
     .GlobalEnv): partial argument match of ‘env’ to ‘envir’
    dpa.start: warning in assign("relations", relations, env = .GlobalEnv):
     partial argument match of ‘env’ to ‘envir’
    dpa.start: warning in assign("row", row, env = .GlobalEnv): partial
     argument match of ‘env’ to ‘envir’
    dpa.start: warning in assign("sem.DPA", sem.DPA, env = .GlobalEnv):
     partial argument match of ‘env’ to ‘envir’
    dpa.start: warning in assign("sem.results.coefficients",
     sem.results.coefficients, env = .GlobalEnv): partial argument match
     of ‘env’ to ‘envir’
    dpa.start: warning in assign("sem.results.parameters",
     sem.results.parameters, env = .GlobalEnv): partial argument match of
     ‘env’ to ‘envir’
    dpa.start: warning in assign("sem.results.statistics",
     sem.results.statistics, env = .GlobalEnv): partial argument match of
     ‘env’ to ‘envir’
    dpa.start: warning in assign("sem.standardized", sem.standardized, env
     = .GlobalEnv): partial argument match of ‘env’ to ‘envir’
    dpa.start: warning in assign("variables", variables, env = .GlobalEnv):
     partial argument match of ‘env’ to ‘envir’
    dpa.start: warning in assign("dpa", dpa, env = .GlobalEnv): partial
     argument match of ‘env’ to ‘envir’
    dpa.analysis.options: no visible binding for global variable ‘e’
    dpa.analysis.options : OnOK : OnSave: no visible binding for global
     variable ‘e’
    dpa.analysis.performDPA : dpa.analysis.doPerform: no visible binding
     for global variable ‘rbVal’
    dpa.analysis.performDPA : dpa.analysis.doPerform: no visible binding
     for global variable ‘variables’
    dpa.analysis.performDPA : dpa.analysis.doPerform: no visible binding
     for global variable ‘e’
    dpa.analysis.performDPA : dpa.analysis.doPerform: no visible binding
     for global variable ‘NumTick’
    dpa.analysis.performDPA : dpa.analysis.doPerform: no visible global
     function definition for ‘cov’
    dpa.analysis.performDPA: no visible binding for global variable ‘rbVal’
    dpa.analysis.performDPA: no visible binding for global variable
     ‘sem.DPA’
    dpa.analysis.performDPA: no visible binding for global variable ‘e’
    dpa.analysis.saveDPA: no visible binding for global variable
     ‘dataFileName’
    dpa.analysis.saveDPA: no visible binding for global variable
     ‘sem.results.coefficients’
    dpa.data.authenticationCancel: no visible binding for global variable
     ‘ak2’
    dpa.data.authenticationSubmit: no visible binding for global variable
     ‘dbServerType’
    dpa.data.authenticationSubmit: no visible binding for global variable
     ‘dbServer’
    dpa.data.authenticationSubmit: no visible binding for global variable
     ‘dbTable’
    dpa.data.authenticationSubmit: no visible binding for global variable
     ‘UserName’
    dpa.data.authenticationSubmit: no visible binding for global variable
     ‘Password’
    dpa.data.authenticationSubmit: no visible global function definition
     for ‘JDBC’
    dpa.data.authenticationSubmit: no visible global function definition
     for ‘dbConnect’
    dpa.data.authenticationSubmit: no visible global function definition
     for ‘dbGetQuery’
    dpa.data.authenticationSubmit: no visible global function definition
     for ‘dbReadTable’
    dpa.data.checkData : dpa.data.checkData.sort: no visible binding for
     global variable ‘e’
    dpa.data.checkData : dpa.data.missingRow: no visible binding for global
     variable ‘e’
    dpa.data.checkData : dpa.data.missingData: no visible binding for
     global variable ‘e’
    dpa.data.loadCancel: no visible binding for global variable ‘ak1’
    dpa.data.loadDataFromDatabase: no visible binding for global variable
     ‘dpa.data.authentificationCancel’
    dpa.data.loadDataFromDisk: no visible binding for global variable ‘ak1’
    dpa.data.loadDataFromDisk: no visible global function definition for
     ‘read.csv’
    dpa.data.saveDataToDisk: no visible binding for global variable ‘e’
    dpa.data.viewOrEditData: no visible global function definition for
     ‘fix’
    dpa.exit: no visible binding for global variable ‘dpa’
    dpa.locate.missing: no visible global function definition for
     ‘complete.cases’
    dpa.relations.addRelations: no visible binding for global variable
     ‘dataframe’
    dpa.relations.editRelations: no visible binding for global variable ‘e’
    dpa.relations.loadRelations: no visible global function definition for
     ‘read.table’
    dpa.relations.saveRelations: no visible global function definition for
     ‘write.table’
    dpa.results.generateCoefficientsPlots : dpa.plot.graph: no visible
     binding for global variable ‘sem.results.coefficients’
    dpa.results.generateCoefficientsPlots : dpa.plot.graph: no visible
     binding for global variable ‘sem.results.parameters’
    dpa.results.generateCoefficientsPlots : dpa.plot.graph: no visible
     binding for global variable ‘graphDir’
    dpa.results.generateCoefficientsPlots : dpa.plot.graph: no visible
     global function definition for ‘png’
    dpa.results.generateCoefficientsPlots : dpa.plot.graph: no visible
     global function definition for ‘pdf’
    dpa.results.generateCoefficientsPlots : dpa.plot.graph: no visible
     global function definition for ‘matplot’
    dpa.results.generateCoefficientsPlots : dpa.plot.graph: no visible
     binding for global variable ‘listOfTicks’
    dpa.results.generateCoefficientsPlots : dpa.plot.graph: no visible
     binding for global variable ‘e’
    dpa.results.generateCoefficientsPlots : dpa.plot.graph: no visible
     global function definition for ‘dev.off’
    dpa.results.generateFitPlots : dpa.plot.graph: no visible binding for
     global variable ‘sem.results.statistics’
    dpa.results.generateFitPlots : dpa.plot.graph: no visible binding for
     global variable ‘graphDir’
    dpa.results.generateFitPlots : dpa.plot.graph: no visible global
     function definition for ‘png’
    dpa.results.generateFitPlots : dpa.plot.graph: no visible global
     function definition for ‘pdf’
    dpa.results.generateFitPlots : dpa.plot.graph: no visible global
     function definition for ‘matplot’
    dpa.results.generateFitPlots : dpa.plot.graph: no visible binding for
     global variable ‘listOfTicks’
    dpa.results.generateFitPlots : dpa.plot.graph: no visible binding for
     global variable ‘e’
    dpa.results.generateFitPlots : dpa.plot.graph: no visible global
     function definition for ‘dev.off’
    dpa.results.viewNodePlots: no visible binding for global variable ‘e’
    dpa.results.viewNodePlots : dpa.results.plotNodes : dpa.plot.scatter:
     no visible global function definition for ‘densCols’
    dpa.results.viewNodePlots : dpa.results.plotNodes : dpa.plot.scatter:
     no visible global function definition for ‘png’
    dpa.results.viewNodePlots : dpa.results.plotNodes : dpa.plot.scatter:
     no visible binding for global variable ‘graphDir’
    dpa.results.viewNodePlots : dpa.results.plotNodes : dpa.plot.scatter:
     no visible global function definition for ‘smoothScatter’
    dpa.results.viewNodePlots : dpa.results.plotNodes : dpa.plot.scatter:
     no visible global function definition for ‘dev.off’
    dpa.results.viewNodePlots : dpa.results.plotNodes: no visible binding
     for global variable ‘e’
    dpa.results.viewNodePlots : dpa.results.plotNodesWithTime: no visible
     binding for global variable ‘e’
    dpa.results.viewNodePlots : dpa.results.plotNodesWithTime :
     dpa.plot.scatter: no visible global function definition for
     ‘densCols’
    dpa.results.viewNodePlots : dpa.results.plotNodesWithTime :
     dpa.plot.scatter: no visible global function definition for ‘png’
    dpa.results.viewNodePlots : dpa.results.plotNodesWithTime :
     dpa.plot.scatter: no visible binding for global variable ‘graphDir’
    dpa.results.viewNodePlots : dpa.results.plotNodesWithTime :
     dpa.plot.scatter: no visible global function definition for
     ‘smoothScatter’
    dpa.results.viewNodePlots : dpa.results.plotNodesWithTime :
     dpa.plot.scatter: no visible global function definition for ‘dev.off’
    dpa.results.viewRelationsPlots : dpa.plot.graph: no visible binding for
     global variable ‘rbVal’
    dpa.results.viewRelationsPlots : dpa.plot.graph: no visible global
     function definition for ‘png’
    dpa.results.viewRelationsPlots : dpa.plot.graph: no visible binding for
     global variable ‘graphDir’
    dpa.results.viewRelationsPlots : dpa.plot.graph: no visible global
     function definition for ‘pdf’
    dpa.results.viewRelationsPlots : dpa.plot.graph: no visible binding for
     global variable ‘sem.standardized’
    dpa.results.viewRelationsPlots : dpa.plot.graph: no visible global
     function definition for ‘dev.off’
    dpa.results.viewRelationsPlots: no visible binding for global variable
     ‘variables’
    dpa.results.viewRelationsPlots: no visible binding for global variable
     ‘e’
    Undefined global functions or variables:
     JDBC NumTick Password UserName ak1 ak2 complete.cases cov
     dataFileName dataframe dbConnect dbGetQuery dbReadTable dbServer
     dbServerType dbTable densCols dev.off dpa
     dpa.data.authentificationCancel e fix graphDir listOfTicks matplot
     pdf png rbVal read.csv read.table sem.DPA sem.results.coefficients
     sem.results.parameters sem.results.statistics sem.standardized
     smoothScatter variables write.table
    Consider adding
     importFrom("grDevices", "densCols", "dev.off", "pdf", "png")
     importFrom("graphics", "matplot", "smoothScatter")
     importFrom("stats", "complete.cases", "cov")
     importFrom("utils", "fix", "read.csv", "read.table", "write.table")
    to your NAMESPACE.
    
    Found the following assignments to the global environment:
    File ‘dpa/R/dpa.r’:
     assign("ak1", ak1, env = .GlobalEnv)
     assign("dataFileName", dataFileName, env = .GlobalEnv)
     assign("e", e, env = .GlobalEnv)
     assign("e", e, env = .GlobalEnv)
     assign("e", e, env = .GlobalEnv)
     assign("ak2", ak2, env = .GlobalEnv)
     assign("dbServerType", dbServerType, env = .GlobalEnv)
     assign("dbServer", dbServer, env = .GlobalEnv)
     assign("dbName", dbName, env = .GlobalEnv)
     assign("dbTable", dbTable, env = .GlobalEnv)
     assign("UserName", UserName, env = .GlobalEnv)
     assign("Password", Password, env = .GlobalEnv)
     assign("relations", relations, env = .GlobalEnv)
     assign("relations", relations, env = .GlobalEnv)
     assign("dataframe", dataframe, env = .GlobalEnv)
     assign("relations", relations, env = .GlobalEnv)
     assign("time_column", time_column, env = .GlobalEnv)
     assign("e", e, env = .GlobalEnv)
     assign("i", i, env = .GlobalEnv)
     assign("rbVal", rbVal, env = .GlobalEnv)
     assign("time_column", time_column, env = .GlobalEnv)
     assign("intervalVal", intervalVal, env = .GlobalEnv)
     assign("NumTick", NumTick, env = .GlobalEnv)
     assign("dpaFileName", dpaFileName, env = .GlobalEnv)
     assign("e", e, env = .GlobalEnv)
     assign("listOfTicks", listOfTicks, env = .GlobalEnv)
     assign("relations", relations, env = .GlobalEnv)
     assign("row", row, env = .GlobalEnv)
     assign("sem.DPA", sem.DPA, env = .GlobalEnv)
     assign("sem.results.coefficients", sem.results.coefficients,
     env = .GlobalEnv)
     assign("sem.results.parameters", sem.results.parameters, env = .GlobalEnv)
     assign("sem.results.statistics", sem.results.statistics, env = .GlobalEnv)
     assign("sem.standardized", sem.standardized, env = .GlobalEnv)
     assign("variables", variables, env = .GlobalEnv)
     assign("dpa", dpa, env = .GlobalEnv)
    File ‘dpa/R/plot.r’:
     assign("graphDir", graphDir, env = .GlobalEnv)
    File ‘dpa/R/sem.r’:
     assign("row", row, env = .GlobalEnv)
     assign("variables", baseVariables, env = .GlobalEnv)
     assign("sem", sem, env = .GlobalEnv)
     assign("sem.DPA", sem.DPA, env = .GlobalEnv)
     assign("sem.standardized", sem.standardized, env = .GlobalEnv)
     assign("relevantData", relevantData, env = .GlobalEnv)
     assign("sem.DPA", sem.DPA, env = .GlobalEnv)
     assign("sem.results.coefficients", sem.results.coefficients,
     env = .GlobalEnv)
     assign("sem.results.parameters", sem.results.parameters, env = .GlobalEnv)
     assign("sem.standardized", sem.standardized, env = .GlobalEnv)
     assign("sem.results.statistics", sem.results.statistics, env = .GlobalEnv)
     assign("listOfTicks", listOfTicks, env = .GlobalEnv)
     assign("listOfTicks", NULL, env = .GlobalEnv)
     assign("sem.DPA", NULL, env = .GlobalEnv)
     assign("sem.standardized", NULL, env = .GlobalEnv)
     assign("sem.results.parameters", NULL, env = .GlobalEnv)
     assign("sem.results.statistics", NULL, env = .GlobalEnv)
     assign("sem.results.coefficients", NULL, env = .GlobalEnv)
    
    Found the following calls to attach():
    File ‘dpa/R/dpa.r’:
     attach(dataframe)
     attach(dataframe)
     attach(dataframe)
     attach(dataframe)
    File ‘dpa/R/plot.r’:
     attach(dataframe)
     attach(dataframe)
     attach(dataframe)
    See section ‘Good practice’ in ‘?attach’.
Flavors: r-devel-linux-x86_64-debian-clang, r-devel-linux-x86_64-debian-gcc

Version: 1.0-3
Check: Rd line widths
Result: NOTE
    Rd file 'dpa.generate.lag.Rd':
     \usage lines wider than 90 characters:
     dpa.generate.lag(dataframe = NULL, tickColumn = NULL, sourceColumn = NULL, minLag=1,maxLag=1)
    
    Rd file 'dpa.relations.addRelations.Rd':
     \usage lines wider than 90 characters:
     dpa.relations.addRelations(From_column = NULL, To_column = NULL, Lag_in = NULL, minLag = NULL, maxLag = NULL, Direction = NULL)
    
    These lines will be truncated in the PDF manual.
Flavors: r-devel-linux-x86_64-debian-clang, r-devel-linux-x86_64-debian-gcc, r-devel-linux-x86_64-fedora-clang, r-devel-linux-x86_64-fedora-gcc, r-patched-linux-x86_64, r-release-linux-x86_64

Version: 1.0-3
Check: R code for possible problems
Result: NOTE
    dpa.analysis.options : OnOK: warning in assign("rbVal", rbVal, env =
     .GlobalEnv): partial argument match of 'env' to 'envir'
    dpa.analysis.options : OnOK : OnSave: warning in assign("time_column",
     time_column, env = .GlobalEnv): partial argument match of 'env' to
     'envir'
    dpa.analysis.options : OnOK : OnSave: warning in assign("intervalVal",
     intervalVal, env = .GlobalEnv): partial argument match of 'env' to
     'envir'
    dpa.analysis.options : OnOK : OnSave :
     dpa.analysis.options.ticks.enter: warning in assign("NumTick",
     NumTick, env = .GlobalEnv): partial argument match of 'env' to
     'envir'
    dpa.analysis.performDPA : dpa.specifyModel: warning in assign("row",
     row, env = .GlobalEnv): partial argument match of 'env' to 'envir'
    dpa.analysis.performDPA : dpa.specifyModel: warning in
     assign("variables", baseVariables, env = .GlobalEnv): partial
     argument match of 'env' to 'envir'
    dpa.analysis.performDPA : dpa.analysis.doPerform: warning in
     assign("sem", sem, env = .GlobalEnv): partial argument match of 'env'
     to 'envir'
    dpa.analysis.performDPA : dpa.analysis.doPerform: warning in
     assign("sem.DPA", sem.DPA, env = .GlobalEnv): partial argument match
     of 'env' to 'envir'
    dpa.analysis.performDPA : dpa.analysis.doPerform: warning in
     assign("sem.standardized", sem.standardized, env = .GlobalEnv):
     partial argument match of 'env' to 'envir'
    dpa.analysis.performDPA : dpa.analysis.doPerform: warning in
     assign("relevantData", relevantData, env = .GlobalEnv): partial
     argument match of 'env' to 'envir'
    dpa.analysis.performDPA : dpa.analysis.doPerform: warning in
     assign("sem.results.coefficients", sem.results.coefficients, env =
     .GlobalEnv): partial argument match of 'env' to 'envir'
    dpa.analysis.performDPA : dpa.analysis.doPerform: warning in
     assign("sem.results.parameters", sem.results.parameters, env =
     .GlobalEnv): partial argument match of 'env' to 'envir'
    dpa.analysis.performDPA : dpa.analysis.doPerform: warning in
     assign("sem.results.statistics", sem.results.statistics, env =
     .GlobalEnv): partial argument match of 'env' to 'envir'
    dpa.analysis.performDPA : dpa.analysis.doPerform: warning in
     assign("listOfTicks", listOfTicks, env = .GlobalEnv): partial
     argument match of 'env' to 'envir'
    dpa.analysis.performDPA: warning in assign("listOfTicks", NULL, env =
     .GlobalEnv): partial argument match of 'env' to 'envir'
    dpa.analysis.performDPA: warning in assign("sem.DPA", NULL, env =
     .GlobalEnv): partial argument match of 'env' to 'envir'
    dpa.analysis.performDPA: warning in assign("sem.standardized", NULL,
     env = .GlobalEnv): partial argument match of 'env' to 'envir'
    dpa.analysis.performDPA: warning in assign("sem.results.parameters",
     NULL, env = .GlobalEnv): partial argument match of 'env' to 'envir'
    dpa.analysis.performDPA: warning in assign("sem.results.statistics",
     NULL, env = .GlobalEnv): partial argument match of 'env' to 'envir'
    dpa.analysis.performDPA: warning in assign("sem.results.coefficients",
     NULL, env = .GlobalEnv): partial argument match of 'env' to 'envir'
    dpa.analysis.saveDPA: warning in assign("dpaFileName", dpaFileName, env
     = .GlobalEnv): partial argument match of 'env' to 'envir'
    dpa.data.loadData: warning in assign("ak1", ak1, env = .GlobalEnv):
     partial argument match of 'env' to 'envir'
    dpa.data.loadDataFromDatabase: warning in assign("ak2", ak2, env =
     .GlobalEnv): partial argument match of 'env' to 'envir'
    dpa.data.loadDataFromDatabase: warning in assign("dbServerType",
     dbServerType, env = .GlobalEnv): partial argument match of 'env' to
     'envir'
    dpa.data.loadDataFromDatabase: warning in assign("dbServer", dbServer,
     env = .GlobalEnv): partial argument match of 'env' to 'envir'
    dpa.data.loadDataFromDatabase: warning in assign("dbName", dbName, env
     = .GlobalEnv): partial argument match of 'env' to 'envir'
    dpa.data.loadDataFromDatabase: warning in assign("dbTable", dbTable,
     env = .GlobalEnv): partial argument match of 'env' to 'envir'
    dpa.data.loadDataFromDatabase: warning in assign("UserName", UserName,
     env = .GlobalEnv): partial argument match of 'env' to 'envir'
    dpa.data.loadDataFromDatabase: warning in assign("Password", Password,
     env = .GlobalEnv): partial argument match of 'env' to 'envir'
    dpa.data.loadDataFromDisk: warning in assign("dataFileName",
     dataFileName, env = .GlobalEnv): partial argument match of 'env' to
     'envir'
    dpa.data.loadDataFromDisk: warning in assign("e", e, env = .GlobalEnv):
     partial argument match of 'env' to 'envir'
    dpa.generate.lag: warning in assign("dataframe", dataframe, env =
     .GlobalEnv): partial argument match of 'env' to 'envir'
    dpa.incrementValue: warning in assign("i", i, env = .GlobalEnv):
     partial argument match of 'env' to 'envir'
    dpa.relations.addRelations: warning in assign("relations", relations,
     env = .GlobalEnv): partial argument match of 'env' to 'envir'
    dpa.relations.addRelations: warning in assign("time_column",
     time_column, env = .GlobalEnv): partial argument match of 'env' to
     'envir'
    dpa.relations.addRelations: warning in assign("e", e, env =
     .GlobalEnv): partial argument match of 'env' to 'envir'
    dpa.relations.loadRelations: warning in assign("relations", relations,
     env = .GlobalEnv): partial argument match of 'env' to 'envir'
    dpa.results.setGraphDir: warning in assign("graphDir", graphDir, env =
     .GlobalEnv): partial argument match of 'env' to 'envir'
    dpa.start: warning in assign("e", e, env = .GlobalEnv): partial
     argument match of 'env' to 'envir'
    dpa.start: warning in assign("listOfTicks", listOfTicks, env =
     .GlobalEnv): partial argument match of 'env' to 'envir'
    dpa.start: warning in assign("relations", relations, env = .GlobalEnv):
     partial argument match of 'env' to 'envir'
    dpa.start: warning in assign("row", row, env = .GlobalEnv): partial
     argument match of 'env' to 'envir'
    dpa.start: warning in assign("sem.DPA", sem.DPA, env = .GlobalEnv):
     partial argument match of 'env' to 'envir'
    dpa.start: warning in assign("sem.results.coefficients",
     sem.results.coefficients, env = .GlobalEnv): partial argument match
     of 'env' to 'envir'
    dpa.start: warning in assign("sem.results.parameters",
     sem.results.parameters, env = .GlobalEnv): partial argument match of
     'env' to 'envir'
    dpa.start: warning in assign("sem.results.statistics",
     sem.results.statistics, env = .GlobalEnv): partial argument match of
     'env' to 'envir'
    dpa.start: warning in assign("sem.standardized", sem.standardized, env
     = .GlobalEnv): partial argument match of 'env' to 'envir'
    dpa.start: warning in assign("variables", variables, env = .GlobalEnv):
     partial argument match of 'env' to 'envir'
    dpa.start: warning in assign("dpa", dpa, env = .GlobalEnv): partial
     argument match of 'env' to 'envir'
    dpa.analysis.options: no visible binding for global variable ‘e’
    dpa.analysis.options : OnOK : OnSave: no visible binding for global
     variable ‘e’
    dpa.analysis.performDPA : dpa.analysis.doPerform: no visible binding
     for global variable ‘rbVal’
    dpa.analysis.performDPA : dpa.analysis.doPerform: no visible binding
     for global variable ‘variables’
    dpa.analysis.performDPA : dpa.analysis.doPerform: no visible binding
     for global variable ‘e’
    dpa.analysis.performDPA : dpa.analysis.doPerform: no visible binding
     for global variable ‘NumTick’
    dpa.analysis.performDPA : dpa.analysis.doPerform: no visible global
     function definition for ‘cov’
    dpa.analysis.performDPA: no visible binding for global variable ‘rbVal’
    dpa.analysis.performDPA: no visible binding for global variable
     ‘sem.DPA’
    dpa.analysis.performDPA: no visible binding for global variable ‘e’
    dpa.analysis.saveDPA: no visible binding for global variable
     ‘dataFileName’
    dpa.analysis.saveDPA: no visible binding for global variable
     ‘sem.results.coefficients’
    dpa.data.authenticationCancel: no visible binding for global variable
     ‘ak2’
    dpa.data.authenticationSubmit: no visible binding for global variable
     ‘dbServerType’
    dpa.data.authenticationSubmit: no visible binding for global variable
     ‘dbServer’
    dpa.data.authenticationSubmit: no visible binding for global variable
     ‘dbTable’
    dpa.data.authenticationSubmit: no visible binding for global variable
     ‘UserName’
    dpa.data.authenticationSubmit: no visible binding for global variable
     ‘Password’
    dpa.data.authenticationSubmit: no visible global function definition
     for ‘JDBC’
    dpa.data.authenticationSubmit: no visible global function definition
     for ‘dbConnect’
    dpa.data.authenticationSubmit: no visible global function definition
     for ‘dbGetQuery’
    dpa.data.authenticationSubmit: no visible global function definition
     for ‘dbReadTable’
    dpa.data.checkData : dpa.data.checkData.sort: no visible binding for
     global variable ‘e’
    dpa.data.checkData : dpa.data.missingRow: no visible binding for global
     variable ‘e’
    dpa.data.checkData : dpa.data.missingData: no visible binding for
     global variable ‘e’
    dpa.data.loadCancel: no visible binding for global variable ‘ak1’
    dpa.data.loadDataFromDatabase: no visible binding for global variable
     ‘dpa.data.authentificationCancel’
    dpa.data.loadDataFromDisk: no visible binding for global variable ‘ak1’
    dpa.data.loadDataFromDisk: no visible global function definition for
     ‘read.csv’
    dpa.data.saveDataToDisk: no visible binding for global variable ‘e’
    dpa.data.viewOrEditData: no visible global function definition for
     ‘fix’
    dpa.exit: no visible binding for global variable ‘dpa’
    dpa.locate.missing: no visible global function definition for
     ‘complete.cases’
    dpa.relations.addRelations: no visible binding for global variable
     ‘dataframe’
    dpa.relations.editRelations: no visible binding for global variable ‘e’
    dpa.relations.loadRelations: no visible global function definition for
     ‘read.table’
    dpa.relations.saveRelations: no visible global function definition for
     ‘write.table’
    dpa.results.generateCoefficientsPlots : dpa.plot.graph: no visible
     binding for global variable ‘sem.results.coefficients’
    dpa.results.generateCoefficientsPlots : dpa.plot.graph: no visible
     binding for global variable ‘sem.results.parameters’
    dpa.results.generateCoefficientsPlots : dpa.plot.graph: no visible
     binding for global variable ‘graphDir’
    dpa.results.generateCoefficientsPlots : dpa.plot.graph: no visible
     global function definition for ‘png’
    dpa.results.generateCoefficientsPlots : dpa.plot.graph: no visible
     global function definition for ‘pdf’
    dpa.results.generateCoefficientsPlots : dpa.plot.graph: no visible
     global function definition for ‘matplot’
    dpa.results.generateCoefficientsPlots : dpa.plot.graph: no visible
     binding for global variable ‘listOfTicks’
    dpa.results.generateCoefficientsPlots : dpa.plot.graph: no visible
     binding for global variable ‘e’
    dpa.results.generateCoefficientsPlots : dpa.plot.graph: no visible
     global function definition for ‘dev.off’
    dpa.results.generateFitPlots : dpa.plot.graph: no visible binding for
     global variable ‘sem.results.statistics’
    dpa.results.generateFitPlots : dpa.plot.graph: no visible binding for
     global variable ‘graphDir’
    dpa.results.generateFitPlots : dpa.plot.graph: no visible global
     function definition for ‘png’
    dpa.results.generateFitPlots : dpa.plot.graph: no visible global
     function definition for ‘pdf’
    dpa.results.generateFitPlots : dpa.plot.graph: no visible global
     function definition for ‘matplot’
    dpa.results.generateFitPlots : dpa.plot.graph: no visible binding for
     global variable ‘listOfTicks’
    dpa.results.generateFitPlots : dpa.plot.graph: no visible binding for
     global variable ‘e’
    dpa.results.generateFitPlots : dpa.plot.graph: no visible global
     function definition for ‘dev.off’
    dpa.results.viewNodePlots: no visible binding for global variable ‘e’
    dpa.results.viewNodePlots : dpa.results.plotNodes : dpa.plot.scatter:
     no visible global function definition for ‘densCols’
    dpa.results.viewNodePlots : dpa.results.plotNodes : dpa.plot.scatter:
     no visible global function definition for ‘png’
    dpa.results.viewNodePlots : dpa.results.plotNodes : dpa.plot.scatter:
     no visible binding for global variable ‘graphDir’
    dpa.results.viewNodePlots : dpa.results.plotNodes : dpa.plot.scatter:
     no visible global function definition for ‘smoothScatter’
    dpa.results.viewNodePlots : dpa.results.plotNodes : dpa.plot.scatter:
     no visible global function definition for ‘dev.off’
    dpa.results.viewNodePlots : dpa.results.plotNodes: no visible binding
     for global variable ‘e’
    dpa.results.viewNodePlots : dpa.results.plotNodesWithTime: no visible
     binding for global variable ‘e’
    dpa.results.viewNodePlots : dpa.results.plotNodesWithTime :
     dpa.plot.scatter: no visible global function definition for
     ‘densCols’
    dpa.results.viewNodePlots : dpa.results.plotNodesWithTime :
     dpa.plot.scatter: no visible global function definition for ‘png’
    dpa.results.viewNodePlots : dpa.results.plotNodesWithTime :
     dpa.plot.scatter: no visible binding for global variable ‘graphDir’
    dpa.results.viewNodePlots : dpa.results.plotNodesWithTime :
     dpa.plot.scatter: no visible global function definition for
     ‘smoothScatter’
    dpa.results.viewNodePlots : dpa.results.plotNodesWithTime :
     dpa.plot.scatter: no visible global function definition for ‘dev.off’
    dpa.results.viewRelationsPlots : dpa.plot.graph: no visible binding for
     global variable ‘rbVal’
    dpa.results.viewRelationsPlots : dpa.plot.graph: no visible global
     function definition for ‘png’
    dpa.results.viewRelationsPlots : dpa.plot.graph: no visible binding for
     global variable ‘graphDir’
    dpa.results.viewRelationsPlots : dpa.plot.graph: no visible global
     function definition for ‘pdf’
    dpa.results.viewRelationsPlots : dpa.plot.graph: no visible binding for
     global variable ‘sem.standardized’
    dpa.results.viewRelationsPlots : dpa.plot.graph: no visible global
     function definition for ‘dev.off’
    dpa.results.viewRelationsPlots: no visible binding for global variable
     ‘variables’
    dpa.results.viewRelationsPlots: no visible binding for global variable
     ‘e’
    Undefined global functions or variables:
     JDBC NumTick Password UserName ak1 ak2 complete.cases cov
     dataFileName dataframe dbConnect dbGetQuery dbReadTable dbServer
     dbServerType dbTable densCols dev.off dpa
     dpa.data.authentificationCancel e fix graphDir listOfTicks matplot
     pdf png rbVal read.csv read.table sem.DPA sem.results.coefficients
     sem.results.parameters sem.results.statistics sem.standardized
     smoothScatter variables write.table
    Consider adding
     importFrom("grDevices", "densCols", "dev.off", "pdf", "png")
     importFrom("graphics", "matplot", "smoothScatter")
     importFrom("stats", "complete.cases", "cov")
     importFrom("utils", "fix", "read.csv", "read.table", "write.table")
    to your NAMESPACE.
    
    Found the following assignments to the global environment:
    File ‘dpa/R/dpa.r’:
     assign("ak1", ak1, env = .GlobalEnv)
     assign("dataFileName", dataFileName, env = .GlobalEnv)
     assign("e", e, env = .GlobalEnv)
     assign("e", e, env = .GlobalEnv)
     assign("e", e, env = .GlobalEnv)
     assign("ak2", ak2, env = .GlobalEnv)
     assign("dbServerType", dbServerType, env = .GlobalEnv)
     assign("dbServer", dbServer, env = .GlobalEnv)
     assign("dbName", dbName, env = .GlobalEnv)
     assign("dbTable", dbTable, env = .GlobalEnv)
     assign("UserName", UserName, env = .GlobalEnv)
     assign("Password", Password, env = .GlobalEnv)
     assign("relations", relations, env = .GlobalEnv)
     assign("relations", relations, env = .GlobalEnv)
     assign("dataframe", dataframe, env = .GlobalEnv)
     assign("relations", relations, env = .GlobalEnv)
     assign("time_column", time_column, env = .GlobalEnv)
     assign("e", e, env = .GlobalEnv)
     assign("i", i, env = .GlobalEnv)
     assign("rbVal", rbVal, env = .GlobalEnv)
     assign("time_column", time_column, env = .GlobalEnv)
     assign("intervalVal", intervalVal, env = .GlobalEnv)
     assign("NumTick", NumTick, env = .GlobalEnv)
     assign("dpaFileName", dpaFileName, env = .GlobalEnv)
     assign("e", e, env = .GlobalEnv)
     assign("listOfTicks", listOfTicks, env = .GlobalEnv)
     assign("relations", relations, env = .GlobalEnv)
     assign("row", row, env = .GlobalEnv)
     assign("sem.DPA", sem.DPA, env = .GlobalEnv)
     assign("sem.results.coefficients", sem.results.coefficients,
     env = .GlobalEnv)
     assign("sem.results.parameters", sem.results.parameters, env = .GlobalEnv)
     assign("sem.results.statistics", sem.results.statistics, env = .GlobalEnv)
     assign("sem.standardized", sem.standardized, env = .GlobalEnv)
     assign("variables", variables, env = .GlobalEnv)
     assign("dpa", dpa, env = .GlobalEnv)
    File ‘dpa/R/plot.r’:
     assign("graphDir", graphDir, env = .GlobalEnv)
    File ‘dpa/R/sem.r’:
     assign("row", row, env = .GlobalEnv)
     assign("variables", baseVariables, env = .GlobalEnv)
     assign("sem", sem, env = .GlobalEnv)
     assign("sem.DPA", sem.DPA, env = .GlobalEnv)
     assign("sem.standardized", sem.standardized, env = .GlobalEnv)
     assign("relevantData", relevantData, env = .GlobalEnv)
     assign("sem.DPA", sem.DPA, env = .GlobalEnv)
     assign("sem.results.coefficients", sem.results.coefficients,
     env = .GlobalEnv)
     assign("sem.results.parameters", sem.results.parameters, env = .GlobalEnv)
     assign("sem.standardized", sem.standardized, env = .GlobalEnv)
     assign("sem.results.statistics", sem.results.statistics, env = .GlobalEnv)
     assign("listOfTicks", listOfTicks, env = .GlobalEnv)
     assign("listOfTicks", NULL, env = .GlobalEnv)
     assign("sem.DPA", NULL, env = .GlobalEnv)
     assign("sem.standardized", NULL, env = .GlobalEnv)
     assign("sem.results.parameters", NULL, env = .GlobalEnv)
     assign("sem.results.statistics", NULL, env = .GlobalEnv)
     assign("sem.results.coefficients", NULL, env = .GlobalEnv)
Flavor: r-devel-linux-x86_64-fedora-clang

Version: 1.0-3
Check: R code for possible problems
Result: NOTE
    dpa.analysis.options : OnOK: warning in assign("rbVal", rbVal, env =
     .GlobalEnv): partial argument match of 'env' to 'envir'
    dpa.analysis.options : OnOK : OnSave: warning in assign("time_column",
     time_column, env = .GlobalEnv): partial argument match of 'env' to
     'envir'
    dpa.analysis.options : OnOK : OnSave: warning in assign("intervalVal",
     intervalVal, env = .GlobalEnv): partial argument match of 'env' to
     'envir'
    dpa.analysis.options : OnOK : OnSave :
     dpa.analysis.options.ticks.enter: warning in assign("NumTick",
     NumTick, env = .GlobalEnv): partial argument match of 'env' to
     'envir'
    dpa.analysis.performDPA : dpa.specifyModel: warning in assign("row",
     row, env = .GlobalEnv): partial argument match of 'env' to 'envir'
    dpa.analysis.performDPA : dpa.specifyModel: warning in
     assign("variables", baseVariables, env = .GlobalEnv): partial
     argument match of 'env' to 'envir'
    dpa.analysis.performDPA : dpa.analysis.doPerform: warning in
     assign("sem", sem, env = .GlobalEnv): partial argument match of 'env'
     to 'envir'
    dpa.analysis.performDPA : dpa.analysis.doPerform: warning in
     assign("sem.DPA", sem.DPA, env = .GlobalEnv): partial argument match
     of 'env' to 'envir'
    dpa.analysis.performDPA : dpa.analysis.doPerform: warning in
     assign("sem.standardized", sem.standardized, env = .GlobalEnv):
     partial argument match of 'env' to 'envir'
    dpa.analysis.performDPA : dpa.analysis.doPerform: warning in
     assign("relevantData", relevantData, env = .GlobalEnv): partial
     argument match of 'env' to 'envir'
    dpa.analysis.performDPA : dpa.analysis.doPerform: warning in
     assign("sem.results.coefficients", sem.results.coefficients, env =
     .GlobalEnv): partial argument match of 'env' to 'envir'
    dpa.analysis.performDPA : dpa.analysis.doPerform: warning in
     assign("sem.results.parameters", sem.results.parameters, env =
     .GlobalEnv): partial argument match of 'env' to 'envir'
    dpa.analysis.performDPA : dpa.analysis.doPerform: warning in
     assign("sem.results.statistics", sem.results.statistics, env =
     .GlobalEnv): partial argument match of 'env' to 'envir'
    dpa.analysis.performDPA : dpa.analysis.doPerform: warning in
     assign("listOfTicks", listOfTicks, env = .GlobalEnv): partial
     argument match of 'env' to 'envir'
    dpa.analysis.performDPA: warning in assign("listOfTicks", NULL, env =
     .GlobalEnv): partial argument match of 'env' to 'envir'
    dpa.analysis.performDPA: warning in assign("sem.DPA", NULL, env =
     .GlobalEnv): partial argument match of 'env' to 'envir'
    dpa.analysis.performDPA: warning in assign("sem.standardized", NULL,
     env = .GlobalEnv): partial argument match of 'env' to 'envir'
    dpa.analysis.performDPA: warning in assign("sem.results.parameters",
     NULL, env = .GlobalEnv): partial argument match of 'env' to 'envir'
    dpa.analysis.performDPA: warning in assign("sem.results.statistics",
     NULL, env = .GlobalEnv): partial argument match of 'env' to 'envir'
    dpa.analysis.performDPA: warning in assign("sem.results.coefficients",
     NULL, env = .GlobalEnv): partial argument match of 'env' to 'envir'
    dpa.analysis.saveDPA: warning in assign("dpaFileName", dpaFileName, env
     = .GlobalEnv): partial argument match of 'env' to 'envir'
    dpa.data.loadData: warning in assign("ak1", ak1, env = .GlobalEnv):
     partial argument match of 'env' to 'envir'
    dpa.data.loadDataFromDatabase: warning in assign("ak2", ak2, env =
     .GlobalEnv): partial argument match of 'env' to 'envir'
    dpa.data.loadDataFromDatabase: warning in assign("dbServerType",
     dbServerType, env = .GlobalEnv): partial argument match of 'env' to
     'envir'
    dpa.data.loadDataFromDatabase: warning in assign("dbServer", dbServer,
     env = .GlobalEnv): partial argument match of 'env' to 'envir'
    dpa.data.loadDataFromDatabase: warning in assign("dbName", dbName, env
     = .GlobalEnv): partial argument match of 'env' to 'envir'
    dpa.data.loadDataFromDatabase: warning in assign("dbTable", dbTable,
     env = .GlobalEnv): partial argument match of 'env' to 'envir'
    dpa.data.loadDataFromDatabase: warning in assign("UserName", UserName,
     env = .GlobalEnv): partial argument match of 'env' to 'envir'
    dpa.data.loadDataFromDatabase: warning in assign("Password", Password,
     env = .GlobalEnv): partial argument match of 'env' to 'envir'
    dpa.data.loadDataFromDisk: warning in assign("dataFileName",
     dataFileName, env = .GlobalEnv): partial argument match of 'env' to
     'envir'
    dpa.data.loadDataFromDisk: warning in assign("e", e, env = .GlobalEnv):
     partial argument match of 'env' to 'envir'
    dpa.generate.lag: warning in assign("dataframe", dataframe, env =
     .GlobalEnv): partial argument match of 'env' to 'envir'
    dpa.incrementValue: warning in assign("i", i, env = .GlobalEnv):
     partial argument match of 'env' to 'envir'
    dpa.relations.addRelations: warning in assign("relations", relations,
     env = .GlobalEnv): partial argument match of 'env' to 'envir'
    dpa.relations.addRelations: warning in assign("time_column",
     time_column, env = .GlobalEnv): partial argument match of 'env' to
     'envir'
    dpa.relations.addRelations: warning in assign("e", e, env =
     .GlobalEnv): partial argument match of 'env' to 'envir'
    dpa.relations.loadRelations: warning in assign("relations", relations,
     env = .GlobalEnv): partial argument match of 'env' to 'envir'
    dpa.results.setGraphDir: warning in assign("graphDir", graphDir, env =
     .GlobalEnv): partial argument match of 'env' to 'envir'
    dpa.start: warning in assign("e", e, env = .GlobalEnv): partial
     argument match of 'env' to 'envir'
    dpa.start: warning in assign("listOfTicks", listOfTicks, env =
     .GlobalEnv): partial argument match of 'env' to 'envir'
    dpa.start: warning in assign("relations", relations, env = .GlobalEnv):
     partial argument match of 'env' to 'envir'
    dpa.start: warning in assign("row", row, env = .GlobalEnv): partial
     argument match of 'env' to 'envir'
    dpa.start: warning in assign("sem.DPA", sem.DPA, env = .GlobalEnv):
     partial argument match of 'env' to 'envir'
    dpa.start: warning in assign("sem.results.coefficients",
     sem.results.coefficients, env = .GlobalEnv): partial argument match
     of 'env' to 'envir'
    dpa.start: warning in assign("sem.results.parameters",
     sem.results.parameters, env = .GlobalEnv): partial argument match of
     'env' to 'envir'
    dpa.start: warning in assign("sem.results.statistics",
     sem.results.statistics, env = .GlobalEnv): partial argument match of
     'env' to 'envir'
    dpa.start: warning in assign("sem.standardized", sem.standardized, env
     = .GlobalEnv): partial argument match of 'env' to 'envir'
    dpa.start: warning in assign("variables", variables, env = .GlobalEnv):
     partial argument match of 'env' to 'envir'
    dpa.start: warning in assign("dpa", dpa, env = .GlobalEnv): partial
     argument match of 'env' to 'envir'
    dpa.analysis.options: no visible binding for global variable ‘e’
    dpa.analysis.options : OnOK : OnSave: no visible binding for global
     variable ‘e’
    dpa.analysis.performDPA : dpa.analysis.doPerform: no visible binding
     for global variable ‘rbVal’
    dpa.analysis.performDPA : dpa.analysis.doPerform: no visible binding
     for global variable ‘variables’
    dpa.analysis.performDPA : dpa.analysis.doPerform: no visible binding
     for global variable ‘e’
    dpa.analysis.performDPA : dpa.analysis.doPerform: no visible binding
     for global variable ‘NumTick’
    dpa.analysis.performDPA : dpa.analysis.doPerform: no visible global
     function definition for ‘cov’
    dpa.analysis.performDPA: no visible binding for global variable ‘rbVal’
    dpa.analysis.performDPA: no visible binding for global variable
     ‘sem.DPA’
    dpa.analysis.performDPA: no visible binding for global variable ‘e’
    dpa.analysis.saveDPA: no visible binding for global variable
     ‘dataFileName’
    dpa.analysis.saveDPA: no visible binding for global variable
     ‘sem.results.coefficients’
    dpa.data.authenticationCancel: no visible binding for global variable
     ‘ak2’
    dpa.data.authenticationSubmit: no visible binding for global variable
     ‘dbServerType’
    dpa.data.authenticationSubmit: no visible binding for global variable
     ‘dbServer’
    dpa.data.authenticationSubmit: no visible binding for global variable
     ‘dbTable’
    dpa.data.authenticationSubmit: no visible binding for global variable
     ‘UserName’
    dpa.data.authenticationSubmit: no visible binding for global variable
     ‘Password’
    dpa.data.authenticationSubmit: no visible global function definition
     for ‘JDBC’
    dpa.data.authenticationSubmit: no visible global function definition
     for ‘dbConnect’
    dpa.data.authenticationSubmit: no visible global function definition
     for ‘dbGetQuery’
    dpa.data.authenticationSubmit: no visible global function definition
     for ‘dbReadTable’
    dpa.data.checkData : dpa.data.checkData.sort: no visible binding for
     global variable ‘e’
    dpa.data.checkData : dpa.data.missingRow: no visible binding for global
     variable ‘e’
    dpa.data.checkData : dpa.data.missingData: no visible binding for
     global variable ‘e’
    dpa.data.loadCancel: no visible binding for global variable ‘ak1’
    dpa.data.loadDataFromDatabase: no visible binding for global variable
     ‘dpa.data.authentificationCancel’
    dpa.data.loadDataFromDisk: no visible binding for global variable ‘ak1’
    dpa.data.loadDataFromDisk: no visible global function definition for
     ‘read.csv’
    dpa.data.saveDataToDisk: no visible binding for global variable ‘e’
    dpa.data.viewOrEditData: no visible global function definition for
     ‘fix’
    dpa.exit: no visible binding for global variable ‘dpa’
    dpa.locate.missing: no visible global function definition for
     ‘complete.cases’
    dpa.relations.addRelations: no visible binding for global variable
     ‘dataframe’
    dpa.relations.editRelations: no visible binding for global variable ‘e’
    dpa.relations.loadRelations: no visible global function definition for
     ‘read.table’
    dpa.relations.saveRelations: no visible global function definition for
     ‘write.table’
    dpa.results.generateCoefficientsPlots : dpa.plot.graph: no visible
     binding for global variable ‘sem.results.coefficients’
    dpa.results.generateCoefficientsPlots : dpa.plot.graph: no visible
     binding for global variable ‘sem.results.parameters’
    dpa.results.generateCoefficientsPlots : dpa.plot.graph: no visible
     binding for global variable ‘graphDir’
    dpa.results.generateCoefficientsPlots : dpa.plot.graph: no visible
     global function definition for ‘png’
    dpa.results.generateCoefficientsPlots : dpa.plot.graph: no visible
     global function definition for ‘pdf’
    dpa.results.generateCoefficientsPlots : dpa.plot.graph: no visible
     global function definition for ‘matplot’
    dpa.results.generateCoefficientsPlots : dpa.plot.graph: no visible
     binding for global variable ‘listOfTicks’
    dpa.results.generateCoefficientsPlots : dpa.plot.graph: no visible
     binding for global variable ‘e’
    dpa.results.generateCoefficientsPlots : dpa.plot.graph: no visible
     global function definition for ‘dev.off’
    dpa.results.generateFitPlots : dpa.plot.graph: no visible binding for
     global variable ‘sem.results.statistics’
    dpa.results.generateFitPlots : dpa.plot.graph: no visible binding for
     global variable ‘graphDir’
    dpa.results.generateFitPlots : dpa.plot.graph: no visible global
     function definition for ‘png’
    dpa.results.generateFitPlots : dpa.plot.graph: no visible global
     function definition for ‘pdf’
    dpa.results.generateFitPlots : dpa.plot.graph: no visible global
     function definition for ‘matplot’
    dpa.results.generateFitPlots : dpa.plot.graph: no visible binding for
     global variable ‘listOfTicks’
    dpa.results.generateFitPlots : dpa.plot.graph: no visible binding for
     global variable ‘e’
    dpa.results.generateFitPlots : dpa.plot.graph: no visible global
     function definition for ‘dev.off’
    dpa.results.viewNodePlots: no visible binding for global variable ‘e’
    dpa.results.viewNodePlots : dpa.results.plotNodes : dpa.plot.scatter:
     no visible global function definition for ‘densCols’
    dpa.results.viewNodePlots : dpa.results.plotNodes : dpa.plot.scatter:
     no visible global function definition for ‘png’
    dpa.results.viewNodePlots : dpa.results.plotNodes : dpa.plot.scatter:
     no visible binding for global variable ‘graphDir’
    dpa.results.viewNodePlots : dpa.results.plotNodes : dpa.plot.scatter:
     no visible global function definition for ‘smoothScatter’
    dpa.results.viewNodePlots : dpa.results.plotNodes : dpa.plot.scatter:
     no visible global function definition for ‘dev.off’
    dpa.results.viewNodePlots : dpa.results.plotNodes: no visible binding
     for global variable ‘e’
    dpa.results.viewNodePlots : dpa.results.plotNodesWithTime: no visible
     binding for global variable ‘e’
    dpa.results.viewNodePlots : dpa.results.plotNodesWithTime :
     dpa.plot.scatter: no visible global function definition for
     ‘densCols’
    dpa.results.viewNodePlots : dpa.results.plotNodesWithTime :
     dpa.plot.scatter: no visible global function definition for ‘png’
    dpa.results.viewNodePlots : dpa.results.plotNodesWithTime :
     dpa.plot.scatter: no visible binding for global variable ‘graphDir’
    dpa.results.viewNodePlots : dpa.results.plotNodesWithTime :
     dpa.plot.scatter: no visible global function definition for
     ‘smoothScatter’
    dpa.results.viewNodePlots : dpa.results.plotNodesWithTime :
     dpa.plot.scatter: no visible global function definition for ‘dev.off’
    dpa.results.viewRelationsPlots : dpa.plot.graph: no visible binding for
     global variable ‘rbVal’
    dpa.results.viewRelationsPlots : dpa.plot.graph: no visible global
     function definition for ‘png’
    dpa.results.viewRelationsPlots : dpa.plot.graph: no visible binding for
     global variable ‘graphDir’
    dpa.results.viewRelationsPlots : dpa.plot.graph: no visible global
     function definition for ‘pdf’
    dpa.results.viewRelationsPlots : dpa.plot.graph: no visible binding for
     global variable ‘sem.standardized’
    dpa.results.viewRelationsPlots : dpa.plot.graph: no visible global
     function definition for ‘dev.off’
    dpa.results.viewRelationsPlots: no visible binding for global variable
     ‘variables’
    dpa.results.viewRelationsPlots: no visible binding for global variable
     ‘e’
    Undefined global functions or variables:
     JDBC NumTick Password UserName ak1 ak2 complete.cases cov
     dataFileName dataframe dbConnect dbGetQuery dbReadTable dbServer
     dbServerType dbTable densCols dev.off dpa
     dpa.data.authentificationCancel e fix graphDir listOfTicks matplot
     pdf png rbVal read.csv read.table sem.DPA sem.results.coefficients
     sem.results.parameters sem.results.statistics sem.standardized
     smoothScatter variables write.table
    Consider adding
     importFrom("grDevices", "densCols", "dev.off", "pdf", "png")
     importFrom("graphics", "matplot", "smoothScatter")
     importFrom("stats", "complete.cases", "cov")
     importFrom("utils", "fix", "read.csv", "read.table", "write.table")
    to your NAMESPACE.
Flavors: r-devel-linux-x86_64-fedora-gcc, r-devel-windows-ix86+x86_64

Version: 1.0-3
Check: R code for possible problems
Result: NOTE
    dpa.analysis.options : OnOK: warning in assign("rbVal", rbVal, env =
     .GlobalEnv): partial argument match of 'env' to 'envir'
    dpa.analysis.options : OnOK : OnSave: warning in assign("time_column",
     time_column, env = .GlobalEnv): partial argument match of 'env' to
     'envir'
    dpa.analysis.options : OnOK : OnSave: warning in assign("intervalVal",
     intervalVal, env = .GlobalEnv): partial argument match of 'env' to
     'envir'
    dpa.analysis.options : OnOK : OnSave :
     dpa.analysis.options.ticks.enter: warning in assign("NumTick",
     NumTick, env = .GlobalEnv): partial argument match of 'env' to
     'envir'
    dpa.analysis.performDPA : dpa.specifyModel: warning in assign("row",
     row, env = .GlobalEnv): partial argument match of 'env' to 'envir'
    dpa.analysis.performDPA : dpa.specifyModel: warning in
     assign("variables", baseVariables, env = .GlobalEnv): partial
     argument match of 'env' to 'envir'
    dpa.analysis.performDPA : dpa.analysis.doPerform: warning in
     assign("sem", sem, env = .GlobalEnv): partial argument match of 'env'
     to 'envir'
    dpa.analysis.performDPA : dpa.analysis.doPerform: warning in
     assign("sem.DPA", sem.DPA, env = .GlobalEnv): partial argument match
     of 'env' to 'envir'
    dpa.analysis.performDPA : dpa.analysis.doPerform: warning in
     assign("sem.standardized", sem.standardized, env = .GlobalEnv):
     partial argument match of 'env' to 'envir'
    dpa.analysis.performDPA : dpa.analysis.doPerform: warning in
     assign("relevantData", relevantData, env = .GlobalEnv): partial
     argument match of 'env' to 'envir'
    dpa.analysis.performDPA : dpa.analysis.doPerform: warning in
     assign("sem.results.coefficients", sem.results.coefficients, env =
     .GlobalEnv): partial argument match of 'env' to 'envir'
    dpa.analysis.performDPA : dpa.analysis.doPerform: warning in
     assign("sem.results.parameters", sem.results.parameters, env =
     .GlobalEnv): partial argument match of 'env' to 'envir'
    dpa.analysis.performDPA : dpa.analysis.doPerform: warning in
     assign("sem.results.statistics", sem.results.statistics, env =
     .GlobalEnv): partial argument match of 'env' to 'envir'
    dpa.analysis.performDPA : dpa.analysis.doPerform: warning in
     assign("listOfTicks", listOfTicks, env = .GlobalEnv): partial
     argument match of 'env' to 'envir'
    dpa.analysis.performDPA: warning in assign("listOfTicks", NULL, env =
     .GlobalEnv): partial argument match of 'env' to 'envir'
    dpa.analysis.performDPA: warning in assign("sem.DPA", NULL, env =
     .GlobalEnv): partial argument match of 'env' to 'envir'
    dpa.analysis.performDPA: warning in assign("sem.standardized", NULL,
     env = .GlobalEnv): partial argument match of 'env' to 'envir'
    dpa.analysis.performDPA: warning in assign("sem.results.parameters",
     NULL, env = .GlobalEnv): partial argument match of 'env' to 'envir'
    dpa.analysis.performDPA: warning in assign("sem.results.statistics",
     NULL, env = .GlobalEnv): partial argument match of 'env' to 'envir'
    dpa.analysis.performDPA: warning in assign("sem.results.coefficients",
     NULL, env = .GlobalEnv): partial argument match of 'env' to 'envir'
    dpa.analysis.saveDPA: warning in assign("dpaFileName", dpaFileName, env
     = .GlobalEnv): partial argument match of 'env' to 'envir'
    dpa.data.loadData: warning in assign("ak1", ak1, env = .GlobalEnv):
     partial argument match of 'env' to 'envir'
    dpa.data.loadDataFromDatabase: warning in assign("ak2", ak2, env =
     .GlobalEnv): partial argument match of 'env' to 'envir'
    dpa.data.loadDataFromDatabase: warning in assign("dbServerType",
     dbServerType, env = .GlobalEnv): partial argument match of 'env' to
     'envir'
    dpa.data.loadDataFromDatabase: warning in assign("dbServer", dbServer,
     env = .GlobalEnv): partial argument match of 'env' to 'envir'
    dpa.data.loadDataFromDatabase: warning in assign("dbName", dbName, env
     = .GlobalEnv): partial argument match of 'env' to 'envir'
    dpa.data.loadDataFromDatabase: warning in assign("dbTable", dbTable,
     env = .GlobalEnv): partial argument match of 'env' to 'envir'
    dpa.data.loadDataFromDatabase: warning in assign("UserName", UserName,
     env = .GlobalEnv): partial argument match of 'env' to 'envir'
    dpa.data.loadDataFromDatabase: warning in assign("Password", Password,
     env = .GlobalEnv): partial argument match of 'env' to 'envir'
    dpa.data.loadDataFromDisk: warning in assign("dataFileName",
     dataFileName, env = .GlobalEnv): partial argument match of 'env' to
     'envir'
    dpa.data.loadDataFromDisk: warning in assign("e", e, env = .GlobalEnv):
     partial argument match of 'env' to 'envir'
    dpa.generate.lag: warning in assign("dataframe", dataframe, env =
     .GlobalEnv): partial argument match of 'env' to 'envir'
    dpa.incrementValue: warning in assign("i", i, env = .GlobalEnv):
     partial argument match of 'env' to 'envir'
    dpa.relations.addRelations: warning in assign("relations", relations,
     env = .GlobalEnv): partial argument match of 'env' to 'envir'
    dpa.relations.addRelations: warning in assign("time_column",
     time_column, env = .GlobalEnv): partial argument match of 'env' to
     'envir'
    dpa.relations.addRelations: warning in assign("e", e, env =
     .GlobalEnv): partial argument match of 'env' to 'envir'
    dpa.relations.loadRelations: warning in assign("relations", relations,
     env = .GlobalEnv): partial argument match of 'env' to 'envir'
    dpa.results.setGraphDir: warning in assign("graphDir", graphDir, env =
     .GlobalEnv): partial argument match of 'env' to 'envir'
    dpa.results.viewNodePlots : dpa.results.plotNodes : dpa.plot.scatter:
     warning in png(file = paste(graphDir, "/scatter_", xcolumn, "_",
     ycolumn, "_", ".png", sep = ""), res = 300, width = 3000, height =
     2000): partial argument match of 'file' to 'filename'
    dpa.results.viewNodePlots : dpa.results.plotNodesWithTime :
     dpa.plot.scatter: warning in png(file = paste(graphDir, "/scatter_",
     xcolumn, "_", ycolumn, "_", tick, ".png", sep = ""), res = 300, width
     = 3000, height = 2000): partial argument match of 'file' to
     'filename'
    dpa.results.viewRelationsPlots : dpa.plot.graph: warning in png(file =
     paste(graphDir, "/graph_", "relation", ".png", sep = ""), res = 92,
     width = 1000, height = 1000): partial argument match of 'file' to
     'filename'
    dpa.results.viewRelationsPlots : dpa.plot.graph: warning in png(file =
     paste(graphDir, "/graph_", "relation_", format(tickNumber, width =
     4), ".png", sep = ""), res = 92, width = 1000, height = 1000):
     partial argument match of 'file' to 'filename'
    dpa.start: warning in assign("e", e, env = .GlobalEnv): partial
     argument match of 'env' to 'envir'
    dpa.start: warning in assign("listOfTicks", listOfTicks, env =
     .GlobalEnv): partial argument match of 'env' to 'envir'
    dpa.start: warning in assign("relations", relations, env = .GlobalEnv):
     partial argument match of 'env' to 'envir'
    dpa.start: warning in assign("row", row, env = .GlobalEnv): partial
     argument match of 'env' to 'envir'
    dpa.start: warning in assign("sem.DPA", sem.DPA, env = .GlobalEnv):
     partial argument match of 'env' to 'envir'
    dpa.start: warning in assign("sem.results.coefficients",
     sem.results.coefficients, env = .GlobalEnv): partial argument match
     of 'env' to 'envir'
    dpa.start: warning in assign("sem.results.parameters",
     sem.results.parameters, env = .GlobalEnv): partial argument match of
     'env' to 'envir'
    dpa.start: warning in assign("sem.results.statistics",
     sem.results.statistics, env = .GlobalEnv): partial argument match of
     'env' to 'envir'
    dpa.start: warning in assign("sem.standardized", sem.standardized, env
     = .GlobalEnv): partial argument match of 'env' to 'envir'
    dpa.start: warning in assign("variables", variables, env = .GlobalEnv):
     partial argument match of 'env' to 'envir'
    dpa.start: warning in assign("dpa", dpa, env = .GlobalEnv): partial
     argument match of 'env' to 'envir'
    dpa.analysis.options: no visible binding for global variable ‘e’
    dpa.analysis.options : OnOK : OnSave: no visible binding for global
     variable ‘e’
    dpa.analysis.performDPA : dpa.analysis.doPerform: no visible binding
     for global variable ‘rbVal’
    dpa.analysis.performDPA : dpa.analysis.doPerform: no visible binding
     for global variable ‘variables’
    dpa.analysis.performDPA : dpa.analysis.doPerform: no visible binding
     for global variable ‘e’
    dpa.analysis.performDPA : dpa.analysis.doPerform: no visible binding
     for global variable ‘NumTick’
    dpa.analysis.performDPA: no visible binding for global variable ‘rbVal’
    dpa.analysis.performDPA: no visible binding for global variable
     ‘sem.DPA’
    dpa.analysis.performDPA: no visible binding for global variable ‘e’
    dpa.analysis.saveDPA: no visible binding for global variable
     ‘dataFileName’
    dpa.analysis.saveDPA: no visible binding for global variable
     ‘sem.results.coefficients’
    dpa.data.authenticationCancel: no visible binding for global variable
     ‘ak2’
    dpa.data.authenticationSubmit: no visible binding for global variable
     ‘dbServerType’
    dpa.data.authenticationSubmit: no visible binding for global variable
     ‘dbServer’
    dpa.data.authenticationSubmit: no visible binding for global variable
     ‘dbTable’
    dpa.data.authenticationSubmit: no visible binding for global variable
     ‘UserName’
    dpa.data.authenticationSubmit: no visible binding for global variable
     ‘Password’
    dpa.data.authenticationSubmit: no visible global function definition
     for ‘JDBC’
    dpa.data.authenticationSubmit: no visible global function definition
     for ‘dbConnect’
    dpa.data.authenticationSubmit: no visible global function definition
     for ‘dbGetQuery’
    dpa.data.authenticationSubmit: no visible global function definition
     for ‘dbReadTable’
    dpa.data.checkData : dpa.data.checkData.sort: no visible binding for
     global variable ‘e’
    dpa.data.checkData : dpa.data.missingRow: no visible binding for global
     variable ‘e’
    dpa.data.checkData : dpa.data.missingData: no visible binding for
     global variable ‘e’
    dpa.data.loadCancel: no visible binding for global variable ‘ak1’
    dpa.data.loadDataFromDatabase: no visible binding for global variable
     ‘dpa.data.authentificationCancel’
    dpa.data.loadDataFromDisk: no visible binding for global variable ‘ak1’
    dpa.data.saveDataToDisk: no visible binding for global variable ‘e’
    dpa.exit: no visible binding for global variable ‘dpa’
    dpa.relations.addRelations: no visible binding for global variable
     ‘dataframe’
    dpa.relations.editRelations: no visible binding for global variable ‘e’
    dpa.results.generateCoefficientsPlots : dpa.plot.graph: no visible
     binding for global variable ‘sem.results.coefficients’
    dpa.results.generateCoefficientsPlots : dpa.plot.graph: no visible
     binding for global variable ‘sem.results.parameters’
    dpa.results.generateCoefficientsPlots : dpa.plot.graph: no visible
     binding for global variable ‘graphDir’
    dpa.results.generateCoefficientsPlots : dpa.plot.graph: no visible
     binding for global variable ‘listOfTicks’
    dpa.results.generateCoefficientsPlots : dpa.plot.graph: no visible
     binding for global variable ‘e’
    dpa.results.generateFitPlots : dpa.plot.graph: no visible binding for
     global variable ‘sem.results.statistics’
    dpa.results.generateFitPlots : dpa.plot.graph: no visible binding for
     global variable ‘graphDir’
    dpa.results.generateFitPlots : dpa.plot.graph: no visible binding for
     global variable ‘listOfTicks’
    dpa.results.generateFitPlots : dpa.plot.graph: no visible binding for
     global variable ‘e’
    dpa.results.viewNodePlots: no visible binding for global variable ‘e’
    dpa.results.viewNodePlots : dpa.results.plotNodes : dpa.plot.scatter:
     no visible binding for global variable ‘graphDir’
    dpa.results.viewNodePlots : dpa.results.plotNodes: no visible binding
     for global variable ‘e’
    dpa.results.viewNodePlots : dpa.results.plotNodesWithTime: no visible
     binding for global variable ‘e’
    dpa.results.viewNodePlots : dpa.results.plotNodesWithTime :
     dpa.plot.scatter: no visible binding for global variable ‘graphDir’
    dpa.results.viewRelationsPlots : dpa.plot.graph: no visible binding for
     global variable ‘rbVal’
    dpa.results.viewRelationsPlots : dpa.plot.graph: no visible binding for
     global variable ‘graphDir’
    dpa.results.viewRelationsPlots : dpa.plot.graph: no visible binding for
     global variable ‘sem.standardized’
    dpa.results.viewRelationsPlots: no visible binding for global variable
     ‘variables’
    dpa.results.viewRelationsPlots: no visible binding for global variable
     ‘e’
    Undefined global functions or variables:
     JDBC NumTick Password UserName ak1 ak2 dataFileName dataframe
     dbConnect dbGetQuery dbReadTable dbServer dbServerType dbTable dpa
     dpa.data.authentificationCancel e graphDir listOfTicks rbVal sem.DPA
     sem.results.coefficients sem.results.parameters
     sem.results.statistics sem.standardized variables
    
    Found the following assignments to the global environment:
    File ‘dpa/R/dpa.r’:
     assign("ak1", ak1, env = .GlobalEnv)
     assign("dataFileName", dataFileName, env = .GlobalEnv)
     assign("e", e, env = .GlobalEnv)
     assign("e", e, env = .GlobalEnv)
     assign("e", e, env = .GlobalEnv)
     assign("ak2", ak2, env = .GlobalEnv)
     assign("dbServerType", dbServerType, env = .GlobalEnv)
     assign("dbServer", dbServer, env = .GlobalEnv)
     assign("dbName", dbName, env = .GlobalEnv)
     assign("dbTable", dbTable, env = .GlobalEnv)
     assign("UserName", UserName, env = .GlobalEnv)
     assign("Password", Password, env = .GlobalEnv)
     assign("relations", relations, env = .GlobalEnv)
     assign("relations", relations, env = .GlobalEnv)
     assign("dataframe", dataframe, env = .GlobalEnv)
     assign("relations", relations, env = .GlobalEnv)
     assign("time_column", time_column, env = .GlobalEnv)
     assign("e", e, env = .GlobalEnv)
     assign("i", i, env = .GlobalEnv)
     assign("rbVal", rbVal, env = .GlobalEnv)
     assign("time_column", time_column, env = .GlobalEnv)
     assign("intervalVal", intervalVal, env = .GlobalEnv)
     assign("NumTick", NumTick, env = .GlobalEnv)
     assign("dpaFileName", dpaFileName, env = .GlobalEnv)
     assign("e", e, env = .GlobalEnv)
     assign("listOfTicks", listOfTicks, env = .GlobalEnv)
     assign("relations", relations, env = .GlobalEnv)
     assign("row", row, env = .GlobalEnv)
     assign("sem.DPA", sem.DPA, env = .GlobalEnv)
     assign("sem.results.coefficients", sem.results.coefficients,
     env = .GlobalEnv)
     assign("sem.results.parameters", sem.results.parameters, env = .GlobalEnv)
     assign("sem.results.statistics", sem.results.statistics, env = .GlobalEnv)
     assign("sem.standardized", sem.standardized, env = .GlobalEnv)
     assign("variables", variables, env = .GlobalEnv)
     assign("dpa", dpa, env = .GlobalEnv)
    File ‘dpa/R/plot.r’:
     assign("graphDir", graphDir, env = .GlobalEnv)
    File ‘dpa/R/sem.r’:
     assign("row", row, env = .GlobalEnv)
     assign("variables", baseVariables, env = .GlobalEnv)
     assign("sem", sem, env = .GlobalEnv)
     assign("sem.DPA", sem.DPA, env = .GlobalEnv)
     assign("sem.standardized", sem.standardized, env = .GlobalEnv)
     assign("relevantData", relevantData, env = .GlobalEnv)
     assign("sem.DPA", sem.DPA, env = .GlobalEnv)
     assign("sem.results.coefficients", sem.results.coefficients,
     env = .GlobalEnv)
     assign("sem.results.parameters", sem.results.parameters, env = .GlobalEnv)
     assign("sem.standardized", sem.standardized, env = .GlobalEnv)
     assign("sem.results.statistics", sem.results.statistics, env = .GlobalEnv)
     assign("listOfTicks", listOfTicks, env = .GlobalEnv)
     assign("listOfTicks", NULL, env = .GlobalEnv)
     assign("sem.DPA", NULL, env = .GlobalEnv)
     assign("sem.standardized", NULL, env = .GlobalEnv)
     assign("sem.results.parameters", NULL, env = .GlobalEnv)
     assign("sem.results.statistics", NULL, env = .GlobalEnv)
     assign("sem.results.coefficients", NULL, env = .GlobalEnv)
Flavor: r-devel-osx-x86_64-clang

Version: 1.0-3
Check: R code for possible problems
Result: NOTE
    dpa.analysis.options : OnOK: warning in assign("rbVal", rbVal, env =
     .GlobalEnv): partial argument match of ‘env’ to ‘envir’
    dpa.analysis.options : OnOK : OnSave: warning in assign("time_column",
     time_column, env = .GlobalEnv): partial argument match of ‘env’ to
     ‘envir’
    dpa.analysis.options : OnOK : OnSave: warning in assign("intervalVal",
     intervalVal, env = .GlobalEnv): partial argument match of ‘env’ to
     ‘envir’
    dpa.analysis.options : OnOK : OnSave :
     dpa.analysis.options.ticks.enter: warning in assign("NumTick",
     NumTick, env = .GlobalEnv): partial argument match of ‘env’ to
     ‘envir’
    dpa.analysis.performDPA : dpa.specifyModel: warning in assign("row",
     row, env = .GlobalEnv): partial argument match of ‘env’ to ‘envir’
    dpa.analysis.performDPA : dpa.specifyModel: warning in
     assign("variables", baseVariables, env = .GlobalEnv): partial
     argument match of ‘env’ to ‘envir’
    dpa.analysis.performDPA : dpa.analysis.doPerform: warning in
     assign("sem", sem, env = .GlobalEnv): partial argument match of ‘env’
     to ‘envir’
    dpa.analysis.performDPA : dpa.analysis.doPerform: warning in
     assign("sem.DPA", sem.DPA, env = .GlobalEnv): partial argument match
     of ‘env’ to ‘envir’
    dpa.analysis.performDPA : dpa.analysis.doPerform: warning in
     assign("sem.standardized", sem.standardized, env = .GlobalEnv):
     partial argument match of ‘env’ to ‘envir’
    dpa.analysis.performDPA : dpa.analysis.doPerform: warning in
     assign("relevantData", relevantData, env = .GlobalEnv): partial
     argument match of ‘env’ to ‘envir’
    dpa.analysis.performDPA : dpa.analysis.doPerform: warning in
     assign("sem.results.coefficients", sem.results.coefficients, env =
     .GlobalEnv): partial argument match of ‘env’ to ‘envir’
    dpa.analysis.performDPA : dpa.analysis.doPerform: warning in
     assign("sem.results.parameters", sem.results.parameters, env =
     .GlobalEnv): partial argument match of ‘env’ to ‘envir’
    dpa.analysis.performDPA : dpa.analysis.doPerform: warning in
     assign("sem.results.statistics", sem.results.statistics, env =
     .GlobalEnv): partial argument match of ‘env’ to ‘envir’
    dpa.analysis.performDPA : dpa.analysis.doPerform: warning in
     assign("listOfTicks", listOfTicks, env = .GlobalEnv): partial
     argument match of ‘env’ to ‘envir’
    dpa.analysis.performDPA: warning in assign("listOfTicks", NULL, env =
     .GlobalEnv): partial argument match of ‘env’ to ‘envir’
    dpa.analysis.performDPA: warning in assign("sem.DPA", NULL, env =
     .GlobalEnv): partial argument match of ‘env’ to ‘envir’
    dpa.analysis.performDPA: warning in assign("sem.standardized", NULL,
     env = .GlobalEnv): partial argument match of ‘env’ to ‘envir’
    dpa.analysis.performDPA: warning in assign("sem.results.parameters",
     NULL, env = .GlobalEnv): partial argument match of ‘env’ to ‘envir’
    dpa.analysis.performDPA: warning in assign("sem.results.statistics",
     NULL, env = .GlobalEnv): partial argument match of ‘env’ to ‘envir’
    dpa.analysis.performDPA: warning in assign("sem.results.coefficients",
     NULL, env = .GlobalEnv): partial argument match of ‘env’ to ‘envir’
    dpa.analysis.saveDPA: warning in assign("dpaFileName", dpaFileName, env
     = .GlobalEnv): partial argument match of ‘env’ to ‘envir’
    dpa.data.loadData: warning in assign("ak1", ak1, env = .GlobalEnv):
     partial argument match of ‘env’ to ‘envir’
    dpa.data.loadDataFromDatabase: warning in assign("ak2", ak2, env =
     .GlobalEnv): partial argument match of ‘env’ to ‘envir’
    dpa.data.loadDataFromDatabase: warning in assign("dbServerType",
     dbServerType, env = .GlobalEnv): partial argument match of ‘env’ to
     ‘envir’
    dpa.data.loadDataFromDatabase: warning in assign("dbServer", dbServer,
     env = .GlobalEnv): partial argument match of ‘env’ to ‘envir’
    dpa.data.loadDataFromDatabase: warning in assign("dbName", dbName, env
     = .GlobalEnv): partial argument match of ‘env’ to ‘envir’
    dpa.data.loadDataFromDatabase: warning in assign("dbTable", dbTable,
     env = .GlobalEnv): partial argument match of ‘env’ to ‘envir’
    dpa.data.loadDataFromDatabase: warning in assign("UserName", UserName,
     env = .GlobalEnv): partial argument match of ‘env’ to ‘envir’
    dpa.data.loadDataFromDatabase: warning in assign("Password", Password,
     env = .GlobalEnv): partial argument match of ‘env’ to ‘envir’
    dpa.data.loadDataFromDisk: warning in assign("dataFileName",
     dataFileName, env = .GlobalEnv): partial argument match of ‘env’ to
     ‘envir’
    dpa.data.loadDataFromDisk: warning in assign("e", e, env = .GlobalEnv):
     partial argument match of ‘env’ to ‘envir’
    dpa.generate.lag: warning in assign("dataframe", dataframe, env =
     .GlobalEnv): partial argument match of ‘env’ to ‘envir’
    dpa.incrementValue: warning in assign("i", i, env = .GlobalEnv):
     partial argument match of ‘env’ to ‘envir’
    dpa.relations.addRelations: warning in assign("relations", relations,
     env = .GlobalEnv): partial argument match of ‘env’ to ‘envir’
    dpa.relations.addRelations: warning in assign("time_column",
     time_column, env = .GlobalEnv): partial argument match of ‘env’ to
     ‘envir’
    dpa.relations.addRelations: warning in assign("e", e, env =
     .GlobalEnv): partial argument match of ‘env’ to ‘envir’
    dpa.relations.loadRelations: warning in assign("relations", relations,
     env = .GlobalEnv): partial argument match of ‘env’ to ‘envir’
    dpa.results.setGraphDir: warning in assign("graphDir", graphDir, env =
     .GlobalEnv): partial argument match of ‘env’ to ‘envir’
    dpa.results.viewNodePlots : dpa.results.plotNodes : dpa.plot.scatter:
     warning in png(file = paste(graphDir, "/scatter_", xcolumn, "_",
     ycolumn, "_", ".png", sep = ""), res = 300, width = 3000, height =
     2000): partial argument match of ‘file’ to ‘filename’
    dpa.results.viewNodePlots : dpa.results.plotNodesWithTime :
     dpa.plot.scatter: warning in png(file = paste(graphDir, "/scatter_",
     xcolumn, "_", ycolumn, "_", tick, ".png", sep = ""), res = 300, width
     = 3000, height = 2000): partial argument match of ‘file’ to
     ‘filename’
    dpa.results.viewRelationsPlots : dpa.plot.graph: warning in png(file =
     paste(graphDir, "/graph_", "relation", ".png", sep = ""), res = 92,
     width = 1000, height = 1000): partial argument match of ‘file’ to
     ‘filename’
    dpa.results.viewRelationsPlots : dpa.plot.graph: warning in png(file =
     paste(graphDir, "/graph_", "relation_", format(tickNumber, width =
     4), ".png", sep = ""), res = 92, width = 1000, height = 1000):
     partial argument match of ‘file’ to ‘filename’
    dpa.start: warning in assign("e", e, env = .GlobalEnv): partial
     argument match of ‘env’ to ‘envir’
    dpa.start: warning in assign("listOfTicks", listOfTicks, env =
     .GlobalEnv): partial argument match of ‘env’ to ‘envir’
    dpa.start: warning in assign("relations", relations, env = .GlobalEnv):
     partial argument match of ‘env’ to ‘envir’
    dpa.start: warning in assign("row", row, env = .GlobalEnv): partial
     argument match of ‘env’ to ‘envir’
    dpa.start: warning in assign("sem.DPA", sem.DPA, env = .GlobalEnv):
     partial argument match of ‘env’ to ‘envir’
    dpa.start: warning in assign("sem.results.coefficients",
     sem.results.coefficients, env = .GlobalEnv): partial argument match
     of ‘env’ to ‘envir’
    dpa.start: warning in assign("sem.results.parameters",
     sem.results.parameters, env = .GlobalEnv): partial argument match of
     ‘env’ to ‘envir’
    dpa.start: warning in assign("sem.results.statistics",
     sem.results.statistics, env = .GlobalEnv): partial argument match of
     ‘env’ to ‘envir’
    dpa.start: warning in assign("sem.standardized", sem.standardized, env
     = .GlobalEnv): partial argument match of ‘env’ to ‘envir’
    dpa.start: warning in assign("variables", variables, env = .GlobalEnv):
     partial argument match of ‘env’ to ‘envir’
    dpa.start: warning in assign("dpa", dpa, env = .GlobalEnv): partial
     argument match of ‘env’ to ‘envir’
    dpa.analysis.options: no visible binding for global variable ‘e’
    dpa.analysis.options : OnOK : OnSave: no visible binding for global
     variable ‘e’
    dpa.analysis.performDPA : dpa.analysis.doPerform: no visible binding
     for global variable ‘rbVal’
    dpa.analysis.performDPA : dpa.analysis.doPerform: no visible binding
     for global variable ‘variables’
    dpa.analysis.performDPA : dpa.analysis.doPerform: no visible binding
     for global variable ‘e’
    dpa.analysis.performDPA : dpa.analysis.doPerform: no visible binding
     for global variable ‘NumTick’
    dpa.analysis.performDPA: no visible binding for global variable ‘rbVal’
    dpa.analysis.performDPA: no visible binding for global variable
     ‘sem.DPA’
    dpa.analysis.performDPA: no visible binding for global variable ‘e’
    dpa.analysis.saveDPA: no visible binding for global variable
     ‘dataFileName’
    dpa.analysis.saveDPA: no visible binding for global variable
     ‘sem.results.coefficients’
    dpa.data.authenticationCancel: no visible binding for global variable
     ‘ak2’
    dpa.data.authenticationSubmit: no visible binding for global variable
     ‘dbServerType’
    dpa.data.authenticationSubmit: no visible binding for global variable
     ‘dbServer’
    dpa.data.authenticationSubmit: no visible binding for global variable
     ‘dbTable’
    dpa.data.authenticationSubmit: no visible binding for global variable
     ‘UserName’
    dpa.data.authenticationSubmit: no visible binding for global variable
     ‘Password’
    dpa.data.authenticationSubmit: no visible global function definition
     for ‘JDBC’
    dpa.data.authenticationSubmit: no visible global function definition
     for ‘dbConnect’
    dpa.data.authenticationSubmit: no visible global function definition
     for ‘dbGetQuery’
    dpa.data.authenticationSubmit: no visible global function definition
     for ‘dbReadTable’
    dpa.data.checkData : dpa.data.checkData.sort: no visible binding for
     global variable ‘e’
    dpa.data.checkData : dpa.data.missingRow: no visible binding for global
     variable ‘e’
    dpa.data.checkData : dpa.data.missingData: no visible binding for
     global variable ‘e’
    dpa.data.loadCancel: no visible binding for global variable ‘ak1’
    dpa.data.loadDataFromDatabase: no visible binding for global variable
     ‘dpa.data.authentificationCancel’
    dpa.data.loadDataFromDisk: no visible binding for global variable ‘ak1’
    dpa.data.saveDataToDisk: no visible binding for global variable ‘e’
    dpa.exit: no visible binding for global variable ‘dpa’
    dpa.relations.addRelations: no visible binding for global variable
     ‘dataframe’
    dpa.relations.editRelations: no visible binding for global variable ‘e’
    dpa.results.generateCoefficientsPlots : dpa.plot.graph: no visible
     binding for global variable ‘sem.results.coefficients’
    dpa.results.generateCoefficientsPlots : dpa.plot.graph: no visible
     binding for global variable ‘sem.results.parameters’
    dpa.results.generateCoefficientsPlots : dpa.plot.graph: no visible
     binding for global variable ‘graphDir’
    dpa.results.generateCoefficientsPlots : dpa.plot.graph: no visible
     binding for global variable ‘listOfTicks’
    dpa.results.generateCoefficientsPlots : dpa.plot.graph: no visible
     binding for global variable ‘e’
    dpa.results.generateFitPlots : dpa.plot.graph: no visible binding for
     global variable ‘sem.results.statistics’
    dpa.results.generateFitPlots : dpa.plot.graph: no visible binding for
     global variable ‘graphDir’
    dpa.results.generateFitPlots : dpa.plot.graph: no visible binding for
     global variable ‘listOfTicks’
    dpa.results.generateFitPlots : dpa.plot.graph: no visible binding for
     global variable ‘e’
    dpa.results.viewNodePlots: no visible binding for global variable ‘e’
    dpa.results.viewNodePlots : dpa.results.plotNodes : dpa.plot.scatter:
     no visible binding for global variable ‘graphDir’
    dpa.results.viewNodePlots : dpa.results.plotNodes: no visible binding
     for global variable ‘e’
    dpa.results.viewNodePlots : dpa.results.plotNodesWithTime: no visible
     binding for global variable ‘e’
    dpa.results.viewNodePlots : dpa.results.plotNodesWithTime :
     dpa.plot.scatter: no visible binding for global variable ‘graphDir’
    dpa.results.viewRelationsPlots : dpa.plot.graph: no visible binding for
     global variable ‘rbVal’
    dpa.results.viewRelationsPlots : dpa.plot.graph: no visible binding for
     global variable ‘graphDir’
    dpa.results.viewRelationsPlots : dpa.plot.graph: no visible binding for
     global variable ‘sem.standardized’
    dpa.results.viewRelationsPlots: no visible binding for global variable
     ‘variables’
    dpa.results.viewRelationsPlots: no visible binding for global variable
     ‘e’
    
    Found the following assignments to the global environment:
    File ‘dpa/R/dpa.r’:
     assign("ak1", ak1, env = .GlobalEnv)
     assign("dataFileName", dataFileName, env = .GlobalEnv)
     assign("e", e, env = .GlobalEnv)
     assign("e", e, env = .GlobalEnv)
     assign("e", e, env = .GlobalEnv)
     assign("ak2", ak2, env = .GlobalEnv)
     assign("dbServerType", dbServerType, env = .GlobalEnv)
     assign("dbServer", dbServer, env = .GlobalEnv)
     assign("dbName", dbName, env = .GlobalEnv)
     assign("dbTable", dbTable, env = .GlobalEnv)
     assign("UserName", UserName, env = .GlobalEnv)
     assign("Password", Password, env = .GlobalEnv)
     assign("relations", relations, env = .GlobalEnv)
     assign("relations", relations, env = .GlobalEnv)
     assign("dataframe", dataframe, env = .GlobalEnv)
     assign("relations", relations, env = .GlobalEnv)
     assign("time_column", time_column, env = .GlobalEnv)
     assign("e", e, env = .GlobalEnv)
     assign("i", i, env = .GlobalEnv)
     assign("rbVal", rbVal, env = .GlobalEnv)
     assign("time_column", time_column, env = .GlobalEnv)
     assign("intervalVal", intervalVal, env = .GlobalEnv)
     assign("NumTick", NumTick, env = .GlobalEnv)
     assign("dpaFileName", dpaFileName, env = .GlobalEnv)
     assign("e", e, env = .GlobalEnv)
     assign("listOfTicks", listOfTicks, env = .GlobalEnv)
     assign("relations", relations, env = .GlobalEnv)
     assign("row", row, env = .GlobalEnv)
     assign("sem.DPA", sem.DPA, env = .GlobalEnv)
     assign("sem.results.coefficients", sem.results.coefficients,
     env = .GlobalEnv)
     assign("sem.results.parameters", sem.results.parameters, env = .GlobalEnv)
     assign("sem.results.statistics", sem.results.statistics, env = .GlobalEnv)
     assign("sem.standardized", sem.standardized, env = .GlobalEnv)
     assign("variables", variables, env = .GlobalEnv)
     assign("dpa", dpa, env = .GlobalEnv)
    File ‘dpa/R/plot.r’:
     assign("graphDir", graphDir, env = .GlobalEnv)
    File ‘dpa/R/sem.r’:
     assign("row", row, env = .GlobalEnv)
     assign("variables", baseVariables, env = .GlobalEnv)
     assign("sem", sem, env = .GlobalEnv)
     assign("sem.DPA", sem.DPA, env = .GlobalEnv)
     assign("sem.standardized", sem.standardized, env = .GlobalEnv)
     assign("relevantData", relevantData, env = .GlobalEnv)
     assign("sem.DPA", sem.DPA, env = .GlobalEnv)
     assign("sem.results.coefficients", sem.results.coefficients,
     env = .GlobalEnv)
     assign("sem.results.parameters", sem.results.parameters, env = .GlobalEnv)
     assign("sem.standardized", sem.standardized, env = .GlobalEnv)
     assign("sem.results.statistics", sem.results.statistics, env = .GlobalEnv)
     assign("listOfTicks", listOfTicks, env = .GlobalEnv)
     assign("listOfTicks", NULL, env = .GlobalEnv)
     assign("sem.DPA", NULL, env = .GlobalEnv)
     assign("sem.standardized", NULL, env = .GlobalEnv)
     assign("sem.results.parameters", NULL, env = .GlobalEnv)
     assign("sem.results.statistics", NULL, env = .GlobalEnv)
     assign("sem.results.coefficients", NULL, env = .GlobalEnv)
    
    Found the following calls to attach():
    File ‘dpa/R/dpa.r’:
     attach(dataframe)
     attach(dataframe)
     attach(dataframe)
     attach(dataframe)
    File ‘dpa/R/plot.r’:
     attach(dataframe)
     attach(dataframe)
     attach(dataframe)
    See section ‘Good practice’ in ‘?attach’.
Flavors: r-patched-linux-x86_64, r-release-linux-x86_64

Version: 1.0-3
Check: R code for possible problems
Result: NOTE
    dpa.analysis.options : OnOK: warning in assign("rbVal", rbVal, env =
     .GlobalEnv): partial argument match of 'env' to 'envir'
    dpa.analysis.options : OnOK : OnSave: warning in assign("time_column",
     time_column, env = .GlobalEnv): partial argument match of 'env' to
     'envir'
    dpa.analysis.options : OnOK : OnSave: warning in assign("intervalVal",
     intervalVal, env = .GlobalEnv): partial argument match of 'env' to
     'envir'
    dpa.analysis.options : OnOK : OnSave :
     dpa.analysis.options.ticks.enter: warning in assign("NumTick",
     NumTick, env = .GlobalEnv): partial argument match of 'env' to
     'envir'
    dpa.analysis.performDPA : dpa.specifyModel: warning in assign("row",
     row, env = .GlobalEnv): partial argument match of 'env' to 'envir'
    dpa.analysis.performDPA : dpa.specifyModel: warning in
     assign("variables", baseVariables, env = .GlobalEnv): partial
     argument match of 'env' to 'envir'
    dpa.analysis.performDPA : dpa.analysis.doPerform: warning in
     assign("sem", sem, env = .GlobalEnv): partial argument match of 'env'
     to 'envir'
    dpa.analysis.performDPA : dpa.analysis.doPerform: warning in
     assign("sem.DPA", sem.DPA, env = .GlobalEnv): partial argument match
     of 'env' to 'envir'
    dpa.analysis.performDPA : dpa.analysis.doPerform: warning in
     assign("sem.standardized", sem.standardized, env = .GlobalEnv):
     partial argument match of 'env' to 'envir'
    dpa.analysis.performDPA : dpa.analysis.doPerform: warning in
     assign("relevantData", relevantData, env = .GlobalEnv): partial
     argument match of 'env' to 'envir'
    dpa.analysis.performDPA : dpa.analysis.doPerform: warning in
     assign("sem.results.coefficients", sem.results.coefficients, env =
     .GlobalEnv): partial argument match of 'env' to 'envir'
    dpa.analysis.performDPA : dpa.analysis.doPerform: warning in
     assign("sem.results.parameters", sem.results.parameters, env =
     .GlobalEnv): partial argument match of 'env' to 'envir'
    dpa.analysis.performDPA : dpa.analysis.doPerform: warning in
     assign("sem.results.statistics", sem.results.statistics, env =
     .GlobalEnv): partial argument match of 'env' to 'envir'
    dpa.analysis.performDPA : dpa.analysis.doPerform: warning in
     assign("listOfTicks", listOfTicks, env = .GlobalEnv): partial
     argument match of 'env' to 'envir'
    dpa.analysis.performDPA: warning in assign("listOfTicks", NULL, env =
     .GlobalEnv): partial argument match of 'env' to 'envir'
    dpa.analysis.performDPA: warning in assign("sem.DPA", NULL, env =
     .GlobalEnv): partial argument match of 'env' to 'envir'
    dpa.analysis.performDPA: warning in assign("sem.standardized", NULL,
     env = .GlobalEnv): partial argument match of 'env' to 'envir'
    dpa.analysis.performDPA: warning in assign("sem.results.parameters",
     NULL, env = .GlobalEnv): partial argument match of 'env' to 'envir'
    dpa.analysis.performDPA: warning in assign("sem.results.statistics",
     NULL, env = .GlobalEnv): partial argument match of 'env' to 'envir'
    dpa.analysis.performDPA: warning in assign("sem.results.coefficients",
     NULL, env = .GlobalEnv): partial argument match of 'env' to 'envir'
    dpa.analysis.saveDPA: warning in assign("dpaFileName", dpaFileName, env
     = .GlobalEnv): partial argument match of 'env' to 'envir'
    dpa.data.loadData: warning in assign("ak1", ak1, env = .GlobalEnv):
     partial argument match of 'env' to 'envir'
    dpa.data.loadDataFromDatabase: warning in assign("ak2", ak2, env =
     .GlobalEnv): partial argument match of 'env' to 'envir'
    dpa.data.loadDataFromDatabase: warning in assign("dbServerType",
     dbServerType, env = .GlobalEnv): partial argument match of 'env' to
     'envir'
    dpa.data.loadDataFromDatabase: warning in assign("dbServer", dbServer,
     env = .GlobalEnv): partial argument match of 'env' to 'envir'
    dpa.data.loadDataFromDatabase: warning in assign("dbName", dbName, env
     = .GlobalEnv): partial argument match of 'env' to 'envir'
    dpa.data.loadDataFromDatabase: warning in assign("dbTable", dbTable,
     env = .GlobalEnv): partial argument match of 'env' to 'envir'
    dpa.data.loadDataFromDatabase: warning in assign("UserName", UserName,
     env = .GlobalEnv): partial argument match of 'env' to 'envir'
    dpa.data.loadDataFromDatabase: warning in assign("Password", Password,
     env = .GlobalEnv): partial argument match of 'env' to 'envir'
    dpa.data.loadDataFromDisk: warning in assign("dataFileName",
     dataFileName, env = .GlobalEnv): partial argument match of 'env' to
     'envir'
    dpa.data.loadDataFromDisk: warning in assign("e", e, env = .GlobalEnv):
     partial argument match of 'env' to 'envir'
    dpa.generate.lag: warning in assign("dataframe", dataframe, env =
     .GlobalEnv): partial argument match of 'env' to 'envir'
    dpa.incrementValue: warning in assign("i", i, env = .GlobalEnv):
     partial argument match of 'env' to 'envir'
    dpa.relations.addRelations: warning in assign("relations", relations,
     env = .GlobalEnv): partial argument match of 'env' to 'envir'
    dpa.relations.addRelations: warning in assign("time_column",
     time_column, env = .GlobalEnv): partial argument match of 'env' to
     'envir'
    dpa.relations.addRelations: warning in assign("e", e, env =
     .GlobalEnv): partial argument match of 'env' to 'envir'
    dpa.relations.loadRelations: warning in assign("relations", relations,
     env = .GlobalEnv): partial argument match of 'env' to 'envir'
    dpa.results.setGraphDir: warning in assign("graphDir", graphDir, env =
     .GlobalEnv): partial argument match of 'env' to 'envir'
    dpa.results.viewNodePlots : dpa.results.plotNodes : dpa.plot.scatter:
     warning in png(file = paste(graphDir, "/scatter_", xcolumn, "_",
     ycolumn, "_", ".png", sep = ""), res = 300, width = 3000, height =
     2000): partial argument match of 'file' to 'filename'
    dpa.results.viewNodePlots : dpa.results.plotNodesWithTime :
     dpa.plot.scatter: warning in png(file = paste(graphDir, "/scatter_",
     xcolumn, "_", ycolumn, "_", tick, ".png", sep = ""), res = 300, width
     = 3000, height = 2000): partial argument match of 'file' to
     'filename'
    dpa.results.viewRelationsPlots : dpa.plot.graph: warning in png(file =
     paste(graphDir, "/graph_", "relation", ".png", sep = ""), res = 92,
     width = 1000, height = 1000): partial argument match of 'file' to
     'filename'
    dpa.results.viewRelationsPlots : dpa.plot.graph: warning in png(file =
     paste(graphDir, "/graph_", "relation_", format(tickNumber, width =
     4), ".png", sep = ""), res = 92, width = 1000, height = 1000):
     partial argument match of 'file' to 'filename'
    dpa.start: warning in assign("e", e, env = .GlobalEnv): partial
     argument match of 'env' to 'envir'
    dpa.start: warning in assign("listOfTicks", listOfTicks, env =
     .GlobalEnv): partial argument match of 'env' to 'envir'
    dpa.start: warning in assign("relations", relations, env = .GlobalEnv):
     partial argument match of 'env' to 'envir'
    dpa.start: warning in assign("row", row, env = .GlobalEnv): partial
     argument match of 'env' to 'envir'
    dpa.start: warning in assign("sem.DPA", sem.DPA, env = .GlobalEnv):
     partial argument match of 'env' to 'envir'
    dpa.start: warning in assign("sem.results.coefficients",
     sem.results.coefficients, env = .GlobalEnv): partial argument match
     of 'env' to 'envir'
    dpa.start: warning in assign("sem.results.parameters",
     sem.results.parameters, env = .GlobalEnv): partial argument match of
     'env' to 'envir'
    dpa.start: warning in assign("sem.results.statistics",
     sem.results.statistics, env = .GlobalEnv): partial argument match of
     'env' to 'envir'
    dpa.start: warning in assign("sem.standardized", sem.standardized, env
     = .GlobalEnv): partial argument match of 'env' to 'envir'
    dpa.start: warning in assign("variables", variables, env = .GlobalEnv):
     partial argument match of 'env' to 'envir'
    dpa.start: warning in assign("dpa", dpa, env = .GlobalEnv): partial
     argument match of 'env' to 'envir'
    dpa.analysis.options: no visible binding for global variable ‘e’
    dpa.analysis.options : OnOK : OnSave: no visible binding for global
     variable ‘e’
    dpa.analysis.performDPA : dpa.analysis.doPerform: no visible binding
     for global variable ‘rbVal’
    dpa.analysis.performDPA : dpa.analysis.doPerform: no visible binding
     for global variable ‘variables’
    dpa.analysis.performDPA : dpa.analysis.doPerform: no visible binding
     for global variable ‘e’
    dpa.analysis.performDPA : dpa.analysis.doPerform: no visible binding
     for global variable ‘NumTick’
    dpa.analysis.performDPA: no visible binding for global variable ‘rbVal’
    dpa.analysis.performDPA: no visible binding for global variable
     ‘sem.DPA’
    dpa.analysis.performDPA: no visible binding for global variable ‘e’
    dpa.analysis.saveDPA: no visible binding for global variable
     ‘dataFileName’
    dpa.analysis.saveDPA: no visible binding for global variable
     ‘sem.results.coefficients’
    dpa.data.authenticationCancel: no visible binding for global variable
     ‘ak2’
    dpa.data.authenticationSubmit: no visible binding for global variable
     ‘dbServerType’
    dpa.data.authenticationSubmit: no visible binding for global variable
     ‘dbServer’
    dpa.data.authenticationSubmit: no visible binding for global variable
     ‘dbTable’
    dpa.data.authenticationSubmit: no visible binding for global variable
     ‘UserName’
    dpa.data.authenticationSubmit: no visible binding for global variable
     ‘Password’
    dpa.data.authenticationSubmit: no visible global function definition
     for ‘JDBC’
    dpa.data.authenticationSubmit: no visible global function definition
     for ‘dbConnect’
    dpa.data.authenticationSubmit: no visible global function definition
     for ‘dbGetQuery’
    dpa.data.authenticationSubmit: no visible global function definition
     for ‘dbReadTable’
    dpa.data.checkData : dpa.data.checkData.sort: no visible binding for
     global variable ‘e’
    dpa.data.checkData : dpa.data.missingRow: no visible binding for global
     variable ‘e’
    dpa.data.checkData : dpa.data.missingData: no visible binding for
     global variable ‘e’
    dpa.data.loadCancel: no visible binding for global variable ‘ak1’
    dpa.data.loadDataFromDatabase: no visible binding for global variable
     ‘dpa.data.authentificationCancel’
    dpa.data.loadDataFromDisk: no visible binding for global variable ‘ak1’
    dpa.data.saveDataToDisk: no visible binding for global variable ‘e’
    dpa.exit: no visible binding for global variable ‘dpa’
    dpa.relations.addRelations: no visible binding for global variable
     ‘dataframe’
    dpa.relations.editRelations: no visible binding for global variable ‘e’
    dpa.results.generateCoefficientsPlots : dpa.plot.graph: no visible
     binding for global variable ‘sem.results.coefficients’
    dpa.results.generateCoefficientsPlots : dpa.plot.graph: no visible
     binding for global variable ‘sem.results.parameters’
    dpa.results.generateCoefficientsPlots : dpa.plot.graph: no visible
     binding for global variable ‘graphDir’
    dpa.results.generateCoefficientsPlots : dpa.plot.graph: no visible
     binding for global variable ‘listOfTicks’
    dpa.results.generateCoefficientsPlots : dpa.plot.graph: no visible
     binding for global variable ‘e’
    dpa.results.generateFitPlots : dpa.plot.graph: no visible binding for
     global variable ‘sem.results.statistics’
    dpa.results.generateFitPlots : dpa.plot.graph: no visible binding for
     global variable ‘graphDir’
    dpa.results.generateFitPlots : dpa.plot.graph: no visible binding for
     global variable ‘listOfTicks’
    dpa.results.generateFitPlots : dpa.plot.graph: no visible binding for
     global variable ‘e’
    dpa.results.viewNodePlots: no visible binding for global variable ‘e’
    dpa.results.viewNodePlots : dpa.results.plotNodes : dpa.plot.scatter:
     no visible binding for global variable ‘graphDir’
    dpa.results.viewNodePlots : dpa.results.plotNodes: no visible binding
     for global variable ‘e’
    dpa.results.viewNodePlots : dpa.results.plotNodesWithTime: no visible
     binding for global variable ‘e’
    dpa.results.viewNodePlots : dpa.results.plotNodesWithTime :
     dpa.plot.scatter: no visible binding for global variable ‘graphDir’
    dpa.results.viewRelationsPlots : dpa.plot.graph: no visible binding for
     global variable ‘rbVal’
    dpa.results.viewRelationsPlots : dpa.plot.graph: no visible binding for
     global variable ‘graphDir’
    dpa.results.viewRelationsPlots : dpa.plot.graph: no visible binding for
     global variable ‘sem.standardized’
    dpa.results.viewRelationsPlots: no visible binding for global variable
     ‘variables’
    dpa.results.viewRelationsPlots: no visible binding for global variable
     ‘e’
Flavors: r-patched-solaris-sparc, r-patched-solaris-x86, r-release-osx-x86_64-mavericks, r-release-windows-ix86+x86_64, r-oldrel-windows-ix86+x86_64