CRAN Package Check Results for Package dparser

Last updated on 2023-12-03 18:48:33 CET.

Flavor Version Tinstall Tcheck Ttotal Status Flags
r-devel-linux-x86_64-debian-clang 1.3.1-10 16.60 42.89 59.49 WARN
r-devel-linux-x86_64-debian-gcc 1.3.1-10 13.18 33.80 46.98 WARN
r-devel-linux-x86_64-fedora-clang 1.3.1-10 76.93 WARN
r-devel-linux-x86_64-fedora-gcc 1.3.1-10 79.64 WARN
r-devel-windows-x86_64 1.3.1-10 18.00 75.00 93.00 NOTE
r-patched-linux-x86_64 1.3.1-10 15.44 42.36 57.80 OK
r-release-linux-x86_64 1.3.1-10 14.55 42.37 56.92 OK
r-release-macos-arm64 1.3.1-10 30.00 OK
r-release-macos-x86_64 1.3.1-10 47.00 OK
r-release-windows-x86_64 1.3.1-10 23.00 83.00 106.00 OK
r-oldrel-macos-arm64 1.3.1-10 29.00 OK
r-oldrel-macos-x86_64 1.3.1-10 38.00 OK
r-oldrel-windows-x86_64 1.3.1-10 25.00 71.00 96.00 OK

Check Details

Version: 1.3.1-10
Check: whether package can be installed
Result: WARN Found the following significant warnings: util.c:88:9: warning: format string is not a string literal (potentially insecure) [-Wformat-security] util.c:99:11: warning: format string is not a string literal (potentially insecure) [-Wformat-security] See ‘/home/hornik/tmp/R.check/r-devel-clang/Work/PKGS/dparser.Rcheck/00install.out’ for details. * used C compiler: ‘Debian clang version 17.0.5 (1)’ Flavor: r-devel-linux-x86_64-debian-clang

Version: 1.3.1-10
Check: Rd files
Result: NOTE checkRd: (-1) dparser-package.Rd:159-281: Lost braces 159 | \itemize{\item Terminal modifiers}{ | ^ checkRd: (-1) dparser-package.Rd:172: Lost braces; missing escapes or markup? 172 | It is now possible to use $0.symbol == ${string parameter_comma} to differentiate ParseNode ($0) between | ^ checkRd: (-1) dparser-package.Rd:277: Lost braces; missing escapes or markup? 277 | ${declare longest_match ...}. If global longest match | ^ checkRd: (-1) dparser-package.Rd:278-279: Lost braces 278 | disambiguation is \bold{ON}, it can be locally disabled with {$declare | ^ checkRd: (-1) mkdparse.Rd:202-324: Lost braces 202 | \itemize{\item Terminal modifiers}{ | ^ checkRd: (-1) mkdparse.Rd:215: Lost braces; missing escapes or markup? 215 | It is now possible to use $0.symbol == ${string parameter_comma} to differentiate ParseNode ($0) between | ^ checkRd: (-1) mkdparse.Rd:320: Lost braces; missing escapes or markup? 320 | ${declare longest_match ...}. If global longest match | ^ checkRd: (-1) mkdparse.Rd:321-322: Lost braces 321 | disambiguation is \bold{ON}, it can be locally disabled with {$declare | ^ Flavors: r-devel-linux-x86_64-debian-clang, r-devel-linux-x86_64-debian-gcc

Version: 1.3.1-10
Check: Rd \usage sections
Result: NOTE Documented arguments not in \usage in Rd file 'show-dparserFunction-method.Rd': ‘x’ Functions with \usage entries need to have the appropriate \alias entries, and all their arguments documented. The \usage entries must correspond to syntactically valid R code. See chapter ‘Writing R documentation files’ in the ‘Writing R Extensions’ manual. Flavors: r-devel-linux-x86_64-debian-clang, r-devel-linux-x86_64-debian-gcc, r-devel-linux-x86_64-fedora-clang, r-devel-linux-x86_64-fedora-gcc, r-devel-windows-x86_64

Version: 1.3.1-10
Check: whether package can be installed
Result: WARN Found the following significant warnings: gram.c:689:22: warning: ‘%s’ directive argument is null [-Wformat-overflow=] gram.c:1450:14: warning: ‘%s’ directive argument is null [-Wformat-overflow=] gram.c:1447:21: warning: ‘%s’ directive argument is null [-Wformat-overflow=] See ‘/home/hornik/tmp/R.check/r-devel-gcc/Work/PKGS/dparser.Rcheck/00install.out’ for details. * used C compiler: ‘gcc-13 (Debian 13.2.0-5) 13.2.0’ Flavor: r-devel-linux-x86_64-debian-gcc

Version: 1.3.1-10
Check: whether package can be installed
Result: WARN Found the following significant warnings: util.c:88:9: warning: format string is not a string literal (potentially insecure) [-Wformat-security] util.c:99:11: warning: format string is not a string literal (potentially insecure) [-Wformat-security] See ‘/data/gannet/ripley/R/packages/tests-clang/dparser.Rcheck/00install.out’ for details. * used C compiler: ‘clang version 17.0.5’ Flavor: r-devel-linux-x86_64-fedora-clang

Version: 1.3.1-10
Check: whether package can be installed
Result: WARN Found the following significant warnings: gram.c:689:22: warning: '%s' directive argument is null [-Wformat-overflow=] gram.c:1450:14: warning: '%s' directive argument is null [-Wformat-overflow=] gram.c:1447:21: warning: '%s' directive argument is null [-Wformat-overflow=] See ‘/data/gannet/ripley/R/packages/tests-devel/dparser.Rcheck/00install.out’ for details. * used C compiler: ‘gcc-13 (GCC) 13.2.0’ Flavor: r-devel-linux-x86_64-fedora-gcc