CRAN Package Check Results for Package dpcR

Last updated on 2015-05-24 23:47:22.

Flavor Version Tinstall Tcheck Ttotal Status Flags
r-devel-linux-x86_64-debian-clang 0.1.4.0 5.64 75.71 81.35 OK
r-devel-linux-x86_64-debian-gcc 0.1.4.0 5.98 74.26 80.23 OK
r-devel-linux-x86_64-fedora-clang 0.1.4.0 166.61 OK
r-devel-linux-x86_64-fedora-gcc 0.1.4.0 160.34 OK
r-devel-osx-x86_64-clang 0.1.4.0 136.87 OK
r-devel-windows-ix86+x86_64 0.1.4.0 16.00 116.00 132.00 OK
r-patched-linux-x86_64 0.1.4.0 5.83 76.19 82.02 OK
r-patched-solaris-sparc 0.1.4.0 981.20 OK
r-patched-solaris-x86 0.1.4.0 222.80 OK
r-release-linux-x86_64 0.1.4.0 5.75 73.72 79.47 OK
r-release-osx-x86_64-mavericks 0.1.4.0 OK
r-release-osx-x86_64-snowleopard 0.1.4.0 ERROR
r-release-windows-ix86+x86_64 0.1.4.0 20.00 108.00 128.00 OK
r-oldrel-windows-ix86+x86_64 0.1.4.0 28.00 187.00 215.00 OK

Check Details

Version: 0.1.4.0
Check: package dependencies
Result: ERROR
    Packages required but not available: ‘binom’ ‘multcomp’
    
    Package suggested but not available for checking: ‘knitr’
    
    VignetteBuilder package required for checking but not installed: ‘knitr’
    
    See section ‘The DESCRIPTION file’ in the ‘Writing R Extensions’
    manual.
Flavor: r-release-osx-x86_64-snowleopard