CRAN Package Check Results for Package dpcR

Last updated on 2015-07-02 03:46:45.

Flavor Version Tinstall Tcheck Ttotal Status Flags
r-devel-linux-x86_64-debian-clang 0.1.4.0 6.08 73.94 80.01 NOTE
r-devel-linux-x86_64-debian-gcc 0.1.4.0 5.70 73.23 78.93 NOTE
r-devel-linux-x86_64-fedora-clang 0.1.4.0 166.24 NOTE
r-devel-linux-x86_64-fedora-gcc 0.1.4.0 160.18 NOTE
r-devel-osx-x86_64-clang 0.1.4.0 149.60 OK
r-devel-windows-ix86+x86_64 0.1.4.0 17.00 115.00 132.00 NOTE
r-patched-linux-x86_64 0.1.4.0 5.64 76.90 82.53 OK
r-patched-solaris-sparc 0.1.4.0 981.20 OK
r-patched-solaris-x86 0.1.4.0 221.60 OK
r-release-linux-x86_64 0.1.4.0 6.08 73.22 79.31 OK
r-release-osx-x86_64-mavericks 0.1.4.0 OK
r-release-windows-ix86+x86_64 0.1.4.0 16.00 117.00 133.00 OK
r-oldrel-windows-ix86+x86_64 0.1.4.0 28.00 180.00 208.00 OK

Check Details

Version: 0.1.4.0
Check: R code for possible problems
Result: NOTE
    AUCtest: no visible global function definition for ‘quantile’
    AUCtest: no visible global function definition for ‘smooth.spline’
    AUCtest : <anonymous> : psp: no visible global function definition for
     ‘predict’
    AUCtest : <anonymous>: no visible global function definition for
     ‘integrate’
    bioamp: no visible binding for global variable ‘median’
    bioamp: no visible binding for global variable ‘mad’
    bioamp: no visible binding for global variable ‘sd’
    bioamp: no visible global function definition for ‘points’
    calc_breaks: no visible global function definition for ‘hist’
    calc_deltaF : <anonymous>: no visible global function definition for
     ‘quantile’
    calc_deltaF : <anonymous>: no visible global function definition for
     ‘tail’
    calc_deltaF : <anonymous>: no visible global function definition for
     ‘head’
    calc_lambda: no visible global function definition for ‘qnorm’
    compare_dens: no visible global function definition for ‘dpois’
    compare_dens: no visible global function definition for ‘rect’
    compare_dens: no visible global function definition for ‘par’
    compare_dens: no visible global function definition for ‘adjustcolor’
    compare_dens: no visible global function definition for ‘axis’
    compare_dens : <anonymous>: no visible global function definition for
     ‘rect’
    compare_dens : <anonymous>: no visible global function definition for
     ‘lines’
    compare_dens : <anonymous>: no visible global function definition for
     ‘text’
    compare_dens: no visible global function definition for ‘text’
    dpcr_calculator: no visible global function definition for ‘dbinom’
    dpcr_density: no visible global function definition for ‘adjustcolor’
    empir_moms: no visible global function definition for ‘var’
    limit_cq: no visible global function definition for ‘txtProgressBar’
    limit_cq : <anonymous>: no visible global function definition for
     ‘setTxtProgressBar’
    plot_conf_int: no visible global function definition for ‘adjustcolor’
    plot_conf_int: no visible global function definition for ‘polygon’
    plot_conf_int: no visible global function definition for ‘lines’
    plot_distr: no visible global function definition for ‘adjustcolor’
    plot_distr: no visible global function definition for ‘rect’
    plot_distr: no visible global function definition for ‘par’
    plot_distr: no visible global function definition for ‘axis’
    plot_distr: no visible global function definition for ‘polygon’
    plot_distr: no visible global function definition for ‘lines’
    plot_distr : <anonymous>: no visible global function definition for
     ‘rect’
    plot_panel : <anonymous>: no visible global function definition for
     ‘adjustcolor’
    plot_panel : <anonymous>: no visible binding for global variable ‘rect’
    plot_vf_circ: no visible global function definition for ‘symbols’
    plot_vic_fam: no visible global function definition for ‘axis’
    plot_vic_fam: no visible global function definition for ‘lines’
    plot_vic_fam: no visible global function definition for ‘abline’
    plot_vic_fam: no visible global function definition for ‘col2rgb’
    plot_vic_fam: no visible global function definition for ‘rgb’
    print_summary: no visible global function definition for ‘head’
    sim_dpcr_multi: no visible global function definition for ‘rnorm’
    test_counts: no visible binding for global variable ‘prop.test’
    test_counts: no visible global function definition for ‘combn’
    test_counts : <anonymous>: no visible global function definition for
     ‘prop.test’
    test_counts: no visible global function definition for ‘p.adjust’
    test_counts: Error while checking: invalid ‘envir’ argument
    valid_amp: no visible global function definition for ‘t.test’
    valid_amp: no visible global function definition for ‘head’
    valid_amp: no visible global function definition for ‘tail’
    valid_amp: no visible global function definition for ‘sd’
    show,count_test: no visible global function definition for ‘symnum’
Flavors: r-devel-linux-x86_64-debian-clang, r-devel-linux-x86_64-debian-gcc, r-devel-linux-x86_64-fedora-clang, r-devel-linux-x86_64-fedora-gcc, r-devel-windows-ix86+x86_64