CRAN Package Check Results for Package dpcR

Last updated on 2014-04-24 03:47:43.

Flavor Version Tinstall Tcheck Ttotal Status Flags
r-devel-linux-x86_64-debian-clang 0.1.0 2.76 40.42 43.18 OK
r-devel-linux-x86_64-debian-gcc 0.1.0 2.66 39.78 42.44 OK
r-devel-linux-x86_64-fedora-clang 0.1.0 87.32 OK
r-devel-linux-x86_64-fedora-gcc 0.1.0 82.72 OK
r-devel-osx-x86_64-clang 0.1.0 72.93 OK
r-devel-osx-x86_64-gcc 0.1.0 ERROR
r-devel-windows-ix86+x86_64 0.1.0 8.00 61.00 69.00 OK
r-patched-linux-x86_64 0.1.0 2.70 38.91 41.61 OK
r-patched-solaris-sparc 0.1.0 472.50 OK
r-patched-solaris-x86 0.1.0 105.80 OK
r-release-linux-ix86 0.1.0 4.00 70.00 74.00 OK
r-release-linux-x86_64 0.1.0 2.85 38.53 41.38 OK
r-release-osx-x86_64-mavericks 0.1.0 WARN
r-release-osx-x86_64-snowleopard 0.1.0 OK
r-release-windows-ix86+x86_64 0.1.0 10.00 63.00 73.00 OK
r-oldrel-windows-ix86+x86_64 0.1.0 10.00 63.00 73.00 OK

Check Details

Version: 0.1.0
Check: package dependencies
Result: ERROR
    Packages required but not available: ‘qpcR’ ‘binom’
    
    See the information on DESCRIPTION files in the chapter ‘Creating R
    packages’ of the ‘Writing R Extensions’ manual.
Flavor: r-devel-osx-x86_64-gcc

Version: 0.1.0
Check: PDF version of manual
Result: WARNING
    LaTeX errors when creating PDF version.
    This typically indicates Rd problems.
    LaTeX errors found:
    ! LaTeX Error: File `upquote.sty' not found.
    
    Type X to quit or <RETURN> to proceed,
    or enter new name. (Default extension: sty)
    
    e7a1c6e/Rd2.tex:8: ==> Fatal error occurred, no output PDF file produced!
Flavor: r-release-osx-x86_64-mavericks