CRAN Package Check Results for Package dpcR

Last updated on 2015-02-28 12:51:10.

Flavor Version Tinstall Tcheck Ttotal Status Flags
r-devel-linux-x86_64-debian-clang 0.1.3.3 5.74 83.49 89.23 OK
r-devel-linux-x86_64-debian-gcc 0.1.3.3 5.70 74.61 80.31 OK
r-devel-linux-x86_64-fedora-clang 0.1.3.3 174.04 OK
r-devel-linux-x86_64-fedora-gcc 0.1.3.3 170.49 OK
r-devel-osx-x86_64-clang 0.1.3.3 153.38 OK
r-devel-windows-ix86+x86_64 0.1.3.3 22.00 128.00 150.00 OK
r-patched-linux-x86_64 0.1.3.3 10.13 118.44 128.57 OK
r-patched-solaris-sparc 0.1.3.3 1453.00 OK
r-patched-solaris-x86 0.1.3.3 338.60 OK
r-release-linux-ix86 0.1.3.2 10.69 181.39 192.08 WARN
r-release-linux-x86_64 0.1.3.3 9.70 117.98 127.68 OK
r-release-osx-x86_64-mavericks 0.1.3.3 OK
r-release-osx-x86_64-snowleopard 0.1.3.3 OK
r-release-windows-ix86+x86_64 0.1.3.3 28.00 196.00 224.00 OK
r-oldrel-windows-ix86+x86_64 0.1.3.3 31.00 181.00 212.00 OK

Check Details

Version: 0.1.3.2
Check: for missing documentation entries
Result: WARN
    Undocumented S4 methods:
     generic 'plot' and siglist 'count_test,ANY'
     generic 'plot' and siglist 'qpcrpp,ANY'
    All user-level objects in a package (including S4 classes and methods)
    should have documentation entries.
    See the chapter ‘Writing R documentation files’ in the ‘Writing R
    Extensions’ manual.
Flavor: r-release-linux-ix86