CRAN Package Check Results for Package dpcR

Last updated on 2014-09-01 21:48:48.

Flavor Version Tinstall Tcheck Ttotal Status Flags
r-devel-linux-x86_64-debian-clang 0.1.2-1 8.62 97.36 105.98 NOTE
r-devel-linux-x86_64-debian-gcc 0.1.2-1 8.43 96.13 104.56 NOTE
r-devel-linux-x86_64-fedora-clang 0.1.2-1 246.96 NOTE
r-devel-linux-x86_64-fedora-gcc 0.1.2-1 229.10 NOTE
r-devel-osx-x86_64-clang 0.1.2-1 179.01 NOTE
r-devel-windows-ix86+x86_64 0.1.2-1 27.00 152.00 179.00 NOTE
r-patched-linux-x86_64 0.1.2-1 8.56 97.21 105.76 OK
r-patched-solaris-sparc 0.1.2-1 1277.30 OK
r-patched-solaris-x86 0.1.2-1 292.10 OK
r-release-linux-ix86 0.1.2-1 10.45 117.36 127.81 OK
r-release-linux-x86_64 0.1.2-1 10.11 98.60 108.71 OK
r-release-osx-x86_64-mavericks 0.1.2-1 OK
r-release-osx-x86_64-snowleopard 0.1.2-1 OK
r-release-windows-ix86+x86_64 0.1.2-1 25.00 153.00 178.00 OK
r-oldrel-windows-ix86+x86_64 0.1.2-1 30.00 145.00 175.00 OK

Check Details

Version: 0.1.2-1
Check: R code for possible problems
Result: NOTE
    fit_adpcr: no visible binding for global variable ‘l5’
    limit_cq: no visible binding for global variable ‘l5’
    qpcr_analyser: no visible binding for global variable ‘l5’
    qpcr_analyser,adpcr: no visible binding for global variable ‘l5’
    qpcr_analyser,data.frame: no visible binding for global variable ‘l5’
    qpcr_analyser,modlist: no visible binding for global variable ‘l5’
Flavors: r-devel-linux-x86_64-debian-clang, r-devel-linux-x86_64-debian-gcc, r-devel-linux-x86_64-fedora-clang, r-devel-linux-x86_64-fedora-gcc, r-devel-osx-x86_64-clang, r-devel-windows-ix86+x86_64