CRAN Package Check Results for Package dpcR

Last updated on 2015-04-28 21:46:32.

Flavor Version Tinstall Tcheck Ttotal Status Flags
r-devel-linux-x86_64-debian-clang 0.1.4.0 5.96 76.91 82.87 OK
r-devel-linux-x86_64-debian-gcc 0.1.4.0 5.60 74.41 80.01 OK
r-devel-linux-x86_64-fedora-clang 0.1.4.0 169.54 OK
r-devel-linux-x86_64-fedora-gcc 0.1.4.0 159.98 OK
r-devel-osx-x86_64-clang 0.1.4.0 136.65 OK
r-devel-windows-ix86+x86_64 0.1.4.0 17.00 119.00 136.00 OK
r-patched-linux-x86_64 0.1.4.0 6.42 74.00 80.43 OK
r-patched-solaris-sparc 0.1.4.0 913.50 OK
r-patched-solaris-x86 0.1.4.0 218.60 OK
r-release-linux-x86_64 0.1.4.0 5.75 74.04 79.80 OK
r-release-osx-x86_64-mavericks 0.1.4.0 ERROR
r-release-osx-x86_64-snowleopard 0.1.4.0 ERROR
r-release-windows-ix86+x86_64 0.1.4.0 17.00 118.00 135.00 OK
r-oldrel-windows-ix86+x86_64 0.1.4.0 27.00 188.00 215.00 OK

Check Details

Version: 0.1.4.0
Check: package dependencies
Result: ERROR
    Packages required but not available: ‘chipPCR’ ‘multcomp’
    
    See section ‘The DESCRIPTION file’ in the ‘Writing R Extensions’
    manual.
Flavor: r-release-osx-x86_64-mavericks

Version: 0.1.4.0
Check: package dependencies
Result: ERROR
    Packages required but not available: ‘binom’ ‘multcomp’
    
    Package suggested but not available for checking: ‘knitr’
    
    VignetteBuilder package required for checking but not installed: ‘knitr’
    
    See section ‘The DESCRIPTION file’ in the ‘Writing R Extensions’
    manual.
Flavor: r-release-osx-x86_64-snowleopard