CRAN Package Check Results for Package dpcR

Last updated on 2014-08-28 00:46:59.

Flavor Version Tinstall Tcheck Ttotal Status Flags
r-devel-linux-x86_64-debian-clang 0.1.2-1 8.42 97.75 106.17 NOTE
r-devel-linux-x86_64-debian-gcc 0.1.2-1 8.53 93.22 101.75 NOTE
r-devel-linux-x86_64-fedora-clang 0.1.2-1 238.96 NOTE
r-devel-linux-x86_64-fedora-gcc 0.1.2-1 229.39 NOTE
r-devel-osx-x86_64-clang 0.1.2-1 179.64 NOTE
r-devel-windows-ix86+x86_64 0.1.2-1 26.00 138.00 164.00 NOTE
r-patched-linux-x86_64 0.1.2-1 8.36 96.04 104.40 OK
r-patched-solaris-sparc 0.1.2-1 1277.30 OK
r-patched-solaris-x86 0.1.2-1 292.10 OK
r-release-linux-ix86 0.1.2-1 10.11 115.26 125.37 OK
r-release-linux-x86_64 0.1.2-1 8.97 99.43 108.40 OK
r-release-osx-x86_64-mavericks 0.1.2-1 OK
r-release-osx-x86_64-snowleopard 0.1.2-1 OK
r-release-windows-ix86+x86_64 0.1.2-1 26.00 148.00 174.00 OK
r-oldrel-windows-ix86+x86_64 0.1.2-1 28.00 143.00 171.00 OK

Check Details

Version: 0.1.2-1
Check: R code for possible problems
Result: NOTE
    fit_adpcr: no visible binding for global variable ‘l5’
    limit_cq: no visible binding for global variable ‘l5’
    qpcr_analyser: no visible binding for global variable ‘l5’
    qpcr_analyser,adpcr: no visible binding for global variable ‘l5’
    qpcr_analyser,data.frame: no visible binding for global variable ‘l5’
    qpcr_analyser,modlist: no visible binding for global variable ‘l5’
Flavors: r-devel-linux-x86_64-debian-clang, r-devel-linux-x86_64-debian-gcc, r-devel-linux-x86_64-fedora-clang, r-devel-linux-x86_64-fedora-gcc, r-devel-osx-x86_64-clang, r-devel-windows-ix86+x86_64