CRAN Package Check Results for Package dpcR

Last updated on 2018-06-19 09:47:48 CEST.

Flavor Version Tinstall Tcheck Ttotal Status Flags
r-devel-linux-x86_64-debian-clang 0.4 14.33 135.71 150.04 OK
r-devel-linux-x86_64-debian-gcc 0.4 11.86 120.33 132.19 OK
r-devel-linux-x86_64-fedora-clang 0.4 197.11 OK
r-devel-linux-x86_64-fedora-gcc 0.4 192.34 OK
r-devel-windows-ix86+x86_64 0.4 40.00 228.00 268.00 OK
r-patched-linux-x86_64 0.4 14.46 129.85 144.31 OK
r-patched-solaris-x86 0.4 245.10 OK
r-release-linux-x86_64 0.4 12.55 128.92 141.47 OK
r-release-windows-ix86+x86_64 0.4 21.00 133.00 154.00 ERROR
r-release-osx-x86_64 0.4 OK
r-oldrel-windows-ix86+x86_64 0.4 19.00 151.00 170.00 OK
r-oldrel-osx-x86_64 0.4 OK

Check Details

Version: 0.4
Check: whether package can be installed
Result: ERROR
    Installation failed.
Flavor: r-release-windows-ix86+x86_64