CRAN Package Check Results for Package dpcR

Last updated on 2015-09-02 14:47:42.

Flavor Version Tinstall Tcheck Ttotal Status Flags
r-devel-linux-x86_64-debian-clang 0.1.4.0 5.86 76.05 81.91 NOTE
r-devel-linux-x86_64-debian-gcc 0.1.4.0 5.72 74.35 80.08 NOTE
r-devel-linux-x86_64-fedora-clang 0.1.4.0 167.59 NOTE
r-devel-linux-x86_64-fedora-gcc 0.1.4.0 161.79 NOTE
r-devel-osx-x86_64-clang 0.1.4.0 135.68 OK
r-devel-windows-ix86+x86_64 0.1.4.0 27.00 133.00 160.00 NOTE
r-patched-linux-x86_64 0.1.4.0 6.00 79.42 85.42 OK
r-patched-solaris-sparc 0.1.4.0 1014.70 OK
r-patched-solaris-x86 0.1.4.0 235.40 OK
r-release-linux-x86_64 0.1.4.0 6.08 83.38 89.46 OK
r-release-osx-x86_64-mavericks 0.1.4.0 OK
r-release-windows-ix86+x86_64 0.1.4.0 25.00 133.00 158.00 OK
r-oldrel-windows-ix86+x86_64 0.1.4.0 43.00 233.00 276.00 OK

Check Details

Version: 0.1.4.0
Check: R code for possible problems
Result: NOTE
    AUCtest: no visible global function definition for ‘quantile’
    AUCtest: no visible global function definition for ‘smooth.spline’
    AUCtest : <anonymous> : psp: no visible global function definition for
     ‘predict’
    AUCtest : <anonymous>: no visible global function definition for
     ‘integrate’
    bioamp: no visible binding for global variable ‘median’
    bioamp: no visible binding for global variable ‘mad’
    bioamp: no visible binding for global variable ‘sd’
    bioamp: no visible global function definition for ‘points’
    calc_breaks: no visible global function definition for ‘hist’
    calc_deltaF : <anonymous>: no visible global function definition for
     ‘quantile’
    calc_deltaF : <anonymous>: no visible global function definition for
     ‘tail’
    calc_deltaF : <anonymous>: no visible global function definition for
     ‘head’
    calc_lambda: no visible global function definition for ‘qnorm’
    compare_dens: no visible global function definition for ‘dpois’
    compare_dens: no visible global function definition for ‘rect’
    compare_dens: no visible global function definition for ‘par’
    compare_dens: no visible global function definition for ‘adjustcolor’
    compare_dens: no visible global function definition for ‘axis’
    compare_dens : <anonymous>: no visible global function definition for
     ‘rect’
    compare_dens : <anonymous>: no visible global function definition for
     ‘lines’
    compare_dens : <anonymous>: no visible global function definition for
     ‘text’
    compare_dens: no visible global function definition for ‘text’
    dpcr_calculator: no visible global function definition for ‘dbinom’
    dpcr_density: no visible global function definition for ‘adjustcolor’
    empir_moms: no visible global function definition for ‘var’
    limit_cq: no visible global function definition for ‘txtProgressBar’
    limit_cq : <anonymous>: no visible global function definition for
     ‘setTxtProgressBar’
    plot_conf_int: no visible global function definition for ‘adjustcolor’
    plot_conf_int: no visible global function definition for ‘polygon’
    plot_conf_int: no visible global function definition for ‘lines’
    plot_distr: no visible global function definition for ‘adjustcolor’
    plot_distr: no visible global function definition for ‘rect’
    plot_distr: no visible global function definition for ‘par’
    plot_distr: no visible global function definition for ‘axis’
    plot_distr: no visible global function definition for ‘polygon’
    plot_distr: no visible global function definition for ‘lines’
    plot_distr : <anonymous>: no visible global function definition for
     ‘rect’
    plot_panel : <anonymous>: no visible global function definition for
     ‘adjustcolor’
    plot_panel : <anonymous>: no visible binding for global variable ‘rect’
    plot_vf_circ: no visible global function definition for ‘symbols’
    plot_vic_fam: no visible global function definition for ‘axis’
    plot_vic_fam: no visible global function definition for ‘lines’
    plot_vic_fam: no visible global function definition for ‘abline’
    plot_vic_fam: no visible global function definition for ‘col2rgb’
    plot_vic_fam: no visible global function definition for ‘rgb’
    print_summary: no visible global function definition for ‘head’
    sim_dpcr_multi: no visible global function definition for ‘rnorm’
    test_counts: no visible binding for global variable ‘prop.test’
    test_counts: no visible global function definition for ‘combn’
    test_counts : <anonymous>: no visible global function definition for
     ‘prop.test’
    test_counts: no visible global function definition for ‘p.adjust’
    test_counts: no visible global function definition for ‘quasibinomial’
    test_counts: no visible global function definition for ‘quasipoisson’
    test_counts: no visible global function definition for ‘glm’
    valid_amp: no visible global function definition for ‘t.test’
    valid_amp: no visible global function definition for ‘head’
    valid_amp: no visible global function definition for ‘tail’
    valid_amp: no visible global function definition for ‘sd’
    plot,count_test-ANY: no visible global function definition for ‘rect’
    plot,count_test-ANY: no visible global function definition for ‘par’
    plot,count_test-ANY: no visible global function definition for
     ‘adjustcolor’
    plot,count_test-ANY: no visible global function definition for ‘axis’
    plot,count_test-ANY: no visible global function definition for ‘box’
    plot,count_test-ANY: no visible global function definition for
     ‘rainbow’
    plot,count_test-ANY : <anonymous>: no visible global function
     definition for ‘axis’
    plot,count_test-ANY : <anonymous>: no visible global function
     definition for ‘points’
    plot,count_test-ANY: no visible global function definition for ‘abline’
    plot,count_test-ANY : <anonymous> : <anonymous>: no visible global
     function definition for ‘lines’
    plot,qpcrpp-ANY: no visible global function definition for ‘abline’
    plot,qpcrpp-ANY: no visible global function definition for ‘legend’
    show,count_test: no visible global function definition for ‘symnum’
    summary,count_test: no visible global function definition for
     ‘aggregate’
    Undefined global functions or variables:
     abline adjustcolor aggregate axis box col2rgb combn dbinom dpois glm
     head hist integrate legend lines mad median p.adjust par points
     polygon predict prop.test qnorm quantile quasibinomial quasipoisson
     rainbow rect rgb rnorm sd setTxtProgressBar smooth.spline symbols
     symnum t.test tail text txtProgressBar var
    Consider adding
     importFrom("grDevices", "adjustcolor", "col2rgb", "rainbow", "rgb")
     importFrom("graphics", "abline", "axis", "box", "hist", "legend",
     "lines", "par", "points", "polygon", "rect", "symbols",
     "text")
     importFrom("stats", "aggregate", "dbinom", "dpois", "glm", "integrate",
     "mad", "median", "p.adjust", "predict", "prop.test",
     "qnorm", "quantile", "quasibinomial", "quasipoisson",
     "rnorm", "sd", "smooth.spline", "symnum", "t.test", "var")
     importFrom("utils", "combn", "head", "setTxtProgressBar", "tail",
     "txtProgressBar")
    to your NAMESPACE.
Flavors: r-devel-linux-x86_64-debian-clang, r-devel-linux-x86_64-debian-gcc, r-devel-linux-x86_64-fedora-clang, r-devel-linux-x86_64-fedora-gcc, r-devel-windows-ix86+x86_64