CRAN Package Check Results for Package dpcR

Last updated on 2016-02-11 06:50:39.

Flavor Version Tinstall Tcheck Ttotal Status Flags
r-devel-linux-x86_64-debian-gcc 0.2 6.66 73.97 80.62 WARN
r-devel-linux-x86_64-fedora-clang 0.2 160.33 WARN
r-devel-linux-x86_64-fedora-gcc 0.2 162.47 WARN
r-devel-osx-x86_64-clang 0.2 170.78 WARN
r-devel-windows-ix86+x86_64 0.2 29.00 130.00 159.00 WARN
r-patched-linux-x86_64 0.2 7.12 81.49 88.61 NOTE
r-patched-solaris-sparc 0.2 1030.10 NOTE
r-patched-solaris-x86 0.2 216.90 NOTE
r-release-linux-x86_64 0.2 6.90 81.30 88.20 NOTE
r-release-osx-x86_64-mavericks 0.2 OK
r-release-windows-ix86+x86_64 0.2 27.00 136.00 163.00 NOTE
r-oldrel-windows-ix86+x86_64 0.2 52.00 229.00 281.00 NOTE

Check Details

Version: 0.2
Check: re-building of vignette outputs
Result: WARN
    Error in re-building vignettes:
     ...
    Quitting from lines 428-436 (overview.Rmd)
    Error: processing vignette ‘overview.Rmd’ failed with diagnostics:
    Unknown parameters: y
    Execution halted
Flavors: r-devel-linux-x86_64-debian-gcc, r-devel-linux-x86_64-fedora-clang, r-devel-linux-x86_64-fedora-gcc, r-devel-osx-x86_64-clang, r-devel-windows-ix86+x86_64

Version: 0.2
Check: re-building of vignette outputs
Result: NOTE
    Error in re-building vignettes:
     ...
    Quitting from lines 428-436 (overview.Rmd)
    Error: processing vignette ‘overview.Rmd’ failed with diagnostics:
    Unknown parameters: y
    Execution halted
Flavors: r-patched-linux-x86_64, r-patched-solaris-sparc, r-release-linux-x86_64, r-release-windows-ix86+x86_64, r-oldrel-windows-ix86+x86_64

Version: 0.2
Check: re-building of vignette outputs
Result: NOTE
    Error in re-building vignettes:
     ...
    Warning in (if (grepl("\\.[Rr]md$", file)) knit2html else if (grepl("\\.[Rr]rst$", :
     It seems you should call rmarkdown::render() instead of knitr::knit2html() because overview.Rmd appears to be an R Markdown v2 document.
    Quitting from lines 428-436 (overview.Rmd)
    Error: processing vignette 'overview.Rmd' failed with diagnostics:
    Unknown parameters: y
    Execution halted
Flavor: r-patched-solaris-x86