CRAN Package Check Results for Package dplR

Last updated on 2015-05-27 02:47:07.

Flavor Version Tinstall Tcheck Ttotal Status Flags
r-devel-linux-x86_64-debian-clang 1.6.2 3.96 126.61 130.57 NOTE
r-devel-linux-x86_64-debian-gcc 1.6.2 3.69 121.80 125.49 NOTE
r-devel-linux-x86_64-fedora-clang 1.6.2 258.04 NOTE
r-devel-linux-x86_64-fedora-gcc 1.6.2 243.88 NOTE
r-devel-osx-x86_64-clang 1.6.2 240.32 NOTE
r-devel-windows-ix86+x86_64 1.6.2 20.00 236.00 256.00 NOTE
r-patched-linux-x86_64 1.6.2 3.81 121.92 125.73 NOTE
r-patched-solaris-sparc 1.6.2 1654.70 NOTE
r-patched-solaris-x86 1.6.2 299.80 NOTE
r-release-linux-x86_64 1.6.2 3.75 129.97 133.72 NOTE
r-release-osx-x86_64-mavericks 1.6.2 NOTE
r-release-osx-x86_64-snowleopard 1.6.2 ERROR
r-release-windows-ix86+x86_64 1.6.2 21.00 218.00 239.00 NOTE
r-oldrel-windows-ix86+x86_64 1.6.2 20.00 221.00 241.00 OK

Check Details

Version: 1.6.2
Check: DESCRIPTION meta-information
Result: NOTE
    Malformed Description field: should contain one or more complete sentences.
Flavors: r-devel-linux-x86_64-debian-clang, r-devel-linux-x86_64-debian-gcc, r-devel-linux-x86_64-fedora-clang, r-devel-linux-x86_64-fedora-gcc, r-devel-osx-x86_64-clang, r-devel-windows-ix86+x86_64, r-patched-linux-x86_64, r-patched-solaris-sparc, r-patched-solaris-x86, r-release-linux-x86_64, r-release-osx-x86_64-mavericks, r-release-windows-ix86+x86_64

Version: 1.6.2
Check: package dependencies
Result: ERROR
    Package required but not available: ‘XML’
    
    Packages suggested but not available for checking:
     ‘Biobase’ ‘forecast’ ‘knitr’
    
    See section ‘The DESCRIPTION file’ in the ‘Writing R Extensions’
    manual.
Flavor: r-release-osx-x86_64-snowleopard