CRAN Package Check Results for Package dplR

Last updated on 2017-10-21 00:51:39.

Flavor Version Tinstall Tcheck Ttotal Status Flags
r-devel-linux-x86_64-debian-clang 1.6.6 6.44 153.12 159.56 OK
r-devel-linux-x86_64-debian-gcc 1.6.6 7.94 162.54 170.47 OK
r-devel-linux-x86_64-fedora-clang 1.6.6 320.52 OK
r-devel-linux-x86_64-fedora-gcc 1.6.6 319.97 OK
r-devel-windows-ix86+x86_64 1.6.6 27.00 324.00 351.00 OK
r-patched-linux-x86_64 1.6.6 6.17 152.22 158.39 OK
r-patched-solaris-x86 1.6.6 385.30 OK
r-release-linux-x86_64 1.6.6 6.43 151.05 157.48 OK
r-release-windows-ix86+x86_64 1.6.6 33.00 361.00 394.00 OK
r-release-osx-x86_64 1.6.6 NOTE
r-oldrel-windows-ix86+x86_64 1.6.6 21.00 380.00 401.00 OK
r-oldrel-osx-x86_64 1.6.6 OK

Check Details

Version: 1.6.6
Check: package dependencies
Result: NOTE
    Package suggested but not available for checking: ‘gmp’
Flavor: r-release-osx-x86_64

Version: 1.6.6
Check: Rd cross-references
Result: NOTE
    Package unavailable to check Rd xrefs: ‘gmp’
Flavor: r-release-osx-x86_64