CRAN Package Check Results for Package dplR

Last updated on 2017-03-29 03:50:24.

Flavor Version Tinstall Tcheck Ttotal Status Flags
r-devel-linux-x86_64-debian-clang 1.6.5 6.08 155.87 161.94 NOTE
r-devel-linux-x86_64-debian-gcc 1.6.5 6.08 121.75 127.83 WARN
r-devel-linux-x86_64-fedora-clang 1.6.5 324.09 NOTE --no-stop-on-test-error
r-devel-linux-x86_64-fedora-gcc 1.6.5 311.47 NOTE --no-stop-on-test-error
r-devel-macos-x86_64-clang 1.6.5 250.90 NOTE --no-stop-on-test-error
r-devel-windows-ix86+x86_64 1.6.5 26.00 344.00 370.00 OK
r-patched-linux-x86_64 1.6.5 6.07 151.36 157.43 NOTE
r-patched-solaris-sparc 1.6.5 1925.80 OK
r-patched-solaris-x86 1.6.5 380.30 OK
r-release-linux-x86_64 1.6.5 5.53 134.71 140.24 OK
r-release-osx-x86_64-mavericks 1.6.5 OK
r-release-windows-ix86+x86_64 1.6.5 40.00 424.00 464.00 OK
r-oldrel-windows-ix86+x86_64 1.6.5 25.00 373.00 398.00 OK

Check Details

Version: 1.6.5
Check: compiled code
Result: NOTE
    File ‘dplR/libs/dplR.so’:
     Found no calls to: ‘R_registerRoutines’, ‘R_useDynamicSymbols’
    
    It is good practice to register native routines and to disable symbol
    search.
    
    See ‘Writing portable packages’ in the ‘Writing R Extensions’ manual.
Flavors: r-devel-linux-x86_64-debian-clang, r-devel-linux-x86_64-debian-gcc, r-patched-linux-x86_64

Version: 1.6.5
Check: re-building of vignette outputs
Result: WARN
    Error in re-building vignettes:
     ...
    Error: processing vignette 'chron-dplR.Rnw' failed with diagnostics:
    'missing' can only be used for arguments
    Execution halted
Flavor: r-devel-linux-x86_64-debian-gcc

Version: 1.6.5
Flags: --no-stop-on-test-error
Check: compiled code
Result: NOTE
    File ‘dplR/libs/dplR.so’:
     Found no calls to: ‘R_registerRoutines’, ‘R_useDynamicSymbols’
    
    It is good practice to register native routines and to disable symbol
    search.
    
    See ‘Writing portable packages’ in the ‘Writing R Extensions’ manual.
Flavors: r-devel-linux-x86_64-fedora-clang, r-devel-linux-x86_64-fedora-gcc, r-devel-macos-x86_64-clang