CRAN Package Check Results for Package dplR

Last updated on 2017-08-20 14:46:49.

Flavor Version Tinstall Tcheck Ttotal Status Flags
r-devel-linux-x86_64-debian-clang 1.6.6 6.11 156.71 162.82 OK
r-devel-linux-x86_64-debian-gcc 1.6.6 6.17 150.45 156.62 OK
r-devel-linux-x86_64-fedora-clang 1.6.6 318.52 OK
r-devel-linux-x86_64-fedora-gcc 1.6.6 323.40 OK
r-devel-windows-ix86+x86_64 1.6.6 24.00 328.00 352.00 OK
r-patched-linux-x86_64 1.6.6 6.31 150.53 156.84 OK
r-patched-solaris-x86 1.6.6 384.30 OK
r-release-linux-x86_64 1.6.6 6.07 151.83 157.91 OK
r-release-windows-ix86+x86_64 1.6.6 31.00 410.00 441.00 OK
r-release-osx-x86_64 1.6.6 NOTE
r-oldrel-windows-ix86+x86_64 1.6.6 21.00 285.00 306.00 OK
r-oldrel-osx-x86_64 1.6.6 OK

Check Details

Version: 1.6.6
Check: package dependencies
Result: NOTE
    Package suggested but not available for checking: ‘gmp’
Flavor: r-release-osx-x86_64

Version: 1.6.6
Check: Rd cross-references
Result: NOTE
    Package unavailable to check Rd xrefs: ‘gmp’
Flavor: r-release-osx-x86_64