CRAN Package Check Results for Package dplR

Last updated on 2015-04-21 15:50:08.

Flavor Version Tinstall Tcheck Ttotal Status Flags
r-devel-linux-x86_64-debian-clang 1.6.2 3.58 131.04 134.62 NOTE
r-devel-linux-x86_64-debian-gcc 1.6.2 3.57 125.75 129.32 NOTE
r-devel-linux-x86_64-fedora-clang 1.6.2 254.19 NOTE
r-devel-linux-x86_64-fedora-gcc 1.6.2 245.92 NOTE
r-devel-osx-x86_64-clang 1.6.2 239.98 NOTE
r-devel-windows-ix86+x86_64 1.6.2 17.00 215.00 232.00 NOTE
r-patched-linux-x86_64 1.6.2 3.62 122.79 126.41 NOTE
r-patched-solaris-sparc 1.6.2 1683.80 NOTE
r-patched-solaris-x86 1.6.2 304.00 NOTE
r-release-linux-x86_64 1.6.2 3.58 125.41 128.99 NOTE
r-release-osx-x86_64-mavericks 1.6.2 NOTE
r-release-osx-x86_64-snowleopard 1.6.2 ERROR
r-release-windows-ix86+x86_64 1.6.2 14.00 208.00 222.00 NOTE
r-oldrel-windows-ix86+x86_64 1.6.2 18.00 221.00 239.00 OK

Check Details

Version: 1.6.2
Check: DESCRIPTION meta-information
Result: NOTE
    Malformed Description field: should contain one or more complete sentences.
Flavors: r-devel-linux-x86_64-debian-clang, r-devel-linux-x86_64-debian-gcc, r-devel-linux-x86_64-fedora-clang, r-devel-linux-x86_64-fedora-gcc, r-devel-osx-x86_64-clang, r-devel-windows-ix86+x86_64, r-patched-linux-x86_64, r-patched-solaris-sparc, r-patched-solaris-x86, r-release-linux-x86_64, r-release-osx-x86_64-mavericks, r-release-windows-ix86+x86_64

Version: 1.6.2
Check: package dependencies
Result: NOTE
    Package suggested but not available for checking: ‘forecast’
Flavor: r-release-osx-x86_64-mavericks

Version: 1.6.2
Check: package dependencies
Result: ERROR
    Package required but not available: ‘XML’
    
    Packages suggested but not available for checking:
     ‘Biobase’ ‘forecast’ ‘knitr’
    
    See section ‘The DESCRIPTION file’ in the ‘Writing R Extensions’
    manual.
Flavor: r-release-osx-x86_64-snowleopard