CRAN Package Check Results for Package dplR

Last updated on 2017-06-22 15:48:22.

Flavor Version Tinstall Tcheck Ttotal Status Flags
r-devel-linux-x86_64-debian-clang 1.6.6 6.81 160.44 167.24 ERROR
r-devel-linux-x86_64-debian-gcc 1.6.6 6.69 152.45 159.14 ERROR
r-devel-linux-x86_64-fedora-clang 1.6.6 320.53 ERROR
r-devel-linux-x86_64-fedora-gcc 1.6.6 317.05 ERROR
r-devel-windows-ix86+x86_64 1.6.6 33.00 454.00 487.00 ERROR
r-patched-linux-x86_64 1.6.6 6.97 154.73 161.71 OK
r-patched-solaris-sparc 1.6.6 1828.30 OK
r-patched-solaris-x86 1.6.6 374.30 OK
r-release-linux-x86_64 1.6.6 5.92 150.13 156.05 OK
r-release-windows-ix86+x86_64 1.6.6 34.00 455.00 489.00 OK
r-release-osx-x86_64 1.6.6 NOTE
r-oldrel-windows-ix86+x86_64 1.6.6 35.00 390.00 425.00 OK
r-oldrel-osx-x86_64 1.6.6 OK

Check Details

Version: 1.6.6
Check: tests
Result: ERROR
     Running ‘testthat.R’ [9s/9s]
    Running the tests in ‘tests/testthat.R’ failed.
    Complete output:
     > if (require("testthat", character.only = TRUE)) {
     + test_check("dplR")
     + }
     Loading required package: testthat
     Loading required package: dplR
     There does not appear to be a header in the rwl file
     There does not appear to be a header in the rwl file
     There is 1 series
     1 TEST2A 1734 1738 0.01
     There does not appear to be a header in the rwl file
     There is 1 series
     1 TEST3A 1734 1738 0.001
     There does not appear to be a header in the rwl file
     There is 1 series
     1 TEST4A 1734 1740 0.01
     There does not appear to be a header in the rwl file
     There is 1 series
     1 TEST5A 1734 1738 0.01
     There does not appear to be a header in the rwl file
     There is 1 series
     1 TEST6A 1734 1749 0.001
     There does not appear to be a header in the rwl file
     There is 1 series
     1 TEST7A 1734 1738 0.01
     There does not appear to be a header in the rwl file
     1. Failure: read.tucson stops on overlapping data (@test-io.R#110) -------------
     error$message does not match "failed to read".
     Actual value: "non-conformable arrays"
    
    
     There does not appear to be a header in the rwl file
     There is 1 series
     1 TEST9A 1734 1758 0.001
     There does not appear to be a header in the rwl file
     There are 2 series
     1 TST10A 1734 1738 0.001
     2 TST10B 1732 1735 0.01
     There does not appear to be a header in the rwl file
     There is 1 series
     1 TST11A - 1734 1736 0.01
     There does not appear to be a header in the rwl file
     There is 1 series
     1 TST11A -1734 -1732 0.01
     There does not appear to be a header in the rwl file
     There is 1 series
     1 TST12A 1734 1740 0.01
     There does not appear to be a header in the rwl file
     There are 3 series
     1 TST14A 1906 1914 0.01
     2 TST14B 1905 1913 0.01
     3 TST14C 1906 1913 0.01
     There does not appear to be a header in the rwl file
     There are 3 series
     1 TST14A 1908 1914 0.01
     2 TST14B 1905 1911 0.01
     3 TST14C 1907 1912 0.01
     testthat results ================================================================
     OK: 470 SKIPPED: 0 FAILED: 1
     1. Failure: read.tucson stops on overlapping data (@test-io.R#110)
    
     Error: testthat unit tests failed
     Execution halted
Flavor: r-devel-linux-x86_64-debian-clang

Version: 1.6.6
Check: tests
Result: ERROR
     Running ‘testthat.R’ [8s/8s]
    Running the tests in ‘tests/testthat.R’ failed.
    Complete output:
     > if (require("testthat", character.only = TRUE)) {
     + test_check("dplR")
     + }
     Loading required package: testthat
     Loading required package: dplR
     There does not appear to be a header in the rwl file
     There does not appear to be a header in the rwl file
     There is 1 series
     1 TEST2A 1734 1738 0.01
     There does not appear to be a header in the rwl file
     There is 1 series
     1 TEST3A 1734 1738 0.001
     There does not appear to be a header in the rwl file
     There is 1 series
     1 TEST4A 1734 1740 0.01
     There does not appear to be a header in the rwl file
     There is 1 series
     1 TEST5A 1734 1738 0.01
     There does not appear to be a header in the rwl file
     There is 1 series
     1 TEST6A 1734 1749 0.001
     There does not appear to be a header in the rwl file
     There is 1 series
     1 TEST7A 1734 1738 0.01
     There does not appear to be a header in the rwl file
     1. Failure: read.tucson stops on overlapping data (@test-io.R#110) -------------
     error$message does not match "failed to read".
     Actual value: "non-conformable arrays"
    
    
     There does not appear to be a header in the rwl file
     There is 1 series
     1 TEST9A 1734 1758 0.001
     There does not appear to be a header in the rwl file
     There are 2 series
     1 TST10A 1734 1738 0.001
     2 TST10B 1732 1735 0.01
     There does not appear to be a header in the rwl file
     There is 1 series
     1 TST11A - 1734 1736 0.01
     There does not appear to be a header in the rwl file
     There is 1 series
     1 TST11A -1734 -1732 0.01
     There does not appear to be a header in the rwl file
     There is 1 series
     1 TST12A 1734 1740 0.01
     There does not appear to be a header in the rwl file
     There are 3 series
     1 TST14A 1906 1914 0.01
     2 TST14B 1905 1913 0.01
     3 TST14C 1906 1913 0.01
     There does not appear to be a header in the rwl file
     There are 3 series
     1 TST14A 1908 1914 0.01
     2 TST14B 1905 1911 0.01
     3 TST14C 1907 1912 0.01
     testthat results ================================================================
     OK: 470 SKIPPED: 0 FAILED: 1
     1. Failure: read.tucson stops on overlapping data (@test-io.R#110)
    
     Error: testthat unit tests failed
     Execution halted
Flavor: r-devel-linux-x86_64-debian-gcc

Version: 1.6.6
Check: tests
Result: ERROR
     Running ‘testthat.R’ [16s/20s]
    Running the tests in ‘tests/testthat.R’ failed.
    Complete output:
     > if (require("testthat", character.only = TRUE)) {
     + test_check("dplR")
     + }
     Loading required package: testthat
     Loading required package: dplR
     There does not appear to be a header in the rwl file
     There does not appear to be a header in the rwl file
     There is 1 series
     1 TEST2A 1734 1738 0.01
     There does not appear to be a header in the rwl file
     There is 1 series
     1 TEST3A 1734 1738 0.001
     There does not appear to be a header in the rwl file
     There is 1 series
     1 TEST4A 1734 1740 0.01
     There does not appear to be a header in the rwl file
     There is 1 series
     1 TEST5A 1734 1738 0.01
     There does not appear to be a header in the rwl file
     There is 1 series
     1 TEST6A 1734 1749 0.001
     There does not appear to be a header in the rwl file
     There is 1 series
     1 TEST7A 1734 1738 0.01
     There does not appear to be a header in the rwl file
     1. Failure: read.tucson stops on overlapping data (@test-io.R#110) -------------
     error$message does not match "failed to read".
     Actual value: "non-conformable arrays"
    
    
     There does not appear to be a header in the rwl file
     There is 1 series
     1 TEST9A 1734 1758 0.001
     There does not appear to be a header in the rwl file
     There are 2 series
     1 TST10A 1734 1738 0.001
     2 TST10B 1732 1735 0.01
     There does not appear to be a header in the rwl file
     There is 1 series
     1 TST11A - 1734 1736 0.01
     There does not appear to be a header in the rwl file
     There is 1 series
     1 TST11A -1734 -1732 0.01
     There does not appear to be a header in the rwl file
     There is 1 series
     1 TST12A 1734 1740 0.01
     There does not appear to be a header in the rwl file
     There are 3 series
     1 TST14A 1906 1914 0.01
     2 TST14B 1905 1913 0.01
     3 TST14C 1906 1913 0.01
     There does not appear to be a header in the rwl file
     There are 3 series
     1 TST14A 1908 1914 0.01
     2 TST14B 1905 1911 0.01
     3 TST14C 1907 1912 0.01
     testthat results ================================================================
     OK: 469 SKIPPED: 0 FAILED: 1
     1. Failure: read.tucson stops on overlapping data (@test-io.R#110)
    
     Error: testthat unit tests failed
     In addition: Warning message:
     In x : closing unused connection 3 (/tmp/RtmplZ78K9/file3079251251d1)
     Execution halted
Flavor: r-devel-linux-x86_64-fedora-clang

Version: 1.6.6
Check: tests
Result: ERROR
     Running ‘testthat.R’ [15s/20s]
    Running the tests in ‘tests/testthat.R’ failed.
    Complete output:
     > if (require("testthat", character.only = TRUE)) {
     + test_check("dplR")
     + }
     Loading required package: testthat
     Loading required package: dplR
     There does not appear to be a header in the rwl file
     There does not appear to be a header in the rwl file
     There is 1 series
     1 TEST2A 1734 1738 0.01
     There does not appear to be a header in the rwl file
     There is 1 series
     1 TEST3A 1734 1738 0.001
     There does not appear to be a header in the rwl file
     There is 1 series
     1 TEST4A 1734 1740 0.01
     There does not appear to be a header in the rwl file
     There is 1 series
     1 TEST5A 1734 1738 0.01
     There does not appear to be a header in the rwl file
     There is 1 series
     1 TEST6A 1734 1749 0.001
     There does not appear to be a header in the rwl file
     There is 1 series
     1 TEST7A 1734 1738 0.01
     There does not appear to be a header in the rwl file
     1. Failure: read.tucson stops on overlapping data (@test-io.R#110) -------------
     error$message does not match "failed to read".
     Actual value: "non-conformable arrays"
    
    
     There does not appear to be a header in the rwl file
     There is 1 series
     1 TEST9A 1734 1758 0.001
     There does not appear to be a header in the rwl file
     There are 2 series
     1 TST10A 1734 1738 0.001
     2 TST10B 1732 1735 0.01
     There does not appear to be a header in the rwl file
     There is 1 series
     1 TST11A - 1734 1736 0.01
     There does not appear to be a header in the rwl file
     There is 1 series
     1 TST11A -1734 -1732 0.01
     There does not appear to be a header in the rwl file
     There is 1 series
     1 TST12A 1734 1740 0.01
     There does not appear to be a header in the rwl file
     There are 3 series
     1 TST14A 1906 1914 0.01
     2 TST14B 1905 1913 0.01
     3 TST14C 1906 1913 0.01
     There does not appear to be a header in the rwl file
     There are 3 series
     1 TST14A 1908 1914 0.01
     2 TST14B 1905 1911 0.01
     3 TST14C 1907 1912 0.01
     testthat results ================================================================
     OK: 469 SKIPPED: 0 FAILED: 1
     1. Failure: read.tucson stops on overlapping data (@test-io.R#110)
    
     Error: testthat unit tests failed
     In addition: Warning message:
     In cmpCallSymFun(fun, args, call, cb, cntxt) :
     closing unused connection 3 (/tmp/RtmpepNJXi/file900f6f2ace87)
     Execution halted
Flavor: r-devel-linux-x86_64-fedora-gcc

Version: 1.6.6
Check: running tests for arch ‘i386’
Result: ERROR
     Running 'testthat.R' [14s]
    Running the tests in 'tests/testthat.R' failed.
    Last 13 lines of output:
     There are 3 series
     1 TST14A 1906 1914 0.01
     2 TST14B 1905 1913 0.01
     3 TST14C 1906 1913 0.01
     There does not appear to be a header in the rwl file
     There are 3 series
     1 TST14A 1908 1914 0.01
     2 TST14B 1905 1911 0.01
     3 TST14C 1907 1912 0.01
     testthat results ================================================================
     OK: 470 SKIPPED: 0 FAILED: 1
     1. Failure: read.tucson stops on overlapping data (@test-io.R#110)
    
     Error: testthat unit tests failed
     Execution halted
Flavor: r-devel-windows-ix86+x86_64

Version: 1.6.6
Check: running tests for arch ‘x64’
Result: ERROR
     Running 'testthat.R' [17s]
    Running the tests in 'tests/testthat.R' failed.
    Last 13 lines of output:
     There are 3 series
     1 TST14A 1906 1914 0.01
     2 TST14B 1905 1913 0.01
     3 TST14C 1906 1913 0.01
     There does not appear to be a header in the rwl file
     There are 3 series
     1 TST14A 1908 1914 0.01
     2 TST14B 1905 1911 0.01
     3 TST14C 1907 1912 0.01
     testthat results ================================================================
     OK: 470 SKIPPED: 0 FAILED: 1
     1. Failure: read.tucson stops on overlapping data (@test-io.R#110)
    
     Error: testthat unit tests failed
     Execution halted
Flavor: r-devel-windows-ix86+x86_64

Version: 1.6.6
Check: package dependencies
Result: NOTE
    Package suggested but not available for checking: ‘gmp’
Flavor: r-release-osx-x86_64

Version: 1.6.6
Check: Rd cross-references
Result: NOTE
    Package unavailable to check Rd xrefs: ‘gmp’
Flavor: r-release-osx-x86_64