CRAN Package Check Results for Package dplR

Last updated on 2017-12-16 01:56:05 CET.

Flavor Version Tinstall Tcheck Ttotal Status Flags
r-devel-linux-x86_64-debian-clang 1.6.6 7.87 250.30 258.17 OK
r-devel-linux-x86_64-debian-gcc 1.6.6 7.15 194.37 201.52 OK
r-devel-linux-x86_64-fedora-clang 1.6.6 296.52 OK
r-devel-linux-x86_64-fedora-gcc 1.6.6 291.96 OK
r-devel-windows-ix86+x86_64 1.6.6 38.00 352.00 390.00 OK
r-patched-linux-x86_64 1.6.6 9.18 263.36 272.54 OK
r-patched-solaris-x86 1.6.6 376.00 OK
r-release-linux-x86_64 1.6.6 8.42 258.47 266.89 OK
r-release-windows-ix86+x86_64 1.6.6 24.00 323.00 347.00 OK
r-release-osx-x86_64 1.6.6 NOTE
r-oldrel-windows-ix86+x86_64 1.6.6 33.00 322.00 355.00 OK
r-oldrel-osx-x86_64 1.6.6 OK

Check Details

Version: 1.6.6
Check: package dependencies
Result: NOTE
    Package suggested but not available for checking: ‘gmp’
Flavor: r-release-osx-x86_64

Version: 1.6.6
Check: Rd cross-references
Result: NOTE
    Package unavailable to check Rd xrefs: ‘gmp’
Flavor: r-release-osx-x86_64