CRAN Package Check Results for Package dplR

Last updated on 2014-10-31 11:47:20.

Flavor Version Tinstall Tcheck Ttotal Status Flags
r-devel-linux-x86_64-debian-clang 1.6.0 3.79 139.92 143.71 OK
r-devel-linux-x86_64-debian-gcc 1.6.0 4.04 136.26 140.30 OK
r-devel-linux-x86_64-fedora-clang 1.6.0 295.61 OK
r-devel-linux-x86_64-fedora-gcc 1.6.0 273.79 OK
r-devel-osx-x86_64-clang 1.6.0 243.14 OK
r-devel-windows-ix86+x86_64 1.6.0 20.00 228.00 248.00 OK
r-patched-linux-x86_64 1.6.0 4.11 141.89 146.00 OK
r-patched-solaris-sparc 1.6.0 8276.90 OK
r-patched-solaris-x86 1.6.0 327.40 OK
r-release-linux-ix86 1.6.0 5.54 167.59 173.13 OK
r-release-linux-x86_64 1.6.0 4.21 141.76 145.97 OK
r-release-osx-x86_64-mavericks 1.6.0 NOTE
r-release-osx-x86_64-snowleopard 1.6.0 OK
r-release-windows-ix86+x86_64 1.6.0 19.00 231.00 250.00 OK
r-oldrel-windows-ix86+x86_64 1.6.0 20.00 237.00 257.00 OK

Check Details

Version: 1.6.0
Check: package dependencies
Result: NOTE
    Package suggested but not available for checking: ‘forecast’
Flavor: r-release-osx-x86_64-mavericks

Version: 1.6.0
Check: re-building of vignette outputs
Result: NOTE
    Error in re-building vignettes:
     ...
    Warning: executing %dopar% sequentially: no parallel backend registered
    Warning in detrend.series(y = series, y.name = "CAM011", verbose = TRUE) :
     Ar fit is not all positive
    Error in texi2dvi(file = file, pdf = TRUE, clean = clean, quiet = quiet, :
     Running 'texi2dvi' on 'intro-dplR.tex' failed.
    LaTeX errors:
    ! LaTeX Error: File `sidecap.sty' not found.
    
    Type X to quit or <RETURN> to proceed,
    or enter new name. (Default extension: sty)
    
    ./dplR.sty:15: ==> Fatal error occurred, no output PDF file produced!
    Calls: buildVignettes -> texi2pdf -> texi2dvi
    Execution halted
Flavor: r-release-osx-x86_64-mavericks