CRAN Package Check Results for Package dplR

Last updated on 2014-04-23 17:47:43.

Flavor Version Tinstall Tcheck Ttotal Status Flags
r-devel-linux-x86_64-debian-clang 1.5.9 3.54 81.42 84.96 OK
r-devel-linux-x86_64-debian-gcc 1.5.9 3.70 81.50 85.20 OK
r-devel-linux-x86_64-fedora-clang 1.5.9 166.82 OK
r-devel-linux-x86_64-fedora-gcc 1.5.9 161.60 OK
r-devel-osx-x86_64-clang 1.5.9 124.46 OK
r-devel-osx-x86_64-gcc 1.5.9 ERROR
r-devel-windows-ix86+x86_64 1.5.9 18.00 154.00 172.00 OK
r-patched-linux-x86_64 1.5.9 3.80 80.99 84.80 OK
r-patched-solaris-sparc 1.5.9 2336.90 OK
r-patched-solaris-x86 1.5.9 200.40 OK
r-release-linux-ix86 1.5.9 7.00 127.00 134.00 OK
r-release-linux-x86_64 1.5.9 3.89 75.19 79.08 OK
r-release-osx-x86_64-mavericks 1.5.9 OK
r-release-osx-x86_64-snowleopard 1.5.9 OK
r-release-windows-ix86+x86_64 1.5.9 18.00 158.00 176.00 OK
r-oldrel-windows-ix86+x86_64 1.5.9 18.00 161.00 179.00 OK

Check Details

Version: 1.5.9
Check: package dependencies
Result: ERROR
    Package required but not available: ‘XML’
    
    See the information on DESCRIPTION files in the chapter ‘Creating R
    packages’ of the ‘Writing R Extensions’ manual.
Flavor: r-devel-osx-x86_64-gcc