CRAN Package Check Results for Package dplR

Last updated on 2017-02-20 13:50:45.

Flavor Version Tinstall Tcheck Ttotal Status Flags
r-devel-linux-x86_64-debian-clang 1.6.5 6.66 156.78 163.44 NOTE
r-devel-linux-x86_64-debian-gcc 1.6.5 6.38 153.08 159.45 NOTE
r-devel-linux-x86_64-fedora-clang 1.6.5 312.09 NOTE --no-stop-on-test-error
r-devel-linux-x86_64-fedora-gcc 1.6.5 311.86 NOTE --no-stop-on-test-error
r-devel-macos-x86_64-clang 1.6.5 256.36 NOTE --no-stop-on-test-error
r-devel-windows-ix86+x86_64 1.6.5 35.00 447.00 482.00 OK
r-patched-linux-x86_64 1.6.5 5.52 136.39 141.90 OK
r-patched-solaris-sparc 1.6.5 1610.80 OK
r-patched-solaris-x86 1.6.5 331.80 OK
r-release-linux-x86_64 1.6.5 5.67 133.71 139.38 OK
r-release-osx-x86_64-mavericks 1.6.5 OK
r-release-windows-ix86+x86_64 1.6.5 21.00 276.00 297.00 OK
r-oldrel-windows-ix86+x86_64 1.6.5 23.00 395.00 418.00 OK

Check Details

Version: 1.6.5
Check: compiled code
Result: NOTE
    File ‘dplR/libs/dplR.so’:
     Found no calls to: ‘R_registerRoutines’, ‘R_useDynamicSymbols’
    
    It is good practice to register native routines and to disable symbol
    search.
    
    See ‘Writing portable packages’ in the ‘Writing R Extensions’ manual.
Flavors: r-devel-linux-x86_64-debian-clang, r-devel-linux-x86_64-debian-gcc

Version: 1.6.5
Flags: --no-stop-on-test-error
Check: compiled code
Result: NOTE
    File ‘dplR/libs/dplR.so’:
     Found no calls to: ‘R_registerRoutines’, ‘R_useDynamicSymbols’
    
    It is good practice to register native routines and to disable symbol
    search.
    
    See ‘Writing portable packages’ in the ‘Writing R Extensions’ manual.
Flavors: r-devel-linux-x86_64-fedora-clang, r-devel-linux-x86_64-fedora-gcc, r-devel-macos-x86_64-clang