CRAN Package Check Results for Package dplR

Last updated on 2017-05-24 11:49:42.

Flavor Version Tinstall Tcheck Ttotal Status Flags
r-devel-linux-x86_64-debian-clang 1.6.6 6.56 157.85 164.41 OK
r-devel-linux-x86_64-debian-gcc 1.6.6 6.36 151.55 157.91 OK
r-devel-linux-x86_64-fedora-clang 1.6.6 320.87 OK --no-stop-on-test-error
r-devel-linux-x86_64-fedora-gcc 1.6.6 303.77 OK --no-stop-on-test-error
r-devel-windows-ix86+x86_64 1.6.6 24.00 344.00 368.00 OK
r-patched-linux-x86_64 1.6.6 6.18 150.93 157.11 OK
r-patched-solaris-sparc 1.6.6 1828.30 OK --no-stop-on-test-error
r-patched-solaris-x86 1.6.6 327.50 OK --no-stop-on-test-error
r-release-linux-x86_64 1.6.6 8.28 153.33 161.60 OK
r-release-windows-ix86+x86_64 1.6.6 26.00 457.00 483.00 OK
r-release-osx-x86_64 1.6.6 NOTE
r-oldrel-windows-ix86+x86_64 1.6.6 38.00 397.00 435.00 OK
r-oldrel-osx-x86_64 1.6.6 OK

Check Details

Version: 1.6.6
Check: package dependencies
Result: NOTE
    Package suggested but not available for checking: ‘gmp’
Flavor: r-release-osx-x86_64

Version: 1.6.6
Check: Rd cross-references
Result: NOTE
    Package unavailable to check Rd xrefs: ‘gmp’
Flavor: r-release-osx-x86_64