CRAN Package Check Results for Package dplR

Last updated on 2015-03-31 08:51:18.

Flavor Version Tinstall Tcheck Ttotal Status Flags
r-devel-linux-x86_64-debian-clang 1.6.2 3.77 129.15 132.92 NOTE
r-devel-linux-x86_64-debian-gcc 1.6.2 3.70 122.04 125.74 NOTE
r-devel-linux-x86_64-fedora-clang 1.6.2 254.25 NOTE
r-devel-linux-x86_64-fedora-gcc 1.6.2 245.74 NOTE
r-devel-osx-x86_64-clang 1.6.2 258.26 NOTE
r-prerel-windows-ix86+x86_64 1.6.2 24.00 225.00 249.00 NOTE
r-prerel-linux-x86_64 1.6.2 3.56 122.30 125.86 NOTE
r-prerel-solaris-sparc 1.6.2 1683.80 NOTE
r-prerel-solaris-x86 1.6.2 304.30 NOTE
r-release-linux-x86_64 1.6.2 4.05 133.46 137.51 OK
r-release-osx-x86_64-mavericks 1.6.2 OK
r-release-osx-x86_64-snowleopard 1.6.2 OK
r-release-windows-ix86+x86_64 1.6.2 19.00 261.00 280.00 OK
r-oldrel-windows-ix86+x86_64 1.6.2 22.00 266.00 288.00 OK

Check Details

Version: 1.6.2
Check: DESCRIPTION meta-information
Result: NOTE
    Malformed Description field: should contain one or more complete sentences.
Flavors: r-devel-linux-x86_64-debian-clang, r-devel-linux-x86_64-debian-gcc, r-devel-linux-x86_64-fedora-clang, r-devel-linux-x86_64-fedora-gcc, r-devel-osx-x86_64-clang, r-prerel-windows-ix86+x86_64, r-prerel-linux-x86_64, r-prerel-solaris-sparc, r-prerel-solaris-x86