CRAN Package Check Results for Package dplR

Last updated on 2014-07-25 07:53:13.

Flavor Version Tinstall Tcheck Ttotal Status Flags
r-devel-linux-x86_64-debian-clang 1.6.0 4.15 134.91 139.06 OK
r-devel-linux-x86_64-debian-gcc 1.6.0 4.01 132.62 136.63 OK
r-devel-linux-x86_64-fedora-clang 1.6.0 309.92 OK
r-devel-linux-x86_64-fedora-gcc 1.6.0 296.08 OK
r-devel-osx-x86_64-clang 1.6.0 243.53 OK
r-devel-windows-ix86+x86_64 1.6.0 18.00 240.00 258.00 OK
r-patched-linux-x86_64 1.6.0 4.25 131.68 135.93 OK
r-patched-solaris-sparc 1.6.0 7999.20 OK
r-patched-solaris-x86 1.6.0 345.90 OK
r-release-linux-ix86 1.6.0 5.23 165.78 171.02 OK
r-release-linux-x86_64 1.6.0 4.14 133.22 137.37 OK
r-release-osx-x86_64-mavericks 1.6.0 NOTE
r-release-osx-x86_64-snowleopard 1.6.0 OK
r-release-windows-ix86+x86_64 1.6.0 18.00 243.00 261.00 OK
r-oldrel-windows-ix86+x86_64 1.6.0 21.00 238.00 259.00 OK

Check Details

Version: 1.6.0
Check: package dependencies
Result: NOTE
    Package suggested but not available for checking: ‘forecast’
Flavor: r-release-osx-x86_64-mavericks

Version: 1.6.0
Check: re-building of vignette outputs
Result: NOTE
    Error in re-building vignettes:
     ...
    Warning: executing %dopar% sequentially: no parallel backend registered
    Warning in detrend.series(y = series, y.name = "CAM011", verbose = TRUE) :
     Ar fit is not all positive
    Error in texi2dvi(file = file, pdf = TRUE, clean = clean, quiet = quiet, :
     Running 'texi2dvi' on 'intro-dplR.tex' failed.
    LaTeX errors:
    ! LaTeX Error: File `sidecap.sty' not found.
    
    Type X to quit or <RETURN> to proceed,
    or enter new name. (Default extension: sty)
    
    ./dplR.sty:15: ==> Fatal error occurred, no output PDF file produced!
    Calls: buildVignettes -> texi2pdf -> texi2dvi
    Execution halted
Flavor: r-release-osx-x86_64-mavericks