CRAN Package Check Results for Package dplyr

Last updated on 2020-04-05 21:46:47 CEST.

Flavor Version Tinstall Tcheck Ttotal Status Flags
r-devel-linux-x86_64-debian-clang 0.8.5 324.41 149.16 473.57 OK
r-devel-linux-x86_64-debian-gcc 0.8.5 0.74 3.65 4.39 ERROR
r-devel-linux-x86_64-fedora-clang 0.8.5 663.92 NOTE
r-devel-linux-x86_64-fedora-gcc 0.8.5 697.31 NOTE
r-devel-windows-ix86+x86_64 0.8.5 558.00 234.00 792.00 ERROR
r-devel-windows-ix86+x86_64-gcc8 0.8.5 573.00 243.00 816.00 NOTE
r-patched-linux-x86_64 0.8.5 274.64 142.44 417.08 OK
r-patched-solaris-x86 0.8.5 549.40 NOTE
r-release-linux-x86_64 0.8.5 268.36 131.24 399.60 OK
r-release-windows-ix86+x86_64 0.8.5 600.00 363.00 963.00 NOTE
r-release-osx-x86_64 0.8.5 NOTE
r-oldrel-windows-ix86+x86_64 0.8.5 637.00 237.00 874.00 NOTE
r-oldrel-osx-x86_64 0.8.5 NOTE

Check Details

Version: 0.8.5
Check: whether package can be installed
Result: ERROR
    Installation failed.
Flavors: r-devel-linux-x86_64-debian-gcc, r-devel-windows-ix86+x86_64

Version: 0.8.5
Check: installed package size
Result: NOTE
     installed size is 33.6Mb
     sub-directories of 1Mb or more:
     libs 31.3Mb
Flavors: r-devel-linux-x86_64-fedora-clang, r-devel-windows-ix86+x86_64-gcc8, r-patched-solaris-x86, r-release-windows-ix86+x86_64, r-release-osx-x86_64, r-oldrel-windows-ix86+x86_64, r-oldrel-osx-x86_64

Version: 0.8.5
Check: data for non-ASCII characters
Result: NOTE
     Note: found 4 marked UTF-8 strings
Flavors: r-devel-linux-x86_64-fedora-clang, r-devel-linux-x86_64-fedora-gcc, r-patched-solaris-x86, r-release-osx-x86_64, r-oldrel-osx-x86_64