CRAN Package Check Results for Package dplyr

Last updated on 2017-12-17 16:47:43 CET.

Flavor Version Tinstall Tcheck Ttotal Status Flags
r-devel-linux-x86_64-debian-clang 0.7.4 292.10 142.69 434.79 OK
r-devel-linux-x86_64-debian-gcc 0.7.4 251.08 112.55 363.63 OK
r-devel-linux-x86_64-fedora-clang 0.7.4 619.04 NOTE
r-devel-linux-x86_64-fedora-gcc 0.7.4 575.33 NOTE
r-devel-windows-ix86+x86_64 0.7.4 565.00 237.00 802.00 NOTE
r-patched-linux-x86_64 0.7.4 300.80 133.08 433.88 OK
r-patched-solaris-x86 0.7.4 538.50 NOTE
r-release-linux-x86_64 0.7.4 295.80 132.39 428.19 OK
r-release-windows-ix86+x86_64 0.7.4 577.00 205.00 782.00 NOTE
r-release-osx-x86_64 0.7.4 NOTE
r-oldrel-windows-ix86+x86_64 0.7.4 781.00 227.00 1008.00 NOTE
r-oldrel-osx-x86_64 0.7.4 NOTE

Additional issues

clang-UBSAN valgrind

Check Details

Version: 0.7.4
Check: installed package size
Result: NOTE
     installed size is 28.0Mb
     sub-directories of 1Mb or more:
     libs 26.1Mb
Flavors: r-devel-linux-x86_64-fedora-clang, r-devel-linux-x86_64-fedora-gcc, r-devel-windows-ix86+x86_64, r-release-windows-ix86+x86_64, r-release-osx-x86_64, r-oldrel-windows-ix86+x86_64, r-oldrel-osx-x86_64

Version: 0.7.4
Check: data for non-ASCII characters
Result: NOTE
     Note: found 4 marked UTF-8 strings
Flavors: r-devel-linux-x86_64-fedora-clang, r-devel-linux-x86_64-fedora-gcc, r-patched-solaris-x86, r-release-osx-x86_64, r-oldrel-osx-x86_64

Version: 0.7.4
Check: package dependencies
Result: NOTE
    Package suggested but not available for checking: ‘microbenchmark’
Flavor: r-patched-solaris-x86

Version: 0.7.4
Check: Rd cross-references
Result: NOTE
    Package unavailable to check Rd xrefs: ‘microbenchmark’
Flavor: r-patched-solaris-x86