CRAN Package Check Results for Package dplyr

Last updated on 2018-10-15 16:50:04 CEST.

Flavor Version Tinstall Tcheck Ttotal Status Flags
r-devel-linux-x86_64-debian-clang 0.7.6 335.72 124.17 459.89 OK
r-devel-linux-x86_64-debian-gcc 0.7.6 309.09 96.33 405.42 WARN
r-devel-linux-x86_64-fedora-clang 0.7.6 684.09 NOTE
r-devel-linux-x86_64-fedora-gcc 0.7.6 641.12 WARN
r-devel-windows-ix86+x86_64 0.7.6 828.00 294.00 1122.00 NOTE
r-patched-linux-x86_64 0.7.6 367.06 114.70 481.76 OK
r-patched-solaris-x86 0.7.6 536.50 NOTE
r-release-linux-x86_64 0.7.6 363.53 114.01 477.54 OK
r-release-windows-ix86+x86_64 0.7.6 763.00 217.00 980.00 NOTE
r-release-osx-x86_64 0.7.6 NOTE
r-oldrel-windows-ix86+x86_64 0.7.6 820.00 297.00 1117.00 NOTE
r-oldrel-osx-x86_64 0.7.6 NOTE

Check Details

Version: 0.7.6
Check: whether package can be installed
Result: WARN
    Found the following significant warnings:
     hybrid.cpp:286:22: warning: catching polymorphic type ‘class Rcpp::binding_not_found’ by value [-Wcatch-value=]
Flavors: r-devel-linux-x86_64-debian-gcc, r-devel-linux-x86_64-fedora-gcc

Version: 0.7.6
Check: installed package size
Result: NOTE
     installed size is 28.2Mb
     sub-directories of 1Mb or more:
     libs 26.1Mb
Flavors: r-devel-linux-x86_64-fedora-clang, r-devel-windows-ix86+x86_64, r-release-windows-ix86+x86_64, r-release-osx-x86_64, r-oldrel-windows-ix86+x86_64, r-oldrel-osx-x86_64

Version: 0.7.6
Check: data for non-ASCII characters
Result: NOTE
     Note: found 4 marked UTF-8 strings
Flavors: r-devel-linux-x86_64-fedora-clang, r-devel-linux-x86_64-fedora-gcc, r-patched-solaris-x86, r-release-osx-x86_64, r-oldrel-osx-x86_64

Version: 0.7.6
Check: DESCRIPTION meta-information
Result: NOTE
    Malformed Authors@R field:
     lazy-load database '/Library/Frameworks/R.framework/Resources/library/utils/R/sysdata.rdb' is corrupt
Flavor: r-release-osx-x86_64