CRAN Package Check Results for Package dplyr

Last updated on 2017-10-18 19:48:07.

Flavor Version Tinstall Tcheck Ttotal Status Flags
r-devel-linux-x86_64-debian-clang 0.7.4 219.98 81.89 301.87 OK
r-devel-linux-x86_64-debian-gcc 0.7.4 225.28 84.54 309.82 OK
r-devel-linux-x86_64-fedora-clang 0.7.4 621.17 NOTE
r-devel-linux-x86_64-fedora-gcc 0.7.4 584.83 NOTE
r-devel-windows-ix86+x86_64 0.7.4 593.00 220.00 813.00 NOTE
r-patched-linux-x86_64 0.7.4 223.71 76.96 300.67 OK
r-patched-solaris-x86 0.7.4 548.50 NOTE
r-release-linux-x86_64 0.7.4 225.16 76.71 301.87 OK
r-release-windows-ix86+x86_64 0.7.4 822.00 256.00 1078.00 NOTE
r-release-osx-x86_64 0.7.4 NOTE
r-oldrel-windows-ix86+x86_64 0.7.4 789.00 254.00 1043.00 NOTE
r-oldrel-osx-x86_64 0.7.4 NOTE

Additional issues

clang-UBSAN valgrind

Check Details

Version: 0.7.4
Check: installed package size
Result: NOTE
     installed size is 27.9Mb
     sub-directories of 1Mb or more:
     libs 26.0Mb
Flavors: r-devel-linux-x86_64-fedora-clang, r-devel-linux-x86_64-fedora-gcc, r-devel-windows-ix86+x86_64, r-release-windows-ix86+x86_64, r-release-osx-x86_64, r-oldrel-windows-ix86+x86_64, r-oldrel-osx-x86_64

Version: 0.7.4
Check: data for non-ASCII characters
Result: NOTE
     Note: found 4 marked UTF-8 strings
Flavors: r-devel-linux-x86_64-fedora-clang, r-devel-linux-x86_64-fedora-gcc, r-patched-solaris-x86, r-release-osx-x86_64, r-oldrel-osx-x86_64

Version: 0.7.4
Check: package dependencies
Result: NOTE
    Packages suggested but not available for checking:
     ‘microbenchmark’ ‘RMySQL’
Flavor: r-patched-solaris-x86

Version: 0.7.4
Check: Rd cross-references
Result: NOTE
    Packages unavailable to check Rd xrefs: ‘microbenchmark’, ‘RMySQL’
Flavor: r-patched-solaris-x86