CRAN Package Check Results for Package dplyr

Last updated on 2019-02-19 16:50:04 CET.

Flavor Version Tinstall Tcheck Ttotal Status Flags
r-devel-linux-x86_64-debian-clang 0.8.0.1 269.45 149.55 419.00 OK
r-devel-linux-x86_64-debian-gcc 0.8.0.1 226.83 112.32 339.15 OK
r-devel-linux-x86_64-fedora-clang 0.8.0.1 626.07 NOTE
r-devel-linux-x86_64-fedora-gcc 0.8.0.1 561.78 NOTE
r-devel-windows-ix86+x86_64 0.8.0.1 622.00 338.00 960.00 NOTE
r-patched-linux-x86_64 0.8.0.1 258.89 132.71 391.60 OK
r-patched-solaris-x86 0.8.0.1 513.20 NOTE
r-release-linux-x86_64 0.8.0.1 271.01 133.49 404.50 OK
r-release-windows-ix86+x86_64 0.8.0.1 445.00 278.00 723.00 NOTE
r-release-osx-x86_64 0.8.0.1 NOTE
r-oldrel-windows-ix86+x86_64 0.8.0.1 411.00 239.00 650.00 NOTE
r-oldrel-osx-x86_64 0.8.0.1 NOTE

Check Details

Version: 0.8.0.1
Check: installed package size
Result: NOTE
     installed size is 28.4Mb
     sub-directories of 1Mb or more:
     libs 26.0Mb
Flavors: r-devel-linux-x86_64-fedora-clang, r-devel-windows-ix86+x86_64, r-release-windows-ix86+x86_64, r-release-osx-x86_64, r-oldrel-windows-ix86+x86_64, r-oldrel-osx-x86_64

Version: 0.8.0.1
Check: data for non-ASCII characters
Result: NOTE
     Note: found 4 marked UTF-8 strings
Flavors: r-devel-linux-x86_64-fedora-clang, r-devel-linux-x86_64-fedora-gcc, r-patched-solaris-x86, r-release-osx-x86_64, r-oldrel-osx-x86_64