CRAN Package Check Results for Package dplyr

Last updated on 2017-04-23 11:50:23.

Flavor Version Tinstall Tcheck Ttotal Status Flags
r-devel-linux-x86_64-debian-clang 0.5.0 144.72 75.44 220.16 NOTE
r-devel-linux-x86_64-debian-gcc 0.5.0 151.27 73.92 225.19 NOTE
r-devel-linux-x86_64-fedora-clang 0.5.0 449.25 NOTE --no-stop-on-test-error
r-devel-linux-x86_64-fedora-gcc 0.5.0 422.63 NOTE --no-stop-on-test-error
r-devel-windows-ix86+x86_64 0.5.0 537.00 245.00 782.00 NOTE
r-patched-linux-x86_64 0.5.0 132.99 73.86 206.85 NOTE
r-patched-solaris-sparc 0.5.0 1823.20 NOTE --no-vignettes
r-patched-solaris-x86 0.5.0 423.70 NOTE
r-release-linux-x86_64 0.5.0 132.83 74.89 207.72 NOTE
r-release-windows-ix86+x86_64 0.5.0 438.00 183.00 621.00 NOTE
r-release-osx-x86_64 0.5.0 NOTE
r-oldrel-windows-ix86+x86_64 0.5.0 434.00 174.00 608.00 NOTE
r-oldrel-osx-x86_64 0.5.0 WARN

Memtest notes: valgrind

Check Details

Version: 0.5.0
Check: compiled code
Result: NOTE
    File ‘dplyr/libs/dplyr.so’:
     Found no calls to: ‘R_registerRoutines’, ‘R_useDynamicSymbols’
    
    It is good practice to register native routines and to disable symbol
    search.
    
    See ‘Writing portable packages’ in the ‘Writing R Extensions’ manual.
Flavors: r-devel-linux-x86_64-debian-clang, r-devel-linux-x86_64-debian-gcc, r-patched-linux-x86_64, r-release-linux-x86_64

Version: 0.5.0
Flags: --no-stop-on-test-error
Check: installed package size
Result: NOTE
     installed size is 19.1Mb
     sub-directories of 1Mb or more:
     libs 17.2Mb
Flavors: r-devel-linux-x86_64-fedora-clang, r-devel-linux-x86_64-fedora-gcc

Version: 0.5.0
Flags: --no-stop-on-test-error
Check: compiled code
Result: NOTE
    File ‘dplyr/libs/dplyr.so’:
     Found no calls to: ‘R_registerRoutines’, ‘R_useDynamicSymbols’
    
    It is good practice to register native routines and to disable symbol
    search.
    
    See ‘Writing portable packages’ in the ‘Writing R Extensions’ manual.
Flavors: r-devel-linux-x86_64-fedora-clang, r-devel-linux-x86_64-fedora-gcc

Version: 0.5.0
Check: installed package size
Result: NOTE
     installed size is 6.2Mb
     sub-directories of 1Mb or more:
     libs 4.4Mb
Flavors: r-devel-windows-ix86+x86_64, r-release-windows-ix86+x86_64, r-release-osx-x86_64, r-oldrel-windows-ix86+x86_64, r-oldrel-osx-x86_64

Version: 0.5.0
Flags: --no-vignettes
Check: package dependencies
Result: NOTE
    Packages suggested but not available for checking:
     ‘RMySQL’ ‘microbenchmark’
Flavor: r-patched-solaris-sparc

Version: 0.5.0
Flags: --no-vignettes
Check: Rd cross-references
Result: NOTE
    Packages unavailable to check Rd xrefs: ‘microbenchmark’, ‘RMySQL’
Flavor: r-patched-solaris-sparc

Version: 0.5.0
Check: package dependencies
Result: NOTE
    Packages suggested but not available for checking:
     ‘RMySQL’ ‘microbenchmark’
Flavor: r-patched-solaris-x86

Version: 0.5.0
Check: Rd cross-references
Result: NOTE
    Packages unavailable to check Rd xrefs: ‘microbenchmark’, ‘RMySQL’
Flavor: r-patched-solaris-x86

Version: 0.5.0
Check: package dependencies
Result: NOTE
    Package suggested but not available for checking: ‘RPostgreSQL’
Flavor: r-release-osx-x86_64

Version: 0.5.0
Check: package dependencies
Result: NOTE
    Package suggested but not available for checking: ‘dtplyr’
Flavor: r-oldrel-osx-x86_64

Version: 0.5.0
Check: dependencies in R code
Result: NOTE
    Missing or unexported object: ‘RSQLite::rsqliteVersion’
Flavor: r-oldrel-osx-x86_64

Version: 0.5.0
Check: Rd cross-references
Result: WARN
    Unknown package ‘dtplyr’ in Rd xrefs
Flavor: r-oldrel-osx-x86_64