CRAN Package Check Results for Package dplyr

Last updated on 2019-12-14 02:48:04 CET.

Flavor Version Tinstall Tcheck Ttotal Status Flags
r-devel-linux-x86_64-debian-clang 0.8.3 306.58 141.86 448.44 OK
r-devel-linux-x86_64-debian-gcc 0.8.3 241.14 111.68 352.82 OK
r-devel-linux-x86_64-fedora-clang 0.8.3 623.44 NOTE
r-devel-linux-x86_64-fedora-gcc 0.8.3 627.66 NOTE
r-devel-windows-ix86+x86_64 0.8.3 4.00 8.00 12.00 ERROR
r-devel-windows-ix86+x86_64-gcc8 0.8.3 574.00 355.00 929.00 NOTE
r-patched-linux-x86_64 0.8.3 253.12 127.40 380.52 OK
r-patched-solaris-x86 0.8.3 506.00 NOTE
r-release-linux-x86_64 0.8.3 253.81 127.44 381.25 OK
r-release-windows-ix86+x86_64 0.8.3 465.00 228.00 693.00 NOTE
r-release-osx-x86_64 0.8.3 NOTE
r-oldrel-windows-ix86+x86_64 0.8.3 506.00 215.00 721.00 NOTE
r-oldrel-osx-x86_64 0.8.3 NOTE

Check Details

Version: 0.8.3
Check: installed package size
Result: NOTE
     installed size is 29.7Mb
     sub-directories of 1Mb or more:
     libs 27.4Mb
Flavors: r-devel-linux-x86_64-fedora-clang, r-devel-windows-ix86+x86_64-gcc8, r-patched-solaris-x86, r-release-windows-ix86+x86_64, r-release-osx-x86_64, r-oldrel-windows-ix86+x86_64, r-oldrel-osx-x86_64

Version: 0.8.3
Check: data for non-ASCII characters
Result: NOTE
     Note: found 4 marked UTF-8 strings
Flavors: r-devel-linux-x86_64-fedora-clang, r-devel-linux-x86_64-fedora-gcc, r-patched-solaris-x86, r-release-osx-x86_64, r-oldrel-osx-x86_64

Version: 0.8.3
Check: whether package can be installed
Result: ERROR
    Installation failed.
Flavor: r-devel-windows-ix86+x86_64