Last updated on 2021-02-28 22:47:02 CET.
Flavor | Version | Tinstall | Tcheck | Ttotal | Status | Flags |
---|---|---|---|---|---|---|
r-devel-linux-x86_64-debian-clang | 1.0.4 | OK | ||||
r-devel-linux-x86_64-debian-gcc | 1.0.4 | 14.21 | 132.63 | 146.84 | OK | |
r-devel-linux-x86_64-fedora-clang | 1.0.4 | 239.18 | NOTE | |||
r-devel-linux-x86_64-fedora-gcc | 1.0.4 | 223.39 | NOTE | |||
r-devel-windows-ix86+x86_64 | 1.0.4 | 1.00 | 6.00 | 7.00 | ERROR | |
r-patched-linux-x86_64 | 1.0.4 | 15.50 | 169.76 | 185.26 | OK | |
r-patched-solaris-x86 | 1.0.4 | 285.10 | NOTE | |||
r-release-linux-x86_64 | 1.0.4 | 15.84 | 171.53 | 187.37 | OK | |
r-release-macos-x86_64 | 1.0.4 | NOTE | ||||
r-release-windows-ix86+x86_64 | 1.0.4 | 40.00 | 318.00 | 358.00 | OK | |
r-oldrel-macos-x86_64 | 1.0.4 | NOTE | ||||
r-oldrel-windows-ix86+x86_64 | 1.0.4 | 30.00 | 211.00 | 241.00 | OK |
Version: 1.0.4
Check: Rd cross-references
Result: NOTE
Undeclared package ‘tidyr’ in Rd xrefs
Flavor: r-devel-linux-x86_64-fedora-clang
Version: 1.0.4
Check: data for non-ASCII characters
Result: NOTE
Note: found 4 marked UTF-8 strings
Flavors: r-devel-linux-x86_64-fedora-clang, r-devel-linux-x86_64-fedora-gcc, r-patched-solaris-x86, r-release-macos-x86_64, r-oldrel-macos-x86_64
Version: 1.0.4
Check: whether package can be installed
Result: ERROR
Installation failed.
Flavor: r-devel-windows-ix86+x86_64