CRAN Package Check Results for Package dplyr

Last updated on 2020-01-26 23:47:23 CET.

Flavor Version Tinstall Tcheck Ttotal Status Flags
r-devel-linux-x86_64-debian-clang 0.8.3 306.57 142.52 449.09 OK
r-devel-linux-x86_64-debian-gcc 0.8.3 239.60 109.75 349.35 OK
r-devel-linux-x86_64-fedora-clang 0.8.3 618.39 NOTE
r-devel-linux-x86_64-fedora-gcc 0.8.3 633.72 NOTE
r-devel-windows-ix86+x86_64 0.8.3 599.00 309.00 908.00 NOTE
r-devel-windows-ix86+x86_64-gcc8 0.8.3 747.00 309.00 1056.00 NOTE
r-patched-linux-x86_64 0.8.3 255.04 127.12 382.16 OK
r-patched-solaris-x86 0.8.3 542.20 NOTE
r-release-linux-x86_64 0.8.3 251.53 123.70 375.23 OK
r-release-windows-ix86+x86_64 0.8.3 3.00 6.00 9.00 ERROR
r-release-osx-x86_64 0.8.3 NOTE
r-oldrel-windows-ix86+x86_64 0.8.3 474.00 211.00 685.00 NOTE
r-oldrel-osx-x86_64 0.8.3 NOTE

Check Details

Version: 0.8.3
Check: installed package size
Result: NOTE
     installed size is 29.6Mb
     sub-directories of 1Mb or more:
     libs 27.3Mb
Flavors: r-devel-linux-x86_64-fedora-clang, r-devel-windows-ix86+x86_64, r-devel-windows-ix86+x86_64-gcc8, r-patched-solaris-x86, r-release-osx-x86_64, r-oldrel-windows-ix86+x86_64, r-oldrel-osx-x86_64

Version: 0.8.3
Check: data for non-ASCII characters
Result: NOTE
     Note: found 4 marked UTF-8 strings
Flavors: r-devel-linux-x86_64-fedora-clang, r-devel-linux-x86_64-fedora-gcc, r-patched-solaris-x86, r-release-osx-x86_64, r-oldrel-osx-x86_64

Version: 0.8.3
Check: whether package can be installed
Result: ERROR
    Installation failed.
Flavor: r-release-windows-ix86+x86_64