CRAN Package Check Results for Package dplyr

Last updated on 2018-12-14 11:47:23 CET.

Flavor Version Tinstall Tcheck Ttotal Status Flags
r-devel-linux-x86_64-debian-clang 0.7.8 348.36 126.37 474.73 OK
r-devel-linux-x86_64-debian-gcc 0.7.8 312.93 99.24 412.17 OK
r-devel-linux-x86_64-fedora-clang 0.7.8 688.64 NOTE
r-devel-linux-x86_64-fedora-gcc 0.7.8 639.52 NOTE
r-devel-windows-ix86+x86_64 0.7.8 675.00 292.00 967.00 NOTE
r-patched-linux-x86_64 0.7.8 376.00 118.87 494.87 OK
r-patched-solaris-x86 0.7.8 575.30 NOTE
r-release-linux-x86_64 0.7.8 385.40 119.81 505.21 OK
r-release-windows-ix86+x86_64 0.7.8 843.00 278.00 1121.00 NOTE
r-release-osx-x86_64 0.7.8 NOTE
r-oldrel-windows-ix86+x86_64 0.7.8 616.00 220.00 836.00 NOTE
r-oldrel-osx-x86_64 0.7.8 NOTE

Check Details

Version: 0.7.8
Check: installed package size
Result: NOTE
     installed size is 28.4Mb
     sub-directories of 1Mb or more:
     libs 26.2Mb
Flavors: r-devel-linux-x86_64-fedora-clang, r-devel-windows-ix86+x86_64, r-patched-solaris-x86, r-release-windows-ix86+x86_64, r-release-osx-x86_64, r-oldrel-windows-ix86+x86_64, r-oldrel-osx-x86_64

Version: 0.7.8
Check: data for non-ASCII characters
Result: NOTE
     Note: found 4 marked UTF-8 strings
Flavors: r-devel-linux-x86_64-fedora-clang, r-devel-linux-x86_64-fedora-gcc, r-patched-solaris-x86, r-release-osx-x86_64, r-oldrel-osx-x86_64