Last updated on 2023-06-05 08:53:25 CEST.
Flavor | Version | Tinstall | Tcheck | Ttotal | Status | Flags |
---|---|---|---|---|---|---|
r-devel-linux-x86_64-debian-clang | 1.1.2 | 26.45 | 355.84 | 382.29 | OK | |
r-devel-linux-x86_64-debian-gcc | 1.1.2 | 20.11 | 263.36 | 283.47 | OK | |
r-devel-linux-x86_64-fedora-clang | 1.1.2 | 460.87 | NOTE | |||
r-devel-linux-x86_64-fedora-gcc | 1.1.2 | 453.95 | NOTE | |||
r-devel-windows-x86_64 | 1.1.2 | 28.00 | 283.00 | 311.00 | OK | |
r-patched-linux-x86_64 | 1.1.2 | 26.48 | 333.80 | 360.28 | OK | |
r-release-linux-x86_64 | 1.1.2 | 22.88 | 336.10 | 358.98 | OK | |
r-release-macos-arm64 | 1.1.2 | 140.00 | OK | |||
r-release-macos-x86_64 | 1.1.2 | 302.00 | OK | |||
r-release-windows-x86_64 | 1.1.2 | 2.00 | 8.00 | 10.00 | ERROR | |
r-oldrel-macos-arm64 | 1.1.2 | 125.00 | OK | |||
r-oldrel-macos-x86_64 | 1.1.2 | 150.00 | OK | |||
r-oldrel-windows-x86_64 | 1.1.2 | 30.00 | 363.00 | 393.00 | OK |
Version: 1.1.2
Check: data for non-ASCII characters
Result: NOTE
Note: found 4 marked UTF-8 strings
Flavors: r-devel-linux-x86_64-fedora-clang, r-devel-linux-x86_64-fedora-gcc
Version: 1.1.2
Check: whether package can be installed
Result: ERROR
Installation failed.
Flavor: r-release-windows-x86_64