CRAN Package Check Results for Package dplyr

Last updated on 2018-08-21 03:50:24 CEST.

Flavor Version Tinstall Tcheck Ttotal Status Flags
r-devel-linux-x86_64-debian-clang 0.7.6 322.78 122.68 445.46 OK
r-devel-linux-x86_64-debian-gcc 0.7.6 314.77 95.83 410.60 OK
r-devel-linux-x86_64-fedora-clang 0.7.6 649.08 NOTE
r-devel-linux-x86_64-fedora-gcc 0.7.6 642.11 NOTE
r-devel-windows-ix86+x86_64 0.7.6 782.00 225.00 1007.00 NOTE
r-patched-linux-x86_64 0.7.6 362.25 113.85 476.10 OK
r-patched-solaris-x86 0.7.6 546.80 NOTE
r-release-linux-x86_64 0.7.6 364.26 113.70 477.96 OK
r-release-windows-ix86+x86_64 0.7.6 818.00 282.00 1100.00 NOTE
r-release-osx-x86_64 0.7.6 NOTE
r-oldrel-windows-ix86+x86_64 0.7.6 594.00 216.00 810.00 NOTE
r-oldrel-osx-x86_64 0.7.6 NOTE

Additional issues

rchk

Check Details

Version: 0.7.6
Check: installed package size
Result: NOTE
     installed size is 27.3Mb
     sub-directories of 1Mb or more:
     libs 25.2Mb
Flavors: r-devel-linux-x86_64-fedora-clang, r-devel-windows-ix86+x86_64, r-release-windows-ix86+x86_64, r-release-osx-x86_64, r-oldrel-windows-ix86+x86_64, r-oldrel-osx-x86_64

Version: 0.7.6
Check: data for non-ASCII characters
Result: NOTE
     Note: found 4 marked UTF-8 strings
Flavors: r-devel-linux-x86_64-fedora-clang, r-devel-linux-x86_64-fedora-gcc, r-patched-solaris-x86, r-release-osx-x86_64, r-oldrel-osx-x86_64

Version: 0.7.6
Check: DESCRIPTION meta-information
Result: NOTE
    Malformed Authors@R field:
     lazy-load database '/Library/Frameworks/R.framework/Resources/library/utils/R/sysdata.rdb' is corrupt
Flavor: r-release-osx-x86_64