CRAN Package Check Results for Package dplyr

Last updated on 2020-10-01 03:48:33 CEST.

Flavor Version Tinstall Tcheck Ttotal Status Flags
r-devel-linux-x86_64-debian-clang 1.0.2 19.11 170.29 189.40 OK
r-devel-linux-x86_64-debian-gcc 1.0.2 0.68 3.87 4.55 ERROR
r-devel-linux-x86_64-fedora-clang 1.0.2 242.09 NOTE
r-devel-linux-x86_64-fedora-gcc 1.0.2 239.06 NOTE
r-devel-windows-ix86+x86_64 1.0.2 36.00 269.00 305.00 OK
r-patched-linux-x86_64 1.0.2 18.35 160.13 178.48 OK
r-patched-solaris-x86 1.0.2 266.20 NOTE
r-release-linux-x86_64 1.0.2 15.80 157.80 173.60 OK
r-release-macos-x86_64 1.0.2 NOTE
r-release-windows-ix86+x86_64 1.0.2 1.00 7.00 8.00 ERROR
r-oldrel-macos-x86_64 1.0.2 NOTE
r-oldrel-windows-ix86+x86_64 1.0.2 34.00 271.00 305.00 OK

Check Details

Version: 1.0.2
Check: whether package can be installed
Result: ERROR
    Installation failed.
Flavors: r-devel-linux-x86_64-debian-gcc, r-release-windows-ix86+x86_64

Version: 1.0.2
Check: Rd cross-references
Result: NOTE
    Undeclared package ‘tidyr’ in Rd xrefs
Flavor: r-devel-linux-x86_64-fedora-clang

Version: 1.0.2
Check: data for non-ASCII characters
Result: NOTE
     Note: found 4 marked UTF-8 strings
Flavors: r-devel-linux-x86_64-fedora-clang, r-devel-linux-x86_64-fedora-gcc, r-patched-solaris-x86, r-release-macos-x86_64, r-oldrel-macos-x86_64