CRAN Package Check Results for Package dplyr

Last updated on 2017-05-24 03:48:32.

Flavor Version Tinstall Tcheck Ttotal Status Flags
r-devel-linux-x86_64-debian-clang 0.5.0 144.73 79.12 223.85 ERROR
r-devel-linux-x86_64-debian-gcc 0.5.0 150.89 77.77 228.66 ERROR
r-devel-linux-x86_64-fedora-clang 0.5.0 444.59 ERROR --no-stop-on-test-error
r-devel-linux-x86_64-fedora-gcc 0.5.0 439.29 ERROR --no-stop-on-test-error
r-devel-windows-ix86+x86_64 0.5.0 551.00 210.00 761.00 ERROR
r-patched-linux-x86_64 0.5.0 131.95 75.88 207.83 ERROR
r-patched-solaris-sparc 0.5.0 1721.80 ERROR --no-vignettes
r-patched-solaris-x86 0.5.0 422.30 ERROR --no-stop-on-test-error
r-release-linux-x86_64 0.5.0 134.87 77.72 212.59 ERROR
r-release-windows-ix86+x86_64 0.5.0 417.00 264.00 681.00 ERROR
r-release-osx-x86_64 0.5.0 NOTE
r-oldrel-windows-ix86+x86_64 0.5.0 540.00 241.00 781.00 ERROR
r-oldrel-osx-x86_64 0.5.0 WARN

Additional issues

valgrind

Check Details

Version: 0.5.0
Check: compiled code
Result: NOTE
    File ‘dplyr/libs/dplyr.so’:
     Found no calls to: ‘R_registerRoutines’, ‘R_useDynamicSymbols’
    
    It is good practice to register native routines and to disable symbol
    search.
    
    See ‘Writing portable packages’ in the ‘Writing R Extensions’ manual.
Flavors: r-devel-linux-x86_64-debian-clang, r-devel-linux-x86_64-debian-gcc, r-patched-linux-x86_64, r-release-linux-x86_64

Version: 0.5.0
Check: tests
Result: ERROR
     Running ‘testthat.R’ [9s/9s]
    Running the tests in ‘tests/testthat.R’ failed.
    Last 13 lines of output:
     testthat results ================================================================
     OK: 1499 SKIPPED: 1 FAILED: 10
     1. Failure: duplicated column name is explicit about which column (#996) (@test-arrange.r#139)
     2. Failure: duplicated column name is explicit about which column (#996) (@test-arrange.r#143)
     3. Failure: filter uses the white list (#566) (@test-filter.r#193)
     4. Failure: ungrouped output (@test-output.R#10)
     5. Failure: ungrouped output (@test-output.R#10)
     6. Failure: ungrouped output (@test-output.R#10)
     7. Failure: ungrouped output (@test-output.R#10)
     8. Failure: ungrouped output (@test-output.R#10)
     9. Failure: summarise gives proper errors (#153) (@test-summarise.r#61)
     10. Failure: summarise gives proper errors (#153) (@test-summarise.r#62)
    
     Error: testthat unit tests failed
     Execution halted
Flavor: r-devel-linux-x86_64-debian-clang

Version: 0.5.0
Check: tests
Result: ERROR
     Running ‘testthat.R’ [8s/8s]
    Running the tests in ‘tests/testthat.R’ failed.
    Last 13 lines of output:
     testthat results ================================================================
     OK: 1499 SKIPPED: 1 FAILED: 10
     1. Failure: duplicated column name is explicit about which column (#996) (@test-arrange.r#139)
     2. Failure: duplicated column name is explicit about which column (#996) (@test-arrange.r#143)
     3. Failure: filter uses the white list (#566) (@test-filter.r#193)
     4. Failure: ungrouped output (@test-output.R#10)
     5. Failure: ungrouped output (@test-output.R#10)
     6. Failure: ungrouped output (@test-output.R#10)
     7. Failure: ungrouped output (@test-output.R#10)
     8. Failure: ungrouped output (@test-output.R#10)
     9. Failure: summarise gives proper errors (#153) (@test-summarise.r#61)
     10. Failure: summarise gives proper errors (#153) (@test-summarise.r#62)
    
     Error: testthat unit tests failed
     Execution halted
Flavors: r-devel-linux-x86_64-debian-gcc, r-release-linux-x86_64

Version: 0.5.0
Flags: --no-stop-on-test-error
Check: installed package size
Result: NOTE
     installed size is 19.5Mb
     sub-directories of 1Mb or more:
     libs 17.6Mb
Flavors: r-devel-linux-x86_64-fedora-clang, r-devel-linux-x86_64-fedora-gcc

Version: 0.5.0
Flags: --no-stop-on-test-error
Check: compiled code
Result: NOTE
    File ‘dplyr/libs/dplyr.so’:
     Found no calls to: ‘R_registerRoutines’, ‘R_useDynamicSymbols’
    
    It is good practice to register native routines and to disable symbol
    search.
    
    See ‘Writing portable packages’ in the ‘Writing R Extensions’ manual.
Flavors: r-devel-linux-x86_64-fedora-clang, r-devel-linux-x86_64-fedora-gcc

Version: 0.5.0
Flags: --no-stop-on-test-error
Check: tests
Result: ERROR
     Running ‘testthat.R’ [16s/20s]
    Running the tests in ‘tests/testthat.R’ failed.
    Complete output:
     > library(testthat)
     > library(dplyr)
    
     Attaching package: 'dplyr'
    
     The following object is masked from 'package:testthat':
    
     matches
    
     The following objects are masked from 'package:stats':
    
     filter, lag
    
     The following objects are masked from 'package:base':
    
     intersect, setdiff, setequal, union
    
     >
     > test_check("dplyr")
     Registering testing src: df OK
     Registering testing src: sqlite OK
     1. Failure: duplicated column name is explicit about which column (#996) (@test-arrange.r#139)
     error$message does not match "found duplicated column name: x|unique name.*'x'".
     Actual value: "Column `x` must have a unique name"
    
    
     2. Failure: duplicated column name is explicit about which column (#996) (@test-arrange.r#143)
     error$message does not match "found duplicated column name: x, y|unique name.*'x', 'y'".
     Actual value: "Columns `x`, `y` must have unique names"
    
    
     3. Failure: filter uses the white list (#566) (@test-filter.r#193) -------------
     error$message does not match "column 'X' has unsupported class|POSIXct, not POSIXlt.*'X'".
     Actual value: "Column `X` is a date/time and must be stored as POSIXct, not POSIXlt"
    
    
     4. Failure: ungrouped output (@test-output.R#10) -------------------------------
     print(mtcars_mem, n = 8L, width = 30L) not equal to safe_read_lines("output/mtcars-8-30.txt").
     Lengths differ: 20 vs 19
    
    
     5. Failure: ungrouped output (@test-output.R#10) -------------------------------
     print(iris_mem, n = 5L, width = 30L) not equal to safe_read_lines("output/iris-5-30.txt").
     Lengths differ: 16 vs 15
    
    
     6. Failure: ungrouped output (@test-output.R#10) -------------------------------
     print(iris_mem, n = 3L, width = 5L) not equal to safe_read_lines("output/iris-3-5.txt").
     Lengths differ: 25 vs 20
    
    
     7. Failure: ungrouped output (@test-output.R#10) -------------------------------
     print(iris_mem, n = NULL, width = 70L) not equal to safe_read_lines("output/iris--70.txt").
     Lengths differ: 17 vs 16
    
    
     8. Failure: ungrouped output (@test-output.R#10) -------------------------------
     print(iris_mem %>% head(), n = 30L, width = 80L) not equal to safe_read_lines("output/iris-head-30-80.txt").
     Lengths differ: 12 vs 11
    
    
     9. Failure: summarise gives proper errors (#153) (@test-summarise.r#61) --------
     error$message does not match "expecting a single value".
     Actual value: "Expecting a single value: [extent=0]."
    
    
     10. Failure: summarise gives proper errors (#153) (@test-summarise.r#62) -------
     error$message does not match "expecting a single value".
     Actual value: "Expecting a single value: [extent=2]."
    
    
     testthat results ================================================================
     OK: 1499 SKIPPED: 1 FAILED: 10
     1. Failure: duplicated column name is explicit about which column (#996) (@test-arrange.r#139)
     2. Failure: duplicated column name is explicit about which column (#996) (@test-arrange.r#143)
     3. Failure: filter uses the white list (#566) (@test-filter.r#193)
     4. Failure: ungrouped output (@test-output.R#10)
     5. Failure: ungrouped output (@test-output.R#10)
     6. Failure: ungrouped output (@test-output.R#10)
     7. Failure: ungrouped output (@test-output.R#10)
     8. Failure: ungrouped output (@test-output.R#10)
     9. Failure: summarise gives proper errors (#153) (@test-summarise.r#61)
     10. Failure: summarise gives proper errors (#153) (@test-summarise.r#62)
    
     Error: testthat unit tests failed
     Execution halted
Flavor: r-devel-linux-x86_64-fedora-clang

Version: 0.5.0
Flags: --no-stop-on-test-error
Check: tests
Result: ERROR
     Running ‘testthat.R’ [17s/29s]
    Running the tests in ‘tests/testthat.R’ failed.
    Complete output:
     > library(testthat)
     > library(dplyr)
    
     Attaching package: 'dplyr'
    
     The following object is masked from 'package:testthat':
    
     matches
    
     The following objects are masked from 'package:stats':
    
     filter, lag
    
     The following objects are masked from 'package:base':
    
     intersect, setdiff, setequal, union
    
     >
     > test_check("dplyr")
     Registering testing src: df OK
     Registering testing src: sqlite OK
     1. Failure: duplicated column name is explicit about which column (#996) (@test-arrange.r#139)
     error$message does not match "found duplicated column name: x|unique name.*'x'".
     Actual value: "Column `x` must have a unique name"
    
    
     2. Failure: duplicated column name is explicit about which column (#996) (@test-arrange.r#143)
     error$message does not match "found duplicated column name: x, y|unique name.*'x', 'y'".
     Actual value: "Columns `x`, `y` must have unique names"
    
    
     3. Failure: filter uses the white list (#566) (@test-filter.r#193) -------------
     error$message does not match "column 'X' has unsupported class|POSIXct, not POSIXlt.*'X'".
     Actual value: "Column `X` is a date/time and must be stored as POSIXct, not POSIXlt"
    
    
     4. Failure: ungrouped output (@test-output.R#10) -------------------------------
     print(mtcars_mem, n = 8L, width = 30L) not equal to safe_read_lines("output/mtcars-8-30.txt").
     Lengths differ: 20 vs 19
    
    
     5. Failure: ungrouped output (@test-output.R#10) -------------------------------
     print(iris_mem, n = 5L, width = 30L) not equal to safe_read_lines("output/iris-5-30.txt").
     Lengths differ: 16 vs 15
    
    
     6. Failure: ungrouped output (@test-output.R#10) -------------------------------
     print(iris_mem, n = 3L, width = 5L) not equal to safe_read_lines("output/iris-3-5.txt").
     Lengths differ: 25 vs 20
    
    
     7. Failure: ungrouped output (@test-output.R#10) -------------------------------
     print(iris_mem, n = NULL, width = 70L) not equal to safe_read_lines("output/iris--70.txt").
     Lengths differ: 17 vs 16
    
    
     8. Failure: ungrouped output (@test-output.R#10) -------------------------------
     print(iris_mem %>% head(), n = 30L, width = 80L) not equal to safe_read_lines("output/iris-head-30-80.txt").
     Lengths differ: 12 vs 11
    
    
     9. Failure: summarise gives proper errors (#153) (@test-summarise.r#61) --------
     error$message does not match "expecting a single value".
     Actual value: "Expecting a single value: [extent=0]."
    
    
     10. Failure: summarise gives proper errors (#153) (@test-summarise.r#62) -------
     error$message does not match "expecting a single value".
     Actual value: "Expecting a single value: [extent=2]."
    
    
     testthat results ================================================================
     OK: 1499 SKIPPED: 1 FAILED: 10
     1. Failure: duplicated column name is explicit about which column (#996) (@test-arrange.r#139)
     2. Failure: duplicated column name is explicit about which column (#996) (@test-arrange.r#143)
     3. Failure: filter uses the white list (#566) (@test-filter.r#193)
     4. Failure: ungrouped output (@test-output.R#10)
     5. Failure: ungrouped output (@test-output.R#10)
     6. Failure: ungrouped output (@test-output.R#10)
     7. Failure: ungrouped output (@test-output.R#10)
     8. Failure: ungrouped output (@test-output.R#10)
     9. Failure: summarise gives proper errors (#153) (@test-summarise.r#61)
     10. Failure: summarise gives proper errors (#153) (@test-summarise.r#62)
    
     Error: testthat unit tests failed
     Execution halted
Flavor: r-devel-linux-x86_64-fedora-gcc

Version: 0.5.0
Check: installed package size
Result: NOTE
     installed size is 6.2Mb
     sub-directories of 1Mb or more:
     libs 4.4Mb
Flavors: r-devel-windows-ix86+x86_64, r-release-windows-ix86+x86_64, r-release-osx-x86_64, r-oldrel-windows-ix86+x86_64, r-oldrel-osx-x86_64

Version: 0.5.0
Check: running tests for arch ‘i386’
Result: ERROR
     Running 'testthat.R' [12s]
    Running the tests in 'tests/testthat.R' failed.
    Last 13 lines of output:
     testthat results ================================================================
     OK: 1498 SKIPPED: 2 FAILED: 10
     1. Failure: duplicated column name is explicit about which column (#996) (@test-arrange.r#139)
     2. Failure: duplicated column name is explicit about which column (#996) (@test-arrange.r#143)
     3. Failure: filter uses the white list (#566) (@test-filter.r#193)
     4. Failure: ungrouped output (@test-output.R#10)
     5. Failure: ungrouped output (@test-output.R#10)
     6. Failure: ungrouped output (@test-output.R#10)
     7. Failure: ungrouped output (@test-output.R#10)
     8. Failure: ungrouped output (@test-output.R#10)
     9. Failure: summarise gives proper errors (#153) (@test-summarise.r#61)
     10. Failure: summarise gives proper errors (#153) (@test-summarise.r#62)
    
     Error: testthat unit tests failed
     Execution halted
Flavor: r-devel-windows-ix86+x86_64

Version: 0.5.0
Check: running tests for arch ‘x64’
Result: ERROR
     Running 'testthat.R' [14s]
    Running the tests in 'tests/testthat.R' failed.
    Last 13 lines of output:
     testthat results ================================================================
     OK: 1498 SKIPPED: 2 FAILED: 10
     1. Failure: duplicated column name is explicit about which column (#996) (@test-arrange.r#139)
     2. Failure: duplicated column name is explicit about which column (#996) (@test-arrange.r#143)
     3. Failure: filter uses the white list (#566) (@test-filter.r#193)
     4. Failure: ungrouped output (@test-output.R#10)
     5. Failure: ungrouped output (@test-output.R#10)
     6. Failure: ungrouped output (@test-output.R#10)
     7. Failure: ungrouped output (@test-output.R#10)
     8. Failure: ungrouped output (@test-output.R#10)
     9. Failure: summarise gives proper errors (#153) (@test-summarise.r#61)
     10. Failure: summarise gives proper errors (#153) (@test-summarise.r#62)
    
     Error: testthat unit tests failed
     Execution halted
Flavor: r-devel-windows-ix86+x86_64

Version: 0.5.0
Check: tests
Result: ERROR
     Running ‘testthat.R’ [7s/7s]
    Running the tests in ‘tests/testthat.R’ failed.
    Last 13 lines of output:
    
    
     testthat results ================================================================
     OK: 1501 SKIPPED: 1 FAILED: 8
     1. Failure: duplicated column name is explicit about which column (#996) (@test-arrange.r#139)
     2. Failure: duplicated column name is explicit about which column (#996) (@test-arrange.r#143)
     3. Failure: filter uses the white list (#566) (@test-filter.r#193)
     4. Failure: ungrouped output (@test-output.R#10)
     5. Failure: ungrouped output (@test-output.R#10)
     6. Failure: ungrouped output (@test-output.R#10)
     7. Failure: ungrouped output (@test-output.R#10)
     8. Failure: ungrouped output (@test-output.R#10)
    
     Error: testthat unit tests failed
     Execution halted
Flavor: r-patched-linux-x86_64

Version: 0.5.0
Flags: --no-vignettes
Check: package dependencies
Result: NOTE
    Packages suggested but not available for checking:
     ‘RMySQL’ ‘microbenchmark’
Flavor: r-patched-solaris-sparc

Version: 0.5.0
Flags: --no-vignettes
Check: Rd cross-references
Result: NOTE
    Packages unavailable to check Rd xrefs: ‘microbenchmark’, ‘RMySQL’
Flavor: r-patched-solaris-sparc

Version: 0.5.0
Flags: --no-vignettes
Check: tests
Result: ERROR
     Running ‘testthat.R’ [83s/83s]
    Running the tests in ‘tests/testthat.R’ failed.
    Complete output:
     > library(testthat)
     > library(dplyr)
    
     Attaching package: 'dplyr'
    
     The following object is masked from 'package:testthat':
    
     matches
    
     The following objects are masked from 'package:stats':
    
     filter, lag
    
     The following objects are masked from 'package:base':
    
     intersect, setdiff, setequal, union
    
     >
     > test_check("dplyr")
     Registering testing src: df OK
     Registering testing src: sqlite OK
     1. Failure: duplicated column name is explicit about which column (#996) (@test-arrange.r#139)
     error$message does not match "found duplicated column name: x|unique name.*'x'".
     Actual value: "Column `x` must have a unique name"
    
    
     2. Failure: duplicated column name is explicit about which column (#996) (@test-arrange.r#143)
     error$message does not match "found duplicated column name: x, y|unique name.*'x', 'y'".
     Actual value: "Columns `x`, `y` must have unique names"
    
    
     3. Failure: filter uses the white list (#566) (@test-filter.r#193) -------------
     error$message does not match "column 'X' has unsupported class|POSIXct, not POSIXlt.*'X'".
     Actual value: "Column `X` is a date/time and must be stored as POSIXct, not POSIXlt"
    
    
     4. Failure: ungrouped output (@test-output.R#10) -------------------------------
     print(mtcars_mem, n = 8L, width = 30L) not equal to safe_read_lines("output/mtcars-8-30.txt").
     Lengths differ: 20 vs 19
    
    
     5. Failure: ungrouped output (@test-output.R#10) -------------------------------
     print(iris_mem, n = 5L, width = 30L) not equal to safe_read_lines("output/iris-5-30.txt").
     Lengths differ: 16 vs 15
    
    
     6. Failure: ungrouped output (@test-output.R#10) -------------------------------
     print(iris_mem, n = 3L, width = 5L) not equal to safe_read_lines("output/iris-3-5.txt").
     Lengths differ: 25 vs 20
    
    
     7. Failure: ungrouped output (@test-output.R#10) -------------------------------
     print(iris_mem, n = NULL, width = 70L) not equal to safe_read_lines("output/iris--70.txt").
     Lengths differ: 17 vs 16
    
    
     8. Failure: ungrouped output (@test-output.R#10) -------------------------------
     print(iris_mem %>% head(), n = 30L, width = 80L) not equal to safe_read_lines("output/iris-head-30-80.txt").
     Lengths differ: 12 vs 11
    
    
     testthat results ================================================================
     OK: 1501 SKIPPED: 1 FAILED: 8
     1. Failure: duplicated column name is explicit about which column (#996) (@test-arrange.r#139)
     2. Failure: duplicated column name is explicit about which column (#996) (@test-arrange.r#143)
     3. Failure: filter uses the white list (#566) (@test-filter.r#193)
     4. Failure: ungrouped output (@test-output.R#10)
     5. Failure: ungrouped output (@test-output.R#10)
     6. Failure: ungrouped output (@test-output.R#10)
     7. Failure: ungrouped output (@test-output.R#10)
     8. Failure: ungrouped output (@test-output.R#10)
    
     Error: testthat unit tests failed
     Execution halted
Flavor: r-patched-solaris-sparc

Version: 0.5.0
Flags: --no-stop-on-test-error
Check: package dependencies
Result: NOTE
    Packages suggested but not available for checking:
     ‘RMySQL’ ‘microbenchmark’
Flavor: r-patched-solaris-x86

Version: 0.5.0
Flags: --no-stop-on-test-error
Check: Rd cross-references
Result: NOTE
    Packages unavailable to check Rd xrefs: ‘microbenchmark’, ‘RMySQL’
Flavor: r-patched-solaris-x86

Version: 0.5.0
Flags: --no-stop-on-test-error
Check: tests
Result: ERROR
     Running ‘testthat.R’ [17s/22s]
    Running the tests in ‘tests/testthat.R’ failed.
    Complete output:
     > library(testthat)
     > library(dplyr)
    
     Attaching package: 'dplyr'
    
     The following object is masked from 'package:testthat':
    
     matches
    
     The following objects are masked from 'package:stats':
    
     filter, lag
    
     The following objects are masked from 'package:base':
    
     intersect, setdiff, setequal, union
    
     >
     > test_check("dplyr")
     Registering testing src: df OK
     Registering testing src: sqlite OK
     1. Failure: duplicated column name is explicit about which column (#996) (@test-arrange.r#139)
     error$message does not match "found duplicated column name: x|unique name.*'x'".
     Actual value: "Column `x` must have a unique name"
    
    
     2. Failure: duplicated column name is explicit about which column (#996) (@test-arrange.r#143)
     error$message does not match "found duplicated column name: x, y|unique name.*'x', 'y'".
     Actual value: "Columns `x`, `y` must have unique names"
    
    
     3. Failure: filter uses the white list (#566) (@test-filter.r#193) -------------
     error$message does not match "column 'X' has unsupported class|POSIXct, not POSIXlt.*'X'".
     Actual value: "Column `X` is a date/time and must be stored as POSIXct, not POSIXlt"
    
    
     4. Failure: ungrouped output (@test-output.R#10) -------------------------------
     print(mtcars_mem, n = 8L, width = 30L) not equal to safe_read_lines("output/mtcars-8-30.txt").
     Lengths differ: 20 vs 19
    
    
     5. Failure: ungrouped output (@test-output.R#10) -------------------------------
     print(iris_mem, n = 5L, width = 30L) not equal to safe_read_lines("output/iris-5-30.txt").
     Lengths differ: 16 vs 15
    
    
     6. Failure: ungrouped output (@test-output.R#10) -------------------------------
     print(iris_mem, n = 3L, width = 5L) not equal to safe_read_lines("output/iris-3-5.txt").
     Lengths differ: 25 vs 20
    
    
     7. Failure: ungrouped output (@test-output.R#10) -------------------------------
     print(iris_mem, n = NULL, width = 70L) not equal to safe_read_lines("output/iris--70.txt").
     Lengths differ: 17 vs 16
    
    
     8. Failure: ungrouped output (@test-output.R#10) -------------------------------
     print(iris_mem %>% head(), n = 30L, width = 80L) not equal to safe_read_lines("output/iris-head-30-80.txt").
     Lengths differ: 12 vs 11
    
    
     9. Failure: summarise gives proper errors (#153) (@test-summarise.r#61) --------
     error$message does not match "expecting a single value".
     Actual value: "Expecting a single value: [extent=0]."
    
    
     10. Failure: summarise gives proper errors (#153) (@test-summarise.r#62) -------
     error$message does not match "expecting a single value".
     Actual value: "Expecting a single value: [extent=2]."
    
    
     testthat results ================================================================
     OK: 1499 SKIPPED: 1 FAILED: 10
     1. Failure: duplicated column name is explicit about which column (#996) (@test-arrange.r#139)
     2. Failure: duplicated column name is explicit about which column (#996) (@test-arrange.r#143)
     3. Failure: filter uses the white list (#566) (@test-filter.r#193)
     4. Failure: ungrouped output (@test-output.R#10)
     5. Failure: ungrouped output (@test-output.R#10)
     6. Failure: ungrouped output (@test-output.R#10)
     7. Failure: ungrouped output (@test-output.R#10)
     8. Failure: ungrouped output (@test-output.R#10)
     9. Failure: summarise gives proper errors (#153) (@test-summarise.r#61)
     10. Failure: summarise gives proper errors (#153) (@test-summarise.r#62)
    
     Error: testthat unit tests failed
     Execution halted
Flavor: r-patched-solaris-x86

Version: 0.5.0
Check: running tests for arch ‘i386’
Result: ERROR
     Running 'testthat.R' [13s]
    Running the tests in 'tests/testthat.R' failed.
    Last 13 lines of output:
    
    
     testthat results ================================================================
     OK: 1500 SKIPPED: 2 FAILED: 8
     1. Failure: duplicated column name is explicit about which column (#996) (@test-arrange.r#139)
     2. Failure: duplicated column name is explicit about which column (#996) (@test-arrange.r#143)
     3. Failure: filter uses the white list (#566) (@test-filter.r#193)
     4. Failure: ungrouped output (@test-output.R#10)
     5. Failure: ungrouped output (@test-output.R#10)
     6. Failure: ungrouped output (@test-output.R#10)
     7. Failure: ungrouped output (@test-output.R#10)
     8. Failure: ungrouped output (@test-output.R#10)
    
     Error: testthat unit tests failed
     Execution halted
Flavor: r-release-windows-ix86+x86_64

Version: 0.5.0
Check: running tests for arch ‘x64’
Result: ERROR
     Running 'testthat.R' [14s]
    Running the tests in 'tests/testthat.R' failed.
    Last 13 lines of output:
    
    
     testthat results ================================================================
     OK: 1500 SKIPPED: 2 FAILED: 8
     1. Failure: duplicated column name is explicit about which column (#996) (@test-arrange.r#139)
     2. Failure: duplicated column name is explicit about which column (#996) (@test-arrange.r#143)
     3. Failure: filter uses the white list (#566) (@test-filter.r#193)
     4. Failure: ungrouped output (@test-output.R#10)
     5. Failure: ungrouped output (@test-output.R#10)
     6. Failure: ungrouped output (@test-output.R#10)
     7. Failure: ungrouped output (@test-output.R#10)
     8. Failure: ungrouped output (@test-output.R#10)
    
     Error: testthat unit tests failed
     Execution halted
Flavor: r-release-windows-ix86+x86_64

Version: 0.5.0
Check: package dependencies
Result: NOTE
    Package suggested but not available for checking: ‘RPostgreSQL’
Flavor: r-release-osx-x86_64

Version: 0.5.0
Check: running tests for arch ‘i386’
Result: ERROR
     Running 'testthat.R' [12s]
    Running the tests in 'tests/testthat.R' failed.
    Last 13 lines of output:
    
    
     testthat results ================================================================
     OK: 1500 SKIPPED: 2 FAILED: 8
     1. Failure: duplicated column name is explicit about which column (#996) (@test-arrange.r#139)
     2. Failure: duplicated column name is explicit about which column (#996) (@test-arrange.r#143)
     3. Failure: filter uses the white list (#566) (@test-filter.r#193)
     4. Failure: ungrouped output (@test-output.R#10)
     5. Failure: ungrouped output (@test-output.R#10)
     6. Failure: ungrouped output (@test-output.R#10)
     7. Failure: ungrouped output (@test-output.R#10)
     8. Failure: ungrouped output (@test-output.R#10)
    
     Error: testthat unit tests failed
     Execution halted
Flavor: r-oldrel-windows-ix86+x86_64

Version: 0.5.0
Check: running tests for arch ‘x64’
Result: ERROR
     Running 'testthat.R' [15s]
    Running the tests in 'tests/testthat.R' failed.
    Last 13 lines of output:
    
    
     testthat results ================================================================
     OK: 1500 SKIPPED: 2 FAILED: 8
     1. Failure: duplicated column name is explicit about which column (#996) (@test-arrange.r#139)
     2. Failure: duplicated column name is explicit about which column (#996) (@test-arrange.r#143)
     3. Failure: filter uses the white list (#566) (@test-filter.r#193)
     4. Failure: ungrouped output (@test-output.R#10)
     5. Failure: ungrouped output (@test-output.R#10)
     6. Failure: ungrouped output (@test-output.R#10)
     7. Failure: ungrouped output (@test-output.R#10)
     8. Failure: ungrouped output (@test-output.R#10)
    
     Error: testthat unit tests failed
     Execution halted
Flavor: r-oldrel-windows-ix86+x86_64

Version: 0.5.0
Check: package dependencies
Result: NOTE
    Package suggested but not available for checking: ‘dtplyr’
Flavor: r-oldrel-osx-x86_64

Version: 0.5.0
Check: dependencies in R code
Result: NOTE
    Missing or unexported object: ‘RSQLite::rsqliteVersion’
Flavor: r-oldrel-osx-x86_64

Version: 0.5.0
Check: Rd cross-references
Result: WARN
    Unknown package ‘dtplyr’ in Rd xrefs
Flavor: r-oldrel-osx-x86_64