CRAN Package Check Results for Package dplyr.teradata

Last updated on 2020-02-28 18:47:06 CET.

Flavor Version Tinstall Tcheck Ttotal Status Flags
r-devel-linux-x86_64-debian-clang 0.3.2 6.81 55.88 62.69 OK
r-devel-linux-x86_64-debian-gcc 0.3.2 6.21 42.05 48.26 OK
r-devel-linux-x86_64-fedora-clang 0.3.2 78.85 NOTE
r-devel-linux-x86_64-fedora-gcc 0.3.2 70.77 NOTE
r-devel-windows-ix86+x86_64 0.3.2 18.00 69.00 87.00 OK
r-devel-windows-ix86+x86_64-gcc8 0.3.2 18.00 69.00 87.00 OK
r-patched-linux-x86_64 0.3.2 5.78 48.01 53.79 OK
r-patched-solaris-x86 0.3.2 96.00 NOTE
r-release-linux-x86_64 0.3.2 5.78 47.72 53.50 OK
r-release-windows-ix86+x86_64 0.3.2 10.00 92.00 102.00 OK
r-release-osx-x86_64 0.3.2 NOTE
r-oldrel-windows-ix86+x86_64 0.3.2 7.00 65.00 72.00 OK
r-oldrel-osx-x86_64 0.3.2 NOTE

Check Details

Version: 0.3.2
Check: dependencies in R code
Result: NOTE
    Namespaces in Imports field not imported from:
     ‘bit64’ ‘rstudioapi’
     All declared Imports should be used.
Flavors: r-devel-linux-x86_64-fedora-clang, r-devel-linux-x86_64-fedora-gcc, r-patched-solaris-x86, r-release-osx-x86_64, r-oldrel-osx-x86_64