CRAN Package Check Results for Package dpmixsim

Last updated on 2015-03-01 03:48:32.

Flavor Version Tinstall Tcheck Ttotal Status Flags
r-devel-linux-x86_64-debian-clang 0.0-8 2.36 16.19 18.55 NOTE
r-devel-linux-x86_64-debian-gcc 0.0-8 2.76 15.30 18.06 NOTE
r-devel-linux-x86_64-fedora-clang 0.0-8 37.45 NOTE
r-devel-linux-x86_64-fedora-gcc 0.0-8 34.84 NOTE
r-devel-osx-x86_64-clang 0.0-8 38.34 NOTE
r-devel-windows-ix86+x86_64 0.0-8 16.00 36.00 52.00 NOTE
r-patched-linux-x86_64 0.0-8 3.32 19.87 23.20 NOTE
r-patched-solaris-sparc 0.0-8 286.50 NOTE
r-patched-solaris-x86 0.0-8 59.20 NOTE
r-release-linux-ix86 0.0-8 4.05 29.60 33.65 NOTE
r-release-linux-x86_64 0.0-8 3.24 19.37 22.61 NOTE
r-release-osx-x86_64-mavericks 0.0-8 NOTE
r-release-windows-ix86+x86_64 0.0-8 13.00 47.00 60.00 NOTE
r-oldrel-windows-ix86+x86_64 0.0-8 13.00 50.00 63.00 NOTE

Check Details

Version: 0.0-8
Check: dependencies in R code
Result: NOTE
    Packages in Depends field not imported from:
     ‘cluster’ ‘oro.nifti’
     These packages need to be imported from (in the NAMESPACE file)
     for when this namespace is loaded but not attached.
Flavors: r-devel-linux-x86_64-debian-clang, r-devel-linux-x86_64-debian-gcc, r-devel-linux-x86_64-fedora-clang, r-devel-linux-x86_64-fedora-gcc, r-devel-osx-x86_64-clang, r-devel-windows-ix86+x86_64, r-patched-linux-x86_64, r-patched-solaris-x86

Version: 0.0-8
Check: R code for possible problems
Result: NOTE
    dpmixsim: no visible global function definition for ‘clara’
    postkcluster: no visible global function definition for ‘clara’
    readsliceimg: no visible global function definition for ‘readNIfTI’
Flavors: r-devel-linux-x86_64-debian-clang, r-devel-linux-x86_64-debian-gcc, r-devel-linux-x86_64-fedora-clang, r-devel-linux-x86_64-fedora-gcc, r-devel-osx-x86_64-clang, r-devel-windows-ix86+x86_64, r-patched-linux-x86_64, r-patched-solaris-sparc, r-patched-solaris-x86, r-release-linux-ix86, r-release-linux-x86_64, r-release-osx-x86_64-mavericks, r-release-windows-ix86+x86_64

Version: 0.0-8
Check: dependencies in R code
Result: NOTE
    Packages in Depends field not imported from:
     ‘cluster’ ‘oro.nifti’
     These packages need to be imported from (in the NAMESPACE file)
     for when this namespace is loaded but not attached.
    See the information on DESCRIPTION files in the chapter ‘Creating R
    packages’ of the ‘Writing R Extensions’ manual.
Flavors: r-patched-solaris-sparc, r-release-linux-ix86, r-release-linux-x86_64, r-release-osx-x86_64-mavericks, r-release-windows-ix86+x86_64, r-oldrel-windows-ix86+x86_64