CRAN Package Check Results for Package dpmixsim

Last updated on 2014-12-21 09:51:25.

Flavor Version Tinstall Tcheck Ttotal Status Flags
r-devel-linux-x86_64-debian-clang 0.0-8 2.75 19.46 22.22 NOTE
r-devel-linux-x86_64-debian-gcc 0.0-8 3.07 18.42 21.48 NOTE
r-devel-linux-x86_64-fedora-clang 0.0-8 47.72 NOTE
r-devel-linux-x86_64-fedora-gcc 0.0-8 44.12 NOTE
r-devel-osx-x86_64-clang 0.0-8 44.57 NOTE
r-devel-windows-ix86+x86_64 0.0-8 13.00 42.00 55.00 NOTE
r-patched-linux-x86_64 0.0-8 3.29 19.16 22.45 NOTE
r-patched-solaris-sparc 0.0-8 294.70 NOTE
r-patched-solaris-x86 0.0-8 59.00 NOTE
r-release-linux-ix86 0.0-8 4.05 25.46 29.50 NOTE
r-release-linux-x86_64 0.0-8 3.27 19.17 22.44 NOTE
r-release-osx-x86_64-mavericks 0.0-8 NOTE
r-release-windows-ix86+x86_64 0.0-8 13.00 45.00 58.00 NOTE
r-oldrel-windows-ix86+x86_64 0.0-8 12.00 53.00 65.00 NOTE

Check Details

Version: 0.0-8
Check: dependencies in R code
Result: NOTE
    Packages in Depends field not imported from:
     ‘cluster’ ‘oro.nifti’
     These packages need to be imported from (in the NAMESPACE file)
     for when this namespace is loaded but not attached.
    See the information on DESCRIPTION files in the chapter ‘Creating R
    packages’ of the ‘Writing R Extensions’ manual.
Flavors: r-devel-linux-x86_64-debian-clang, r-devel-linux-x86_64-debian-gcc, r-devel-linux-x86_64-fedora-clang, r-devel-linux-x86_64-fedora-gcc, r-devel-osx-x86_64-clang, r-devel-windows-ix86+x86_64, r-patched-linux-x86_64, r-patched-solaris-sparc, r-patched-solaris-x86, r-release-linux-ix86, r-release-linux-x86_64, r-release-osx-x86_64-mavericks, r-release-windows-ix86+x86_64, r-oldrel-windows-ix86+x86_64

Version: 0.0-8
Check: R code for possible problems
Result: NOTE
    dpmixsim: no visible global function definition for ‘clara’
    postkcluster: no visible global function definition for ‘clara’
    readsliceimg: no visible global function definition for ‘readNIfTI’
Flavors: r-devel-linux-x86_64-debian-clang, r-devel-linux-x86_64-debian-gcc, r-devel-linux-x86_64-fedora-clang, r-devel-linux-x86_64-fedora-gcc, r-devel-osx-x86_64-clang, r-devel-windows-ix86+x86_64, r-patched-linux-x86_64, r-patched-solaris-sparc, r-patched-solaris-x86, r-release-linux-ix86, r-release-linux-x86_64, r-release-windows-ix86+x86_64