CRAN Package Check Results for Package dpmixsim

Last updated on 2015-09-02 17:49:14.

Flavor Version Tinstall Tcheck Ttotal Status Flags
r-devel-linux-x86_64-debian-clang 0.0-8 2.95 16.71 19.66 NOTE
r-devel-linux-x86_64-debian-gcc 0.0-8 2.92 16.89 19.81 NOTE
r-devel-linux-x86_64-fedora-clang 0.0-8 39.36 NOTE
r-devel-linux-x86_64-fedora-gcc 0.0-8 36.34 NOTE
r-devel-osx-x86_64-clang 0.0-8 35.83 NOTE
r-devel-windows-ix86+x86_64 0.0-8 15.00 48.00 63.00 NOTE
r-patched-linux-x86_64 0.0-8 3.22 18.05 21.26 NOTE
r-patched-solaris-sparc 0.0-8 258.80 NOTE
r-patched-solaris-x86 0.0-8 53.40 NOTE
r-release-linux-x86_64 0.0-8 3.14 17.03 20.17 NOTE
r-release-osx-x86_64-mavericks 0.0-8 NOTE
r-release-windows-ix86+x86_64 0.0-8 16.00 58.00 74.00 NOTE
r-oldrel-windows-ix86+x86_64 0.0-8 20.00 60.00 80.00 NOTE

Check Details

Version: 0.0-8
Check: dependencies in R code
Result: NOTE
    Packages in Depends field not imported from:
     ‘cluster’ ‘oro.nifti’
     These packages need to be imported from (in the NAMESPACE file)
     for when this namespace is loaded but not attached.
Flavors: r-devel-linux-x86_64-debian-clang, r-devel-linux-x86_64-debian-gcc, r-devel-linux-x86_64-fedora-clang, r-devel-linux-x86_64-fedora-gcc, r-devel-osx-x86_64-clang, r-devel-windows-ix86+x86_64, r-patched-linux-x86_64, r-patched-solaris-sparc, r-patched-solaris-x86, r-release-linux-x86_64, r-release-osx-x86_64-mavericks, r-release-windows-ix86+x86_64, r-oldrel-windows-ix86+x86_64

Version: 0.0-8
Check: R code for possible problems
Result: NOTE
    dpmixsim: no visible global function definition for ‘runif’
    dpmixsim: no visible global function definition for ‘clara’
    postdpmixciz: no visible global function definition for ‘par’
    postdpmixciz: no visible global function definition for ‘barplot’
    postdpmixciz: no visible global function definition for ‘dnorm’
    postdpmixciz: no visible global function definition for ‘hist’
    postdpmixciz: no visible global function definition for ‘lines’
    postdpmixciz: no visible global function definition for ‘axis’
    postdpmixciz: no visible global function definition for ‘dev.cur’
    postdpmixciz: no visible global function definition for ‘points’
    postdpmixciz: no visible global function definition for ‘dev.set’
    postimgclgrp: no visible global function definition for ‘par’
    postimgclgrp: no visible global function definition for ‘image’
    postimgclgrp: no visible global function definition for ‘gray’
    postimgcomps: no visible global function definition for ‘par’
    postimgcomps: no visible global function definition for ‘image’
    postimgcomps: no visible global function definition for ‘gray’
    postkcluster: no visible global function definition for ‘clara’
    postkcluster: no visible global function definition for ‘par’
    postkcluster: no visible global function definition for ‘image’
    postkcluster: no visible global function definition for ‘gray’
    readsliceimg: no visible global function definition for ‘readNIfTI’
    Undefined global functions or variables:
     axis barplot clara dev.cur dev.set dnorm gray hist image lines par
     points readNIfTI runif
    Consider adding
     importFrom("grDevices", "dev.cur", "dev.set", "gray")
     importFrom("graphics", "axis", "barplot", "hist", "image", "lines",
     "par", "points")
     importFrom("stats", "dnorm", "runif")
    to your NAMESPACE.
Flavors: r-devel-linux-x86_64-debian-clang, r-devel-linux-x86_64-debian-gcc, r-devel-linux-x86_64-fedora-clang, r-devel-linux-x86_64-fedora-gcc, r-devel-windows-ix86+x86_64

Version: 0.0-8
Check: R code for possible problems
Result: NOTE
    dpmixsim: no visible global function definition for ‘clara’
    postkcluster: no visible global function definition for ‘clara’
    readsliceimg: no visible global function definition for ‘readNIfTI’
    Undefined global functions or variables:
     clara readNIfTI
Flavor: r-devel-osx-x86_64-clang

Version: 0.0-8
Check: R code for possible problems
Result: NOTE
    dpmixsim: no visible global function definition for ‘clara’
    postkcluster: no visible global function definition for ‘clara’
    readsliceimg: no visible global function definition for ‘readNIfTI’
Flavors: r-patched-linux-x86_64, r-patched-solaris-sparc, r-patched-solaris-x86, r-release-linux-x86_64, r-release-osx-x86_64-mavericks, r-release-windows-ix86+x86_64, r-oldrel-windows-ix86+x86_64