CRAN Package Check Results for Package dpmixsim

Last updated on 2016-07-26 07:47:02.

Flavor Version Tinstall Tcheck Ttotal Status Flags
r-devel-linux-x86_64-debian-clang 0.0-8 3.76 20.92 24.67 WARN
r-devel-linux-x86_64-debian-gcc 0.0-8 4.24 20.46 24.70 NOTE
r-devel-linux-x86_64-fedora-clang 0.0-8 37.85 NOTE
r-devel-linux-x86_64-fedora-gcc 0.0-8 32.91 NOTE
r-devel-osx-x86_64-clang 0.0-8 32.96 NOTE
r-devel-windows-ix86+x86_64 0.0-8 17.00 57.00 74.00 NOTE
r-patched-linux-x86_64 0.0-8 3.29 18.99 22.28 NOTE
r-patched-solaris-sparc 0.0-8 233.40 NOTE
r-patched-solaris-x86 0.0-8 46.80 NOTE
r-release-linux-x86_64 0.0-8 3.64 19.71 23.35 NOTE
r-release-osx-x86_64-mavericks 0.0-8 NOTE
r-release-windows-ix86+x86_64 0.0-8 17.00 47.00 64.00 NOTE
r-oldrel-windows-ix86+x86_64 0.0-8 13.00 59.00 72.00 NOTE

Check Details

Version: 0.0-8
Check: whether package can be installed
Result: WARN
    Found the following significant warnings:
     gibbsclustersamplealpha.cc:95:8: warning: 'register' storage class specifier is deprecated and incompatible with C++1z [-Wdeprecated-register]
     gibbsclustersamplealpha.cc:140:9: warning: 'register' storage class specifier is deprecated and incompatible with C++1z [-Wdeprecated-register]
Flavor: r-devel-linux-x86_64-debian-clang

Version: 0.0-8
Check: dependencies in R code
Result: NOTE
    Packages in Depends field not imported from:
     ‘cluster’ ‘oro.nifti’
     These packages need to be imported from (in the NAMESPACE file)
     for when this namespace is loaded but not attached.
Flavors: r-devel-linux-x86_64-debian-clang, r-devel-linux-x86_64-debian-gcc, r-devel-linux-x86_64-fedora-clang, r-devel-linux-x86_64-fedora-gcc, r-devel-osx-x86_64-clang, r-devel-windows-ix86+x86_64, r-patched-linux-x86_64, r-patched-solaris-sparc, r-patched-solaris-x86, r-release-linux-x86_64, r-release-osx-x86_64-mavericks, r-release-windows-ix86+x86_64, r-oldrel-windows-ix86+x86_64

Version: 0.0-8
Check: R code for possible problems
Result: NOTE
    dpmixsim: no visible global function definition for ‘runif’
    dpmixsim: no visible global function definition for ‘clara’
    postdpmixciz: no visible global function definition for ‘par’
    postdpmixciz: no visible global function definition for ‘barplot’
    postdpmixciz: no visible global function definition for ‘dnorm’
    postdpmixciz: no visible global function definition for ‘hist’
    postdpmixciz: no visible global function definition for ‘lines’
    postdpmixciz: no visible global function definition for ‘axis’
    postdpmixciz: no visible global function definition for ‘dev.cur’
    postdpmixciz: no visible global function definition for ‘points’
    postdpmixciz: no visible global function definition for ‘dev.set’
    postimgclgrp: no visible global function definition for ‘par’
    postimgclgrp: no visible global function definition for ‘image’
    postimgclgrp: no visible global function definition for ‘gray’
    postimgcomps: no visible global function definition for ‘par’
    postimgcomps: no visible global function definition for ‘image’
    postimgcomps: no visible global function definition for ‘gray’
    postkcluster: no visible global function definition for ‘clara’
    postkcluster: no visible global function definition for ‘par’
    postkcluster: no visible global function definition for ‘image’
    postkcluster: no visible global function definition for ‘gray’
    readsliceimg: no visible global function definition for ‘readNIfTI’
    Undefined global functions or variables:
     axis barplot clara dev.cur dev.set dnorm gray hist image lines par
     points readNIfTI runif
    Consider adding
     importFrom("grDevices", "dev.cur", "dev.set", "gray")
     importFrom("graphics", "axis", "barplot", "hist", "image", "lines",
     "par", "points")
     importFrom("stats", "dnorm", "runif")
    to your NAMESPACE file.
Flavors: r-devel-linux-x86_64-debian-clang, r-devel-linux-x86_64-debian-gcc, r-devel-linux-x86_64-fedora-clang, r-devel-linux-x86_64-fedora-gcc, r-devel-osx-x86_64-clang, r-devel-windows-ix86+x86_64, r-patched-linux-x86_64, r-patched-solaris-sparc, r-patched-solaris-x86, r-release-linux-x86_64, r-release-osx-x86_64-mavericks, r-release-windows-ix86+x86_64

Version: 0.0-8
Check: R code for possible problems
Result: NOTE
    dpmixsim: no visible global function definition for 'clara'
    postkcluster: no visible global function definition for 'clara'
    readsliceimg: no visible global function definition for 'readNIfTI'
Flavor: r-oldrel-windows-ix86+x86_64