CRAN Package Check Results for Package dpmixsim

Last updated on 2015-05-29 23:47:44.

Flavor Version Tinstall Tcheck Ttotal Status Flags
r-devel-linux-x86_64-debian-clang 0.0-8 2.70 17.71 20.41 NOTE
r-devel-linux-x86_64-debian-gcc 0.0-8 3.03 17.86 20.90 NOTE
r-devel-linux-x86_64-fedora-clang 0.0-8 44.10 NOTE
r-devel-linux-x86_64-fedora-gcc 0.0-8 37.76 NOTE
r-devel-osx-x86_64-clang 0.0-8 40.40 NOTE
r-devel-windows-ix86+x86_64 0.0-8 11.00 38.00 49.00 NOTE
r-patched-linux-x86_64 0.0-8 2.99 17.27 20.26 NOTE
r-patched-solaris-sparc 0.0-8 248.80 NOTE
r-patched-solaris-x86 0.0-8 54.70 NOTE
r-release-linux-x86_64 0.0-8 3.02 18.46 21.48 NOTE
r-release-osx-x86_64-mavericks 0.0-8 NOTE
r-release-osx-x86_64-snowleopard 0.0-8 NOTE
r-release-windows-ix86+x86_64 0.0-8 11.00 38.00 49.00 NOTE
r-oldrel-windows-ix86+x86_64 0.0-8 15.00 50.00 65.00 NOTE

Check Details

Version: 0.0-8
Check: dependencies in R code
Result: NOTE
    Packages in Depends field not imported from:
     ‘cluster’ ‘oro.nifti’
     These packages need to be imported from (in the NAMESPACE file)
     for when this namespace is loaded but not attached.
Flavors: r-devel-linux-x86_64-debian-clang, r-devel-linux-x86_64-debian-gcc, r-devel-linux-x86_64-fedora-clang, r-devel-linux-x86_64-fedora-gcc, r-devel-osx-x86_64-clang, r-devel-windows-ix86+x86_64, r-patched-linux-x86_64, r-patched-solaris-sparc, r-patched-solaris-x86, r-release-linux-x86_64, r-release-osx-x86_64-mavericks, r-release-osx-x86_64-snowleopard, r-release-windows-ix86+x86_64, r-oldrel-windows-ix86+x86_64

Version: 0.0-8
Check: R code for possible problems
Result: NOTE
    dpmixsim: no visible global function definition for ‘clara’
    postkcluster: no visible global function definition for ‘clara’
    readsliceimg: no visible global function definition for ‘readNIfTI’
Flavors: r-devel-linux-x86_64-debian-clang, r-devel-linux-x86_64-debian-gcc, r-devel-linux-x86_64-fedora-clang, r-devel-linux-x86_64-fedora-gcc, r-devel-osx-x86_64-clang, r-devel-windows-ix86+x86_64, r-patched-linux-x86_64, r-patched-solaris-sparc, r-patched-solaris-x86, r-release-linux-x86_64, r-release-osx-x86_64-mavericks, r-release-osx-x86_64-snowleopard, r-release-windows-ix86+x86_64, r-oldrel-windows-ix86+x86_64