CRAN Package Check Results for Package dpmixsim

Last updated on 2014-09-01 14:46:27.

Flavor Version Tinstall Tcheck Ttotal Status Flags
r-devel-linux-x86_64-debian-clang 0.0-8 2.64 19.46 22.10 NOTE
r-devel-linux-x86_64-debian-gcc 0.0-8 3.09 18.13 21.22 NOTE
r-devel-linux-x86_64-fedora-clang 0.0-8 48.02 NOTE
r-devel-linux-x86_64-fedora-gcc 0.0-8 42.64 NOTE
r-devel-osx-x86_64-clang 0.0-8 41.51 NOTE
r-devel-windows-ix86+x86_64 0.0-8 12.00 39.00 51.00 NOTE
r-patched-linux-x86_64 0.0-8 3.40 19.73 23.14 NOTE
r-patched-solaris-sparc 0.0-8 294.30 NOTE
r-patched-solaris-x86 0.0-8 59.60 NOTE
r-release-linux-ix86 0.0-8 4.22 26.58 30.80 NOTE
r-release-linux-x86_64 0.0-8 3.39 19.60 22.99 NOTE
r-release-osx-x86_64-mavericks 0.0-8 NOTE
r-release-windows-ix86+x86_64 0.0-8 12.00 45.00 57.00 NOTE
r-oldrel-windows-ix86+x86_64 0.0-8 16.00 44.00 60.00 NOTE

Check Details

Version: 0.0-8
Check: dependencies in R code
Result: NOTE
    Packages in Depends field not imported from:
     ‘cluster’ ‘oro.nifti’
     These packages need to be imported from (in the NAMESPACE file)
     for when this namespace is loaded but not attached.
    See the information on DESCRIPTION files in the chapter ‘Creating R
    packages’ of the ‘Writing R Extensions’ manual.
Flavors: r-devel-linux-x86_64-debian-clang, r-devel-linux-x86_64-debian-gcc, r-devel-linux-x86_64-fedora-clang, r-devel-linux-x86_64-fedora-gcc, r-devel-osx-x86_64-clang, r-devel-windows-ix86+x86_64, r-patched-linux-x86_64, r-patched-solaris-sparc, r-patched-solaris-x86, r-release-linux-ix86, r-release-linux-x86_64, r-release-osx-x86_64-mavericks, r-release-windows-ix86+x86_64, r-oldrel-windows-ix86+x86_64

Version: 0.0-8
Check: R code for possible problems
Result: NOTE
    dpmixsim: no visible global function definition for ‘clara’
    postkcluster: no visible global function definition for ‘clara’
    readsliceimg: no visible global function definition for ‘readNIfTI’
Flavors: r-devel-linux-x86_64-debian-clang, r-devel-linux-x86_64-debian-gcc, r-devel-linux-x86_64-fedora-clang, r-devel-linux-x86_64-fedora-gcc, r-devel-osx-x86_64-clang, r-devel-windows-ix86+x86_64