CRAN Package Check Results for Package dpmixsim

Last updated on 2014-04-24 17:49:42.

Flavor Version Tinstall Tcheck Ttotal Status Flags
r-devel-linux-x86_64-debian-clang 0.0-8 2.84 20.63 23.47 NOTE
r-devel-linux-x86_64-debian-gcc 0.0-8 3.29 20.46 23.76 NOTE
r-devel-linux-x86_64-fedora-clang 0.0-8 48.60 NOTE
r-devel-linux-x86_64-fedora-gcc 0.0-8 45.08 NOTE
r-devel-osx-x86_64-clang 0.0-8 41.14 NOTE
r-devel-osx-x86_64-gcc 0.0-8 NOTE
r-devel-windows-ix86+x86_64 0.0-8 12.00 40.00 52.00 NOTE
r-patched-linux-x86_64 0.0-8 3.46 20.33 23.79 NOTE
r-patched-solaris-sparc 0.0-8 271.40 NOTE
r-patched-solaris-x86 0.0-8 60.20 NOTE
r-release-linux-ix86 0.0-8 5.00 38.00 43.00 NOTE
r-release-linux-x86_64 0.0-8 3.38 229.75 233.13 NOTE
r-release-osx-x86_64-mavericks 0.0-8 WARN
r-release-windows-ix86+x86_64 0.0-8 11.00 40.00 51.00 NOTE
r-oldrel-windows-ix86+x86_64 0.0-8 12.00 43.00 55.00 NOTE

Check Details

Version: 0.0-8
Check: dependencies in R code
Result: NOTE
    Packages in Depends field not imported from:
     ‘cluster’ ‘oro.nifti’
     These packages need to be imported from (in the NAMESPACE file)
     for when this namespace is loaded but not attached.
    See the information on DESCRIPTION files in the chapter ‘Creating R
    packages’ of the ‘Writing R Extensions’ manual.
Flavors: r-devel-linux-x86_64-debian-clang, r-devel-linux-x86_64-debian-gcc, r-devel-linux-x86_64-fedora-clang, r-devel-linux-x86_64-fedora-gcc, r-devel-osx-x86_64-clang, r-devel-osx-x86_64-gcc, r-devel-windows-ix86+x86_64, r-patched-linux-x86_64, r-patched-solaris-sparc, r-patched-solaris-x86, r-release-linux-ix86, r-release-linux-x86_64, r-release-osx-x86_64-mavericks, r-release-windows-ix86+x86_64, r-oldrel-windows-ix86+x86_64

Version: 0.0-8
Check: PDF version of manual
Result: WARNING
    LaTeX errors when creating PDF version.
    This typically indicates Rd problems.
    LaTeX errors found:
    ! LaTeX Error: File `upquote.sty' not found.
    
    Type X to quit or <RETURN> to proceed,
    or enter new name. (Default extension: sty)
    
    35b47d9/Rd2.tex:8: ==> Fatal error occurred, no output PDF file produced!
Flavor: r-release-osx-x86_64-mavericks