CRAN Package Check Results for Package dpmixsim

Last updated on 2014-07-24 16:47:57.

Flavor Version Tinstall Tcheck Ttotal Status Flags
r-devel-linux-x86_64-debian-clang 0.0-8 2.73 19.17 21.90 NOTE
r-devel-linux-x86_64-debian-gcc 0.0-8 3.26 19.19 22.44 NOTE
r-devel-linux-x86_64-fedora-clang 0.0-8 51.05 NOTE
r-devel-linux-x86_64-fedora-gcc 0.0-8 45.17 NOTE
r-devel-osx-x86_64-clang 0.0-8 43.98 NOTE
r-devel-windows-ix86+x86_64 0.0-8 12.00 40.00 52.00 NOTE
r-patched-linux-x86_64 0.0-8 3.24 19.04 22.28 NOTE
r-patched-solaris-sparc 0.0-8 271.40 NOTE
r-patched-solaris-x86 0.0-8 59.00 NOTE
r-release-linux-ix86 0.0-8 4.24 26.53 30.78 NOTE
r-release-linux-x86_64 0.0-8 3.60 19.79 23.40 NOTE
r-release-osx-x86_64-mavericks 0.0-8 NOTE
r-release-windows-ix86+x86_64 0.0-8 12.00 43.00 55.00 NOTE
r-oldrel-windows-ix86+x86_64 0.0-8 12.00 44.00 56.00 NOTE

Check Details

Version: 0.0-8
Check: dependencies in R code
Result: NOTE
    Packages in Depends field not imported from:
     ‘cluster’ ‘oro.nifti’
     These packages need to be imported from (in the NAMESPACE file)
     for when this namespace is loaded but not attached.
    See the information on DESCRIPTION files in the chapter ‘Creating R
    packages’ of the ‘Writing R Extensions’ manual.
Flavors: r-devel-linux-x86_64-debian-clang, r-devel-linux-x86_64-debian-gcc, r-devel-linux-x86_64-fedora-clang, r-devel-linux-x86_64-fedora-gcc, r-devel-osx-x86_64-clang, r-devel-windows-ix86+x86_64, r-patched-linux-x86_64, r-patched-solaris-sparc, r-patched-solaris-x86, r-release-linux-ix86, r-release-linux-x86_64, r-release-osx-x86_64-mavericks, r-release-windows-ix86+x86_64, r-oldrel-windows-ix86+x86_64