CRAN Package Check Results for Package dpmixsim

Last updated on 2015-04-19 23:49:11.

Flavor Version Tinstall Tcheck Ttotal Status Flags
r-devel-linux-x86_64-debian-clang 0.0-8 2.53 15.54 18.07 NOTE
r-devel-linux-x86_64-debian-gcc 0.0-8 2.78 15.66 18.43 NOTE
r-devel-linux-x86_64-fedora-clang 0.0-8 36.66 NOTE
r-devel-linux-x86_64-fedora-gcc 0.0-8 33.46 NOTE
r-devel-osx-x86_64-clang 0.0-8 36.82 NOTE
r-devel-windows-ix86+x86_64 0.0-8 13.00 51.00 64.00 NOTE
r-patched-linux-x86_64 0.0-8 2.84 15.62 18.46 NOTE
r-patched-solaris-sparc 0.0-8 221.00 NOTE
r-patched-solaris-x86 0.0-8 47.60 NOTE
r-release-linux-x86_64 0.0-8 2.90 15.88 18.78 NOTE
r-release-osx-x86_64-mavericks 0.0-8 NOTE
r-release-osx-x86_64-snowleopard 0.0-8 NOTE
r-release-windows-ix86+x86_64 0.0-8 8.00 33.00 41.00 NOTE
r-oldrel-windows-ix86+x86_64 0.0-8 11.00 46.00 57.00 NOTE

Check Details

Version: 0.0-8
Check: dependencies in R code
Result: NOTE
    Packages in Depends field not imported from:
     ‘cluster’ ‘oro.nifti’
     These packages need to be imported from (in the NAMESPACE file)
     for when this namespace is loaded but not attached.
Flavors: r-devel-linux-x86_64-debian-clang, r-devel-linux-x86_64-debian-gcc, r-devel-linux-x86_64-fedora-clang, r-devel-linux-x86_64-fedora-gcc, r-devel-osx-x86_64-clang, r-devel-windows-ix86+x86_64, r-patched-linux-x86_64, r-patched-solaris-sparc, r-patched-solaris-x86, r-release-linux-x86_64, r-release-osx-x86_64-mavericks, r-release-osx-x86_64-snowleopard, r-release-windows-ix86+x86_64, r-oldrel-windows-ix86+x86_64

Version: 0.0-8
Check: R code for possible problems
Result: NOTE
    dpmixsim: no visible global function definition for ‘clara’
    postkcluster: no visible global function definition for ‘clara’
    readsliceimg: no visible global function definition for ‘readNIfTI’
Flavors: r-devel-linux-x86_64-debian-clang, r-devel-linux-x86_64-debian-gcc, r-devel-linux-x86_64-fedora-clang, r-devel-linux-x86_64-fedora-gcc, r-devel-osx-x86_64-clang, r-devel-windows-ix86+x86_64, r-patched-linux-x86_64, r-patched-solaris-sparc, r-patched-solaris-x86, r-release-linux-x86_64, r-release-osx-x86_64-mavericks, r-release-osx-x86_64-snowleopard, r-release-windows-ix86+x86_64, r-oldrel-windows-ix86+x86_64