CRAN Package Check Results for Package dprint

Last updated on 2024-02-22 15:49:17 CET.

Flavor Version Tinstall Tcheck Ttotal Status Flags
r-devel-linux-x86_64-debian-clang 0.0.4 NOTE
r-devel-linux-x86_64-debian-gcc 0.0.4 3.60 32.95 36.55 NOTE
r-devel-linux-x86_64-fedora-clang 0.0.4 58.69 NOTE
r-devel-linux-x86_64-fedora-gcc 0.0.4 56.77 NOTE
r-devel-windows-x86_64 0.0.4 5.00 61.00 66.00 NOTE
r-patched-linux-x86_64 0.0.4 5.02 42.39 47.41 OK
r-release-linux-x86_64 0.0.4 4.39 42.29 46.68 OK
r-release-macos-arm64 0.0.4 22.00 OK
r-release-macos-x86_64 0.0.4 32.00 OK
r-release-windows-x86_64 0.0.4 6.00 66.00 72.00 OK
r-oldrel-macos-arm64 0.0.4 21.00 OK
r-oldrel-windows-x86_64 0.0.4 7.00 62.00 69.00 OK

Check Details

Version: 0.0.4
Check: package namespace information
Result: NOTE Found export directive that requires package ‘methods’: ‘exportMethods’ Remove all such namespace directives (if obsolete) or ensure that the DESCRIPTION Depends or Imports field contains ‘methods’. Flavors: r-devel-linux-x86_64-debian-clang, r-devel-linux-x86_64-debian-gcc, r-devel-linux-x86_64-fedora-clang, r-devel-linux-x86_64-fedora-gcc, r-devel-windows-x86_64