CRAN Package Check Results for Package dpseg

Last updated on 2022-07-01 15:51:17 CEST.

Flavor Version Tinstall Tcheck Ttotal Status Flags
r-devel-linux-x86_64-debian-clang 0.1.1 23.31 54.53 77.84 OK
r-devel-linux-x86_64-debian-gcc 0.1.1 17.91 41.95 59.86 OK
r-devel-linux-x86_64-fedora-clang 0.1.1 113.48 NOTE
r-devel-linux-x86_64-fedora-gcc 0.1.1 108.98 OK
r-devel-windows-x86_64 0.1.1 36.00 109.00 145.00 OK
r-patched-linux-x86_64 0.1.1 21.90 54.00 75.90 OK
r-release-linux-x86_64 0.1.1 20.06 53.78 73.84 OK
r-release-macos-arm64 0.1.1 34.00 OK
r-release-macos-x86_64 0.1.1 45.00 OK
r-release-windows-x86_64 0.1.1 36.00 116.00 152.00 OK
r-oldrel-macos-arm64 0.1.1 37.00 OK
r-oldrel-macos-x86_64 0.1.1 64.00 OK
r-oldrel-windows-ix86+x86_64 0.1.1 59.00 100.00 159.00 OK

Check Details

Version: 0.1.1
Check: Rd cross-references
Result: NOTE
    Undeclared package ‘RcppEigen’ in Rd xrefs
Flavor: r-devel-linux-x86_64-fedora-clang