CRAN Package Check Results for Package dr

Last updated on 2015-05-22 09:47:32.

Flavor Version Tinstall Tcheck Ttotal Status Flags
r-devel-linux-x86_64-debian-clang 3.0.9 0.98 35.97 36.94 NOTE
r-devel-linux-x86_64-debian-gcc 3.0.9 0.99 34.07 35.06 NOTE
r-devel-linux-x86_64-fedora-clang 3.0.9 73.08 NOTE
r-devel-linux-x86_64-fedora-gcc 3.0.9 68.31 NOTE
r-devel-osx-x86_64-clang 3.0.9 70.01 NOTE
r-devel-windows-ix86+x86_64 3.0.9 4.00 58.00 62.00 OK
r-patched-linux-x86_64 3.0.9 0.72 34.85 35.57 NOTE
r-patched-solaris-sparc 3.0.9 447.70 OK
r-patched-solaris-x86 3.0.9 83.50 NOTE
r-release-linux-x86_64 3.0.9 0.74 34.99 35.72 NOTE
r-release-osx-x86_64-mavericks 3.0.9 OK
r-release-osx-x86_64-snowleopard 3.0.9 OK
r-release-windows-ix86+x86_64 3.0.9 3.00 51.00 54.00 OK
r-oldrel-windows-ix86+x86_64 3.0.9 4.00 54.00 58.00 OK

Check Details

Version: 3.0.9
Check: S3 generic/method consistency
Result: NOTE
    Found the following apparent S3 methods exported but not registered:
     drop1.dr
    See section ‘Registering S3 methods’ in the ‘Writing R Extensions’
    manual.
Flavors: r-devel-linux-x86_64-debian-clang, r-devel-linux-x86_64-debian-gcc, r-devel-linux-x86_64-fedora-clang, r-devel-linux-x86_64-fedora-gcc, r-devel-osx-x86_64-clang, r-patched-linux-x86_64, r-patched-solaris-x86, r-release-linux-x86_64