CRAN Package Check Results for Package dr

Last updated on 2014-04-24 09:48:59.

Flavor Version Tinstall Tcheck Ttotal Status Flags
r-devel-linux-x86_64-debian-clang 3.0.8 0.84 38.35 39.19 NOTE
r-devel-linux-x86_64-debian-gcc 3.0.8 0.83 38.37 39.20 NOTE
r-devel-linux-x86_64-fedora-clang 3.0.8 86.27 OK
r-devel-linux-x86_64-fedora-gcc 3.0.8 82.83 OK
r-devel-osx-x86_64-clang 3.0.8 62.31 OK
r-devel-osx-x86_64-gcc 3.0.8 NOTE
r-devel-windows-ix86+x86_64 3.0.8 3.00 54.00 57.00 OK
r-patched-linux-x86_64 3.0.8 0.82 37.22 38.04 NOTE
r-patched-solaris-sparc 3.0.8 466.30 OK
r-patched-solaris-x86 3.0.8 94.90 OK
r-release-linux-ix86 3.0.8 2.00 62.00 64.00 NOTE
r-release-linux-x86_64 3.0.8 0.87 236.98 237.85 NOTE
r-release-osx-x86_64-mavericks 3.0.8 WARN
r-release-osx-x86_64-snowleopard 3.0.8 NOTE
r-release-windows-ix86+x86_64 3.0.8 3.00 59.00 62.00 OK
r-oldrel-windows-ix86+x86_64 3.0.8 3.00 53.00 56.00 OK

Check Details

Version: 3.0.8
Check: re-building of vignette outputs
Result: NOTE
    Error in re-building vignettes:
     ...
    Loading required package: MASS
    Error in texi2dvi(file = file, pdf = TRUE, clean = clean, quiet = quiet, :
     Running 'texi2dvi' on 'overview.tex' failed.
    LaTeX errors:
    ! LaTeX Error: File `html.sty' not found.
    
    Type X to quit or <RETURN> to proceed,
    or enter new name. (Default extension: sty)
    
    ! Emergency stop.
    <read *>
    
    l.4 \newcommand
     {\R}{{\normalfont\textsf{R}}{}}^^M
    ! ==> Fatal error occurred, no output PDF file produced!
    Calls: buildVignettes -> texi2pdf -> texi2dvi
    Execution halted
Flavors: r-devel-linux-x86_64-debian-clang, r-devel-linux-x86_64-debian-gcc, r-patched-linux-x86_64, r-release-linux-ix86, r-release-linux-x86_64

Version: 3.0.8
Check: re-building of vignette outputs
Result: NOTE
    Error in re-building vignettes:
     ...
    Loading required package: MASS
    Error in texi2dvi(file = file, pdf = TRUE, clean = clean, quiet = quiet, :
     Running 'texi2dvi' on 'overview.tex' failed.
    LaTeX errors:
    ! LaTeX Error: File `html.sty' not found.
    
    Type X to quit or <RETURN> to proceed,
    or enter new name. (Default extension: sty)
    
    dr.Rcheck/vign_test/dr/vignettes/overview.tex:4: ==> Fatal error occurred, no
    output PDF file produced!
    Calls: buildVignettes -> texi2pdf -> texi2dvi
    Execution halted
Flavors: r-devel-osx-x86_64-gcc, r-release-osx-x86_64-snowleopard

Version: 3.0.8
Check: re-building of vignette outputs
Result: NOTE
    Error in re-building vignettes:
     ...
    Loading required package: MASS
    Error in texi2dvi(file = file, pdf = TRUE, clean = clean, quiet = quiet, :
     Running 'texi2dvi' on 'overview.tex' failed.
    LaTeX errors:
    ! LaTeX Error: File `html.sty' not found.
    
    Type X to quit or <RETURN> to proceed,
    or enter new name. (Default extension: sty)
    
    /dr/vignettes/overview.tex:4: ==> Fatal error occurred, no output PDF file pro
    duced!
    Calls: buildVignettes -> texi2pdf -> texi2dvi
    Execution halted
Flavor: r-release-osx-x86_64-mavericks

Version: 3.0.8
Check: PDF version of manual
Result: WARNING
    LaTeX errors when creating PDF version.
    This typically indicates Rd problems.
    LaTeX errors found:
    ! LaTeX Error: File `upquote.sty' not found.
    
    Type X to quit or <RETURN> to proceed,
    or enter new name. (Default extension: sty)
    
    a1d8595/Rd2.tex:8: ==> Fatal error occurred, no output PDF file produced!
Flavor: r-release-osx-x86_64-mavericks