CRAN Package Check Results for Package dr

Last updated on 2015-03-28 18:50:24.

Flavor Version Tinstall Tcheck Ttotal Status Flags
r-devel-linux-x86_64-debian-clang 3.0.9 0.84 36.14 36.98 NOTE
r-devel-linux-x86_64-debian-gcc 3.0.9 0.74 35.44 36.18 NOTE
r-devel-linux-x86_64-fedora-clang 3.0.9 72.31 NOTE
r-devel-linux-x86_64-fedora-gcc 3.0.9 69.82 NOTE
r-devel-osx-x86_64-clang 3.0.9 73.27 NOTE
r-prerel-windows-ix86+x86_64 3.0.9 4.00 51.00 55.00 OK
r-prerel-linux-x86_64 3.0.9 0.80 34.69 35.49 NOTE
r-prerel-solaris-sparc 3.0.9 447.70 OK
r-prerel-solaris-x86 3.0.9 81.60 OK
r-release-linux-x86_64 3.0.9 0.80 39.51 40.31 OK
r-release-osx-x86_64-mavericks 3.0.9 OK
r-release-osx-x86_64-snowleopard 3.0.9 OK
r-release-windows-ix86+x86_64 3.0.9 4.00 58.00 62.00 OK
r-oldrel-windows-ix86+x86_64 3.0.9 4.00 80.00 84.00 OK

Check Details

Version: 3.0.9
Check: S3 generic/method consistency
Result: NOTE
    Found the following apparent S3 methods exported but not registered:
     drop1.dr
    See section ‘Registering S3 methods’ in the ‘Writing R Extensions’
    manual.
Flavors: r-devel-linux-x86_64-debian-clang, r-devel-linux-x86_64-debian-gcc, r-devel-linux-x86_64-fedora-clang, r-devel-linux-x86_64-fedora-gcc, r-devel-osx-x86_64-clang, r-prerel-linux-x86_64