CRAN Package Check Results for Package dr

Last updated on 2015-04-27 21:46:30.

Flavor Version Tinstall Tcheck Ttotal Status Flags
r-devel-linux-x86_64-debian-clang 3.0.9 0.76 35.63 36.38 NOTE
r-devel-linux-x86_64-debian-gcc 3.0.9 0.99 34.40 35.39 NOTE
r-devel-linux-x86_64-fedora-clang 3.0.9 73.50 NOTE
r-devel-linux-x86_64-fedora-gcc 3.0.9 68.54 NOTE
r-devel-osx-x86_64-clang 3.0.9 65.70 NOTE
r-devel-windows-ix86+x86_64 3.0.9 3.00 84.00 87.00 OK
r-patched-linux-x86_64 3.0.9 0.74 35.11 35.85 NOTE
r-patched-solaris-sparc 3.0.9 447.70 OK
r-patched-solaris-x86 3.0.9 82.70 NOTE
r-release-linux-x86_64 3.0.9 0.74 34.84 35.58 NOTE
r-release-osx-x86_64-mavericks 3.0.9 OK
r-release-osx-x86_64-snowleopard 3.0.9 OK
r-release-windows-ix86+x86_64 3.0.9 5.00 70.00 75.00 OK
r-oldrel-windows-ix86+x86_64 3.0.9 3.00 57.00 60.00 OK

Check Details

Version: 3.0.9
Check: S3 generic/method consistency
Result: NOTE
    Found the following apparent S3 methods exported but not registered:
     drop1.dr
    See section ‘Registering S3 methods’ in the ‘Writing R Extensions’
    manual.
Flavors: r-devel-linux-x86_64-debian-clang, r-devel-linux-x86_64-debian-gcc, r-devel-linux-x86_64-fedora-clang, r-devel-linux-x86_64-fedora-gcc, r-devel-osx-x86_64-clang, r-patched-solaris-x86, r-release-linux-x86_64