CRAN Package Check Results for Package dr

Last updated on 2015-02-26 23:47:41.

Flavor Version Tinstall Tcheck Ttotal Status Flags
r-devel-linux-x86_64-debian-clang 3.0.9 0.76 35.73 36.48 NOTE
r-devel-linux-x86_64-debian-gcc 3.0.9 0.83 34.09 34.92 NOTE
r-devel-linux-x86_64-fedora-clang 3.0.9 67.21 NOTE
r-devel-linux-x86_64-fedora-gcc 3.0.9 66.37 NOTE
r-devel-osx-x86_64-clang 3.0.9 72.68 NOTE
r-devel-windows-ix86+x86_64 3.0.9 4.00 48.00 52.00 OK
r-patched-linux-x86_64 3.0.9 0.80 38.85 39.66 OK
r-patched-solaris-sparc 3.0.9 490.70 OK
r-patched-solaris-x86 3.0.9 91.50 OK
r-release-linux-ix86 3.0.9 1.15 54.54 55.69 OK
r-release-linux-x86_64 3.0.9 0.80 0.26 1.07 OK
r-release-osx-x86_64-mavericks 3.0.9 OK
r-release-osx-x86_64-snowleopard 3.0.9 OK
r-release-windows-ix86+x86_64 3.0.9 4.00 60.00 64.00 OK
r-oldrel-windows-ix86+x86_64 3.0.9 3.00 58.00 61.00 OK

Check Details

Version: 3.0.9
Check: S3 generic/method consistency
Result: NOTE
    Found the following apparent S3 methods exported but not registered:
     drop1.dr
    See section ‘Registering S3 methods’ in the ‘Writing R Extensions’
    manual.
Flavors: r-devel-linux-x86_64-debian-clang, r-devel-linux-x86_64-debian-gcc, r-devel-linux-x86_64-fedora-clang, r-devel-linux-x86_64-fedora-gcc, r-devel-osx-x86_64-clang