CRAN Package Check Results for Package dr

Last updated on 2015-01-25 21:48:16.

Flavor Version Tinstall Tcheck Ttotal Status Flags
r-devel-linux-x86_64-debian-clang 3.0.9 0.78 36.90 37.68 OK
r-devel-linux-x86_64-debian-gcc 3.0.9 0.85 35.31 36.16 OK
r-devel-linux-x86_64-fedora-clang 3.0.9 78.41 NOTE
r-devel-linux-x86_64-fedora-gcc 3.0.9 76.09 NOTE
r-devel-osx-x86_64-clang 3.0.9 70.60 NOTE
r-devel-windows-ix86+x86_64 3.0.9 4.00 55.00 59.00 OK
r-patched-linux-x86_64 3.0.9 0.80 39.00 39.80 OK
r-patched-solaris-sparc 3.0.9 490.70 OK
r-patched-solaris-x86 3.0.9 92.50 OK
r-release-linux-ix86 3.0.9 1.11 45.84 46.95 OK
r-release-linux-x86_64 3.0.9 0.80 38.68 39.48 OK
r-release-osx-x86_64-mavericks 3.0.9 OK
r-release-osx-x86_64-snowleopard 3.0.9 OK
r-release-windows-ix86+x86_64 3.0.9 4.00 56.00 60.00 OK
r-oldrel-windows-ix86+x86_64 3.0.9 4.00 53.00 57.00 OK

Check Details

Version: 3.0.9
Check: S3 generic/method consistency
Result: NOTE
    Found the following apparent S3 methods exported but not registered:
     drop1.dr
    See section ‘Registering S3 methods’ in the ‘Writing R Extensions’
    manual.
Flavors: r-devel-linux-x86_64-fedora-clang, r-devel-linux-x86_64-fedora-gcc, r-devel-osx-x86_64-clang