CRAN Package Check Results for Package dr

Last updated on 2015-07-29 10:47:37.

Flavor Version Tinstall Tcheck Ttotal Status Flags
r-devel-linux-x86_64-debian-clang 3.0.9 0.72 36.92 37.64 NOTE
r-devel-linux-x86_64-debian-gcc 3.0.9 0.78 33.42 34.20 NOTE
r-devel-linux-x86_64-fedora-clang 3.0.9 71.40 NOTE
r-devel-linux-x86_64-fedora-gcc 3.0.9 66.07 NOTE
r-devel-osx-x86_64-clang 3.0.9 60.08 NOTE
r-devel-windows-ix86+x86_64 3.0.9 3.00 49.00 52.00 NOTE
r-patched-linux-x86_64 3.0.9 0.77 36.52 37.28 NOTE
r-patched-solaris-sparc 3.0.9 439.40 NOTE
r-patched-solaris-x86 3.0.9 81.30 NOTE
r-release-linux-x86_64 3.0.9 0.74 34.78 35.52 NOTE
r-release-osx-x86_64-mavericks 3.0.9 OK
r-release-windows-ix86+x86_64 3.0.9 6.00 49.00 55.00 OK
r-oldrel-windows-ix86+x86_64 3.0.9 5.00 89.00 94.00 OK

Check Details

Version: 3.0.9
Check: S3 generic/method consistency
Result: NOTE
    Found the following apparent S3 methods exported but not registered:
     drop1.dr
    See section ‘Registering S3 methods’ in the ‘Writing R Extensions’
    manual.
Flavors: r-devel-linux-x86_64-debian-clang, r-devel-linux-x86_64-debian-gcc, r-devel-linux-x86_64-fedora-clang, r-devel-linux-x86_64-fedora-gcc, r-devel-osx-x86_64-clang, r-patched-linux-x86_64, r-patched-solaris-sparc, r-patched-solaris-x86, r-release-linux-x86_64

Version: 3.0.9
Check: R code for possible problems
Result: NOTE
    Gzcomp.ire: no visible global function definition for ‘contr.helmert’
    Gzcomp.ire: no visible global function definition for ‘cov’
    bentlerxie.pvalue: no visible global function definition for ‘pchisq’
    coord.hyp.basis: no visible global function definition for ‘update’
    coord.hyp.basis: no visible global function definition for ‘terms’
    coord.hyp.basis: no visible global function definition for ‘na.omit’
    dr: no visible binding for global variable ‘na.fail’
    dr: no visible global function definition for ‘model.extract’
    dr: no visible global function definition for ‘model.matrix’
    dr.M.save : wvar: no visible global function definition for ‘var’
    dr.coordinate.test.ire: no visible global function definition for
     ‘pchisq’
    dr.coordinate.test.pire: no visible global function definition for
     ‘pchisq’
    dr.coordinate.test.save: no visible global function definition for
     ‘pchisq’
    dr.coordinate.test.save: no visible global function definition for
     ‘cov’
    dr.coordinate.test.sir: no visible global function definition for ‘cov’
    dr.fit.ire: no visible global function definition for ‘contr.helmert’
    dr.iteration.ire: no visible global function definition for ‘pchisq’
    dr.iteration.pire: no visible global function definition for ‘pchisq’
    dr.permutation.test.statistic.phd: no visible global function
     definition for ‘var’
    dr.step: no visible global function definition for ‘terms’
    dr.step: no visible global function definition for ‘update’
    dr.step: no visible global function definition for ‘drop1’
    dr.test.phd: no visible global function definition for ‘var’
    dr.test.phd: no visible global function definition for ‘pchisq’
    dr.test.phdy: no visible global function definition for ‘var’
    dr.test.phdy: no visible global function definition for ‘pchisq’
    dr.test.save: no visible global function definition for ‘pchisq’
    dr.test.save: no visible global function definition for ‘cov’
    dr.test.sir: no visible global function definition for ‘pchisq’
    dr.test2.phdres: no visible global function definition for ‘var’
    dr.weights: no visible binding for global variable ‘na.fail’
    dr.weights: no visible global function definition for ‘model.matrix’
    dr.weights: no visible global function definition for ‘rnorm’
    dr.y.phdq: no visible global function definition for ‘residuals’
    drop1.dr: no visible global function definition for ‘terms’
    drop1.dr: no visible global function definition for ‘as.formula’
    drop1.dr: no visible global function definition for ‘formula’
    fullquad.fit: no visible global function definition for ‘lm’
    markby: no visible binding for global variable ‘rainbow’
    plot.dr: no visible binding for global variable ‘pairs’
    psave : wt.cov: no visible global function definition for ‘var’
    psave : test.psave: no visible global function definition for ‘pchisq’
    psir : test: no visible global function definition for ‘pchisq’
    wood.pvalue: no visible global function definition for ‘pchisq’
    wood.pvalue: no visible global function definition for ‘pgamma’
    wood.pvalue: no visible global function definition for ‘pbeta’
    Undefined global functions or variables:
     as.formula contr.helmert cov drop1 formula lm model.extract
     model.matrix na.fail na.omit pairs pbeta pchisq pgamma rainbow
     residuals rnorm terms update var
    Consider adding
     importFrom("grDevices", "rainbow")
     importFrom("graphics", "pairs")
     importFrom("stats", "as.formula", "contr.helmert", "cov", "drop1",
     "formula", "lm", "model.extract", "model.matrix", "na.fail",
     "na.omit", "pbeta", "pchisq", "pgamma", "residuals",
     "rnorm", "terms", "update", "var")
    to your NAMESPACE.
Flavors: r-devel-linux-x86_64-debian-clang, r-devel-linux-x86_64-debian-gcc, r-devel-linux-x86_64-fedora-clang, r-devel-linux-x86_64-fedora-gcc, r-devel-windows-ix86+x86_64