CRAN Package Check Results for Package dr4pl

Last updated on 2024-03-04 10:56:59 CET.

Flavor Version Tinstall Tcheck Ttotal Status Flags
r-devel-linux-x86_64-debian-clang 2.0.0 11.34 136.15 147.49 NOTE
r-devel-linux-x86_64-debian-gcc 2.0.0 9.24 102.76 112.00 NOTE
r-devel-linux-x86_64-fedora-clang 2.0.0 189.95 NOTE
r-devel-linux-x86_64-fedora-gcc 2.0.0 187.68 NOTE
r-devel-windows-x86_64 2.0.0 10.00 118.00 128.00 NOTE
r-patched-linux-x86_64 2.0.0 11.59 134.19 145.78 NOTE
r-release-linux-x86_64 2.0.0 11.07 135.94 147.01 NOTE
r-release-macos-arm64 2.0.0 66.00 NOTE
r-release-macos-x86_64 2.0.0 100.00 NOTE
r-release-windows-x86_64 2.0.0 16.00 148.00 164.00 NOTE
r-oldrel-macos-arm64 2.0.0 51.00 OK
r-oldrel-windows-x86_64 2.0.0 15.00 140.00 155.00 OK

Check Details

Version: 2.0.0
Check: Rd files
Result: NOTE checkRd: (-1) confint.dr4pl.Rd:49: Escaped LaTeX specials: \& checkRd: (-1) gof-dr4pl.Rd:40: Escaped LaTeX specials: \& checkRd: (-1) vcov.dr4pl.Rd:61: Escaped LaTeX specials: \& Flavors: r-devel-linux-x86_64-debian-clang, r-devel-linux-x86_64-debian-gcc, r-devel-linux-x86_64-fedora-clang, r-devel-linux-x86_64-fedora-gcc, r-devel-windows-x86_64, r-patched-linux-x86_64, r-release-linux-x86_64, r-release-macos-arm64, r-release-macos-x86_64, r-release-windows-x86_64