CRAN Package Check Results for Package dragon

Last updated on 2022-11-30 14:49:16 CET.

Flavor Version Tinstall Tcheck Ttotal Status Flags
r-devel-linux-x86_64-debian-clang 1.2.1 28.66 124.64 153.30 NOTE
r-devel-linux-x86_64-debian-gcc 1.2.1 21.66 95.39 117.05 NOTE
r-devel-linux-x86_64-fedora-clang 1.2.1 200.29 NOTE
r-devel-linux-x86_64-fedora-gcc 1.2.1 197.25 NOTE
r-devel-windows-x86_64 1.2.1 52.00 160.00 212.00 NOTE
r-patched-linux-x86_64 1.2.1 19.99 120.99 140.98 OK
r-release-linux-x86_64 1.2.1 20.70 123.45 144.15 OK
r-release-macos-arm64 1.2.1 56.00 NOTE
r-release-macos-x86_64 1.2.1 81.00 NOTE
r-release-windows-x86_64 1.2.1 54.00 197.00 251.00 OK
r-oldrel-macos-arm64 1.2.1 62.00 NOTE
r-oldrel-macos-x86_64 1.2.1 81.00 NOTE
r-oldrel-windows-ix86+x86_64 1.2.1 50.00 153.00 203.00 OK

Check Details

Version: 1.2.1
Check: package subdirectories
Result: NOTE
    Problems with news in 'NEWS.md':
    No news entries found.
Flavors: r-devel-linux-x86_64-debian-clang, r-devel-linux-x86_64-debian-gcc, r-devel-linux-x86_64-fedora-clang, r-devel-linux-x86_64-fedora-gcc, r-devel-windows-x86_64

Version: 1.2.1
Check: package dependencies
Result: NOTE
    Imports includes 32 non-default packages.
    Importing from so many packages makes the package vulnerable to any of
    them becoming unavailable. Move as many as possible to Suggests and
    use conditionally.
Flavor: r-devel-linux-x86_64-fedora-clang

Version: 1.2.1
Check: dependencies in R code
Result: NOTE
    Namespace in Imports field not imported from: ‘htmltools’
     All declared Imports should be used.
Flavors: r-devel-linux-x86_64-fedora-clang, r-devel-linux-x86_64-fedora-gcc, r-release-macos-arm64, r-release-macos-x86_64, r-oldrel-macos-arm64, r-oldrel-macos-x86_64